04-17 01:23:55.002 3456 3471 I Gecko : REFTEST TEST-LOAD | http://10.0.2.2:8854/tests/layout/reftests/bugs/18217-basic-2a.html | 21 / 2088 (1%)
04-17 01:23:55.002 3456 3471 I Gecko :
04-17 01:23:55.002 3456 3471 I Gecko : {"action":"log","time":1744853035002,"thread":null,"pid":null,"source":"reftest","level":"DEBUG","message":"START http://10.0.2.2:8854/tests/layout/reftests/bugs/18217-basic-2a.html"}
04-17 01:23:55.023 3538 3569 E eglCodecCommon: glUtilsParamSize: unknow param 0x00008caa
04-17 01:23:55.081 3456 3471 D GeckoViewContent: handleEvent: pagetitlechanged
04-17 01:23:55.095 3456 3471 I Gecko :
04-17 01:23:55.095 3456 3471 I Gecko : {"action":"log","time":1744853035095,"thread":null,"pid":null,"source":"reftest","level":"DEBUG","message":"[CONTENT] OnDocumentLoad triggering AfterOnLoadScripts"}
04-17 01:23:55.122 3456 3471 I Gecko :
04-17 01:23:55.122 3456 3471 I Gecko : {"action":"log","time":1744853035122,"thread":null,"pid":null,"source":"reftest","level":"DEBUG","message":"Initializing canvas snapshot"}
04-17 01:23:55.122 3456 3471 I Gecko :
04-17 01:23:55.122 3456 3471 I Gecko : {"action":"log","time":1744853035122,"thread":null,"pid":null,"source":"reftest","level":"DEBUG","message":"DoDrawWindow 0,0,800,1000"}
04-17 01:23:55.123 3538 3569 E eglCodecCommon: glUtilsParamSize: unknow param 0x00008caa
04-17 01:23:55.252 3538 3569 E eglCodecCommon: glUtilsParamSize: unknow param 0x00008caa
04-17 01:23:55.339 3538 3569 E eglCodecCommon: glUtilsParamSize: unknow param 0x00008caa
04-17 01:23:55.425 3538 3569 E eglCodecCommon: glUtilsParamSize: unknow param 0x00008caa
04-17 01:23:55.501 3538 3569 E eglCodecCommon: glUtilsParamSize: unknow param 0x00000d02
04-17 01:23:55.512 3538 3569 E eglCodecCommon: glUtilsParamSize: unknow param 0x00008caa
04-17 01:23:55.535 3456 3471 I Gecko :
04-17 01:23:55.535 3456 3471 I Gecko : {"action":"log","time":1744853035535,"thread":null,"pid":null,"source":"reftest","level":"DEBUG","message":"[CONTENT] RecordResult fired"}
04-17 01:23:55.536 3456 3471 I Gecko :
04-17 01:23:55.536 3456 3471 I Gecko : {"action":"log","time":1744853035536,"thread":null,"pid":null,"source":"reftest","level":"DEBUG","message":"RecordResult fired"}
04-17 01:23:55.537 3456 3471 I Gecko : REFTEST TEST-LOAD | http://10.0.2.2:8854/tests/layout/reftests/bugs/18217-basic-2-ref.html | 21 / 2088 (1%)
04-17 01:23:55.537 3456 3471 I Gecko :
04-17 01:23:55.537 3456 3471 I Gecko : {"action":"log","time":1744853035537,"thread":null,"pid":null,"source":"reftest","level":"DEBUG","message":"START http://10.0.2.2:8854/tests/layout/reftests/bugs/18217-basic-2-ref.html"}
04-17 01:23:55.590 3456 3471 D GeckoViewContent: handleEvent: pagetitlechanged
04-17 01:23:55.606 3456 3471 I Gecko :
04-17 01:23:55.606 3456 3471 I Gecko : {"action":"log","time":1744853035606,"thread":null,"pid":null,"source":"reftest","level":"DEBUG","message":"[CONTENT] OnDocumentLoad triggering AfterOnLoadScripts"}
04-17 01:23:55.618 3538 3569 E eglCodecCommon: glUtilsParamSize: unknow param 0x00008caa
04-17 01:23:55.637 3456 3471 I Gecko :
04-17 01:23:55.637 3456 3471 I Gecko : {"action":"log","time":1744853035637,"thread":null,"pid":null,"source":"reftest","level":"DEBUG","message":"Initializing canvas snapshot"}
04-17 01:23:55.638 3456 3471 I Gecko :
04-17 01:23:55.638 3456 3471 I Gecko : {"action":"log","time":1744853035638,"thread":null,"pid":null,"source":"reftest","level":"DEBUG","message":"DoDrawWindow 0,0,800,1000"}
04-17 01:23:55.743 3538 3569 E eglCodecCommon: glUtilsParamSize: unknow param 0x00008caa
04-17 01:23:55.832 3538 3569 E eglCodecCommon: glUtilsParamSize: unknow param 0x00008caa
04-17 01:23:55.915 3538 3569 E eglCodecCommon: glUtilsParamSize: unknow param 0x00008caa
04-17 01:23:55.994 3538 3569 E eglCodecCommon: glUtilsParamSize: unknow param 0x00000d02
04-17 01:23:56.003 3538 3569 E eglCodecCommon: glUtilsParamSize: unknow param 0x00008caa
04-17 01:23:56.033 3456 3471 I Gecko :
04-17 01:23:56.033 3456 3471 I Gecko : {"action":"log","time":1744853036033,"thread":null,"pid":null,"source":"reftest","level":"DEBUG","message":"[CONTENT] RecordResult fired"}
04-17 01:23:56.034 3456 3471 I Gecko :
04-17 01:23:56.034 3456 3471 I Gecko : {"action":"log","time":1744853036034,"thread":null,"pid":null,"source":"reftest","level":"DEBUG","message":"RecordResult fired"}
04-17 01:23:56.035 3456 3471 I Gecko :
04-17 01:23:56.035 3456 3471 I Gecko : {"action":"test_status","time":1744853036035,"thread":null,"pid":null,"source":"reftest","test":"layout/reftests/bugs/18217-basic-2a.html == layout/reftests/bugs/18217-basic-2-ref.html","subtest":"image comparison, max difference: 0, number of differing pixels: 0","status":"PASS","extra":{"status_msg":"Pass","modifiers":["==","18217-basic-2a.html","18217-basic-2-ref.html"]}}
04-17 01:23:56.036 3456 3471 I Gecko :
04-17 01:23:56.036 3456 3471 I Gecko : {"action":"test_end","time":1744853036036,"thread":null,"pid":null,"source":"reftest","test":"layout/reftests/bugs/18217-basic-2a.html == layout/reftests/bugs/18217-basic-2-ref.html","status":"OK"}
04-17 01:23:56.036 3456 3471 I Gecko :
04-17 01:23:56.036 3456 3471 I Gecko : {"action":"log","time":1744853036036,"thread":null,"pid":null,"source":"reftest","level":"DEBUG","message":"Loading a blank page"}
04-17 01:23:56.059 3488 3504 W Web Content: [JavaScript Warning: "This page is in Quirks Mode. Page layout may be impacted. For Standards Mode use “”." {file: "data:text/html;charset=UTF-8,%3C%21%2D%2DCLEAR%2D%2D%3E" line: 0}]
04-17 01:23:56.066 3456 3471 D GeckoViewContent: handleEvent: pagetitlechanged
04-17 01:23:56.076 3456 3471 I Gecko :
04-17 01:23:56.076 3456 3471 I Gecko : {"action":"assertion_count","time":1744853036076,"thread":null,"pid":null,"source":"reftest","test":"layout/reftests/bugs/18217-basic-2a.html == layout/reftests/bugs/18217-basic-2-ref.html","min_expected":0,"max_expected":0,"count":0}
04-17 01:23:56.077 3456 3471 I Gecko :
04-17 01:23:56.077 3456 3471 I Gecko : {"action":"test_start","time":1744853036076,"thread":null,"pid":null,"source":"reftest","test":"layout/reftests/bugs/18217-basic-2b.html == layout/reftests/bugs/18217-basic-2-ref.html"}
04-17 01:23:56.078 3456 3471 I Gecko : REFTEST TEST-LOAD | http://10.0.2.2:8854/tests/layout/reftests/bugs/18217-basic-2b.html | 22 / 2088 (1%)
04-17 01:23:56.079 3456 3471 I Gecko :
04-17 01:23:56.079 3456 3471 I Gecko : {"action":"log","time":1744853036079,"thread":null,"pid":null,"source":"reftest","level":"DEBUG","message":"START http://10.0.2.2:8854/tests/layout/reftests/bugs/18217-basic-2b.html"}
04-17 01:23:56.103 3538 3569 E eglCodecCommon: glUtilsParamSize: unknow param 0x00008caa
04-17 01:23:56.138 3456 3471 D GeckoViewContent: handleEvent: pagetitlechanged
04-17 01:23:56.158 3456 3471 I Gecko :
04-17 01:23:56.158 3456 3471 I Gecko : {"action":"log","time":1744853036158,"thread":null,"pid":null,"source":"reftest","level":"DEBUG","message":"[CONTENT] OnDocumentLoad triggering AfterOnLoadScripts"}
04-17 01:23:56.188 3456 3471 I Gecko :
04-17 01:23:56.188 3456 3471 I Gecko : {"action":"log","time":1744853036188,"thread":null,"pid":null,"source":"reftest","level":"DEBUG","message":"Initializing canvas snapshot"}
04-17 01:23:56.188 3456 3471 I Gecko :
04-17 01:23:56.188 3456 3471 I Gecko : {"action":"log","time":1744853036188,"thread":null,"pid":null,"source":"reftest","level":"DEBUG","message":"DoDrawWindow 0,0,800,1000"}
04-17 01:23:56.195 3538 3569 E eglCodecCommon: glUtilsParamSize: unknow param 0x00008caa
04-17 01:23:56.329 3538 3569 E eglCodecCommon: glUtilsParamSize: unknow param 0x00008caa
04-17 01:23:56.417 3538 3569 E eglCodecCommon: glUtilsParamSize: unknow param 0x00008caa
04-17 01:23:56.498 3538 3569 E eglCodecCommon: glUtilsParamSize: unknow param 0x00008caa
04-17 01:23:56.578 3538 3569 E eglCodecCommon: glUtilsParamSize: unknow param 0x00000d02
04-17 01:23:56.587 3538 3569 E eglCodecCommon: glUtilsParamSize: unknow param 0x00008caa
04-17 01:23:56.615 3456 3471 I Gecko :
04-17 01:23:56.615 3456 3471 I Gecko : {"action":"log","time":1744853036615,"thread":null,"pid":null,"source":"reftest","level":"DEBUG","message":"[CONTENT] RecordResult fired"}
04-17 01:23:56.616 3456 3471 I Gecko :
04-17 01:23:56.616 3456 3471 I Gecko : {"action":"log","time":1744853036616,"thread":null,"pid":null,"source":"reftest","level":"DEBUG","message":"RecordResult fired"}
04-17 01:23:56.618 3456 3471 I Gecko :
04-17 01:23:56.618 3456 3471 I Gecko : {"action":"log","time":1744853036618,"thread":null,"pid":null,"source":"reftest","level":"DEBUG","message":"RecordResult fired"}
04-17 01:23:56.620 3456 3471 I Gecko :
04-17 01:23:56.620 3456 3471 I Gecko : {"action":"test_status","time":1744853036620,"thread":null,"pid":null,"source":"reftest","test":"layout/reftests/bugs/18217-basic-2b.html == layout/reftests/bugs/18217-basic-2-ref.html","subtest":"image comparison, max difference: 0, number of differing pixels: 0","status":"PASS","extra":{"status_msg":"Pass","modifiers":["==","18217-basic-2b.html","18217-basic-2-ref.html"]}}
04-17 01:23:56.622 3456 3471 I Gecko :
04-17 01:23:56.622 3456 3471 I Gecko : {"action":"test_end","time":1744853036621,"thread":null,"pid":null,"source":"reftest","test":"layout/reftests/bugs/18217-basic-2b.html == layout/reftests/bugs/18217-basic-2-ref.html","status":"OK"}
04-17 01:23:56.622 3456 3471 I Gecko :
04-17 01:23:56.622 3456 3471 I Gecko : {"action":"log","time":1744853036622,"thread":null,"pid":null,"source":"reftest","level":"DEBUG","message":"Loading a blank page"}
04-17 01:23:56.642 3488 3504 W Web Content: [JavaScript Warning: "This page is in Quirks Mode. Page layout may be impacted. For Standards Mode use “”." {file: "data:text/html;charset=UTF-8,%3C%21%2D%2DCLEAR%2D%2D%3E" line: 0}]
04-17 01:23:56.649 3456 3471 D GeckoViewContent: handleEvent: pagetitlechanged
04-17 01:23:56.664 3456 3471 I Gecko :
04-17 01:23:56.664 3456 3471 I Gecko : {"action":"assertion_count","time":1744853036664,"thread":null,"pid":null,"source":"reftest","test":"layout/reftests/bugs/18217-basic-2b.html == layout/reftests/bugs/18217-basic-2-ref.html","min_expected":0,"max_expected":0,"count":0}
04-17 01:23:56.664 3456 3471 I Gecko :
04-17 01:23:56.664 3456 3471 I Gecko : {"action":"test_start","time":1744853036664,"thread":null,"pid":null,"source":"reftest","test":"layout/reftests/bugs/18217-valign-1.html == layout/reftests/bugs/18217-valign-1-ref.html"}
04-17 01:23:56.665 3456 3471 I Gecko : REFTEST TEST-LOAD | http://10.0.2.2:8854/tests/layout/reftests/bugs/18217-valign-1.html | 23 / 2088 (1%)
04-17 01:23:56.665 3456 3471 I Gecko :
04-17 01:23:56.665 3456 3471 I Gecko : {"action":"log","time":1744853036665,"thread":null,"pid":null,"source":"reftest","level":"DEBUG","message":"START http://10.0.2.2:8854/tests/layout/reftests/bugs/18217-valign-1.html"}
04-17 01:23:56.682 3538 3569 E eglCodecCommon: glUtilsParamSize: unknow param 0x00008caa
04-17 01:23:56.719 3456 3471 D GeckoViewContent: handleEvent: pagetitlechanged
04-17 01:23:56.737 3456 3471 I Gecko :
04-17 01:23:56.737 3456 3471 I Gecko : {"action":"log","time":1744853036736,"thread":null,"pid":null,"source":"reftest","level":"DEBUG","message":"[CONTENT] OnDocumentLoad triggering AfterOnLoadScripts"}
04-17 01:23:56.773 3456 3471 I Gecko :
04-17 01:23:56.773 3456 3471 I Gecko : {"action":"log","time":1744853036773,"thread":null,"pid":null,"source":"reftest","level":"DEBUG","message":"Initializing canvas snapshot"}
04-17 01:23:56.773 3456 3471 I Gecko :
04-17 01:23:56.773 3456 3471 I Gecko : {"action":"log","time":1744853036773,"thread":null,"pid":null,"source":"reftest","level":"DEBUG","message":"DoDrawWindow 0,0,800,1000"}
04-17 01:23:56.782 3538 3569 E eglCodecCommon: glUtilsParamSize: unknow param 0x00008caa
04-17 01:23:56.975 3538 3569 E eglCodecCommon: glUtilsParamSize: unknow param 0x00008caa
04-17 01:23:57.062 3538 3569 E eglCodecCommon: glUtilsParamSize: unknow param 0x00008caa
04-17 01:23:57.147 3538 3569 E eglCodecCommon: glUtilsParamSize: unknow param 0x00008caa
04-17 01:23:57.227 3538 3569 E eglCodecCommon: glUtilsParamSize: unknow param 0x00000d02
04-17 01:23:57.235 3538 3569 E eglCodecCommon: glUtilsParamSize: unknow param 0x00008caa
04-17 01:23:57.318 3456 3471 I Gecko :
04-17 01:23:57.318 3456 3471 I Gecko : {"action":"log","time":1744853037318,"thread":null,"pid":null,"source":"reftest","level":"DEBUG","message":"[CONTENT] RecordResult fired"}
04-17 01:23:57.319 3456 3471 I Gecko :
04-17 01:23:57.319 3456 3471 I Gecko : {"action":"log","time":1744853037319,"thread":null,"pid":null,"source":"reftest","level":"DEBUG","message":"RecordResult fired"}
04-17 01:23:57.320 3456 3471 I Gecko : REFTEST TEST-LOAD | http://10.0.2.2:8854/tests/layout/reftests/bugs/18217-valign-1-ref.html | 23 / 2088 (1%)
04-17 01:23:57.320 3456 3471 I Gecko :
04-17 01:23:57.320 3456 3471 I Gecko : {"action":"log","time":1744853037320,"thread":null,"pid":null,"source":"reftest","level":"DEBUG","message":"START http://10.0.2.2:8854/tests/layout/reftests/bugs/18217-valign-1-ref.html"}
04-17 01:23:57.402 3456 3471 D GeckoViewContent: handleEvent: pagetitlechanged
04-17 01:23:57.416 3456 3471 I Gecko :
04-17 01:23:57.416 3456 3471 I Gecko : {"action":"log","time":1744853037415,"thread":null,"pid":null,"source":"reftest","level":"DEBUG","message":"[CONTENT] OnDocumentLoad triggering AfterOnLoadScripts"}
04-17 01:23:57.429 3538 3569 E eglCodecCommon: glUtilsParamSize: unknow param 0x00008caa
04-17 01:23:57.438 3456 3471 I Gecko :
04-17 01:23:57.438 3456 3471 I Gecko : {"action":"log","time":1744853037437,"thread":null,"pid":null,"source":"reftest","level":"DEBUG","message":"Initializing canvas snapshot"}
04-17 01:23:57.438 3456 3471 I Gecko :
04-17 01:23:57.438 3456 3471 I Gecko : {"action":"log","time":1744853037438,"thread":null,"pid":null,"source":"reftest","level":"DEBUG","message":"DoDrawWindow 0,0,800,1000"}
04-17 01:23:57.554 3538 3569 E eglCodecCommon: glUtilsParamSize: unknow param 0x00008caa
04-17 01:23:57.640 3538 3569 E eglCodecCommon: glUtilsParamSize: unknow param 0x00008caa
04-17 01:23:57.733 3538 3569 E eglCodecCommon: glUtilsParamSize: unknow param 0x00008caa
04-17 01:23:57.817 3538 3569 E eglCodecCommon: glUtilsParamSize: unknow param 0x00000d02
04-17 01:23:57.827 3538 3569 E eglCodecCommon: glUtilsParamSize: unknow param 0x00008caa
04-17 01:23:57.855 3456 3471 I Gecko :
04-17 01:23:57.855 3456 3471 I Gecko : {"action":"log","time":1744853037855,"thread":null,"pid":null,"source":"reftest","level":"DEBUG","message":"[CONTENT] RecordResult fired"}
04-17 01:23:57.859 3456 3471 I Gecko :
04-17 01:23:57.859 3456 3471 I Gecko : {"action":"log","time":1744853037858,"thread":null,"pid":null,"source":"reftest","level":"DEBUG","message":"RecordResult fired"}
04-17 01:23:57.861 3456 3471 I Gecko :
04-17 01:23:57.861 3456 3471 I Gecko : {"action":"test_status","time":1744853037861,"thread":null,"pid":null,"source":"reftest","test":"layout/reftests/bugs/18217-valign-1.html == layout/reftests/bugs/18217-valign-1-ref.html","subtest":"image comparison, max difference: 0, number of differing pixels: 0","status":"PASS","extra":{"status_msg":"Pass","modifiers":["==","18217-valign-1.html","18217-valign-1-ref.html"]}}
04-17 01:23:57.861 3456 3471 I Gecko :
04-17 01:23:57.861 3456 3471 I Gecko : {"action":"test_end","time":1744853037861,"thread":null,"pid":null,"source":"reftest","test":"layout/reftests/bugs/18217-valign-1.html == layout/reftests/bugs/18217-valign-1-ref.html","status":"OK"}
04-17 01:23:57.861 3456 3471 I Gecko :
04-17 01:23:57.861 3456 3471 I Gecko : {"action":"log","time":1744853037861,"thread":null,"pid":null,"source":"reftest","level":"DEBUG","message":"Loading a blank page"}
04-17 01:23:57.880 3488 3504 W Web Content: [JavaScript Warning: "This page is in Quirks Mode. Page layout may be impacted. For Standards Mode use “”." {file: "data:text/html;charset=UTF-8,%3C%21%2D%2DCLEAR%2D%2D%3E" line: 0}]
04-17 01:23:57.886 3456 3471 D GeckoViewContent: handleEvent: pagetitlechanged
04-17 01:23:57.896 3456 3471 I Gecko :
04-17 01:23:57.896 3456 3471 I Gecko : {"action":"assertion_count","time":1744853037895,"thread":null,"pid":null,"source":"reftest","test":"layout/reftests/bugs/18217-valign-1.html == layout/reftests/bugs/18217-valign-1-ref.html","min_expected":0,"max_expected":0,"count":0}
04-17 01:23:57.896 3456 3471 I Gecko :
04-17 01:23:57.896 3456 3471 I Gecko : {"action":"test_start","time":1744853037896,"thread":null,"pid":null,"source":"reftest","test":"layout/reftests/bugs/18217-height-1.html == layout/reftests/bugs/18217-height-1-ref.html"}
04-17 01:23:57.897 3456 3471 I Gecko : REFTEST TEST-LOAD | http://10.0.2.2:8854/tests/layout/reftests/bugs/18217-height-1.html | 24 / 2088 (1%)
04-17 01:23:57.897 3456 3471 I Gecko :
04-17 01:23:57.897 3456 3471 I Gecko : {"action":"log","time":1744853037897,"thread":null,"pid":null,"source":"reftest","level":"DEBUG","message":"START http://10.0.2.2:8854/tests/layout/reftests/bugs/18217-height-1.html"}
04-17 01:23:57.924 3538 3569 E eglCodecCommon: glUtilsParamSize: unknow param 0x00008caa
04-17 01:23:57.957 3456 3471 D GeckoViewContent: handleEvent: pagetitlechanged
04-17 01:23:57.979 3456 3471 I Gecko :
04-17 01:23:57.979 3456 3471 I Gecko : {"action":"log","time":1744853037979,"thread":null,"pid":null,"source":"reftest","level":"DEBUG","message":"[CONTENT] OnDocumentLoad triggering AfterOnLoadScripts"}
04-17 01:23:58.004 3456 3471 I Gecko :
04-17 01:23:58.004 3456 3471 I Gecko : {"action":"log","time":1744853038004,"thread":null,"pid":null,"source":"reftest","level":"DEBUG","message":"Initializing canvas snapshot"}
04-17 01:23:58.004 3456 3471 I Gecko :
04-17 01:23:58.004 3456 3471 I Gecko : {"action":"log","time":1744853038004,"thread":null,"pid":null,"source":"reftest","level":"DEBUG","message":"DoDrawWindow 0,0,800,1000"}
04-17 01:23:58.017 3538 3569 E eglCodecCommon: glUtilsParamSize: unknow param 0x00008caa
04-17 01:23:58.149 3538 3569 E eglCodecCommon: glUtilsParamSize: unknow param 0x00008caa
04-17 01:23:58.235 3538 3569 E eglCodecCommon: glUtilsParamSize: unknow param 0x00008caa
04-17 01:23:58.321 3538 3569 E eglCodecCommon: glUtilsParamSize: unknow param 0x00008caa
04-17 01:23:58.411 3538 3569 E eglCodecCommon: glUtilsParamSize: unknow param 0x00000d02
04-17 01:23:58.420 3538 3569 E eglCodecCommon: glUtilsParamSize: unknow param 0x00008caa
04-17 01:23:58.452 3456 3471 I Gecko :
04-17 01:23:58.452 3456 3471 I Gecko : {"action":"log","time":1744853038452,"thread":null,"pid":null,"source":"reftest","level":"DEBUG","message":"[CONTENT] RecordResult fired"}
04-17 01:23:58.453 3456 3471 I Gecko :
04-17 01:23:58.453 3456 3471 I Gecko : {"action":"log","time":1744853038453,"thread":null,"pid":null,"source":"reftest","level":"DEBUG","message":"RecordResult fired"}
04-17 01:23:58.454 3456 3471 I Gecko : REFTEST TEST-LOAD | http://10.0.2.2:8854/tests/layout/reftests/bugs/18217-height-1-ref.html | 24 / 2088 (1%)
04-17 01:23:58.454 3456 3471 I Gecko :
04-17 01:23:58.454 3456 3471 I Gecko : {"action":"log","time":1744853038454,"thread":null,"pid":null,"source":"reftest","level":"DEBUG","message":"START http://10.0.2.2:8854/tests/layout/reftests/bugs/18217-height-1-ref.html"}
04-17 01:23:58.503 3456 3471 D GeckoViewContent: handleEvent: pagetitlechanged
04-17 01:23:58.519 3456 3471 I Gecko :
04-17 01:23:58.519 3456 3471 I Gecko : {"action":"log","time":1744853038519,"thread":null,"pid":null,"source":"reftest","level":"DEBUG","message":"[CONTENT] OnDocumentLoad triggering AfterOnLoadScripts"}
04-17 01:23:58.530 3538 3569 E eglCodecCommon: glUtilsParamSize: unknow param 0x00008caa
04-17 01:23:58.541 3456 3471 I Gecko :
04-17 01:23:58.541 3456 3471 I Gecko : {"action":"log","time":1744853038541,"thread":null,"pid":null,"source":"reftest","level":"DEBUG","message":"Initializing canvas snapshot"}
04-17 01:23:58.542 3456 3471 I Gecko :
04-17 01:23:58.542 3456 3471 I Gecko : {"action":"log","time":1744853038542,"thread":null,"pid":null,"source":"reftest","level":"DEBUG","message":"DoDrawWindow 0,0,800,1000"}
04-17 01:23:58.617 3538 3569 E eglCodecCommon: glUtilsParamSize: unknow param 0x00008caa
04-17 01:23:58.705 3538 3569 E eglCodecCommon: glUtilsParamSize: unknow param 0x00008caa
04-17 01:23:58.797 3538 3569 E eglCodecCommon: glUtilsParamSize: unknow param 0x00008caa
04-17 01:23:58.875 3538 3569 E eglCodecCommon: glUtilsParamSize: unknow param 0x00000d02
04-17 01:23:58.884 3538 3569 E eglCodecCommon: glUtilsParamSize: unknow param 0x00008caa
04-17 01:23:58.911 3456 3471 I Gecko :
04-17 01:23:58.911 3456 3471 I Gecko : {"action":"log","time":1744853038911,"thread":null,"pid":null,"source":"reftest","level":"DEBUG","message":"[CONTENT] RecordResult fired"}
04-17 01:23:58.912 3456 3471 I Gecko :
04-17 01:23:58.912 3456 3471 I Gecko : {"action":"log","time":1744853038912,"thread":null,"pid":null,"source":"reftest","level":"DEBUG","message":"RecordResult fired"}
04-17 01:23:58.915 3456 3471 I Gecko :
04-17 01:23:58.915 3456 3471 I Gecko : {"action":"test_status","time":1744853038915,"thread":null,"pid":null,"source":"reftest","test":"layout/reftests/bugs/18217-height-1.html == layout/reftests/bugs/18217-height-1-ref.html","subtest":"image comparison, max difference: 0, number of differing pixels: 0","status":"PASS","extra":{"status_msg":"Pass","modifiers":["==","18217-height-1.html","18217-height-1-ref.html"]}}
04-17 01:23:58.915 3456 3471 I Gecko :
04-17 01:23:58.915 3456 3471 I Gecko : {"action":"test_end","time":1744853038915,"thread":null,"pid":null,"source":"reftest","test":"layout/reftests/bugs/18217-height-1.html == layout/reftests/bugs/18217-height-1-ref.html","status":"OK"}
04-17 01:23:58.915 3456 3471 I Gecko :
04-17 01:23:58.915 3456 3471 I Gecko : {"action":"log","time":1744853038915,"thread":null,"pid":null,"source":"reftest","level":"DEBUG","message":"Loading a blank page"}
04-17 01:23:58.936 3488 3504 W Web Content: [JavaScript Warning: "This page is in Quirks Mode. Page layout may be impacted. For Standards Mode use “”." {file: "data:text/html;charset=UTF-8,%3C%21%2D%2DCLEAR%2D%2D%3E" line: 0}]
04-17 01:23:58.944 3456 3471 D GeckoViewContent: handleEvent: pagetitlechanged
04-17 01:23:58.954 3456 3471 I Gecko :
04-17 01:23:58.954 3456 3471 I Gecko : {"action":"assertion_count","time":1744853038954,"thread":null,"pid":null,"source":"reftest","test":"layout/reftests/bugs/18217-height-1.html == layout/reftests/bugs/18217-height-1-ref.html","min_expected":0,"max_expected":0,"count":0}
04-17 01:23:58.954 3456 3471 I Gecko :
04-17 01:23:58.954 3456 3471 I Gecko : {"action":"test_start","time":1744853038954,"thread":null,"pid":null,"source":"reftest","test":"layout/reftests/bugs/18217-height-2.html == layout/reftests/bugs/18217-height-2-ref.html"}
04-17 01:23:58.955 3456 3471 I Gecko : REFTEST TEST-LOAD | http://10.0.2.2:8854/tests/layout/reftests/bugs/18217-height-2.html | 25 / 2088 (1%)
04-17 01:23:58.955 3456 3471 I Gecko :
04-17 01:23:58.955 3456 3471 I Gecko : {"action":"log","time":1744853038955,"thread":null,"pid":null,"source":"reftest","level":"DEBUG","message":"START http://10.0.2.2:8854/tests/layout/reftests/bugs/18217-height-2.html"}
04-17 01:23:58.980 3538 3569 E eglCodecCommon: glUtilsParamSize: unknow param 0x00008caa
04-17 01:23:59.007 3456 3471 D GeckoViewContent: handleEvent: pagetitlechanged
04-17 01:23:59.022 3456 3471 I Gecko :
04-17 01:23:59.022 3456 3471 I Gecko : {"action":"log","time":1744853039022,"thread":null,"pid":null,"source":"reftest","level":"DEBUG","message":"[CONTENT] OnDocumentLoad triggering AfterOnLoadScripts"}
04-17 01:23:59.055 3456 3471 I Gecko :
04-17 01:23:59.055 3456 3471 I Gecko : {"action":"log","time":1744853039055,"thread":null,"pid":null,"source":"reftest","level":"DEBUG","message":"Initializing canvas snapshot"}
04-17 01:23:59.055 3456 3471 I Gecko :
04-17 01:23:59.055 3456 3471 I Gecko : {"action":"log","time":1744853039055,"thread":null,"pid":null,"source":"reftest","level":"DEBUG","message":"DoDrawWindow 0,0,800,1000"}
04-17 01:23:59.074 3538 3569 E eglCodecCommon: glUtilsParamSize: unknow param 0x00008caa
04-17 01:23:59.207 3538 3569 E eglCodecCommon: glUtilsParamSize: unknow param 0x00008caa
04-17 01:23:59.296 3538 3569 E eglCodecCommon: glUtilsParamSize: unknow param 0x00008caa
04-17 01:23:59.378 3538 3569 E eglCodecCommon: glUtilsParamSize: unknow param 0x00008caa
04-17 01:23:59.460 3538 3569 E eglCodecCommon: glUtilsParamSize: unknow param 0x00000d02
04-17 01:23:59.468 3538 3569 E eglCodecCommon: glUtilsParamSize: unknow param 0x00008caa
04-17 01:23:59.518 3456 3471 I Gecko :
04-17 01:23:59.518 3456 3471 I Gecko : {"action":"log","time":1744853039518,"thread":null,"pid":null,"source":"reftest","level":"DEBUG","message":"[CONTENT] RecordResult fired"}
04-17 01:23:59.519 3456 3471 I Gecko :
04-17 01:23:59.519 3456 3471 I Gecko : {"action":"log","time":1744853039519,"thread":null,"pid":null,"source":"reftest","level":"DEBUG","message":"RecordResult fired"}
04-17 01:23:59.520 3456 3471 I Gecko : REFTEST TEST-LOAD | http://10.0.2.2:8854/tests/layout/reftests/bugs/18217-height-2-ref.html | 25 / 2088 (1%)
04-17 01:23:59.520 3456 3471 I Gecko :
04-17 01:23:59.520 3456 3471 I Gecko : {"action":"log","time":1744853039520,"thread":null,"pid":null,"source":"reftest","level":"DEBUG","message":"START http://10.0.2.2:8854/tests/layout/reftests/bugs/18217-height-2-ref.html"}
04-17 01:23:59.567 3456 3471 D GeckoViewContent: handleEvent: pagetitlechanged
04-17 01:23:59.584 3456 3471 I Gecko :
04-17 01:23:59.584 3456 3471 I Gecko : {"action":"log","time":1744853039584,"thread":null,"pid":null,"source":"reftest","level":"DEBUG","message":"[CONTENT] OnDocumentLoad triggering AfterOnLoadScripts"}
04-17 01:23:59.596 3538 3569 E eglCodecCommon: glUtilsParamSize: unknow param 0x00008caa
04-17 01:23:59.606 3456 3471 I Gecko :
04-17 01:23:59.606 3456 3471 I Gecko : {"action":"log","time":1744853039606,"thread":null,"pid":null,"source":"reftest","level":"DEBUG","message":"Initializing canvas snapshot"}
04-17 01:23:59.606 3456 3471 I Gecko :
04-17 01:23:59.606 3456 3471 I Gecko : {"action":"log","time":1744853039606,"thread":null,"pid":null,"source":"reftest","level":"DEBUG","message":"DoDrawWindow 0,0,800,1000"}
04-17 01:23:59.676 3538 3569 E eglCodecCommon: glUtilsParamSize: unknow param 0x00008caa
04-17 01:23:59.760 3538 3569 E eglCodecCommon: glUtilsParamSize: unknow param 0x00008caa
04-17 01:23:59.844 3538 3569 E eglCodecCommon: glUtilsParamSize: unknow param 0x00008caa
04-17 01:23:59.923 3538 3569 E eglCodecCommon: glUtilsParamSize: unknow param 0x00000d02
04-17 01:23:59.932 3538 3569 E eglCodecCommon: glUtilsParamSize: unknow param 0x00008caa
04-17 01:23:59.961 3456 3471 I Gecko :
04-17 01:23:59.961 3456 3471 I Gecko : {"action":"log","time":1744853039961,"thread":null,"pid":null,"source":"reftest","level":"DEBUG","message":"[CONTENT] RecordResult fired"}
04-17 01:23:59.962 3456 3471 I Gecko :
04-17 01:23:59.962 3456 3471 I Gecko : {"action":"log","time":1744853039962,"thread":null,"pid":null,"source":"reftest","level":"DEBUG","message":"RecordResult fired"}
04-17 01:23:59.963 3456 3471 I Gecko :
04-17 01:23:59.963 3456 3471 I Gecko : {"action":"test_status","time":1744853039963,"thread":null,"pid":null,"source":"reftest","test":"layout/reftests/bugs/18217-height-2.html == layout/reftests/bugs/18217-height-2-ref.html","subtest":"image comparison, max difference: 0, number of differing pixels: 0","status":"PASS","extra":{"status_msg":"Pass","modifiers":["==","18217-height-2.html","18217-height-2-ref.html"]}}
04-17 01:23:59.964 3456 3471 I Gecko :
04-17 01:23:59.964 3456 3471 I Gecko : {"action":"test_end","time":1744853039964,"thread":null,"pid":null,"source":"reftest","test":"layout/reftests/bugs/18217-height-2.html == layout/reftests/bugs/18217-height-2-ref.html","status":"OK"}
04-17 01:23:59.964 3456 3471 I Gecko :
04-17 01:23:59.964 3456 3471 I Gecko : {"action":"log","time":1744853039964,"thread":null,"pid":null,"source":"reftest","level":"DEBUG","message":"Loading a blank page"}
04-17 01:23:59.985 3488 3504 W Web Content: [JavaScript Warning: "This page is in Quirks Mode. Page layout may be impacted. For Standards Mode use “”." {file: "data:text/html;charset=UTF-8,%3C%21%2D%2DCLEAR%2D%2D%3E" line: 0}]
04-17 01:23:59.991 3456 3471 D GeckoViewContent: handleEvent: pagetitlechanged
04-17 01:24:00.000 3456 3471 I Gecko :
04-17 01:24:00.000 3456 3471 I Gecko : {"action":"assertion_count","time":1744853040000,"thread":null,"pid":null,"source":"reftest","test":"layout/reftests/bugs/18217-height-2.html == layout/reftests/bugs/18217-height-2-ref.html","min_expected":0,"max_expected":0,"count":0}
04-17 01:24:00.000 3456 3471 I Gecko :
04-17 01:24:00.000 3456 3471 I Gecko : {"action":"test_start","time":1744853040000,"thread":null,"pid":null,"source":"reftest","test":"layout/reftests/bugs/18217-width-1a.html == layout/reftests/bugs/18217-width-1-ref.html"}
04-17 01:24:00.001 3456 3471 I Gecko : REFTEST TEST-LOAD | http://10.0.2.2:8854/tests/layout/reftests/bugs/18217-width-1a.html | 26 / 2088 (1%)
04-17 01:24:00.001 3456 3471 I Gecko :
04-17 01:24:00.001 3456 3471 I Gecko : {"action":"log","time":1744853040001,"thread":null,"pid":null,"source":"reftest","level":"DEBUG","message":"START http://10.0.2.2:8854/tests/layout/reftests/bugs/18217-width-1a.html"}
04-17 01:24:00.045 3538 3569 E eglCodecCommon: glUtilsParamSize: unknow param 0x00008caa
04-17 01:24:00.052 3456 3471 D GeckoViewContent: handleEvent: pagetitlechanged
04-17 01:24:00.069 3456 3471 I Gecko :
04-17 01:24:00.069 3456 3471 I Gecko : {"action":"log","time":1744853040069,"thread":null,"pid":null,"source":"reftest","level":"DEBUG","message":"[CONTENT] OnDocumentLoad triggering AfterOnLoadScripts"}
04-17 01:24:00.088 3456 3471 I Gecko :
04-17 01:24:00.088 3456 3471 I Gecko : {"action":"log","time":1744853040088,"thread":null,"pid":null,"source":"reftest","level":"DEBUG","message":"Initializing canvas snapshot"}
04-17 01:24:00.088 3456 3471 I Gecko :
04-17 01:24:00.088 3456 3471 I Gecko : {"action":"log","time":1744853040088,"thread":null,"pid":null,"source":"reftest","level":"DEBUG","message":"DoDrawWindow 0,0,800,1000"}
04-17 01:24:00.134 3538 3569 E eglCodecCommon: glUtilsParamSize: unknow param 0x00008caa
04-17 01:24:00.136 1658 1658 I ActivityManager: Killing 2125:com.android.keychain/1000 (adj 906): empty #17
04-17 01:24:00.139 1658 1756 D ActivityManager: cleanUpApplicationRecord -- 2125
04-17 01:24:00.301 3538 3569 E eglCodecCommon: glUtilsParamSize: unknow param 0x00008caa
04-17 01:24:00.388 3538 3569 E eglCodecCommon: glUtilsParamSize: unknow param 0x00008caa
04-17 01:24:00.473 3538 3569 E eglCodecCommon: glUtilsParamSize: unknow param 0x00008caa
04-17 01:24:00.554 3538 3569 E eglCodecCommon: glUtilsParamSize: unknow param 0x00000d02
04-17 01:24:00.562 3538 3569 E eglCodecCommon: glUtilsParamSize: unknow param 0x00008caa
04-17 01:24:00.591 3456 3471 I Gecko :
04-17 01:24:00.591 3456 3471 I Gecko : {"action":"log","time":1744853040591,"thread":null,"pid":null,"source":"reftest","level":"DEBUG","message":"[CONTENT] RecordResult fired"}
04-17 01:24:00.592 3456 3471 I Gecko :
04-17 01:24:00.592 3456 3471 I Gecko : {"action":"log","time":1744853040592,"thread":null,"pid":null,"source":"reftest","level":"DEBUG","message":"RecordResult fired"}
04-17 01:24:00.593 3456 3471 I Gecko : REFTEST TEST-LOAD | http://10.0.2.2:8854/tests/layout/reftests/bugs/18217-width-1-ref.html | 26 / 2088 (1%)
04-17 01:24:00.593 3456 3471 I Gecko :
04-17 01:24:00.593 3456 3471 I Gecko : {"action":"log","time":1744853040593,"thread":null,"pid":null,"source":"reftest","level":"DEBUG","message":"START http://10.0.2.2:8854/tests/layout/reftests/bugs/18217-width-1-ref.html"}
04-17 01:24:00.612 3456 3456 I org.mozilla.geckoview.test_runner: type=1400 audit(0.0:20): avc: denied { write } for comm=43616368653220492F4F name="entries" dev="vdc" ino=63364 scontext=u:r:untrusted_app:s0:c512,c768 tcontext=u:object_r:shell_data_file:s0:c512,c768 tclass=dir permissive=1
04-17 01:24:00.659 3456 3471 D GeckoViewContent: handleEvent: pagetitlechanged
04-17 01:24:00.612 3456 3456 I org.mozilla.geckoview.test_runner: type=1400 audit(0.0:21): avc: denied { add_name } for comm=43616368653220492F4F name="284BB3729197CFFDEE80FF47D72CFF94134360F9" scontext=u:r:untrusted_app:s0:c512,c768 tcontext=u:object_r:shell_data_file:s0:c512,c768 tclass=dir permissive=1
04-17 01:24:00.673 3456 3471 I Gecko :
04-17 01:24:00.673 3456 3471 I Gecko : {"action":"log","time":1744853040673,"thread":null,"pid":null,"source":"reftest","level":"DEBUG","message":"[CONTENT] OnDocumentLoad triggering AfterOnLoadScripts"}
04-17 01:24:00.684 3538 3569 E eglCodecCommon: glUtilsParamSize: unknow param 0x00008caa
04-17 01:24:00.690 3456 3471 I Gecko :
04-17 01:24:00.690 3456 3471 I Gecko : {"action":"log","time":1744853040690,"thread":null,"pid":null,"source":"reftest","level":"DEBUG","message":"Initializing canvas snapshot"}
04-17 01:24:00.690 3456 3471 I Gecko :
04-17 01:24:00.690 3456 3471 I Gecko : {"action":"log","time":1744853040690,"thread":null,"pid":null,"source":"reftest","level":"DEBUG","message":"DoDrawWindow 0,0,800,1000"}
04-17 01:24:00.820 3538 3569 E eglCodecCommon: glUtilsParamSize: unknow param 0x00008caa
04-17 01:24:00.912 3538 3569 E eglCodecCommon: glUtilsParamSize: unknow param 0x00008caa
04-17 01:24:01.003 3538 3569 E eglCodecCommon: glUtilsParamSize: unknow param 0x00008caa
04-17 01:24:01.082 3538 3569 E eglCodecCommon: glUtilsParamSize: unknow param 0x00000d02
04-17 01:24:01.090 3538 3569 E eglCodecCommon: glUtilsParamSize: unknow param 0x00008caa
04-17 01:24:01.123 3456 3471 I Gecko :
04-17 01:24:01.123 3456 3471 I Gecko : {"action":"log","time":1744853041123,"thread":null,"pid":null,"source":"reftest","level":"DEBUG","message":"[CONTENT] RecordResult fired"}
04-17 01:24:01.124 3456 3471 I Gecko :
04-17 01:24:01.124 3456 3471 I Gecko : {"action":"log","time":1744853041124,"thread":null,"pid":null,"source":"reftest","level":"DEBUG","message":"RecordResult fired"}
04-17 01:24:01.125 3456 3471 I Gecko :
04-17 01:24:01.125 3456 3471 I Gecko : {"action":"test_status","time":1744853041125,"thread":null,"pid":null,"source":"reftest","test":"layout/reftests/bugs/18217-width-1a.html == layout/reftests/bugs/18217-width-1-ref.html","subtest":"image comparison, max difference: 0, number of differing pixels: 0","status":"PASS","extra":{"status_msg":"Pass","modifiers":["==","18217-width-1a.html","18217-width-1-ref.html"]}}
04-17 01:24:01.126 3456 3471 I Gecko :
04-17 01:24:01.126 3456 3471 I Gecko : {"action":"test_end","time":1744853041126,"thread":null,"pid":null,"source":"reftest","test":"layout/reftests/bugs/18217-width-1a.html == layout/reftests/bugs/18217-width-1-ref.html","status":"OK"}
04-17 01:24:01.126 3456 3471 I Gecko :
04-17 01:24:01.126 3456 3471 I Gecko : {"action":"log","time":1744853041126,"thread":null,"pid":null,"source":"reftest","level":"DEBUG","message":"Loading a blank page"}
04-17 01:24:01.147 3488 3504 W Web Content: [JavaScript Warning: "This page is in Quirks Mode. Page layout may be impacted. For Standards Mode use “”." {file: "data:text/html;charset=UTF-8,%3C%21%2D%2DCLEAR%2D%2D%3E" line: 0}]
04-17 01:24:01.153 3456 3471 D GeckoViewContent: handleEvent: pagetitlechanged
04-17 01:24:01.163 3456 3471 I Gecko :
04-17 01:24:01.163 3456 3471 I Gecko : {"action":"assertion_count","time":1744853041163,"thread":null,"pid":null,"source":"reftest","test":"layout/reftests/bugs/18217-width-1a.html == layout/reftests/bugs/18217-width-1-ref.html","min_expected":0,"max_expected":0,"count":0}
04-17 01:24:01.164 3456 3471 I Gecko :
04-17 01:24:01.164 3456 3471 I Gecko : {"action":"test_start","time":1744853041163,"thread":null,"pid":null,"source":"reftest","test":"layout/reftests/bugs/18217-width-1b.html == layout/reftests/bugs/18217-width-1-ref.html"}
04-17 01:24:01.164 3456 3471 I Gecko : REFTEST TEST-LOAD | http://10.0.2.2:8854/tests/layout/reftests/bugs/18217-width-1b.html | 27 / 2088 (1%)
04-17 01:24:01.164 3456 3471 I Gecko :
04-17 01:24:01.164 3456 3471 I Gecko : {"action":"log","time":1744853041164,"thread":null,"pid":null,"source":"reftest","level":"DEBUG","message":"START http://10.0.2.2:8854/tests/layout/reftests/bugs/18217-width-1b.html"}
04-17 01:24:01.186 3538 3569 E eglCodecCommon: glUtilsParamSize: unknow param 0x00008caa
04-17 01:24:01.223 3456 3471 D GeckoViewContent: handleEvent: pagetitlechanged
04-17 01:24:01.238 3456 3471 I Gecko :
04-17 01:24:01.238 3456 3471 I Gecko : {"action":"log","time":1744853041238,"thread":null,"pid":null,"source":"reftest","level":"DEBUG","message":"[CONTENT] OnDocumentLoad triggering AfterOnLoadScripts"}
04-17 01:24:01.273 3456 3471 I Gecko :
04-17 01:24:01.273 3456 3471 I Gecko : {"action":"log","time":1744853041273,"thread":null,"pid":null,"source":"reftest","level":"DEBUG","message":"Initializing canvas snapshot"}
04-17 01:24:01.273 3456 3471 I Gecko :
04-17 01:24:01.273 3456 3471 I Gecko : {"action":"log","time":1744853041273,"thread":null,"pid":null,"source":"reftest","level":"DEBUG","message":"DoDrawWindow 0,0,800,1000"}
04-17 01:24:01.284 3538 3569 E eglCodecCommon: glUtilsParamSize: unknow param 0x00008caa
04-17 01:24:01.420 3538 3569 E eglCodecCommon: glUtilsParamSize: unknow param 0x00008caa
04-17 01:24:01.501 3538 3569 E eglCodecCommon: glUtilsParamSize: unknow param 0x00008caa
04-17 01:24:01.588 3538 3569 E eglCodecCommon: glUtilsParamSize: unknow param 0x00008caa
04-17 01:24:01.671 3538 3569 E eglCodecCommon: glUtilsParamSize: unknow param 0x00000d02
04-17 01:24:01.680 3538 3569 E eglCodecCommon: glUtilsParamSize: unknow param 0x00008caa
04-17 01:24:01.709 3456 3471 I Gecko :
04-17 01:24:01.709 3456 3471 I Gecko : {"action":"log","time":1744853041709,"thread":null,"pid":null,"source":"reftest","level":"DEBUG","message":"[CONTENT] RecordResult fired"}
04-17 01:24:01.710 3456 3471 I Gecko :
04-17 01:24:01.710 3456 3471 I Gecko : {"action":"log","time":1744853041710,"thread":null,"pid":null,"source":"reftest","level":"DEBUG","message":"RecordResult fired"}
04-17 01:24:01.711 3456 3471 I Gecko :
04-17 01:24:01.711 3456 3471 I Gecko : {"action":"log","time":1744853041711,"thread":null,"pid":null,"source":"reftest","level":"DEBUG","message":"RecordResult fired"}
04-17 01:24:01.713 3456 3471 I Gecko :
04-17 01:24:01.713 3456 3471 I Gecko : {"action":"test_status","time":1744853041713,"thread":null,"pid":null,"source":"reftest","test":"layout/reftests/bugs/18217-width-1b.html == layout/reftests/bugs/18217-width-1-ref.html","subtest":"image comparison, max difference: 0, number of differing pixels: 0","status":"PASS","extra":{"status_msg":"Pass","modifiers":["==","18217-width-1b.html","18217-width-1-ref.html"]}}
04-17 01:24:01.713 3456 3471 I Gecko :
04-17 01:24:01.713 3456 3471 I Gecko : {"action":"test_end","time":1744853041713,"thread":null,"pid":null,"source":"reftest","test":"layout/reftests/bugs/18217-width-1b.html == layout/reftests/bugs/18217-width-1-ref.html","status":"OK"}
04-17 01:24:01.713 3456 3471 I Gecko :
04-17 01:24:01.713 3456 3471 I Gecko : {"action":"log","time":1744853041713,"thread":null,"pid":null,"source":"reftest","level":"DEBUG","message":"Loading a blank page"}
04-17 01:24:01.737 3488 3504 W Web Content: [JavaScript Warning: "This page is in Quirks Mode. Page layout may be impacted. For Standards Mode use “”." {file: "data:text/html;charset=UTF-8,%3C%21%2D%2DCLEAR%2D%2D%3E" line: 0}]
04-17 01:24:01.746 3456 3471 D GeckoViewContent: handleEvent: pagetitlechanged
04-17 01:24:01.755 3456 3471 I Gecko :
04-17 01:24:01.755 3456 3471 I Gecko : {"action":"assertion_count","time":1744853041755,"thread":null,"pid":null,"source":"reftest","test":"layout/reftests/bugs/18217-width-1b.html == layout/reftests/bugs/18217-width-1-ref.html","min_expected":0,"max_expected":0,"count":0}
04-17 01:24:01.756 3456 3471 I Gecko :
04-17 01:24:01.756 3456 3471 I Gecko : {"action":"test_start","time":1744853041756,"thread":null,"pid":null,"source":"reftest","test":"layout/reftests/bugs/18217-width-2a.html == layout/reftests/bugs/18217-width-2-ref.html"}
04-17 01:24:01.756 3456 3471 I Gecko : REFTEST TEST-LOAD | http://10.0.2.2:8854/tests/layout/reftests/bugs/18217-width-2a.html | 28 / 2088 (1%)
04-17 01:24:01.756 3456 3471 I Gecko :
04-17 01:24:01.756 3456 3471 I Gecko : {"action":"log","time":1744853041756,"thread":null,"pid":null,"source":"reftest","level":"DEBUG","message":"START http://10.0.2.2:8854/tests/layout/reftests/bugs/18217-width-2a.html"}
04-17 01:24:01.795 3538 3569 E eglCodecCommon: glUtilsParamSize: unknow param 0x00008caa
04-17 01:24:01.817 3456 3471 D GeckoViewContent: handleEvent: pagetitlechanged
04-17 01:24:01.833 3456 3471 I Gecko :
04-17 01:24:01.833 3456 3471 I Gecko : {"action":"log","time":1744853041833,"thread":null,"pid":null,"source":"reftest","level":"DEBUG","message":"[CONTENT] OnDocumentLoad triggering AfterOnLoadScripts"}
04-17 01:24:01.857 3456 3471 I Gecko :
04-17 01:24:01.857 3456 3471 I Gecko : {"action":"log","time":1744853041857,"thread":null,"pid":null,"source":"reftest","level":"DEBUG","message":"Initializing canvas snapshot"}
04-17 01:24:01.857 3456 3471 I Gecko :
04-17 01:24:01.857 3456 3471 I Gecko : {"action":"log","time":1744853041857,"thread":null,"pid":null,"source":"reftest","level":"DEBUG","message":"DoDrawWindow 0,0,800,1000"}
04-17 01:24:01.897 3538 3569 E eglCodecCommon: glUtilsParamSize: unknow param 0x00008caa
04-17 01:24:02.037 3538 3569 E eglCodecCommon: glUtilsParamSize: unknow param 0x00008caa
04-17 01:24:02.119 3538 3569 E eglCodecCommon: glUtilsParamSize: unknow param 0x00008caa
04-17 01:24:02.202 3538 3569 E eglCodecCommon: glUtilsParamSize: unknow param 0x00008caa
04-17 01:24:02.283 3538 3569 E eglCodecCommon: glUtilsParamSize: unknow param 0x00000d02
04-17 01:24:02.294 3538 3569 E eglCodecCommon: glUtilsParamSize: unknow param 0x00008caa
04-17 01:24:02.319 3456 3471 I Gecko :
04-17 01:24:02.319 3456 3471 I Gecko : {"action":"log","time":1744853042319,"thread":null,"pid":null,"source":"reftest","level":"DEBUG","message":"[CONTENT] RecordResult fired"}
04-17 01:24:02.323 3456 3471 I Gecko :
04-17 01:24:02.323 3456 3471 I Gecko : {"action":"log","time":1744853042322,"thread":null,"pid":null,"source":"reftest","level":"DEBUG","message":"RecordResult fired"}
04-17 01:24:02.323 3456 3471 I Gecko : REFTEST TEST-LOAD | http://10.0.2.2:8854/tests/layout/reftests/bugs/18217-width-2-ref.html | 28 / 2088 (1%)
04-17 01:24:02.324 3456 3471 I Gecko :
04-17 01:24:02.324 3456 3471 I Gecko : {"action":"log","time":1744853042323,"thread":null,"pid":null,"source":"reftest","level":"DEBUG","message":"START http://10.0.2.2:8854/tests/layout/reftests/bugs/18217-width-2-ref.html"}
04-17 01:24:02.374 3456 3471 D GeckoViewContent: handleEvent: pagetitlechanged
04-17 01:24:02.385 3456 3471 I Gecko :
04-17 01:24:02.385 3456 3471 I Gecko : {"action":"log","time":1744853042385,"thread":null,"pid":null,"source":"reftest","level":"DEBUG","message":"[CONTENT] OnDocumentLoad triggering AfterOnLoadScripts"}
04-17 01:24:02.399 3538 3569 E eglCodecCommon: glUtilsParamSize: unknow param 0x00008caa
04-17 01:24:02.422 3456 3471 I Gecko :
04-17 01:24:02.422 3456 3471 I Gecko : {"action":"log","time":1744853042422,"thread":null,"pid":null,"source":"reftest","level":"DEBUG","message":"Initializing canvas snapshot"}
04-17 01:24:02.423 3456 3471 I Gecko :
04-17 01:24:02.423 3456 3471 I Gecko : {"action":"log","time":1744853042423,"thread":null,"pid":null,"source":"reftest","level":"DEBUG","message":"DoDrawWindow 0,0,800,1000"}
04-17 01:24:02.533 3538 3569 E eglCodecCommon: glUtilsParamSize: unknow param 0x00008caa
04-17 01:24:02.620 3538 3569 E eglCodecCommon: glUtilsParamSize: unknow param 0x00008caa
04-17 01:24:02.705 3538 3569 E eglCodecCommon: glUtilsParamSize: unknow param 0x00008caa
04-17 01:24:02.783 3538 3569 E eglCodecCommon: glUtilsParamSize: unknow param 0x00000d02
04-17 01:24:02.791 3538 3569 E eglCodecCommon: glUtilsParamSize: unknow param 0x00008caa
04-17 01:24:02.822 3456 3471 I Gecko :
04-17 01:24:02.822 3456 3471 I Gecko : {"action":"log","time":1744853042822,"thread":null,"pid":null,"source":"reftest","level":"DEBUG","message":"[CONTENT] RecordResult fired"}
04-17 01:24:02.823 3456 3471 I Gecko :
04-17 01:24:02.823 3456 3471 I Gecko : {"action":"log","time":1744853042823,"thread":null,"pid":null,"source":"reftest","level":"DEBUG","message":"RecordResult fired"}
04-17 01:24:02.824 3456 3471 I Gecko :
04-17 01:24:02.824 3456 3471 I Gecko : {"action":"test_status","time":1744853042823,"thread":null,"pid":null,"source":"reftest","test":"layout/reftests/bugs/18217-width-2a.html == layout/reftests/bugs/18217-width-2-ref.html","subtest":"image comparison, max difference: 0, number of differing pixels: 0","status":"PASS","extra":{"status_msg":"Pass","modifiers":["==","18217-width-2a.html","18217-width-2-ref.html"]}}
04-17 01:24:02.824 3456 3471 I Gecko :
04-17 01:24:02.824 3456 3471 I Gecko : {"action":"test_end","time":1744853042824,"thread":null,"pid":null,"source":"reftest","test":"layout/reftests/bugs/18217-width-2a.html == layout/reftests/bugs/18217-width-2-ref.html","status":"OK"}
04-17 01:24:02.824 3456 3471 I Gecko :
04-17 01:24:02.824 3456 3471 I Gecko : {"action":"log","time":1744853042824,"thread":null,"pid":null,"source":"reftest","level":"DEBUG","message":"Loading a blank page"}
04-17 01:24:02.846 3488 3504 W Web Content: [JavaScript Warning: "This page is in Quirks Mode. Page layout may be impacted. For Standards Mode use “”." {file: "data:text/html;charset=UTF-8,%3C%21%2D%2DCLEAR%2D%2D%3E" line: 0}]
04-17 01:24:02.853 3456 3471 D GeckoViewContent: handleEvent: pagetitlechanged
04-17 01:24:02.862 3456 3471 I Gecko :
04-17 01:24:02.862 3456 3471 I Gecko : {"action":"assertion_count","time":1744853042862,"thread":null,"pid":null,"source":"reftest","test":"layout/reftests/bugs/18217-width-2a.html == layout/reftests/bugs/18217-width-2-ref.html","min_expected":0,"max_expected":0,"count":0}
04-17 01:24:02.862 3456 3471 I Gecko :
04-17 01:24:02.862 3456 3471 I Gecko : {"action":"test_start","time":1744853042862,"thread":null,"pid":null,"source":"reftest","test":"layout/reftests/bugs/18217-width-2b.html == layout/reftests/bugs/18217-width-2-ref.html"}
04-17 01:24:02.863 3456 3471 I Gecko : REFTEST TEST-LOAD | http://10.0.2.2:8854/tests/layout/reftests/bugs/18217-width-2b.html | 29 / 2088 (1%)
04-17 01:24:02.863 3456 3471 I Gecko :
04-17 01:24:02.863 3456 3471 I Gecko : {"action":"log","time":1744853042863,"thread":null,"pid":null,"source":"reftest","level":"DEBUG","message":"START http://10.0.2.2:8854/tests/layout/reftests/bugs/18217-width-2b.html"}
04-17 01:24:02.893 3538 3569 E eglCodecCommon: glUtilsParamSize: unknow param 0x00008caa
04-17 01:24:02.919 3456 3471 D GeckoViewContent: handleEvent: pagetitlechanged
04-17 01:24:02.935 3456 3471 I Gecko :
04-17 01:24:02.935 3456 3471 I Gecko : {"action":"log","time":1744853042935,"thread":null,"pid":null,"source":"reftest","level":"DEBUG","message":"[CONTENT] OnDocumentLoad triggering AfterOnLoadScripts"}
04-17 01:24:02.954 3456 3471 I Gecko :
04-17 01:24:02.954 3456 3471 I Gecko : {"action":"log","time":1744853042954,"thread":null,"pid":null,"source":"reftest","level":"DEBUG","message":"Initializing canvas snapshot"}
04-17 01:24:02.954 3456 3471 I Gecko :
04-17 01:24:02.954 3456 3471 I Gecko : {"action":"log","time":1744853042954,"thread":null,"pid":null,"source":"reftest","level":"DEBUG","message":"DoDrawWindow 0,0,800,1000"}
04-17 01:24:02.995 3538 3569 E eglCodecCommon: glUtilsParamSize: unknow param 0x00008caa
04-17 01:24:03.128 3538 3569 E eglCodecCommon: glUtilsParamSize: unknow param 0x00008caa
04-17 01:24:03.215 3538 3569 E eglCodecCommon: glUtilsParamSize: unknow param 0x00008caa
04-17 01:24:03.304 3538 3569 E eglCodecCommon: glUtilsParamSize: unknow param 0x00008caa
04-17 01:24:03.382 3538 3569 E eglCodecCommon: glUtilsParamSize: unknow param 0x00000d02
04-17 01:24:03.391 3538 3569 E eglCodecCommon: glUtilsParamSize: unknow param 0x00008caa
04-17 01:24:03.419 3456 3471 I Gecko :
04-17 01:24:03.419 3456 3471 I Gecko : {"action":"log","time":1744853043419,"thread":null,"pid":null,"source":"reftest","level":"DEBUG","message":"[CONTENT] RecordResult fired"}
04-17 01:24:03.420 3456 3471 I Gecko :
04-17 01:24:03.420 3456 3471 I Gecko : {"action":"log","time":1744853043420,"thread":null,"pid":null,"source":"reftest","level":"DEBUG","message":"RecordResult fired"}
04-17 01:24:03.421 3456 3471 I Gecko :
04-17 01:24:03.421 3456 3471 I Gecko : {"action":"log","time":1744853043421,"thread":null,"pid":null,"source":"reftest","level":"DEBUG","message":"RecordResult fired"}
04-17 01:24:03.422 3456 3471 I Gecko :
04-17 01:24:03.422 3456 3471 I Gecko : {"action":"test_status","time":1744853043422,"thread":null,"pid":null,"source":"reftest","test":"layout/reftests/bugs/18217-width-2b.html == layout/reftests/bugs/18217-width-2-ref.html","subtest":"image comparison, max difference: 0, number of differing pixels: 0","status":"PASS","extra":{"status_msg":"Pass","modifiers":["==","18217-width-2b.html","18217-width-2-ref.html"]}}
04-17 01:24:03.423 3456 3471 I Gecko :
04-17 01:24:03.423 3456 3471 I Gecko : {"action":"test_end","time":1744853043423,"thread":null,"pid":null,"source":"reftest","test":"layout/reftests/bugs/18217-width-2b.html == layout/reftests/bugs/18217-width-2-ref.html","status":"OK"}
04-17 01:24:03.423 3456 3471 I Gecko :
04-17 01:24:03.423 3456 3471 I Gecko : {"action":"log","time":1744853043423,"thread":null,"pid":null,"source":"reftest","level":"DEBUG","message":"Loading a blank page"}
04-17 01:24:03.450 3488 3504 W Web Content: [JavaScript Warning: "This page is in Quirks Mode. Page layout may be impacted. For Standards Mode use “”." {file: "data:text/html;charset=UTF-8,%3C%21%2D%2DCLEAR%2D%2D%3E" line: 0}]
04-17 01:24:03.455 3456 3471 D GeckoViewContent: handleEvent: pagetitlechanged
04-17 01:24:03.465 3456 3471 I Gecko :
