04-17 01:22:53.282 2397 2415 I MessagingApp: Carrier configs loaded: Bundle[{httpSocketTimeout=60000, aliasMinChars=2, smsToMmsTextThreshold=-1, enableSMSDeliveryReports=true, maxMessageTextSize=-1, supportMmsContentDisposition=true, enabledTransID=false, aliasEnabled=false, supportHttpCharsetHeader=false, allowAttachAudio=true, smsToMmsTextLengthThreshold=-1, recipientLimit=2147483647, uaProfTagName=x-wap-profile, aliasMaxChars=48, maxImageHeight=1944, enableMMSDeliveryReports=false, userAgent=, config_cellBroadcastAppLinks=true, maxSubjectLength=40, httpParams=, enableGroupMms=true, emailGatewayNumber=, maxMessageSize=1048576, naiSuffix=, enableMMSReadReports=false, maxImageWidth=2592, uaProfUrl=, enabledMMS=false, enabledNotifyWapMMSC=false, sendMultipartSmsAsSeparateMessages=false, enableMultipartSMS=true}] from resources+system for subId=1
04-17 01:22:53.295 2397 2418 W MessagingApp: canonicalizeMccMnc: invalid mccmnc:null ,null
04-17 01:22:53.296 2397 2424 I MessagingAppDataModel: SyncMessagesAction: Starting batch for messages from 1744740793756 to 1744852973190 (message update limit = 80, message scan limit = 4000)
04-17 01:22:53.298 1658 1669 D MmsServiceBroker: getCarrierConfigValues() by com.android.messaging
04-17 01:22:53.299 1871 2104 D MmsService: getCarrierConfigValues
04-17 01:22:53.299 1871 2104 I MmsService: mms config for sub 1: Bundle[{httpSocketTimeout=60000, aliasMinChars=2, smsToMmsTextThreshold=-1, enableSMSDeliveryReports=true, maxMessageTextSize=-1, supportMmsContentDisposition=true, enabledTransID=false, aliasEnabled=false, supportHttpCharsetHeader=false, allowAttachAudio=true, smsToMmsTextLengthThreshold=-1, recipientLimit=2147483647, uaProfTagName=x-wap-profile, aliasMaxChars=48, maxImageHeight=1944, enableMMSDeliveryReports=false, userAgent=, config_cellBroadcastAppLinks=true, maxSubjectLength=40, httpParams=, enableGroupMms=true, emailGatewayNumber=, maxMessageSize=1048576, naiSuffix=, enableMMSReadReports=false, maxImageWidth=2592, uaProfUrl=, enabledMMS=false, enabledNotifyWapMMSC=false, sendMultipartSmsAsSeparateMessages=false, enableMultipartSMS=true}]
04-17 01:22:53.300 2397 2418 I MessagingApp: Carrier configs loaded: Bundle[{httpSocketTimeout=60000, aliasMinChars=2, smsToMmsTextThreshold=-1, enableSMSDeliveryReports=true, maxMessageTextSize=-1, supportMmsContentDisposition=true, enabledTransID=false, aliasEnabled=false, supportHttpCharsetHeader=false, allowAttachAudio=true, smsToMmsTextLengthThreshold=-1, recipientLimit=2147483647, uaProfTagName=x-wap-profile, aliasMaxChars=48, maxImageHeight=1944, enableMMSDeliveryReports=false, userAgent=, config_cellBroadcastAppLinks=true, maxSubjectLength=40, httpParams=, enableGroupMms=true, emailGatewayNumber=, maxMessageSize=1048576, naiSuffix=, enableMMSReadReports=false, maxImageWidth=2592, uaProfUrl=, enabledMMS=false, enabledNotifyWapMMSC=false, sendMultipartSmsAsSeparateMessages=false, enableMultipartSMS=true}] from resources+system for subId=1
04-17 01:22:53.379 1996 1996 D CellBroadcastReceiver: Start Cell Broadcast configuration.
04-17 01:22:53.382 2397 2425 I MessagingAppDataModel: SyncMessagesAction: All messages now in sync
04-17 01:22:53.383 1996 2426 D CellBroadcastConfigService: Enable CellBroadcast on sub 1
04-17 01:22:53.391 1871 1995 D IccSmsInterfaceManager: [IccSmsInterfaceManager] Calling setCdmaBroadcastConfig with 1 configurations
04-17 01:22:53.393 1871 1995 D IccSmsInterfaceManager: [IccSmsInterfaceManager] Failed to add cdma broadcast subscription for MID range 4096 to 4096 from client com.android.cellbroadcastreceiver
04-17 01:22:53.396 1871 2104 D IccSmsInterfaceManager: [IccSmsInterfaceManager] Calling setCdmaBroadcastConfig with 1 configurations
04-17 01:22:53.398 1871 2104 D IccSmsInterfaceManager: [IccSmsInterfaceManager] Failed to add cdma broadcast subscription for MID range 4097 to 4097 from client com.android.cellbroadcastreceiver
04-17 01:22:53.403 1871 2160 D IccSmsInterfaceManager: [IccSmsInterfaceManager] Calling setCdmaBroadcastConfig with 1 configurations
04-17 01:22:53.405 1871 2160 D IccSmsInterfaceManager: [IccSmsInterfaceManager] Failed to add cdma broadcast subscription for MID range 4098 to 4098 from client com.android.cellbroadcastreceiver
04-17 01:22:53.408 1871 2159 D IccSmsInterfaceManager: [IccSmsInterfaceManager] Calling setCdmaBroadcastConfig with 1 configurations
04-17 01:22:53.410 1871 2159 D IccSmsInterfaceManager: [IccSmsInterfaceManager] Failed to add cdma broadcast subscription for MID range 4099 to 4099 from client com.android.cellbroadcastreceiver
04-17 01:22:53.420 1871 1886 D IccSmsInterfaceManager: [IccSmsInterfaceManager] Failed to remove cdma broadcast subscription for MID range 4100 to 4100 from client com.android.cellbroadcastreceiver
04-17 01:22:53.423 1871 2159 D IccSmsInterfaceManager: [IccSmsInterfaceManager] Calling setGsmBroadcastConfig with 1 configurations
04-17 01:22:53.432 1871 1871 I OmtpVvmCarrierCfgHlpr: Requesting VVM activation for subId: 1
04-17 01:22:53.440 1658 1679 W WindowManager: App freeze timeout expired.
04-17 01:22:53.476 1871 2159 D IccSmsInterfaceManager: [IccSmsInterfaceManager] Failed to add GSM cell broadcast subscription for MID range 4352 to 4354 from client com.android.cellbroadcastreceiver
04-17 01:22:53.479 1871 2104 D IccSmsInterfaceManager: [IccSmsInterfaceManager] Calling setGsmBroadcastConfig with 1 configurations
04-17 01:22:53.500 1871 1871 V VvmPhoneStateListener: Signal returned: reattempting activation for 89014103211118510720
04-17 01:22:53.501 1871 1871 I OmtpVvmCarrierCfgHlpr: Requesting VVM activation for subId: 1
04-17 01:22:53.502 1658 1670 D CountryDetector: The first listener is added
04-17 01:22:53.513 1871 1871 I OmtpVvmCarrierCfgHlpr: Requesting VVM activation for subId: 1
04-17 01:22:53.529 1871 2104 D IccSmsInterfaceManager: [IccSmsInterfaceManager] Failed to add GSM cell broadcast subscription for MID range 4356 to 4356 from client com.android.cellbroadcastreceiver
04-17 01:22:53.535 1871 1995 D IccSmsInterfaceManager: [IccSmsInterfaceManager] Failed to remove GSM cell broadcast subscription for MID range 4355 to 4355 from client com.android.cellbroadcastreceiver
04-17 01:22:53.540 1871 1885 D IccSmsInterfaceManager: [IccSmsInterfaceManager] Calling setGsmBroadcastConfig with 1 configurations
04-17 01:22:53.542 1871 1885 D IccSmsInterfaceManager: [IccSmsInterfaceManager] Failed to add GSM cell broadcast subscription for MID range 4370 to 4370 from client com.android.cellbroadcastreceiver
04-17 01:22:53.544 1871 2104 D IccSmsInterfaceManager: [IccSmsInterfaceManager] Calling setGsmBroadcastConfig with 1 configurations
04-17 01:22:53.546 1871 2104 D IccSmsInterfaceManager: [IccSmsInterfaceManager] Failed to add GSM cell broadcast subscription for MID range 4371 to 4372 from client com.android.cellbroadcastreceiver
04-17 01:22:53.551 1871 1995 D IccSmsInterfaceManager: [IccSmsInterfaceManager] Calling setGsmBroadcastConfig with 1 configurations
04-17 01:22:53.552 1871 1995 D IccSmsInterfaceManager: [IccSmsInterfaceManager] Failed to add GSM cell broadcast subscription for MID range 4373 to 4378 from client com.android.cellbroadcastreceiver
04-17 01:22:53.554 1871 2160 D IccSmsInterfaceManager: [IccSmsInterfaceManager] Calling setGsmBroadcastConfig with 1 configurations
04-17 01:22:53.556 1871 2160 D IccSmsInterfaceManager: [IccSmsInterfaceManager] Failed to add GSM cell broadcast subscription for MID range 4379 to 4379 from client com.android.cellbroadcastreceiver
04-17 01:22:53.562 1871 1886 D IccSmsInterfaceManager: [IccSmsInterfaceManager] Failed to remove GSM cell broadcast subscription for MID range 4380 to 4382 from client com.android.cellbroadcastreceiver
04-17 01:22:53.568 1871 1995 D IccSmsInterfaceManager: [IccSmsInterfaceManager] Calling setGsmBroadcastConfig with 1 configurations
04-17 01:22:53.570 1871 1995 D IccSmsInterfaceManager: [IccSmsInterfaceManager] Failed to add GSM cell broadcast subscription for MID range 4383 to 4383 from client com.android.cellbroadcastreceiver
04-17 01:22:53.574 1871 2160 D IccSmsInterfaceManager: [IccSmsInterfaceManager] Calling setGsmBroadcastConfig with 1 configurations
04-17 01:22:53.575 1871 2160 D IccSmsInterfaceManager: [IccSmsInterfaceManager] Failed to add GSM cell broadcast subscription for MID range 4384 to 4385 from client com.android.cellbroadcastreceiver
04-17 01:22:53.580 1871 1886 D IccSmsInterfaceManager: [IccSmsInterfaceManager] Calling setGsmBroadcastConfig with 1 configurations
04-17 01:22:53.582 1871 1886 D IccSmsInterfaceManager: [IccSmsInterfaceManager] Failed to add GSM cell broadcast subscription for MID range 4386 to 4391 from client com.android.cellbroadcastreceiver
04-17 01:22:53.588 1871 1995 D IccSmsInterfaceManager: [IccSmsInterfaceManager] Calling setGsmBroadcastConfig with 1 configurations
04-17 01:22:53.590 1871 1995 D IccSmsInterfaceManager: [IccSmsInterfaceManager] Failed to add GSM cell broadcast subscription for MID range 4392 to 4392 from client com.android.cellbroadcastreceiver
04-17 01:22:53.595 1871 2160 D IccSmsInterfaceManager: [IccSmsInterfaceManager] Failed to remove GSM cell broadcast subscription for MID range 4393 to 4395 from client com.android.cellbroadcastreceiver
04-17 01:22:53.602 1871 1886 D IccSmsInterfaceManager: [IccSmsInterfaceManager] Failed to remove GSM cell broadcast subscription for MID range 50 to 50 from client com.android.cellbroadcastreceiver
04-17 01:22:53.877 2344 2344 I CalendarProvider2: Sending notification intent: Intent { act=android.intent.action.PROVIDER_CHANGED dat=content://com.android.calendar flg=0x20000000 }
04-17 01:22:53.878 2344 2344 W ContentResolver: Failed to get type for: content://com.android.calendar (Unknown URL content://com.android.calendar)
04-17 01:22:53.880 2309 2309 D AlertReceiver: onReceive: a=android.intent.action.PROVIDER_CHANGED Intent { act=android.intent.action.PROVIDER_CHANGED dat=content://com.android.calendar flg=0x20000010 cmp=com.android.calendar/.alerts.AlertReceiver }
04-17 01:22:53.883 2309 2435 D AlertService: 0 Action = android.intent.action.PROVIDER_CHANGED
04-17 01:22:54.466 1658 1706 D WifiStateMachine: CMD_AUTO_CONNECT sup state DisconnectedState my state DisconnectedState nid=0 roam=false
04-17 01:22:54.466 1658 1706 D WifiStateMachine: CMD_AUTO_CONNECT will save config -> "AndroidWifi" nid=0
04-17 01:22:54.471 1658 2067 V KeyValueBackupJob: Scheduling k/v pass in 247 minutes
04-17 01:22:54.488 1658 2440 D WifiNetworkHistory: saving network history: "AndroidWifi"NONE gw: null Network Selection-status: NETWORK_SELECTION_ENABLED ephemeral=false choice:null link:0 status:1 nid:0 hasEverConnected: true
04-17 01:22:54.488 1658 2440 V WifiNetworkHistory: writeKnownNetworkHistory write config "AndroidWifi"NONE
04-17 01:22:54.491 1658 1706 D WifiStateMachine: CMD_AUTO_CONNECT did save config -> nid=0
04-17 01:22:54.494 1906 1906 I wpa_supplicant: wlan0: SME: Trying to authenticate with 02:00:00:00:01:00 (SSID='AndroidWifi' freq=2412 MHz)
04-17 01:22:54.498 1658 2441 D WifiNetworkHistory: saving network history: "AndroidWifi"NONE gw: null Network Selection-status: NETWORK_SELECTION_ENABLED ephemeral=false choice:null link:0 status:1 nid:0 hasEverConnected: true
04-17 01:22:54.498 1658 2441 V WifiNetworkHistory: writeKnownNetworkHistory write config "AndroidWifi"NONE
04-17 01:22:54.505 1651 1651 I hostapd : wlan1: STA 02:00:00:44:55:66 IEEE 802.11: authenticated
04-17 01:22:54.505 1651 1651 I hostapd : wlan1: STA 02:00:00:44:55:66 IEEE 802.11: authenticated
04-17 01:22:54.509 1906 1906 I wpa_supplicant: wlan0: Trying to associate with 02:00:00:00:01:00 (SSID='AndroidWifi' freq=2412 MHz)
04-17 01:22:54.524 1651 1651 I hostapd : wlan1: STA 02:00:00:44:55:66 IEEE 802.11: associated (aid 1)
04-17 01:22:54.524 1651 1651 I hostapd : wlan1: STA 02:00:00:44:55:66 IEEE 802.11: associated (aid 1)
04-17 01:22:54.524 1651 1651 I hostapd : wlan1: AP-STA-CONNECTED 02:00:00:44:55:66
04-17 01:22:54.540 1906 1906 I wpa_supplicant: wlan0: Associated with 02:00:00:00:01:00
04-17 01:22:54.540 1906 1906 I wpa_supplicant: wlan0: CTRL-EVENT-CONNECTED - Connection to 02:00:00:00:01:00 completed [id=0 id_str=%7B%22creatorUid%22%3A%22-1%22%2C%22configKey%22%3A%22%5C%22AndroidWifi%5C%22NONE%22%7D]
04-17 01:22:54.540 1906 1906 I wpa_supplicant: wlan0: CTRL-EVENT-SUBNET-STATUS-UPDATE status=0
04-17 01:22:54.542 1658 1706 E WifiScanner: listener cannot be found
04-17 01:22:54.543 1658 1706 D ConnectivityService: registerNetworkAgent NetworkAgentInfo{ ni{[type: WIFI[], state: CONNECTING/CONNECTING, reason: (unspecified), extra: "AndroidWifi", failover: false, available: true, roaming: false, metered: false]} network{101} nethandle{433808132830} lp{{LinkAddresses: [] Routes: [] DnsAddresses: [] Domains: null MTU: 0}} nc{[ Transports: WIFI Capabilities: NOT_METERED&INTERNET&NOT_RESTRICTED&TRUSTED&NOT_VPN LinkUpBandwidth>=1048576Kbps LinkDnBandwidth>=1048576Kbps]} Score{20} everValidated{false} lastValidated{false} created{false} lingering{false} explicitlySelected{false} acceptUnvalidated{false} everCaptivePortalDetected{false} lastCaptivePortalDetected{false} }
04-17 01:22:54.543 1658 1710 D ConnectivityService: NetworkAgentInfo [WIFI () - 101] EVENT_NETWORK_INFO_CHANGED, going from null to CONNECTING
04-17 01:22:54.546 1658 1706 D WifiStateMachine: Start Dhcp Watchdog 1
04-17 01:22:54.550 1658 1706 D WifiNative-wlan0: configureNeighborDiscoveryOffload(true)
04-17 01:22:54.589 1658 2445 D DhcpClient: Receive thread started
04-17 01:22:54.592 1658 2444 D DhcpClient: Broadcasting DHCPDISCOVER
04-17 01:22:56.391 2170 2419 W MediaScanner: Error opening directory '/oem/media/', skipping: No such file or directory.
04-17 01:22:56.393 2170 2419 W MediaProvider: Missing volume for /system/media/audio/ui; assuming invalid
04-17 01:22:56.406 2170 2419 W MediaProvider: Missing volume for /system/media/audio/ringtones/Andromeda.ogg; assuming invalid
04-17 01:22:56.409 2170 2419 W MediaProvider: Missing volume for /system/media/audio/ringtones/Aquila.ogg; assuming invalid
04-17 01:22:56.411 2170 2419 W MediaProvider: Missing volume for /system/media/audio/ringtones/ArgoNavis.ogg; assuming invalid
04-17 01:22:56.413 2170 2419 W MediaProvider: Missing volume for /system/media/audio/ringtones/Atria.ogg; assuming invalid
04-17 01:22:56.416 2170 2419 W MediaProvider: Missing volume for /system/media/audio/ringtones/BOOTES.ogg; assuming invalid
04-17 01:22:56.419 2170 2419 W MediaProvider: Missing volume for /system/media/audio/ringtones/Backroad.ogg; assuming invalid
04-17 01:22:56.421 2170 2419 W MediaProvider: Missing volume for /system/media/audio/ringtones/BeatPlucker.ogg; assuming invalid
04-17 01:22:56.423 2170 2419 W MediaProvider: Missing volume for /system/media/audio/ringtones/BentleyDubs.ogg; assuming invalid
04-17 01:22:56.425 2170 2419 W MediaProvider: Missing volume for /system/media/audio/ringtones/Big_Easy.ogg; assuming invalid
04-17 01:22:56.427 2170 2419 W MediaProvider: Missing volume for /system/media/audio/ringtones/BirdLoop.ogg; assuming invalid
04-17 01:22:56.429 2170 2419 W MediaProvider: Missing volume for /system/media/audio/ringtones/Bollywood.ogg; assuming invalid
04-17 01:22:56.430 2170 2419 W MediaProvider: Missing volume for /system/media/audio/ringtones/BussaMove.ogg; assuming invalid
04-17 01:22:56.432 2170 2419 W MediaProvider: Missing volume for /system/media/audio/ringtones/CANISMAJOR.ogg; assuming invalid
04-17 01:22:56.434 2170 2419 W MediaProvider: Missing volume for /system/media/audio/ringtones/CASSIOPEIA.ogg; assuming invalid
04-17 01:22:56.436 2170 2419 W MediaProvider: Missing volume for /system/media/audio/ringtones/Cairo.ogg; assuming invalid
04-17 01:22:56.438 2170 2419 W MediaProvider: Missing volume for /system/media/audio/ringtones/Calypso_Steel.ogg; assuming invalid
04-17 01:22:56.440 2170 2419 W MediaProvider: Missing volume for /system/media/audio/ringtones/CanisMajor.ogg; assuming invalid
04-17 01:22:56.442 2170 2419 W MediaProvider: Missing volume for /system/media/audio/ringtones/CaribbeanIce.ogg; assuming invalid
04-17 01:22:56.445 2170 2419 W MediaProvider: Missing volume for /system/media/audio/ringtones/Carina.ogg; assuming invalid
04-17 01:22:56.447 2170 2419 W MediaProvider: Missing volume for /system/media/audio/ringtones/Centaurus.ogg; assuming invalid
04-17 01:22:56.449 2170 2419 W MediaProvider: Missing volume for /system/media/audio/ringtones/Champagne_Edition.ogg; assuming invalid
04-17 01:22:56.451 2170 2419 W MediaProvider: Missing volume for /system/media/audio/ringtones/Club_Cubano.ogg; assuming invalid
04-17 01:22:56.453 2170 2419 W MediaProvider: Missing volume for /system/media/audio/ringtones/CrayonRock.ogg; assuming invalid
04-17 01:22:56.455 2170 2419 W MediaProvider: Missing volume for /system/media/audio/ringtones/CrazyDream.ogg; assuming invalid
04-17 01:22:56.457 2170 2419 W MediaProvider: Missing volume for /system/media/audio/ringtones/CurveBall.ogg; assuming invalid
04-17 01:22:56.460 2170 2419 W MediaProvider: Missing volume for /system/media/audio/ringtones/Cygnus.ogg; assuming invalid
04-17 01:22:56.462 2170 2419 W MediaProvider: Missing volume for /system/media/audio/ringtones/DancinFool.ogg; assuming invalid
04-17 01:22:56.464 2170 2419 W MediaProvider: Missing volume for /system/media/audio/ringtones/Ding.ogg; assuming invalid
04-17 01:22:56.466 2170 2419 W MediaProvider: Missing volume for /system/media/audio/ringtones/DonMessWivIt.ogg; assuming invalid
04-17 01:22:56.469 2170 2419 W MediaProvider: Missing volume for /system/media/audio/ringtones/Draco.ogg; assuming invalid
04-17 01:22:56.471 2170 2419 W MediaProvider: Missing volume for /system/media/audio/ringtones/DreamTheme.ogg; assuming invalid
04-17 01:22:56.473 2170 2419 W MediaProvider: Missing volume for /system/media/audio/ringtones/Eastern_Sky.ogg; assuming invalid
04-17 01:22:56.475 2170 2419 W MediaProvider: Missing volume for /system/media/audio/ringtones/Enter_the_Nexus.ogg; assuming invalid
04-17 01:22:56.477 2170 2419 W MediaProvider: Missing volume for /system/media/audio/ringtones/Eridani.ogg; assuming invalid
04-17 01:22:56.479 2170 2419 W MediaProvider: Missing volume for /system/media/audio/ringtones/EtherShake.ogg; assuming invalid
04-17 01:22:56.482 2170 2419 W MediaProvider: Missing volume for /system/media/audio/ringtones/FreeFlight.ogg; assuming invalid
04-17 01:22:56.484 2170 2419 W MediaProvider: Missing volume for /system/media/audio/ringtones/FriendlyGhost.ogg; assuming invalid
04-17 01:22:56.486 2170 2419 W MediaProvider: Missing volume for /system/media/audio/ringtones/Funk_Yall.ogg; assuming invalid
04-17 01:22:56.488 2170 2419 W MediaProvider: Missing volume for /system/media/audio/ringtones/GameOverGuitar.ogg; assuming invalid
04-17 01:22:56.490 2170 2419 W MediaProvider: Missing volume for /system/media/audio/ringtones/Gimme_Mo_Town.ogg; assuming invalid
04-17 01:22:56.493 2170 2419 W MediaProvider: Missing volume for /system/media/audio/ringtones/Girtab.ogg; assuming invalid
04-17 01:22:56.495 2170 2419 W MediaProvider: Missing volume for /system/media/audio/ringtones/Glacial_Groove.ogg; assuming invalid
04-17 01:22:56.497 2170 2419 W MediaProvider: Missing volume for /system/media/audio/ringtones/Growl.ogg; assuming invalid
04-17 01:22:56.499 2170 2419 W MediaProvider: Missing volume for /system/media/audio/ringtones/HalfwayHome.ogg; assuming invalid
04-17 01:22:56.502 2170 2419 W MediaProvider: Missing volume for /system/media/audio/ringtones/Hydra.ogg; assuming invalid
04-17 01:22:56.504 2170 2419 W MediaProvider: Missing volume for /system/media/audio/ringtones/InsertCoin.ogg; assuming invalid
04-17 01:22:56.506 2170 2419 W MediaProvider: Missing volume for /system/media/audio/ringtones/Kuma.ogg; assuming invalid
04-17 01:22:56.508 2170 2419 W MediaProvider: Missing volume for /system/media/audio/ringtones/LoopyLounge.ogg; assuming invalid
04-17 01:22:56.510 2170 2419 W MediaProvider: Missing volume for /system/media/audio/ringtones/LoveFlute.ogg; assuming invalid
04-17 01:22:56.512 2170 2419 W MediaProvider: Missing volume for /system/media/audio/ringtones/Lyra.ogg; assuming invalid
04-17 01:22:56.515 2170 2419 W MediaProvider: Missing volume for /system/media/audio/ringtones/Machina.ogg; assuming invalid
04-17 01:22:56.517 2170 2419 W MediaProvider: Missing volume for /system/media/audio/ringtones/MidEvilJaunt.ogg; assuming invalid
04-17 01:22:56.519 2170 2419 W MediaProvider: Missing volume for /system/media/audio/ringtones/MildlyAlarming.ogg; assuming invalid
04-17 01:22:56.521 2170 2419 W MediaProvider: Missing volume for /system/media/audio/ringtones/Nairobi.ogg; assuming invalid
04-17 01:22:56.523 2170 2419 W MediaProvider: Missing volume for /system/media/audio/ringtones/Nassau.ogg; assuming invalid
04-17 01:22:56.526 2170 2419 W MediaProvider: Missing volume for /system/media/audio/ringtones/NewPlayer.ogg; assuming invalid
04-17 01:22:56.528 2170 2419 W MediaProvider: Missing volume for /system/media/audio/ringtones/No_Limits.ogg; assuming invalid
04-17 01:22:56.530 2170 2419 W MediaProvider: Missing volume for /system/media/audio/ringtones/Noises1.ogg; assuming invalid
04-17 01:22:56.532 2170 2419 W MediaProvider: Missing volume for /system/media/audio/ringtones/Noises2.ogg; assuming invalid
04-17 01:22:56.534 2170 2419 W MediaProvider: Missing volume for /system/media/audio/ringtones/Noises3.ogg; assuming invalid
04-17 01:22:56.536 2170 2419 W MediaProvider: Missing volume for /system/media/audio/ringtones/OrganDub.ogg; assuming invalid
04-17 01:22:56.539 2170 2419 W MediaProvider: Missing volume for /system/media/audio/ringtones/Orion.ogg; assuming invalid
04-17 01:22:56.543 2170 2419 W MediaProvider: Missing volume for /system/media/audio/ringtones/PERSEUS.ogg; assuming invalid
04-17 01:22:56.545 2170 2419 W MediaProvider: Missing volume for /system/media/audio/ringtones/Paradise_Island.ogg; assuming invalid
04-17 01:22:56.548 2170 2419 W MediaProvider: Missing volume for /system/media/audio/ringtones/Pegasus.ogg; assuming invalid
04-17 01:22:56.550 2170 2419 W MediaProvider: Missing volume for /system/media/audio/ringtones/Perseus.ogg; assuming invalid
04-17 01:22:56.552 2170 2419 W MediaProvider: Missing volume for /system/media/audio/ringtones/Playa.ogg; assuming invalid
04-17 01:22:56.554 2170 2419 W MediaProvider: Missing volume for /system/media/audio/ringtones/Pyxis.ogg; assuming invalid
04-17 01:22:56.557 2170 2419 W MediaProvider: Missing volume for /system/media/audio/ringtones/Rasalas.ogg; assuming invalid
04-17 01:22:56.559 2170 2419 W MediaProvider: Missing volume for /system/media/audio/ringtones/Revelation.ogg; assuming invalid
04-17 01:22:56.561 2170 2419 W MediaProvider: Missing volume for /system/media/audio/ringtones/Rigel.ogg; assuming invalid
04-17 01:22:56.564 2170 2419 W MediaProvider: Missing volume for /system/media/audio/ringtones/Ring_Classic_02.ogg; assuming invalid
04-17 01:22:56.566 2170 2419 W MediaProvider: Missing volume for /system/media/audio/ringtones/Ring_Digital_02.ogg; assuming invalid
04-17 01:22:56.569 2170 2419 W MediaProvider: Missing volume for /system/media/audio/ringtones/Ring_Synth_02.ogg; assuming invalid
04-17 01:22:56.570 1350 1805 E MetadataRetrieverClient: failed to extract an album art
04-17 01:22:56.572 2170 2419 W MediaProvider: Missing volume for /system/media/audio/ringtones/Ring_Synth_04.ogg; assuming invalid
04-17 01:22:56.574 2170 2419 W MediaProvider: Missing volume for /system/media/audio/ringtones/Road_Trip.ogg; assuming invalid
04-17 01:22:56.576 2170 2419 W MediaProvider: Missing volume for /system/media/audio/ringtones/RomancingTheTone.ogg; assuming invalid
04-17 01:22:56.578 2170 2419 W MediaProvider: Missing volume for /system/media/audio/ringtones/Safari.ogg; assuming invalid
04-17 01:22:56.580 2170 2419 W MediaProvider: Missing volume for /system/media/audio/ringtones/Savannah.ogg; assuming invalid
04-17 01:22:56.582 2170 2419 W MediaProvider: Missing volume for /system/media/audio/ringtones/Scarabaeus.ogg; assuming invalid
04-17 01:22:56.585 2170 2419 W MediaProvider: Missing volume for /system/media/audio/ringtones/Sceptrum.ogg; assuming invalid
04-17 01:22:56.587 2170 2419 W MediaProvider: Missing volume for /system/media/audio/ringtones/Seville.ogg; assuming invalid
04-17 01:22:56.589 2170 2419 W MediaProvider: Missing volume for /system/media/audio/ringtones/Shes_All_That.ogg; assuming invalid
04-17 01:22:56.591 2170 2419 W MediaProvider: Missing volume for /system/media/audio/ringtones/SilkyWay.ogg; assuming invalid
04-17 01:22:56.593 2170 2419 W MediaProvider: Missing volume for /system/media/audio/ringtones/SitarVsSitar.ogg; assuming invalid
04-17 01:22:56.595 2170 2419 W MediaProvider: Missing volume for /system/media/audio/ringtones/Solarium.ogg; assuming invalid
04-17 01:22:56.597 2170 2419 W MediaProvider: Missing volume for /system/media/audio/ringtones/SpringyJalopy.ogg; assuming invalid
04-17 01:22:56.600 2170 2419 W MediaProvider: Missing volume for /system/media/audio/ringtones/Steppin_Out.ogg; assuming invalid
04-17 01:22:56.602 2170 2419 W MediaProvider: Missing volume for /system/media/audio/ringtones/Terminated.ogg; assuming invalid
04-17 01:22:56.605 2170 2419 W MediaProvider: Missing volume for /system/media/audio/ringtones/Testudo.ogg; assuming invalid
04-17 01:22:56.608 2170 2419 W MediaProvider: Missing volume for /system/media/audio/ringtones/Themos.ogg; assuming invalid
04-17 01:22:56.613 2170 2419 W MediaProvider: Missing volume for /system/media/audio/ringtones/Third_Eye.ogg; assuming invalid
04-17 01:22:56.615 2170 2419 W MediaProvider: Missing volume for /system/media/audio/ringtones/Thunderfoot.ogg; assuming invalid
04-17 01:22:56.617 2170 2419 W MediaProvider: Missing volume for /system/media/audio/ringtones/TwirlAway.ogg; assuming invalid
04-17 01:22:56.619 2170 2419 W MediaProvider: Missing volume for /system/media/audio/ringtones/URSAMINOR.ogg; assuming invalid
04-17 01:22:56.622 2170 2419 W MediaProvider: Missing volume for /system/media/audio/ringtones/UrsaMinor.ogg; assuming invalid
04-17 01:22:56.624 2170 2419 W MediaProvider: Missing volume for /system/media/audio/ringtones/VeryAlarmed.ogg; assuming invalid
04-17 01:22:56.626 2170 2419 W MediaProvider: Missing volume for /system/media/audio/ringtones/Vespa.ogg; assuming invalid
04-17 01:22:56.628 2170 2419 W MediaProvider: Missing volume for /system/media/audio/ringtones/World.ogg; assuming invalid
04-17 01:22:56.631 2170 2419 W MediaProvider: Missing volume for /system/media/audio/ringtones/Zeta.ogg; assuming invalid
04-17 01:22:56.633 2170 2419 W MediaProvider: Missing volume for /system/media/audio/ringtones/hydra.ogg; assuming invalid
04-17 01:22:56.637 2170 2419 W MediaProvider: Missing volume for /system/media/audio/ui/Dock.ogg; assuming invalid
04-17 01:22:56.639 2170 2419 W MediaProvider: Missing volume for /system/media/audio/ui/Effect_Tick.ogg; assuming invalid
04-17 01:22:56.642 2170 2419 W MediaProvider: Missing volume for /system/media/audio/ui/KeypressDelete.ogg; assuming invalid
04-17 01:22:56.644 1350 1805 E MetadataRetrieverClient: failed to extract an album art
04-17 01:22:56.645 2170 2419 W MediaProvider: Missing volume for /system/media/audio/ui/KeypressInvalid.ogg; assuming invalid
04-17 01:22:56.648 2170 2419 W MediaProvider: Missing volume for /system/media/audio/ui/KeypressReturn.ogg; assuming invalid
04-17 01:22:56.651 2170 2419 W MediaProvider: Missing volume for /system/media/audio/ui/KeypressSpacebar.ogg; assuming invalid
04-17 01:22:56.653 2170 2419 W MediaProvider: Missing volume for /system/media/audio/ui/KeypressStandard.ogg; assuming invalid
04-17 01:22:56.656 2170 2419 W MediaProvider: Missing volume for /system/media/audio/ui/Lock.ogg; assuming invalid
04-17 01:22:56.658 2170 2419 W MediaProvider: Missing volume for /system/media/audio/ui/LowBattery.ogg; assuming invalid
04-17 01:22:56.661 2170 2419 W MediaProvider: Missing volume for /system/media/audio/ui/Trusted.ogg; assuming invalid
04-17 01:22:56.663 2170 2419 W MediaProvider: Missing volume for /system/media/audio/ui/Undock.ogg; assuming invalid
04-17 01:22:56.666 2170 2419 W MediaProvider: Missing volume for /system/media/audio/ui/Unlock.ogg; assuming invalid
04-17 01:22:56.668 2170 2419 W MediaProvider: Missing volume for /system/media/audio/ui/VideoRecord.ogg; assuming invalid
04-17 01:22:56.670 2170 2419 W MediaProvider: Missing volume for /system/media/audio/ui/VideoStop.ogg; assuming invalid
04-17 01:22:56.673 2170 2419 W MediaProvider: Missing volume for /system/media/audio/ui/WirelessChargingStarted.ogg; assuming invalid
04-17 01:22:56.675 2170 2419 W MediaProvider: Missing volume for /system/media/audio/ui/camera_click.ogg; assuming invalid
04-17 01:22:56.678 2170 2419 W MediaProvider: Missing volume for /system/media/audio/ui/camera_focus.ogg; assuming invalid
04-17 01:22:56.728 2170 2419 V MediaScanner: pruneDeadThumbnailFiles... android.content.ContentProviderClient$CursorWrapperInner@a8d93be
04-17 01:22:56.728 2170 2419 V MediaScanner: /pruneDeadThumbnailFiles... android.content.ContentProviderClient$CursorWrapperInner@a8d93be
04-17 01:22:57.099 1655 1655 I dnsmasq : DHCPDISCOVER(wlan1) 02:00:00:44:55:66
04-17 01:22:57.099 1655 1655 I dnsmasq : DHCPOFFER(wlan1) 192.168.100.188 02:00:00:44:55:66
04-17 01:22:57.100 1658 2445 D DhcpClient: Received packet: 02:00:00:44:55:66 OFFER, ip /192.168.100.188, mask /255.255.255.0, DNS servers: /10.0.2.3 , gateways [/192.168.100.1] lease time 14400, domain null
04-17 01:22:57.101 1658 2444 D DhcpClient: Got pending lease: IP address 192.168.100.188/24 Gateway 192.168.100.1 DNS servers: [ 10.0.2.3 ] Domains DHCP server /192.168.100.1 Vendor info null lease 14400 seconds
04-17 01:22:57.102 1658 2444 D DhcpClient: Broadcasting DHCPREQUEST ciaddr=0.0.0.0 request=192.168.100.188 serverid=192.168.100.1
04-17 01:22:57.102 1655 1655 I dnsmasq : DHCPREQUEST(wlan1) 192.168.100.188 02:00:00:44:55:66
04-17 01:22:57.102 1655 1655 I dnsmasq : DHCPACK(wlan1) 192.168.100.188 02:00:00:44:55:66 android-8439a930c7eb3ac5
04-17 01:22:57.109 1658 2445 D DhcpClient: Received packet: 02:00:00:44:55:66 ACK: your new IP /192.168.100.188, netmask /255.255.255.0, gateways [/192.168.100.1] DNS servers: /10.0.2.3 , lease time 14400
04-17 01:22:57.110 1658 2444 D DhcpClient: Confirmed lease: IP address 192.168.100.188/24 Gateway 192.168.100.1 DNS servers: [ 10.0.2.3 ] Domains DHCP server /192.168.100.1 Vendor info null lease 14400 seconds
04-17 01:22:57.112 1351 1649 D CommandListener: Setting iface cfg
04-17 01:22:57.114 1658 2444 D DhcpClient: Scheduling renewal in 7199s
04-17 01:22:57.114 1658 2444 D DhcpClient: Scheduling rebind in 12599s
04-17 01:22:57.114 1658 2444 D DhcpClient: Scheduling expiry in 14399s
04-17 01:22:57.115 1658 1706 E WifiNative-HAL: setBssidBlacklist cmd 0 size 0
04-17 01:22:57.115 1658 1710 D ConnectivityService: NetworkAgentInfo [WIFI () - 101] EVENT_NETWORK_INFO_CHANGED, going from CONNECTING to CONNECTED
04-17 01:22:57.116 1658 1710 D ConnectivityService: Adding iface wlan0 to network 101
04-17 01:22:57.120 1658 1706 E WifiStateMachine: Did not find remoteAddress {192.168.100.1} in /proc/net/arp
04-17 01:22:57.120 1658 1706 E WifiStateMachine: Did not find remoteAddress {192.168.100.1} in /proc/net/arp
04-17 01:22:57.121 1658 1706 W AlarmManager: Unrecognized alarm listener com.android.server.wifi.WifiConnectivityManager$3@d371e5c
04-17 01:22:57.121 1658 1706 E WifiScanner: listener cannot be found
04-17 01:22:57.129 1351 1649 E Netd : netlink response contains error (File exists)
04-17 01:22:57.131 1658 1710 D ConnectivityService: Setting DNS servers for network 101 to [/10.0.2.3]
04-17 01:22:57.139 1658 1706 D WifiNetworkAgent: NetworkAgent: Received signal strength thresholds: []
04-17 01:22:57.139 1658 1706 D WifiNative-HAL: stopRssiMonitoring, cmdId 0
04-17 01:22:57.140 1658 1724 I GnssLocationProvider: WakeLock acquired by sendMessage(5, 0, null)
04-17 01:22:57.140 1658 1724 I GnssLocationProvider: WakeLock acquired by sendMessage(6, 0, null)
04-17 01:22:57.141 1658 1671 I GnssLocationProvider: WakeLock acquired by handleInjectNtpTime()
04-17 01:22:57.141 1658 1671 I GnssLocationProvider: WakeLock released by handleMessage(5, 0, null)
04-17 01:22:57.141 1658 1671 I GnssLocationProvider: WakeLock released by handleMessage(6, 0, null)
04-17 01:22:57.142 1658 1718 I GnssLocationProvider: WakeLock acquired by sendMessage(10, 0, null)
04-17 01:22:57.142 1658 1718 I GnssLocationProvider: WakeLock released by handleInjectNtpTime()
04-17 01:22:57.143 1658 1671 I GnssLocationProvider: WakeLock released by handleMessage(10, 0, null)
04-17 01:22:57.166 1658 1710 D ConnectivityService: NetworkAgentInfo [WIFI () - 101] validation passed
04-17 01:22:57.168 1658 1710 D ConnectivityService: Switching to new default network: NetworkAgentInfo{ ni{[type: WIFI[], state: CONNECTED/CONNECTED, reason: (unspecified), extra: "AndroidWifi", failover: false, available: true, roaming: false, metered: false]} network{101} nethandle{433808132830} lp{{InterfaceName: wlan0 LinkAddresses: [fe80::ff:fe44:5566/64,fec0::ff:fe44:5566/64,fec0::d4f8:a4e8:89f3:75c/64,192.168.100.188/24,] Routes: [fe80::/64 -> :: wlan0,::/0 -> fe80::ff:fe00:100 wlan0,fec0::/64 -> :: wlan0,192.168.100.0/24 -> 0.0.0.0 wlan0,0.0.0.0/0 -> 192.168.100.1 wlan0,] DnsAddresses: [10.0.2.3,] Domains: null MTU: 0 TcpBufferSizes: 524288,1048576,2097152,262144,524288,1048576}} nc{[ Transports: WIFI Capabilities: NOT_METERED&INTERNET&NOT_RESTRICTED&TRUSTED&NOT_VPN&VALIDATED LinkUpBandwidth>=1048576Kbps LinkDnBandwidth>=1048576Kbps SignalStrength: -50]} Score{57} everValidated{true} lastValidated{true} created{true} lingering{false} explicitlySelected{false} acceptUnvalidated{false} everCaptivePortalDetected{false} lastCaptivePortalDetected{false} }
04-17 01:22:57.175 1351 1649 V IdletimerController: runCmd(/system/bin/ip6tables -w -t raw -A idletimer_raw_PREROUTING -i wlan0 -j IDLETIMER --timeout 15 --label 1 --send_nl_msg 1) res_ipv4=0, res_ipv6=0
04-17 01:22:57.182 1351 1649 V IdletimerController: runCmd(/system/bin/ip6tables -w -t mangle -A idletimer_mangle_POSTROUTING -o wlan0 -j IDLETIMER --timeout 15 --label 1 --send_nl_msg 1) res_ipv4=0, res_ipv6=0
04-17 01:22:57.184 1658 1710 D ConnectivityService: Sending DISCONNECTED broadcast for type 0 NetworkAgentInfo [MOBILE (LTE) - 100] isDefaultNetwork=true
04-17 01:22:57.185 1658 1710 D ConnectivityService: Sending CONNECTED broadcast for type 1 NetworkAgentInfo [WIFI () - 101] isDefaultNetwork=true
04-17 01:22:57.190 1658 2457 D WifiNetworkHistory: saving network history: "AndroidWifi"NONE gw: null Network Selection-status: NETWORK_SELECTION_ENABLED ephemeral=false choice:null link:0 status:0 nid:0 hasEverConnected: true
04-17 01:22:57.190 1658 2457 V WifiNetworkHistory: writeKnownNetworkHistory write config "AndroidWifi"NONE
04-17 01:22:58.924 2309 2435 I GlobalDismissManager: no sender configured
04-17 01:22:58.925 2309 2435 D AlertService: Beginning updateAlertNotification
04-17 01:22:58.934 2309 2435 D AlertService: No fired or scheduled alerts
04-17 01:22:58.942 2309 2435 D AlertService: Scheduling next alarm with AlarmScheduler. sEventReminderReceived: null
04-17 01:22:58.948 2309 2435 D AlarmScheduler: No events found starting within 1 week.
04-17 01:23:07.755 1658 1672 I ActivityManager: Waited long enough for: ServiceRecord{6244658 u0 com.android.calendar/.alerts.InitAlarmsService}
04-17 01:23:08.402 2831 2831 D AndroidRuntime: >>>>>> START com.android.internal.os.RuntimeInit uid 0 <<<<<<
04-17 01:23:08.403 2831 2831 D AndroidRuntime: CheckJNI is OFF
04-17 01:23:08.425 2831 2831 W art : Unexpected CPU variant for X86 using defaults: x86_64
04-17 01:23:08.428 2831 2831 D ICU : No timezone override file found: /data/misc/zoneinfo/current/icu/icu_tzdata.dat
04-17 01:23:08.446 2831 2831 E memtrack: Couldn't load memtrack module (No such file or directory)
04-17 01:23:08.447 2831 2831 E android.os.Debug: failed to load memtrack module: -2
04-17 01:23:08.447 2831 2831 I Radio-JNI: register_android_hardware_Radio DONE
04-17 01:23:08.452 2831 2831 D AndroidRuntime: Calling main entry com.android.commands.pm.Pm
04-17 01:23:08.465 2831 2831 I art : System.exit called, status: 0
04-17 01:23:08.465 2831 2831 I AndroidRuntime: VM exiting with result code 0.
04-17 01:23:08.466 2831 2838 W MessageQueue: Handler (android.os.Handler) {ebc282e} sending message to a Handler on a dead thread
04-17 01:23:08.466 2831 2838 W MessageQueue: java.lang.IllegalStateException: Handler (android.os.Handler) {ebc282e} sending message to a Handler on a dead thread
04-17 01:23:08.466 2831 2838 W MessageQueue: at android.os.MessageQueue.enqueueMessage(MessageQueue.java:543)
04-17 01:23:08.466 2831 2838 W MessageQueue: at android.os.Handler.enqueueMessage(Handler.java:643)
04-17 01:23:08.466 2831 2838 W MessageQueue: at android.os.Handler.sendMessageAtTime(Handler.java:612)
04-17 01:23:08.466 2831 2838 W MessageQueue: at android.os.Handler.sendMessageDelayed(Handler.java:582)
04-17 01:23:08.466 2831 2838 W MessageQueue: at android.os.Handler.post(Handler.java:338)
04-17 01:23:08.466 2831 2838 W MessageQueue: at android.os.ResultReceiver$MyResultReceiver.send(ResultReceiver.java:57)
04-17 01:23:08.466 2831 2838 W MessageQueue: at com.android.internal.os.IResultReceiver$Stub.onTransact(IResultReceiver.java:58)
04-17 01:23:08.466 2831 2838 W MessageQueue: at android.os.Binder.execTransact(Binder.java:565)
04-17 01:23:08.701 2874 2874 D AndroidRuntime: >>>>>> START com.android.internal.os.RuntimeInit uid 0 <<<<<<
04-17 01:23:08.702 2874 2874 D AndroidRuntime: CheckJNI is OFF
04-17 01:23:08.724 2874 2874 W art : Unexpected CPU variant for X86 using defaults: x86_64
04-17 01:23:08.727 2874 2874 D ICU : No timezone override file found: /data/misc/zoneinfo/current/icu/icu_tzdata.dat
04-17 01:23:08.743 2874 2874 E memtrack: Couldn't load memtrack module (No such file or directory)
04-17 01:23:08.743 2874 2874 E android.os.Debug: failed to load memtrack module: -2
04-17 01:23:08.743 2874 2874 I Radio-JNI: register_android_hardware_Radio DONE
04-17 01:23:08.748 2874 2874 D AndroidRuntime: Calling main entry com.android.commands.pm.Pm
04-17 01:23:08.759 2874 2874 I art : System.exit called, status: 0
04-17 01:23:08.759 2874 2874 I AndroidRuntime: VM exiting with result code 0.
04-17 01:23:08.778 2874 2881 W MessageQueue: Handler (android.os.Handler) {ebc282e} sending message to a Handler on a dead thread
04-17 01:23:08.778 2874 2881 W MessageQueue: java.lang.IllegalStateException: Handler (android.os.Handler) {ebc282e} sending message to a Handler on a dead thread
04-17 01:23:08.778 2874 2881 W MessageQueue: at android.os.MessageQueue.enqueueMessage(MessageQueue.java:543)
04-17 01:23:08.778 2874 2881 W MessageQueue: at android.os.Handler.enqueueMessage(Handler.java:643)
04-17 01:23:08.778 2874 2881 W MessageQueue: at android.os.Handler.sendMessageAtTime(Handler.java:612)
04-17 01:23:08.778 2874 2881 W MessageQueue: at android.os.Handler.sendMessageDelayed(Handler.java:582)
04-17 01:23:08.778 2874 2881 W MessageQueue: at android.os.Handler.post(Handler.java:338)
04-17 01:23:08.778 2874 2881 W MessageQueue: at android.os.ResultReceiver$MyResultReceiver.send(ResultReceiver.java:57)
04-17 01:23:08.778 2874 2881 W MessageQueue: at com.android.internal.os.IResultReceiver$Stub.onTransact(IResultReceiver.java:58)
04-17 01:23:08.778 2874 2881 W MessageQueue: at android.os.Binder.execTransact(Binder.java:565)
04-17 01:23:09.031 2917 2917 D AndroidRuntime: >>>>>> START com.android.internal.os.RuntimeInit uid 0 <<<<<<
04-17 01:23:09.032 2917 2917 D AndroidRuntime: CheckJNI is OFF
04-17 01:23:09.055 2917 2917 W art : Unexpected CPU variant for X86 using defaults: x86_64
04-17 01:23:09.059 2917 2917 D ICU : No timezone override file found: /data/misc/zoneinfo/current/icu/icu_tzdata.dat
04-17 01:23:09.075 2917 2917 E memtrack: Couldn't load memtrack module (No such file or directory)
04-17 01:23:09.076 2917 2917 E android.os.Debug: failed to load memtrack module: -2
04-17 01:23:09.076 2917 2917 I Radio-JNI: register_android_hardware_Radio DONE
04-17 01:23:09.081 2917 2917 D AndroidRuntime: Calling main entry com.android.commands.pm.Pm
04-17 01:23:09.093 2917 2917 I art : System.exit called, status: 0
04-17 01:23:09.093 2917 2924 W MessageQueue: Handler (android.os.Handler) {a5d706b} sending message to a Handler on a dead thread
04-17 01:23:09.093 2917 2924 W MessageQueue: java.lang.IllegalStateException: Handler (android.os.Handler) {a5d706b} sending message to a Handler on a dead thread
04-17 01:23:09.093 2917 2924 W MessageQueue: at android.os.MessageQueue.enqueueMessage(MessageQueue.java:543)
04-17 01:23:09.093 2917 2924 W MessageQueue: at android.os.Handler.enqueueMessage(Handler.java:643)
04-17 01:23:09.093 2917 2924 W MessageQueue: at android.os.Handler.sendMessageAtTime(Handler.java:612)
04-17 01:23:09.093 2917 2924 W MessageQueue: at android.os.Handler.sendMessageDelayed(Handler.java:582)
04-17 01:23:09.093 2917 2924 W MessageQueue: at android.os.Handler.post(Handler.java:338)
04-17 01:23:09.093 2917 2924 W MessageQueue: at android.os.ResultReceiver$MyResultReceiver.send(ResultReceiver.java:57)
04-17 01:23:09.093 2917 2924 W MessageQueue: at com.android.internal.os.IResultReceiver$Stub.onTransact(IResultReceiver.java:58)
04-17 01:23:09.093 2917 2924 W MessageQueue: at android.os.Binder.execTransact(Binder.java:565)
04-17 01:23:09.093 2917 2917 I AndroidRuntime: VM exiting with result code 0.
04-17 01:23:09.318 1345 1345 I : free_cache(129147494) avail 6245863424
04-17 01:23:10.865 1658 1669 D AlarmManagerService: Kernel timezone updated to 0 minutes west of GMT
04-17 01:23:10.867 1658 1985 D AlarmManagerService: Setting time of day to sec=1744852991
04-17 01:23:11.002 1658 1985 W AlarmManagerService: Unable to set rtc to 1744852991: No such device
04-17 01:23:14.564 2982 2982 W art : Unexpected CPU variant for X86 using defaults: x86_64
04-17 01:23:14.571 1658 1684 I ActivityManager: Start proc 2982:com.android.defcontainer/u0a7 for service com.android.defcontainer/.DefaultContainerService
04-17 01:23:14.888 1658 1684 W PackageManager: Package org.mozilla.geckoview.test_runner desires unavailable shared library androidx.window.extensions; ignoring!
04-17 01:23:14.889 1658 1684 W PackageManager: Package org.mozilla.geckoview.test_runner desires unavailable shared library androidx.window.sidecar; ignoring!
04-17 01:23:14.892 1345 1345 I SELinux : SELinux: Loaded file_contexts contexts from /file_contexts.bin.
04-17 01:23:14.893 1658 1684 I PackageManager.DexOptimizer: Running dexopt (dex2oat) on: /data/app/vmdl2069954710.tmp/base.apk pkg=org.mozilla.geckoview.test_runner isa=x86_64 vmSafeMode=false debuggable=true target-filter=interpret-only oatDir = /data/app/vmdl2069954710.tmp/oat sharedLibraries=/system/framework/android.test.runner.jar
04-17 01:23:14.907 2998 2998 W dex2oat : Unexpected CPU variant for X86 using defaults: x86_64
04-17 01:23:14.908 2998 2998 I dex2oat : /system/bin/dex2oat --compiler-filter=interpret-only --debuggable
04-17 01:23:15.349 2998 2998 W dex2oat : Before Android 4.1, method int androidx.appcompat.widget.DropDownListView.lookForSelectablePosition(int, boolean) would have incorrectly overridden the package-private method in android.widget.ListView
04-17 01:23:15.351 2998 3001 W dex2oat : Before Android 4.1, method int androidx.appcompat.widget.MenuPopupWindow$MenuDropDownListView.lookForSelectablePosition(int, boolean) would have incorrectly overridden the package-private method in android.widget.ListView
04-17 01:23:15.434 2998 3000 W dex2oat : Before Android 4.1, method android.graphics.PorterDuffColorFilter androidx.vectordrawable.graphics.drawable.VectorDrawableCompat.updateTintFilter(android.graphics.PorterDuffColorFilter, android.content.res.ColorStateList, android.graphics.PorterDuff$Mode) would have incorrectly overridden the package-private method in android.graphics.drawable.Drawable
04-17 01:23:15.538 2998 3000 W dex2oat : Before Android 4.1, method android.graphics.drawable.Drawable com.google.android.material.progressindicator.BaseProgressIndicator.getCurrentDrawable() would have incorrectly overridden the package-private method in android.widget.ProgressBar
04-17 01:23:17.620 2998 3001 W dex2oat : Before Android 4.1, method double java.util.concurrent.ThreadLocalRandom.internalNextDouble(double, double) would have incorrectly overridden the package-private method in java.util.Random
04-17 01:23:17.620 2998 3001 W dex2oat : Before Android 4.1, method int java.util.concurrent.ThreadLocalRandom.internalNextInt(int, int) would have incorrectly overridden the package-private method in java.util.Random
04-17 01:23:17.620 2998 3001 W dex2oat : Before Android 4.1, method long java.util.concurrent.ThreadLocalRandom.internalNextLong(long, long) would have incorrectly overridden the package-private method in java.util.Random
04-17 01:23:21.246 2998 2998 I dex2oat : dex2oat took 6.340s (threads: 4) arena alloc=4KB (4504B) java alloc=20MB (21153880B) native alloc=20MB (22013312B) free=3MB (3676800B)
04-17 01:23:21.263 1658 1684 W PackageManager: Package org.mozilla.geckoview.test_runner desires unavailable shared library androidx.window.extensions; ignoring!
04-17 01:23:21.263 1658 1684 W PackageManager: Package org.mozilla.geckoview.test_runner desires unavailable shared library androidx.window.sidecar; ignoring!
04-17 01:23:21.282 1658 1684 W PackageManager: Unknown permission android.permission.FOREGROUND_SERVICE in package org.mozilla.geckoview.test_runner
04-17 01:23:21.282 1658 1684 W PackageManager: Unknown permission android.permission.HIGH_SAMPLING_RATE_SENSORS in package org.mozilla.geckoview.test_runner
04-17 01:23:21.296 1658 1684 V BackupManagerService: restoreAtInstall pkg=org.mozilla.geckoview.test_runner token=1 restoreSet=0
04-17 01:23:21.296 1658 1684 W BackupManagerService: Requested unavailable transport: android/com.android.internal.backup.LocalTransport
04-17 01:23:21.296 1658 1684 W BackupManagerService: No transport
04-17 01:23:21.296 1658 1684 V BackupManagerService: Finishing install immediately
04-17 01:23:21.297 1658 1684 I art : Starting a blocking GC Explicit
04-17 01:23:21.316 1658 1684 I art : Explicit concurrent mark sweep GC freed 29749(1731KB) AllocSpace objects, 15(516KB) LOS objects, 30% free, 9MB/13MB, paused 1.804ms total 18.619ms
04-17 01:23:21.316 1345 1345 E : Couldn't opendir /data/app/vmdl2069954710.tmp: No such file or directory
04-17 01:23:21.325 1658 1696 I InputReader: Reconfiguring input devices. changes=0x00000010
04-17 01:23:21.329 1871 1871 D CarrierSvcBindHelper: No carrier app for: 0
04-17 01:23:21.329 1871 1871 D CarrierConfigLoader: mHandler: 9 phoneId: 0
04-17 01:23:21.333 3007 3007 W art : Unexpected CPU variant for X86 using defaults: x86_64
04-17 01:23:21.335 1658 1672 I ActivityManager: Start proc 3007:com.android.gallery3d/u0a40 for broadcast com.android.gallery3d/.app.PackagesMonitor
04-17 01:23:21.364 1658 1671 W VoiceInteractionManagerService: no available voice recognition services found for user 0
04-17 01:23:21.364 1658 1671 W LocationProviderProxy-network: Odd, no component found for service com.android.location.service.v3.NetworkLocationProvider
04-17 01:23:21.364 1658 1671 W GeocoderProxy: Odd, no component found for service com.android.location.service.GeocodeProvider
04-17 01:23:21.365 1658 1671 W GeofenceProxy: Odd, no component found for service com.android.location.service.GeofenceProvider
04-17 01:23:21.365 1658 1671 W ActivityRecognitionProxy: Odd, no component found for service com.android.location.service.ActivityRecognitionProvider
04-17 01:23:21.417 3030 3030 W art : Unexpected CPU variant for X86 using defaults: x86_64
04-17 01:23:21.422 1658 1756 I ActivityManager: Start proc 3030:com.svox.pico/u0a48 for broadcast com.svox.pico/.VoiceDataInstallerReceiver
04-17 01:23:22.646 3300 3300 D AndroidRuntime: >>>>>> START com.android.internal.os.RuntimeInit uid 0 <<<<<<
04-17 01:23:22.647 3300 3300 D AndroidRuntime: CheckJNI is OFF
04-17 01:23:22.670 3300 3300 W art : Unexpected CPU variant for X86 using defaults: x86_64
04-17 01:23:22.673 3300 3300 D ICU : No timezone override file found: /data/misc/zoneinfo/current/icu/icu_tzdata.dat
04-17 01:23:22.692 3300 3300 E memtrack: Couldn't load memtrack module (No such file or directory)
04-17 01:23:22.692 3300 3300 E android.os.Debug: failed to load memtrack module: -2
04-17 01:23:22.692 3300 3300 I Radio-JNI: register_android_hardware_Radio DONE
04-17 01:23:22.698 3300 3300 D AndroidRuntime: Calling main entry com.android.commands.pm.Pm
04-17 01:23:22.710 3300 3300 I art : System.exit called, status: 0
04-17 01:23:22.710 3300 3300 I AndroidRuntime: VM exiting with result code 0.
04-17 01:23:22.712 3300 3308 W MessageQueue: Handler (android.os.Handler) {18e1b84} sending message to a Handler on a dead thread
04-17 01:23:22.712 3300 3308 W MessageQueue: java.lang.IllegalStateException: Handler (android.os.Handler) {18e1b84} sending message to a Handler on a dead thread
04-17 01:23:22.712 3300 3308 W MessageQueue: at android.os.MessageQueue.enqueueMessage(MessageQueue.java:543)
04-17 01:23:22.712 3300 3308 W MessageQueue: at android.os.Handler.enqueueMessage(Handler.java:643)
04-17 01:23:22.712 3300 3308 W MessageQueue: at android.os.Handler.sendMessageAtTime(Handler.java:612)
04-17 01:23:22.712 3300 3308 W MessageQueue: at android.os.Handler.sendMessageDelayed(Handler.java:582)
04-17 01:23:22.712 3300 3308 W MessageQueue: at android.os.Handler.post(Handler.java:338)
04-17 01:23:22.712 3300 3308 W MessageQueue: at android.os.ResultReceiver$MyResultReceiver.send(ResultReceiver.java:57)
04-17 01:23:22.712 3300 3308 W MessageQueue: at com.android.internal.os.IResultReceiver$Stub.onTransact(IResultReceiver.java:58)
04-17 01:23:22.712 3300 3308 W MessageQueue: at android.os.Binder.execTransact(Binder.java:565)
