04-17 01:25:27.097 3538 3569 E eglCodecCommon: glUtilsParamSize: unknow param 0x00000d02
04-17 01:25:27.106 3538 3569 E eglCodecCommon: glUtilsParamSize: unknow param 0x00008caa
04-17 01:25:27.136 3456 3471 I Gecko :
04-17 01:25:27.136 3456 3471 I Gecko : {"action":"log","time":1744853127135,"thread":null,"pid":null,"source":"reftest","level":"DEBUG","message":"[CONTENT] RecordResult fired"}
04-17 01:25:27.136 3456 3471 I Gecko :
04-17 01:25:27.136 3456 3471 I Gecko : {"action":"log","time":1744853127136,"thread":null,"pid":null,"source":"reftest","level":"DEBUG","message":"RecordResult fired"}
04-17 01:25:27.138 3456 3471 I Gecko :
04-17 01:25:27.138 3456 3471 I Gecko : {"action":"test_status","time":1744853127138,"thread":null,"pid":null,"source":"reftest","test":"layout/reftests/bugs/134706-2-left-scrollframe.html == layout/reftests/bugs/134706-2-left-ref.html","subtest":"image comparison, max difference: 0, number of differing pixels: 0","status":"PASS","extra":{"status_msg":"Pass","modifiers":["==","134706-2-left-scrollframe.html","134706-2-left-ref.html"]}}
04-17 01:25:27.138 3456 3471 I Gecko :
04-17 01:25:27.138 3456 3471 I Gecko : {"action":"test_end","time":1744853127138,"thread":null,"pid":null,"source":"reftest","test":"layout/reftests/bugs/134706-2-left-scrollframe.html == layout/reftests/bugs/134706-2-left-ref.html","status":"OK"}
04-17 01:25:27.138 3456 3471 I Gecko :
04-17 01:25:27.138 3456 3471 I Gecko : {"action":"log","time":1744853127138,"thread":null,"pid":null,"source":"reftest","level":"DEBUG","message":"Loading a blank page"}
04-17 01:25:27.163 3488 3504 W Web Content: [JavaScript Warning: "This page is in Quirks Mode. Page layout may be impacted. For Standards Mode use “”." {file: "data:text/html;charset=UTF-8,%3C%21%2D%2DCLEAR%2D%2D%3E" line: 0}]
04-17 01:25:27.168 3456 3471 D GeckoViewContent: handleEvent: pagetitlechanged
04-17 01:25:27.178 3456 3471 I Gecko :
04-17 01:25:27.178 3456 3471 I Gecko : {"action":"assertion_count","time":1744853127178,"thread":null,"pid":null,"source":"reftest","test":"layout/reftests/bugs/134706-2-left-scrollframe.html == layout/reftests/bugs/134706-2-left-ref.html","min_expected":0,"max_expected":0,"count":0}
04-17 01:25:27.178 3456 3471 I Gecko :
04-17 01:25:27.178 3456 3471 I Gecko : {"action":"test_start","time":1744853127178,"thread":null,"pid":null,"source":"reftest","test":"layout/reftests/bugs/134706-2-left-table.html == layout/reftests/bugs/134706-2-left-ref.html"}
04-17 01:25:27.178 3456 3471 I Gecko : REFTEST TEST-LOAD | http://10.0.2.2:8854/tests/layout/reftests/bugs/134706-2-left-table.html | 120 / 2088 (5%)
04-17 01:25:27.179 3456 3471 I Gecko :
04-17 01:25:27.179 3456 3471 I Gecko : {"action":"log","time":1744853127179,"thread":null,"pid":null,"source":"reftest","level":"DEBUG","message":"START http://10.0.2.2:8854/tests/layout/reftests/bugs/134706-2-left-table.html"}
04-17 01:25:27.207 3538 3569 E eglCodecCommon: glUtilsParamSize: unknow param 0x00008caa
04-17 01:25:27.226 3456 3471 D GeckoViewContent: handleEvent: pagetitlechanged
04-17 01:25:27.248 3456 3471 I Gecko :
04-17 01:25:27.248 3456 3471 I Gecko : {"action":"log","time":1744853127248,"thread":null,"pid":null,"source":"reftest","level":"DEBUG","message":"[CONTENT] OnDocumentLoad triggering AfterOnLoadScripts"}
04-17 01:25:27.273 3456 3471 I Gecko :
04-17 01:25:27.273 3456 3471 I Gecko : {"action":"log","time":1744853127272,"thread":null,"pid":null,"source":"reftest","level":"DEBUG","message":"Initializing canvas snapshot"}
04-17 01:25:27.273 3456 3471 I Gecko :
04-17 01:25:27.273 3456 3471 I Gecko : {"action":"log","time":1744853127273,"thread":null,"pid":null,"source":"reftest","level":"DEBUG","message":"DoDrawWindow 0,0,800,1000"}
04-17 01:25:27.305 3538 3569 E eglCodecCommon: glUtilsParamSize: unknow param 0x00008caa
04-17 01:25:27.440 3538 3569 E eglCodecCommon: glUtilsParamSize: unknow param 0x00008caa
04-17 01:25:27.535 3538 3569 E eglCodecCommon: glUtilsParamSize: unknow param 0x00008caa
04-17 01:25:27.630 3538 3569 E eglCodecCommon: glUtilsParamSize: unknow param 0x00008caa
04-17 01:25:27.713 3538 3569 E eglCodecCommon: glUtilsParamSize: unknow param 0x00000d02
04-17 01:25:27.722 3538 3569 E eglCodecCommon: glUtilsParamSize: unknow param 0x00008caa
04-17 01:25:27.759 3456 3471 I Gecko :
04-17 01:25:27.759 3456 3471 I Gecko : {"action":"log","time":1744853127759,"thread":null,"pid":null,"source":"reftest","level":"DEBUG","message":"[CONTENT] RecordResult fired"}
04-17 01:25:27.761 3456 3471 I Gecko :
04-17 01:25:27.761 3456 3471 I Gecko : {"action":"log","time":1744853127760,"thread":null,"pid":null,"source":"reftest","level":"DEBUG","message":"RecordResult fired"}
04-17 01:25:27.763 3456 3471 I Gecko :
04-17 01:25:27.763 3456 3471 I Gecko : {"action":"log","time":1744853127762,"thread":null,"pid":null,"source":"reftest","level":"DEBUG","message":"RecordResult fired"}
04-17 01:25:27.764 3456 3471 I Gecko :
04-17 01:25:27.764 3456 3471 I Gecko : {"action":"test_status","time":1744853127764,"thread":null,"pid":null,"source":"reftest","test":"layout/reftests/bugs/134706-2-left-table.html == layout/reftests/bugs/134706-2-left-ref.html","subtest":"image comparison, max difference: 0, number of differing pixels: 0","status":"PASS","extra":{"status_msg":"Pass","modifiers":["==","134706-2-left-table.html","134706-2-left-ref.html"]}}
04-17 01:25:27.765 3456 3471 I Gecko :
04-17 01:25:27.765 3456 3471 I Gecko : {"action":"test_end","time":1744853127765,"thread":null,"pid":null,"source":"reftest","test":"layout/reftests/bugs/134706-2-left-table.html == layout/reftests/bugs/134706-2-left-ref.html","status":"OK"}
04-17 01:25:27.765 3456 3471 I Gecko :
04-17 01:25:27.765 3456 3471 I Gecko : {"action":"log","time":1744853127765,"thread":null,"pid":null,"source":"reftest","level":"DEBUG","message":"Loading a blank page"}
04-17 01:25:27.787 3488 3504 W Web Content: [JavaScript Warning: "This page is in Quirks Mode. Page layout may be impacted. For Standards Mode use “”." {file: "data:text/html;charset=UTF-8,%3C%21%2D%2DCLEAR%2D%2D%3E" line: 0}]
04-17 01:25:27.796 3456 3471 D GeckoViewContent: handleEvent: pagetitlechanged
04-17 01:25:27.805 3456 3471 I Gecko :
04-17 01:25:27.805 3456 3471 I Gecko : {"action":"assertion_count","time":1744853127805,"thread":null,"pid":null,"source":"reftest","test":"layout/reftests/bugs/134706-2-left-table.html == layout/reftests/bugs/134706-2-left-ref.html","min_expected":0,"max_expected":0,"count":0}
04-17 01:25:27.805 3456 3471 I Gecko :
04-17 01:25:27.805 3456 3471 I Gecko : {"action":"test_start","time":1744853127805,"thread":null,"pid":null,"source":"reftest","test":"layout/reftests/bugs/134706-2-right-scrollframe.html == layout/reftests/bugs/134706-2-right-ref.html"}
04-17 01:25:27.806 3456 3471 I Gecko : REFTEST TEST-LOAD | http://10.0.2.2:8854/tests/layout/reftests/bugs/134706-2-right-scrollframe.html | 121 / 2088 (5%)
04-17 01:25:27.806 3456 3471 I Gecko :
04-17 01:25:27.806 3456 3471 I Gecko : {"action":"log","time":1744853127806,"thread":null,"pid":null,"source":"reftest","level":"DEBUG","message":"START http://10.0.2.2:8854/tests/layout/reftests/bugs/134706-2-right-scrollframe.html"}
04-17 01:25:27.832 3538 3569 E eglCodecCommon: glUtilsParamSize: unknow param 0x00008caa
04-17 01:25:27.868 3456 3471 D GeckoViewContent: handleEvent: pagetitlechanged
04-17 01:25:27.892 3456 3471 I Gecko :
04-17 01:25:27.892 3456 3471 I Gecko : {"action":"log","time":1744853127892,"thread":null,"pid":null,"source":"reftest","level":"DEBUG","message":"[CONTENT] OnDocumentLoad triggering AfterOnLoadScripts"}
04-17 01:25:27.924 3538 3569 E eglCodecCommon: glUtilsParamSize: unknow param 0x00008caa
04-17 01:25:27.924 3456 3471 I Gecko :
04-17 01:25:27.924 3456 3471 I Gecko : {"action":"log","time":1744853127924,"thread":null,"pid":null,"source":"reftest","level":"DEBUG","message":"Initializing canvas snapshot"}
04-17 01:25:27.924 3456 3471 I Gecko :
04-17 01:25:27.924 3456 3471 I Gecko : {"action":"log","time":1744853127924,"thread":null,"pid":null,"source":"reftest","level":"DEBUG","message":"DoDrawWindow 0,0,800,1000"}
04-17 01:25:28.051 3538 3569 E eglCodecCommon: glUtilsParamSize: unknow param 0x00008caa
04-17 01:25:28.147 3538 3569 E eglCodecCommon: glUtilsParamSize: unknow param 0x00008caa
04-17 01:25:28.240 3538 3569 E eglCodecCommon: glUtilsParamSize: unknow param 0x00008caa
04-17 01:25:28.321 3538 3569 E eglCodecCommon: glUtilsParamSize: unknow param 0x00000d02
04-17 01:25:28.330 3538 3569 E eglCodecCommon: glUtilsParamSize: unknow param 0x00008caa
04-17 01:25:28.363 3456 3471 I Gecko :
04-17 01:25:28.363 3456 3471 I Gecko : {"action":"log","time":1744853128363,"thread":null,"pid":null,"source":"reftest","level":"DEBUG","message":"[CONTENT] RecordResult fired"}
04-17 01:25:28.364 3456 3471 I Gecko :
04-17 01:25:28.364 3456 3471 I Gecko : {"action":"log","time":1744853128364,"thread":null,"pid":null,"source":"reftest","level":"DEBUG","message":"RecordResult fired"}
04-17 01:25:28.365 3456 3471 I Gecko : REFTEST TEST-LOAD | http://10.0.2.2:8854/tests/layout/reftests/bugs/134706-2-right-ref.html | 121 / 2088 (5%)
04-17 01:25:28.365 3456 3471 I Gecko :
04-17 01:25:28.365 3456 3471 I Gecko : {"action":"log","time":1744853128365,"thread":null,"pid":null,"source":"reftest","level":"DEBUG","message":"START http://10.0.2.2:8854/tests/layout/reftests/bugs/134706-2-right-ref.html"}
04-17 01:25:28.418 3456 3471 D GeckoViewContent: handleEvent: pagetitlechanged
04-17 01:25:28.437 3456 3471 I Gecko :
04-17 01:25:28.437 3456 3471 I Gecko : {"action":"log","time":1744853128436,"thread":null,"pid":null,"source":"reftest","level":"DEBUG","message":"[CONTENT] OnDocumentLoad triggering AfterOnLoadScripts"}
04-17 01:25:28.453 3538 3569 E eglCodecCommon: glUtilsParamSize: unknow param 0x00008caa
04-17 01:25:28.457 3456 3471 I Gecko :
04-17 01:25:28.457 3456 3471 I Gecko : {"action":"log","time":1744853128457,"thread":null,"pid":null,"source":"reftest","level":"DEBUG","message":"Initializing canvas snapshot"}
04-17 01:25:28.457 3456 3471 I Gecko :
04-17 01:25:28.457 3456 3471 I Gecko : {"action":"log","time":1744853128457,"thread":null,"pid":null,"source":"reftest","level":"DEBUG","message":"DoDrawWindow 0,0,800,1000"}
04-17 01:25:28.568 3538 3569 E eglCodecCommon: glUtilsParamSize: unknow param 0x00008caa
04-17 01:25:28.663 3538 3569 E eglCodecCommon: glUtilsParamSize: unknow param 0x00008caa
04-17 01:25:28.748 3538 3569 E eglCodecCommon: glUtilsParamSize: unknow param 0x00008caa
04-17 01:25:28.835 3538 3569 E eglCodecCommon: glUtilsParamSize: unknow param 0x00000d02
04-17 01:25:28.852 3538 3569 E eglCodecCommon: glUtilsParamSize: unknow param 0x00008caa
04-17 01:25:28.872 3456 3471 I Gecko :
04-17 01:25:28.872 3456 3471 I Gecko : {"action":"log","time":1744853128872,"thread":null,"pid":null,"source":"reftest","level":"DEBUG","message":"[CONTENT] RecordResult fired"}
04-17 01:25:28.873 3456 3471 I Gecko :
04-17 01:25:28.873 3456 3471 I Gecko : {"action":"log","time":1744853128873,"thread":null,"pid":null,"source":"reftest","level":"DEBUG","message":"RecordResult fired"}
04-17 01:25:28.877 3456 3471 I Gecko :
04-17 01:25:28.877 3456 3471 I Gecko : {"action":"test_status","time":1744853128877,"thread":null,"pid":null,"source":"reftest","test":"layout/reftests/bugs/134706-2-right-scrollframe.html == layout/reftests/bugs/134706-2-right-ref.html","subtest":"image comparison, max difference: 0, number of differing pixels: 0","status":"PASS","extra":{"status_msg":"Pass","modifiers":["==","134706-2-right-scrollframe.html","134706-2-right-ref.html"]}}
04-17 01:25:28.878 3456 3471 I Gecko :
04-17 01:25:28.878 3456 3471 I Gecko : {"action":"test_end","time":1744853128877,"thread":null,"pid":null,"source":"reftest","test":"layout/reftests/bugs/134706-2-right-scrollframe.html == layout/reftests/bugs/134706-2-right-ref.html","status":"OK"}
04-17 01:25:28.878 3456 3471 I Gecko :
04-17 01:25:28.878 3456 3471 I Gecko : {"action":"log","time":1744853128878,"thread":null,"pid":null,"source":"reftest","level":"DEBUG","message":"Loading a blank page"}
04-17 01:25:28.898 3488 3504 W Web Content: [JavaScript Warning: "This page is in Quirks Mode. Page layout may be impacted. For Standards Mode use “”." {file: "data:text/html;charset=UTF-8,%3C%21%2D%2DCLEAR%2D%2D%3E" line: 0}]
04-17 01:25:28.905 3456 3471 D GeckoViewContent: handleEvent: pagetitlechanged
04-17 01:25:28.915 3456 3471 I Gecko :
04-17 01:25:28.915 3456 3471 I Gecko : {"action":"assertion_count","time":1744853128914,"thread":null,"pid":null,"source":"reftest","test":"layout/reftests/bugs/134706-2-right-scrollframe.html == layout/reftests/bugs/134706-2-right-ref.html","min_expected":0,"max_expected":0,"count":0}
04-17 01:25:28.915 3456 3471 I Gecko :
04-17 01:25:28.915 3456 3471 I Gecko : {"action":"test_start","time":1744853128915,"thread":null,"pid":null,"source":"reftest","test":"layout/reftests/bugs/134706-2-right-table.html == layout/reftests/bugs/134706-2-right-ref.html"}
04-17 01:25:28.915 3456 3471 I Gecko : REFTEST TEST-LOAD | http://10.0.2.2:8854/tests/layout/reftests/bugs/134706-2-right-table.html | 122 / 2088 (5%)
04-17 01:25:28.916 3456 3471 I Gecko :
04-17 01:25:28.916 3456 3471 I Gecko : {"action":"log","time":1744853128916,"thread":null,"pid":null,"source":"reftest","level":"DEBUG","message":"START http://10.0.2.2:8854/tests/layout/reftests/bugs/134706-2-right-table.html"}
04-17 01:25:28.953 3538 3569 E eglCodecCommon: glUtilsParamSize: unknow param 0x00008caa
04-17 01:25:28.982 3456 3471 D GeckoViewContent: handleEvent: pagetitlechanged
04-17 01:25:28.997 3456 3471 I Gecko :
04-17 01:25:28.997 3456 3471 I Gecko : {"action":"log","time":1744853128997,"thread":null,"pid":null,"source":"reftest","level":"DEBUG","message":"[CONTENT] OnDocumentLoad triggering AfterOnLoadScripts"}
04-17 01:25:29.033 3456 3471 I Gecko :
04-17 01:25:29.033 3456 3471 I Gecko : {"action":"log","time":1744853129033,"thread":null,"pid":null,"source":"reftest","level":"DEBUG","message":"Initializing canvas snapshot"}
04-17 01:25:29.033 3456 3471 I Gecko :
04-17 01:25:29.033 3456 3471 I Gecko : {"action":"log","time":1744853129033,"thread":null,"pid":null,"source":"reftest","level":"DEBUG","message":"DoDrawWindow 0,0,800,1000"}
04-17 01:25:29.057 3538 3569 E eglCodecCommon: glUtilsParamSize: unknow param 0x00008caa
04-17 01:25:29.185 3538 3569 E eglCodecCommon: glUtilsParamSize: unknow param 0x00008caa
04-17 01:25:29.278 3538 3569 E eglCodecCommon: glUtilsParamSize: unknow param 0x00008caa
04-17 01:25:29.364 3538 3569 E eglCodecCommon: glUtilsParamSize: unknow param 0x00008caa
04-17 01:25:29.446 3538 3569 E eglCodecCommon: glUtilsParamSize: unknow param 0x00000d02
04-17 01:25:29.455 3538 3569 E eglCodecCommon: glUtilsParamSize: unknow param 0x00008caa
04-17 01:25:29.483 3456 3471 I Gecko :
04-17 01:25:29.483 3456 3471 I Gecko : {"action":"log","time":1744853129483,"thread":null,"pid":null,"source":"reftest","level":"DEBUG","message":"[CONTENT] RecordResult fired"}
04-17 01:25:29.484 3456 3471 I Gecko :
04-17 01:25:29.484 3456 3471 I Gecko : {"action":"log","time":1744853129484,"thread":null,"pid":null,"source":"reftest","level":"DEBUG","message":"RecordResult fired"}
04-17 01:25:29.485 3456 3471 I Gecko :
04-17 01:25:29.485 3456 3471 I Gecko : {"action":"log","time":1744853129485,"thread":null,"pid":null,"source":"reftest","level":"DEBUG","message":"RecordResult fired"}
04-17 01:25:29.486 3456 3471 I Gecko :
04-17 01:25:29.486 3456 3471 I Gecko : {"action":"test_status","time":1744853129486,"thread":null,"pid":null,"source":"reftest","test":"layout/reftests/bugs/134706-2-right-table.html == layout/reftests/bugs/134706-2-right-ref.html","subtest":"image comparison, max difference: 0, number of differing pixels: 0","status":"PASS","extra":{"status_msg":"Pass","modifiers":["==","134706-2-right-table.html","134706-2-right-ref.html"]}}
04-17 01:25:29.487 3456 3471 I Gecko :
04-17 01:25:29.487 3456 3471 I Gecko : {"action":"test_end","time":1744853129487,"thread":null,"pid":null,"source":"reftest","test":"layout/reftests/bugs/134706-2-right-table.html == layout/reftests/bugs/134706-2-right-ref.html","status":"OK"}
04-17 01:25:29.487 3456 3471 I Gecko :
04-17 01:25:29.487 3456 3471 I Gecko : {"action":"log","time":1744853129487,"thread":null,"pid":null,"source":"reftest","level":"DEBUG","message":"Loading a blank page"}
04-17 01:25:29.508 3488 3504 W Web Content: [JavaScript Warning: "This page is in Quirks Mode. Page layout may be impacted. For Standards Mode use “”." {file: "data:text/html;charset=UTF-8,%3C%21%2D%2DCLEAR%2D%2D%3E" line: 0}]
04-17 01:25:29.513 3456 3471 D GeckoViewContent: handleEvent: pagetitlechanged
04-17 01:25:29.523 3456 3471 I Gecko :
04-17 01:25:29.523 3456 3471 I Gecko : {"action":"assertion_count","time":1744853129523,"thread":null,"pid":null,"source":"reftest","test":"layout/reftests/bugs/134706-2-right-table.html == layout/reftests/bugs/134706-2-right-ref.html","min_expected":0,"max_expected":0,"count":0}
04-17 01:25:29.523 3456 3471 I Gecko :
04-17 01:25:29.523 3456 3471 I Gecko : {"action":"test_start","time":1744853129523,"thread":null,"pid":null,"source":"reftest","test":"layout/reftests/bugs/134706-3-left-scrollframe.html == layout/reftests/bugs/134706-3-left-scrollframe-ref.html"}
04-17 01:25:29.524 3456 3471 I Gecko : REFTEST TEST-LOAD | http://10.0.2.2:8854/tests/layout/reftests/bugs/134706-3-left-scrollframe.html | 123 / 2088 (5%)
04-17 01:25:29.524 3456 3471 I Gecko :
04-17 01:25:29.524 3456 3471 I Gecko : {"action":"log","time":1744853129524,"thread":null,"pid":null,"source":"reftest","level":"DEBUG","message":"START http://10.0.2.2:8854/tests/layout/reftests/bugs/134706-3-left-scrollframe.html"}
04-17 01:25:29.560 3538 3569 E eglCodecCommon: glUtilsParamSize: unknow param 0x00008caa
04-17 01:25:29.579 3456 3471 D GeckoViewContent: handleEvent: pagetitlechanged
04-17 01:25:29.596 3456 3471 I Gecko :
04-17 01:25:29.596 3456 3471 I Gecko : {"action":"log","time":1744853129596,"thread":null,"pid":null,"source":"reftest","level":"DEBUG","message":"[CONTENT] OnDocumentLoad triggering AfterOnLoadScripts"}
04-17 01:25:29.629 3456 3471 I Gecko :
04-17 01:25:29.629 3456 3471 I Gecko : {"action":"log","time":1744853129629,"thread":null,"pid":null,"source":"reftest","level":"DEBUG","message":"Initializing canvas snapshot"}
04-17 01:25:29.629 3456 3471 I Gecko :
04-17 01:25:29.629 3456 3471 I Gecko : {"action":"log","time":1744853129629,"thread":null,"pid":null,"source":"reftest","level":"DEBUG","message":"DoDrawWindow 0,0,800,1000"}
04-17 01:25:29.659 3538 3569 E eglCodecCommon: glUtilsParamSize: unknow param 0x00008caa
04-17 01:25:29.788 3538 3569 E eglCodecCommon: glUtilsParamSize: unknow param 0x00008caa
04-17 01:25:29.881 3538 3569 E eglCodecCommon: glUtilsParamSize: unknow param 0x00008caa
04-17 01:25:29.974 3538 3569 E eglCodecCommon: glUtilsParamSize: unknow param 0x00008caa
04-17 01:25:30.058 3538 3569 E eglCodecCommon: glUtilsParamSize: unknow param 0x00000d02
04-17 01:25:30.068 3538 3569 E eglCodecCommon: glUtilsParamSize: unknow param 0x00008caa
04-17 01:25:30.143 3456 3471 I Gecko :
04-17 01:25:30.143 3456 3471 I Gecko : {"action":"log","time":1744853130143,"thread":null,"pid":null,"source":"reftest","level":"DEBUG","message":"[CONTENT] RecordResult fired"}
04-17 01:25:30.146 3456 3471 I Gecko :
04-17 01:25:30.146 3456 3471 I Gecko : {"action":"log","time":1744853130146,"thread":null,"pid":null,"source":"reftest","level":"DEBUG","message":"RecordResult fired"}
04-17 01:25:30.146 3456 3471 I Gecko : REFTEST TEST-LOAD | http://10.0.2.2:8854/tests/layout/reftests/bugs/134706-3-left-scrollframe-ref.html | 123 / 2088 (5%)
04-17 01:25:30.147 3456 3471 I Gecko :
04-17 01:25:30.147 3456 3471 I Gecko : {"action":"log","time":1744853130146,"thread":null,"pid":null,"source":"reftest","level":"DEBUG","message":"START http://10.0.2.2:8854/tests/layout/reftests/bugs/134706-3-left-scrollframe-ref.html"}
04-17 01:25:30.217 3456 3471 D GeckoViewContent: handleEvent: pagetitlechanged
04-17 01:25:30.233 3456 3471 I Gecko :
04-17 01:25:30.233 3456 3471 I Gecko : {"action":"log","time":1744853130232,"thread":null,"pid":null,"source":"reftest","level":"DEBUG","message":"[CONTENT] OnDocumentLoad triggering AfterOnLoadScripts"}
04-17 01:25:30.247 3538 3569 E eglCodecCommon: glUtilsParamSize: unknow param 0x00008caa
04-17 01:25:30.256 3456 3471 I Gecko :
04-17 01:25:30.256 3456 3471 I Gecko : {"action":"log","time":1744853130255,"thread":null,"pid":null,"source":"reftest","level":"DEBUG","message":"Initializing canvas snapshot"}
04-17 01:25:30.256 3456 3471 I Gecko :
04-17 01:25:30.256 3456 3471 I Gecko : {"action":"log","time":1744853130256,"thread":null,"pid":null,"source":"reftest","level":"DEBUG","message":"DoDrawWindow 0,0,800,1000"}
04-17 01:25:30.365 3538 3569 E eglCodecCommon: glUtilsParamSize: unknow param 0x00008caa
04-17 01:25:30.459 3538 3569 E eglCodecCommon: glUtilsParamSize: unknow param 0x00008caa
04-17 01:25:30.546 3538 3569 E eglCodecCommon: glUtilsParamSize: unknow param 0x00008caa
04-17 01:25:30.624 3538 3569 E eglCodecCommon: glUtilsParamSize: unknow param 0x00000d02
04-17 01:25:30.636 3538 3569 E eglCodecCommon: glUtilsParamSize: unknow param 0x00008caa
04-17 01:25:30.663 3456 3471 I Gecko :
04-17 01:25:30.663 3456 3471 I Gecko : {"action":"log","time":1744853130663,"thread":null,"pid":null,"source":"reftest","level":"DEBUG","message":"[CONTENT] RecordResult fired"}
04-17 01:25:30.664 3456 3471 I Gecko :
04-17 01:25:30.664 3456 3471 I Gecko : {"action":"log","time":1744853130664,"thread":null,"pid":null,"source":"reftest","level":"DEBUG","message":"RecordResult fired"}
04-17 01:25:30.665 3456 3471 I Gecko :
04-17 01:25:30.665 3456 3471 I Gecko : {"action":"test_status","time":1744853130665,"thread":null,"pid":null,"source":"reftest","test":"layout/reftests/bugs/134706-3-left-scrollframe.html == layout/reftests/bugs/134706-3-left-scrollframe-ref.html","subtest":"image comparison, max difference: 0, number of differing pixels: 0","status":"PASS","extra":{"status_msg":"Pass","modifiers":["==","134706-3-left-scrollframe.html","134706-3-left-scrollframe-ref.html"]}}
04-17 01:25:30.665 3456 3471 I Gecko :
04-17 01:25:30.665 3456 3471 I Gecko : {"action":"test_end","time":1744853130665,"thread":null,"pid":null,"source":"reftest","test":"layout/reftests/bugs/134706-3-left-scrollframe.html == layout/reftests/bugs/134706-3-left-scrollframe-ref.html","status":"OK"}
04-17 01:25:30.665 3456 3471 I Gecko :
04-17 01:25:30.665 3456 3471 I Gecko : {"action":"log","time":1744853130665,"thread":null,"pid":null,"source":"reftest","level":"DEBUG","message":"Loading a blank page"}
04-17 01:25:30.685 3488 3504 W Web Content: [JavaScript Warning: "This page is in Quirks Mode. Page layout may be impacted. For Standards Mode use “”." {file: "data:text/html;charset=UTF-8,%3C%21%2D%2DCLEAR%2D%2D%3E" line: 0}]
04-17 01:25:30.692 3456 3471 D GeckoViewContent: handleEvent: pagetitlechanged
04-17 01:25:30.701 3456 3471 I Gecko :
04-17 01:25:30.701 3456 3471 I Gecko : {"action":"assertion_count","time":1744853130701,"thread":null,"pid":null,"source":"reftest","test":"layout/reftests/bugs/134706-3-left-scrollframe.html == layout/reftests/bugs/134706-3-left-scrollframe-ref.html","min_expected":0,"max_expected":0,"count":0}
04-17 01:25:30.701 3456 3471 I Gecko :
04-17 01:25:30.701 3456 3471 I Gecko : {"action":"test_start","time":1744853130701,"thread":null,"pid":null,"source":"reftest","test":"layout/reftests/bugs/134706-3-left-table.html == layout/reftests/bugs/134706-3-left-table-ref.html"}
04-17 01:25:30.702 3456 3471 I Gecko : REFTEST TEST-LOAD | http://10.0.2.2:8854/tests/layout/reftests/bugs/134706-3-left-table.html | 124 / 2088 (5%)
04-17 01:25:30.702 3456 3471 I Gecko :
04-17 01:25:30.702 3456 3471 I Gecko : {"action":"log","time":1744853130702,"thread":null,"pid":null,"source":"reftest","level":"DEBUG","message":"START http://10.0.2.2:8854/tests/layout/reftests/bugs/134706-3-left-table.html"}
04-17 01:25:30.733 3538 3569 E eglCodecCommon: glUtilsParamSize: unknow param 0x00008caa
04-17 01:25:30.766 3456 3471 D GeckoViewContent: handleEvent: pagetitlechanged
04-17 01:25:30.788 3456 3471 I Gecko :
04-17 01:25:30.788 3456 3471 I Gecko : {"action":"log","time":1744853130788,"thread":null,"pid":null,"source":"reftest","level":"DEBUG","message":"[CONTENT] OnDocumentLoad triggering AfterOnLoadScripts"}
04-17 01:25:30.806 3456 3471 I Gecko :
04-17 01:25:30.806 3456 3471 I Gecko : {"action":"log","time":1744853130806,"thread":null,"pid":null,"source":"reftest","level":"DEBUG","message":"Initializing canvas snapshot"}
04-17 01:25:30.806 3456 3471 I Gecko :
04-17 01:25:30.806 3456 3471 I Gecko : {"action":"log","time":1744853130806,"thread":null,"pid":null,"source":"reftest","level":"DEBUG","message":"DoDrawWindow 0,0,800,1000"}
04-17 01:25:30.833 3538 3569 E eglCodecCommon: glUtilsParamSize: unknow param 0x00008caa
04-17 01:25:30.969 3538 3569 E eglCodecCommon: glUtilsParamSize: unknow param 0x00008caa
04-17 01:25:31.064 3538 3569 E eglCodecCommon: glUtilsParamSize: unknow param 0x00008caa
04-17 01:25:31.151 3538 3569 E eglCodecCommon: glUtilsParamSize: unknow param 0x00008caa
04-17 01:25:31.241 3538 3569 E eglCodecCommon: glUtilsParamSize: unknow param 0x00000d02
04-17 01:25:31.250 3538 3569 E eglCodecCommon: glUtilsParamSize: unknow param 0x00008caa
04-17 01:25:31.283 3456 3471 I Gecko :
04-17 01:25:31.283 3456 3471 I Gecko : {"action":"log","time":1744853131283,"thread":null,"pid":null,"source":"reftest","level":"DEBUG","message":"[CONTENT] RecordResult fired"}
04-17 01:25:31.284 3456 3471 I Gecko :
04-17 01:25:31.284 3456 3471 I Gecko : {"action":"log","time":1744853131284,"thread":null,"pid":null,"source":"reftest","level":"DEBUG","message":"RecordResult fired"}
04-17 01:25:31.285 3456 3471 I Gecko : REFTEST TEST-LOAD | http://10.0.2.2:8854/tests/layout/reftests/bugs/134706-3-left-table-ref.html | 124 / 2088 (5%)
04-17 01:25:31.285 3456 3471 I Gecko :
04-17 01:25:31.285 3456 3471 I Gecko : {"action":"log","time":1744853131285,"thread":null,"pid":null,"source":"reftest","level":"DEBUG","message":"START http://10.0.2.2:8854/tests/layout/reftests/bugs/134706-3-left-table-ref.html"}
04-17 01:25:31.335 3456 3471 D GeckoViewContent: handleEvent: pagetitlechanged
04-17 01:25:31.353 3456 3471 I Gecko :
04-17 01:25:31.353 3456 3471 I Gecko : {"action":"log","time":1744853131353,"thread":null,"pid":null,"source":"reftest","level":"DEBUG","message":"[CONTENT] OnDocumentLoad triggering AfterOnLoadScripts"}
04-17 01:25:31.368 3538 3569 E eglCodecCommon: glUtilsParamSize: unknow param 0x00008caa
04-17 01:25:31.376 3456 3471 I Gecko :
04-17 01:25:31.376 3456 3471 I Gecko : {"action":"log","time":1744853131375,"thread":null,"pid":null,"source":"reftest","level":"DEBUG","message":"Initializing canvas snapshot"}
04-17 01:25:31.376 3456 3471 I Gecko :
04-17 01:25:31.376 3456 3471 I Gecko : {"action":"log","time":1744853131376,"thread":null,"pid":null,"source":"reftest","level":"DEBUG","message":"DoDrawWindow 0,0,800,1000"}
04-17 01:25:31.486 3538 3569 E eglCodecCommon: glUtilsParamSize: unknow param 0x00008caa
04-17 01:25:31.579 3538 3569 E eglCodecCommon: glUtilsParamSize: unknow param 0x00008caa
04-17 01:25:31.671 3538 3569 E eglCodecCommon: glUtilsParamSize: unknow param 0x00008caa
04-17 01:25:31.757 3538 3569 E eglCodecCommon: glUtilsParamSize: unknow param 0x00000d02
04-17 01:25:31.767 3538 3569 E eglCodecCommon: glUtilsParamSize: unknow param 0x00008caa
04-17 01:25:31.795 3456 3471 I Gecko :
04-17 01:25:31.795 3456 3471 I Gecko : {"action":"log","time":1744853131795,"thread":null,"pid":null,"source":"reftest","level":"DEBUG","message":"[CONTENT] RecordResult fired"}
04-17 01:25:31.796 3456 3471 I Gecko :
04-17 01:25:31.796 3456 3471 I Gecko : {"action":"log","time":1744853131796,"thread":null,"pid":null,"source":"reftest","level":"DEBUG","message":"RecordResult fired"}
04-17 01:25:31.798 3456 3471 I Gecko :
04-17 01:25:31.798 3456 3471 I Gecko : {"action":"test_status","time":1744853131798,"thread":null,"pid":null,"source":"reftest","test":"layout/reftests/bugs/134706-3-left-table.html == layout/reftests/bugs/134706-3-left-table-ref.html","subtest":"image comparison, max difference: 0, number of differing pixels: 0","status":"PASS","extra":{"status_msg":"Pass","modifiers":["==","134706-3-left-table.html","134706-3-left-table-ref.html"]}}
04-17 01:25:31.798 3456 3471 I Gecko :
04-17 01:25:31.798 3456 3471 I Gecko : {"action":"test_end","time":1744853131798,"thread":null,"pid":null,"source":"reftest","test":"layout/reftests/bugs/134706-3-left-table.html == layout/reftests/bugs/134706-3-left-table-ref.html","status":"OK"}
04-17 01:25:31.798 3456 3471 I Gecko :
04-17 01:25:31.798 3456 3471 I Gecko : {"action":"log","time":1744853131798,"thread":null,"pid":null,"source":"reftest","level":"DEBUG","message":"Loading a blank page"}
04-17 01:25:31.818 3488 3504 W Web Content: [JavaScript Warning: "This page is in Quirks Mode. Page layout may be impacted. For Standards Mode use “”." {file: "data:text/html;charset=UTF-8,%3C%21%2D%2DCLEAR%2D%2D%3E" line: 0}]
04-17 01:25:31.824 3456 3471 D GeckoViewContent: handleEvent: pagetitlechanged
04-17 01:25:31.835 3456 3471 I Gecko :
04-17 01:25:31.835 3456 3471 I Gecko : {"action":"assertion_count","time":1744853131835,"thread":null,"pid":null,"source":"reftest","test":"layout/reftests/bugs/134706-3-left-table.html == layout/reftests/bugs/134706-3-left-table-ref.html","min_expected":0,"max_expected":0,"count":0}
04-17 01:25:31.835 3456 3471 I Gecko :
04-17 01:25:31.835 3456 3471 I Gecko : {"action":"test_start","time":1744853131835,"thread":null,"pid":null,"source":"reftest","test":"layout/reftests/bugs/134706-3-right-scrollframe.html == layout/reftests/bugs/134706-3-right-scrollframe-ref.html"}
04-17 01:25:31.836 3456 3471 I Gecko : REFTEST TEST-LOAD | http://10.0.2.2:8854/tests/layout/reftests/bugs/134706-3-right-scrollframe.html | 125 / 2088 (5%)
04-17 01:25:31.836 3456 3471 I Gecko :
04-17 01:25:31.836 3456 3471 I Gecko : {"action":"log","time":1744853131836,"thread":null,"pid":null,"source":"reftest","level":"DEBUG","message":"START http://10.0.2.2:8854/tests/layout/reftests/bugs/134706-3-right-scrollframe.html"}
04-17 01:25:31.876 3538 3569 E eglCodecCommon: glUtilsParamSize: unknow param 0x00008caa
04-17 01:25:31.900 3456 3471 D GeckoViewContent: handleEvent: pagetitlechanged
04-17 01:25:31.915 3456 3471 I Gecko :
04-17 01:25:31.915 3456 3471 I Gecko : {"action":"log","time":1744853131915,"thread":null,"pid":null,"source":"reftest","level":"DEBUG","message":"[CONTENT] OnDocumentLoad triggering AfterOnLoadScripts"}
04-17 01:25:31.938 3456 3471 I Gecko :
04-17 01:25:31.938 3456 3471 I Gecko : {"action":"log","time":1744853131937,"thread":null,"pid":null,"source":"reftest","level":"DEBUG","message":"Initializing canvas snapshot"}
04-17 01:25:31.938 3456 3471 I Gecko :
04-17 01:25:31.938 3456 3471 I Gecko : {"action":"log","time":1744853131938,"thread":null,"pid":null,"source":"reftest","level":"DEBUG","message":"DoDrawWindow 0,0,800,1000"}
04-17 01:25:31.978 3538 3569 E eglCodecCommon: glUtilsParamSize: unknow param 0x00008caa
04-17 01:25:32.111 3538 3569 E eglCodecCommon: glUtilsParamSize: unknow param 0x00008caa
04-17 01:25:32.201 3538 3569 E eglCodecCommon: glUtilsParamSize: unknow param 0x00008caa
04-17 01:25:32.290 3538 3569 E eglCodecCommon: glUtilsParamSize: unknow param 0x00008caa
04-17 01:25:32.377 3538 3569 E eglCodecCommon: glUtilsParamSize: unknow param 0x00000d02
04-17 01:25:32.386 3538 3569 E eglCodecCommon: glUtilsParamSize: unknow param 0x00008caa
04-17 01:25:32.413 3456 3471 I Gecko :
04-17 01:25:32.413 3456 3471 I Gecko : {"action":"log","time":1744853132413,"thread":null,"pid":null,"source":"reftest","level":"DEBUG","message":"[CONTENT] RecordResult fired"}
04-17 01:25:32.414 3456 3471 I Gecko :
04-17 01:25:32.414 3456 3471 I Gecko : {"action":"log","time":1744853132414,"thread":null,"pid":null,"source":"reftest","level":"DEBUG","message":"RecordResult fired"}
04-17 01:25:32.415 3456 3471 I Gecko : REFTEST TEST-LOAD | http://10.0.2.2:8854/tests/layout/reftests/bugs/134706-3-right-scrollframe-ref.html | 125 / 2088 (5%)
04-17 01:25:32.415 3456 3471 I Gecko :
04-17 01:25:32.415 3456 3471 I Gecko : {"action":"log","time":1744853132415,"thread":null,"pid":null,"source":"reftest","level":"DEBUG","message":"START http://10.0.2.2:8854/tests/layout/reftests/bugs/134706-3-right-scrollframe-ref.html"}
04-17 01:25:32.469 3456 3471 D GeckoViewContent: handleEvent: pagetitlechanged
04-17 01:25:32.486 3456 3471 I Gecko :
04-17 01:25:32.486 3456 3471 I Gecko : {"action":"log","time":1744853132486,"thread":null,"pid":null,"source":"reftest","level":"DEBUG","message":"[CONTENT] OnDocumentLoad triggering AfterOnLoadScripts"}
04-17 01:25:32.501 3538 3569 E eglCodecCommon: glUtilsParamSize: unknow param 0x00008caa
04-17 01:25:32.506 3456 3471 I Gecko :
04-17 01:25:32.506 3456 3471 I Gecko : {"action":"log","time":1744853132506,"thread":null,"pid":null,"source":"reftest","level":"DEBUG","message":"Initializing canvas snapshot"}
04-17 01:25:32.506 3456 3471 I Gecko :
04-17 01:25:32.506 3456 3471 I Gecko : {"action":"log","time":1744853132506,"thread":null,"pid":null,"source":"reftest","level":"DEBUG","message":"DoDrawWindow 0,0,800,1000"}
04-17 01:25:32.628 3538 3569 E eglCodecCommon: glUtilsParamSize: unknow param 0x00008caa
04-17 01:25:32.723 3538 3569 E eglCodecCommon: glUtilsParamSize: unknow param 0x00008caa
04-17 01:25:32.808 3538 3569 E eglCodecCommon: glUtilsParamSize: unknow param 0x00008caa
04-17 01:25:32.892 3538 3569 E eglCodecCommon: glUtilsParamSize: unknow param 0x00000d02
04-17 01:25:32.901 3538 3569 E eglCodecCommon: glUtilsParamSize: unknow param 0x00008caa
04-17 01:25:32.928 3456 3471 I Gecko :
04-17 01:25:32.928 3456 3471 I Gecko : {"action":"log","time":1744853132928,"thread":null,"pid":null,"source":"reftest","level":"DEBUG","message":"[CONTENT] RecordResult fired"}
04-17 01:25:32.929 3456 3471 I Gecko :
04-17 01:25:32.929 3456 3471 I Gecko : {"action":"log","time":1744853132929,"thread":null,"pid":null,"source":"reftest","level":"DEBUG","message":"RecordResult fired"}
04-17 01:25:32.930 3456 3471 I Gecko :
04-17 01:25:32.930 3456 3471 I Gecko : {"action":"test_status","time":1744853132930,"thread":null,"pid":null,"source":"reftest","test":"layout/reftests/bugs/134706-3-right-scrollframe.html == layout/reftests/bugs/134706-3-right-scrollframe-ref.html","subtest":"image comparison, max difference: 0, number of differing pixels: 0","status":"PASS","extra":{"status_msg":"Pass","modifiers":["==","134706-3-right-scrollframe.html","134706-3-right-scrollframe-ref.html"]}}
04-17 01:25:32.930 3456 3471 I Gecko :
04-17 01:25:32.930 3456 3471 I Gecko : {"action":"test_end","time":1744853132930,"thread":null,"pid":null,"source":"reftest","test":"layout/reftests/bugs/134706-3-right-scrollframe.html == layout/reftests/bugs/134706-3-right-scrollframe-ref.html","status":"OK"}
04-17 01:25:32.930 3456 3471 I Gecko :
04-17 01:25:32.930 3456 3471 I Gecko : {"action":"log","time":1744853132930,"thread":null,"pid":null,"source":"reftest","level":"DEBUG","message":"Loading a blank page"}
04-17 01:25:32.961 3488 3504 W Web Content: [JavaScript Warning: "This page is in Quirks Mode. Page layout may be impacted. For Standards Mode use “”." {file: "data:text/html;charset=UTF-8,%3C%21%2D%2DCLEAR%2D%2D%3E" line: 0}]
04-17 01:25:32.967 3456 3471 D GeckoViewContent: handleEvent: pagetitlechanged
04-17 01:25:32.978 3456 3471 I Gecko :
04-17 01:25:32.978 3456 3471 I Gecko : {"action":"assertion_count","time":1744853132977,"thread":null,"pid":null,"source":"reftest","test":"layout/reftests/bugs/134706-3-right-scrollframe.html == layout/reftests/bugs/134706-3-right-scrollframe-ref.html","min_expected":0,"max_expected":0,"count":0}
04-17 01:25:32.978 3456 3471 I Gecko :
04-17 01:25:32.978 3456 3471 I Gecko : {"action":"test_start","time":1744853132978,"thread":null,"pid":null,"source":"reftest","test":"layout/reftests/bugs/134706-3-right-table.html == layout/reftests/bugs/134706-3-right-table-ref.html"}
04-17 01:25:32.978 3456 3471 I Gecko : REFTEST TEST-LOAD | http://10.0.2.2:8854/tests/layout/reftests/bugs/134706-3-right-table.html | 126 / 2088 (6%)
04-17 01:25:32.978 3456 3471 I Gecko :
04-17 01:25:32.978 3456 3471 I Gecko : {"action":"log","time":1744853132978,"thread":null,"pid":null,"source":"reftest","level":"DEBUG","message":"START http://10.0.2.2:8854/tests/layout/reftests/bugs/134706-3-right-table.html"}
04-17 01:25:32.999 3538 3569 E eglCodecCommon: glUtilsParamSize: unknow param 0x00008caa
04-17 01:25:33.030 3456 3471 D GeckoViewContent: handleEvent: pagetitlechanged
04-17 01:25:33.044 3456 3471 I Gecko :
04-17 01:25:33.044 3456 3471 I Gecko : {"action":"log","time":1744853133044,"thread":null,"pid":null,"source":"reftest","level":"DEBUG","message":"[CONTENT] OnDocumentLoad triggering AfterOnLoadScripts"}
04-17 01:25:33.072 3456 3471 I Gecko :
04-17 01:25:33.072 3456 3471 I Gecko : {"action":"log","time":1744853133072,"thread":null,"pid":null,"source":"reftest","level":"DEBUG","message":"Initializing canvas snapshot"}
04-17 01:25:33.073 3456 3471 I Gecko :
04-17 01:25:33.073 3456 3471 I Gecko : {"action":"log","time":1744853133073,"thread":null,"pid":null,"source":"reftest","level":"DEBUG","message":"DoDrawWindow 0,0,800,1000"}
04-17 01:25:33.102 3538 3569 E eglCodecCommon: glUtilsParamSize: unknow param 0x00008caa
04-17 01:25:33.225 3538 3569 E eglCodecCommon: glUtilsParamSize: unknow param 0x00008caa
04-17 01:25:33.320 3538 3569 E eglCodecCommon: glUtilsParamSize: unknow param 0x00008caa
04-17 01:25:33.403 3538 3569 E eglCodecCommon: glUtilsParamSize: unknow param 0x00008caa
04-17 01:25:33.485 3538 3569 E eglCodecCommon: glUtilsParamSize: unknow param 0x00000d02
04-17 01:25:33.494 3538 3569 E eglCodecCommon: glUtilsParamSize: unknow param 0x00008caa
04-17 01:25:33.524 3456 3471 I Gecko :
04-17 01:25:33.524 3456 3471 I Gecko : {"action":"log","time":1744853133524,"thread":null,"pid":null,"source":"reftest","level":"DEBUG","message":"[CONTENT] RecordResult fired"}
04-17 01:25:33.525 3456 3471 I Gecko :
04-17 01:25:33.525 3456 3471 I Gecko : {"action":"log","time":1744853133525,"thread":null,"pid":null,"source":"reftest","level":"DEBUG","message":"RecordResult fired"}
04-17 01:25:33.526 3456 3471 I Gecko : REFTEST TEST-LOAD | http://10.0.2.2:8854/tests/layout/reftests/bugs/134706-3-right-table-ref.html | 126 / 2088 (6%)
04-17 01:25:33.526 3456 3471 I Gecko :
04-17 01:25:33.526 3456 3471 I Gecko : {"action":"log","time":1744853133526,"thread":null,"pid":null,"source":"reftest","level":"DEBUG","message":"START http://10.0.2.2:8854/tests/layout/reftests/bugs/134706-3-right-table-ref.html"}
04-17 01:25:33.638 3456 3471 D GeckoViewContent: handleEvent: pagetitlechanged
04-17 01:25:33.655 3456 3471 I Gecko :
04-17 01:25:33.655 3456 3471 I Gecko : {"action":"log","time":1744853133655,"thread":null,"pid":null,"source":"reftest","level":"DEBUG","message":"[CONTENT] OnDocumentLoad triggering AfterOnLoadScripts"}
04-17 01:25:33.664 3538 3569 E eglCodecCommon: glUtilsParamSize: unknow param 0x00008caa
04-17 01:25:33.672 3456 3471 I Gecko :
04-17 01:25:33.672 3456 3471 I Gecko : {"action":"log","time":1744853133672,"thread":null,"pid":null,"source":"reftest","level":"DEBUG","message":"Initializing canvas snapshot"}
04-17 01:25:33.672 3456 3471 I Gecko :
04-17 01:25:33.672 3456 3471 I Gecko : {"action":"log","time":1744853133672,"thread":null,"pid":null,"source":"reftest","level":"DEBUG","message":"DoDrawWindow 0,0,800,1000"}
04-17 01:25:33.782 3538 3569 E eglCodecCommon: glUtilsParamSize: unknow param 0x00008caa
04-17 01:25:33.871 3538 3569 E eglCodecCommon: glUtilsParamSize: unknow param 0x00008caa
04-17 01:25:33.965 3538 3569 E eglCodecCommon: glUtilsParamSize: unknow param 0x00008caa
04-17 01:25:34.043 3538 3569 E eglCodecCommon: glUtilsParamSize: unknow param 0x00000d02
04-17 01:25:34.052 3538 3569 E eglCodecCommon: glUtilsParamSize: unknow param 0x00008caa
04-17 01:25:34.078 3456 3471 I Gecko :
04-17 01:25:34.078 3456 3471 I Gecko : {"action":"log","time":1744853134078,"thread":null,"pid":null,"source":"reftest","level":"DEBUG","message":"[CONTENT] RecordResult fired"}
04-17 01:25:34.080 3456 3471 I Gecko :
04-17 01:25:34.080 3456 3471 I Gecko : {"action":"log","time":1744853134080,"thread":null,"pid":null,"source":"reftest","level":"DEBUG","message":"RecordResult fired"}
04-17 01:25:34.082 3456 3471 I Gecko :
04-17 01:25:34.082 3456 3471 I Gecko : {"action":"test_status","time":1744853134081,"thread":null,"pid":null,"source":"reftest","test":"layout/reftests/bugs/134706-3-right-table.html == layout/reftests/bugs/134706-3-right-table-ref.html","subtest":"image comparison, max difference: 0, number of differing pixels: 0","status":"PASS","extra":{"status_msg":"Pass","modifiers":["==","134706-3-right-table.html","134706-3-right-table-ref.html"]}}
04-17 01:25:34.082 3456 3471 I Gecko :
04-17 01:25:34.082 3456 3471 I Gecko : {"action":"test_end","time":1744853134082,"thread":null,"pid":null,"source":"reftest","test":"layout/reftests/bugs/134706-3-right-table.html == layout/reftests/bugs/134706-3-right-table-ref.html","status":"OK"}
04-17 01:25:34.082 3456 3471 I Gecko :
04-17 01:25:34.082 3456 3471 I Gecko : {"action":"log","time":1744853134082,"thread":null,"pid":null,"source":"reftest","level":"DEBUG","message":"Loading a blank page"}
04-17 01:25:34.102 3488 3504 W Web Content: [JavaScript Warning: "This page is in Quirks Mode. Page layout may be impacted. For Standards Mode use “”." {file: "data:text/html;charset=UTF-8,%3C%21%2D%2DCLEAR%2D%2D%3E" line: 0}]
04-17 01:25:34.108 3456 3471 D GeckoViewContent: handleEvent: pagetitlechanged
04-17 01:25:34.118 3456 3471 I Gecko :
04-17 01:25:34.118 3456 3471 I Gecko : {"action":"assertion_count","time":1744853134117,"thread":null,"pid":null,"source":"reftest","test":"layout/reftests/bugs/134706-3-right-table.html == layout/reftests/bugs/134706-3-right-table-ref.html","min_expected":0,"max_expected":0,"count":0}
04-17 01:25:34.118 3456 3471 I Gecko :
04-17 01:25:34.118 3456 3471 I Gecko : {"action":"test_start","time":1744853134118,"thread":null,"pid":null,"source":"reftest","test":"layout/reftests/bugs/134706-4.html == layout/reftests/bugs/134706-4-ref.html"}
04-17 01:25:34.118 3456 3471 I Gecko : REFTEST TEST-LOAD | http://10.0.2.2:8854/tests/layout/reftests/bugs/134706-4.html | 127 / 2088 (6%)
04-17 01:25:34.119 3456 3471 I Gecko :
04-17 01:25:34.119 3456 3471 I Gecko : {"action":"log","time":1744853134119,"thread":null,"pid":null,"source":"reftest","level":"DEBUG","message":"START http://10.0.2.2:8854/tests/layout/reftests/bugs/134706-4.html"}
04-17 01:25:34.158 3538 3569 E eglCodecCommon: glUtilsParamSize: unknow param 0x00008caa
04-17 01:25:34.175 3456 3471 D GeckoViewContent: handleEvent: pagetitlechanged
04-17 01:25:34.192 3456 3471 I Gecko :
04-17 01:25:34.192 3456 3471 I Gecko : {"action":"log","time":1744853134192,"thread":null,"pid":null,"source":"reftest","level":"DEBUG","message":"[CONTENT] OnDocumentLoad triggering AfterOnLoadScripts"}
04-17 01:25:34.223 3456 3471 I Gecko :
04-17 01:25:34.223 3456 3471 I Gecko : {"action":"log","time":1744853134223,"thread":null,"pid":null,"source":"reftest","level":"DEBUG","message":"Initializing canvas snapshot"}
04-17 01:25:34.224 3456 3471 I Gecko :
04-17 01:25:34.224 3456 3471 I Gecko : {"action":"log","time":1744853134224,"thread":null,"pid":null,"source":"reftest","level":"DEBUG","message":"DoDrawWindow 0,0,800,1000"}
04-17 01:25:34.257 3538 3569 E eglCodecCommon: glUtilsParamSize: unknow param 0x00008caa
04-17 01:25:34.387 3538 3569 E eglCodecCommon: glUtilsParamSize: unknow param 0x00008caa
04-17 01:25:34.476 3538 3569 E eglCodecCommon: glUtilsParamSize: unknow param 0x00008caa
04-17 01:25:34.563 3538 3569 E eglCodecCommon: glUtilsParamSize: unknow param 0x00008caa
04-17 01:25:34.646 3538 3569 E eglCodecCommon: glUtilsParamSize: unknow param 0x00000d02
04-17 01:25:34.655 3538 3569 E eglCodecCommon: glUtilsParamSize: unknow param 0x00008caa
04-17 01:25:34.685 3456 3471 I Gecko :
04-17 01:25:34.685 3456 3471 I Gecko : {"action":"log","time":1744853134685,"thread":null,"pid":null,"source":"reftest","level":"DEBUG","message":"[CONTENT] RecordResult fired"}
04-17 01:25:34.686 3456 3471 I Gecko :
04-17 01:25:34.686 3456 3471 I Gecko : {"action":"log","time":1744853134686,"thread":null,"pid":null,"source":"reftest","level":"DEBUG","message":"RecordResult fired"}
04-17 01:25:34.686 3456 3471 I Gecko : REFTEST TEST-LOAD | http://10.0.2.2:8854/tests/layout/reftests/bugs/134706-4-ref.html | 127 / 2088 (6%)
04-17 01:25:34.686 3456 3471 I Gecko :
04-17 01:25:34.686 3456 3471 I Gecko : {"action":"log","time":1744853134686,"thread":null,"pid":null,"source":"reftest","level":"DEBUG","message":"START http://10.0.2.2:8854/tests/layout/reftests/bugs/134706-4-ref.html"}
04-17 01:25:34.735 3456 3471 D GeckoViewContent: handleEvent: pagetitlechanged
04-17 01:25:34.746 3456 3471 I Gecko :
04-17 01:25:34.746 3456 3471 I Gecko : {"action":"log","time":1744853134746,"thread":null,"pid":null,"source":"reftest","level":"DEBUG","message":"[CONTENT] OnDocumentLoad triggering AfterOnLoadScripts"}
04-17 01:25:34.771 3538 3569 E eglCodecCommon: glUtilsParamSize: unknow param 0x00008caa
04-17 01:25:34.788 3456 3471 I Gecko :
04-17 01:25:34.788 3456 3471 I Gecko : {"action":"log","time":1744853134788,"thread":null,"pid":null,"source":"reftest","level":"DEBUG","message":"Initializing canvas snapshot"}
04-17 01:25:34.788 3456 3471 I Gecko :
04-17 01:25:34.788 3456 3471 I Gecko : {"action":"log","time":1744853134788,"thread":null,"pid":null,"source":"reftest","level":"DEBUG","message":"DoDrawWindow 0,0,800,1000"}
04-17 01:25:34.891 3538 3569 E eglCodecCommon: glUtilsParamSize: unknow param 0x00008caa
04-17 01:25:34.981 3538 3569 E eglCodecCommon: glUtilsParamSize: unknow param 0x00008caa
04-17 01:25:35.074 3538 3569 E eglCodecCommon: glUtilsParamSize: unknow param 0x00008caa
04-17 01:25:35.153 3538 3569 E eglCodecCommon: glUtilsParamSize: unknow param 0x00000d02
04-17 01:25:35.164 3538 3569 E eglCodecCommon: glUtilsParamSize: unknow param 0x00008caa
04-17 01:25:35.193 3456 3471 I Gecko :
04-17 01:25:35.193 3456 3471 I Gecko : {"action":"log","time":1744853135193,"thread":null,"pid":null,"source":"reftest","level":"DEBUG","message":"[CONTENT] RecordResult fired"}
04-17 01:25:35.193 3456 3471 I Gecko :
04-17 01:25:35.193 3456 3471 I Gecko : {"action":"log","time":1744853135193,"thread":null,"pid":null,"source":"reftest","level":"DEBUG","message":"RecordResult fired"}
04-17 01:25:35.194 3456 3471 I Gecko :
04-17 01:25:35.194 3456 3471 I Gecko : {"action":"test_status","time":1744853135194,"thread":null,"pid":null,"source":"reftest","test":"layout/reftests/bugs/134706-4.html == layout/reftests/bugs/134706-4-ref.html","subtest":"image comparison, max difference: 0, number of differing pixels: 0","status":"PASS","extra":{"status_msg":"Pass","modifiers":["==","134706-4.html","134706-4-ref.html"]}}
04-17 01:25:35.195 3456 3471 I Gecko :
04-17 01:25:35.195 3456 3471 I Gecko : {"action":"test_end","time":1744853135195,"thread":null,"pid":null,"source":"reftest","test":"layout/reftests/bugs/134706-4.html == layout/reftests/bugs/134706-4-ref.html","status":"OK"}
04-17 01:25:35.195 3456 3471 I Gecko :
04-17 01:25:35.195 3456 3471 I Gecko : {"action":"log","time":1744853135195,"thread":null,"pid":null,"source":"reftest","level":"DEBUG","message":"Loading a blank page"}
04-17 01:25:35.217 3488 3504 W Web Content: [JavaScript Warning: "This page is in Quirks Mode. Page layout may be impacted. For Standards Mode use “”." {file: "data:text/html;charset=UTF-8,%3C%21%2D%2DCLEAR%2D%2D%3E" line: 0}]
04-17 01:25:35.223 3456 3471 D GeckoViewContent: handleEvent: pagetitlechanged
04-17 01:25:35.234 3456 3471 I Gecko :
04-17 01:25:35.234 3456 3471 I Gecko : {"action":"assertion_count","time":1744853135234,"thread":null,"pid":null,"source":"reftest","test":"layout/reftests/bugs/134706-4.html == layout/reftests/bugs/134706-4-ref.html","min_expected":0,"max_expected":0,"count":0}
04-17 01:25:35.234 3456 3471 I Gecko :
04-17 01:25:35.234 3456 3471 I Gecko : {"action":"test_start","time":1744853135234,"thread":null,"pid":null,"source":"reftest","test":"layout/reftests/bugs/134706-5.html == layout/reftests/bugs/134706-5-ref.html"}
04-17 01:25:35.235 3456 3471 I Gecko : REFTEST TEST-LOAD | http://10.0.2.2:8854/tests/layout/reftests/bugs/134706-5.html | 128 / 2088 (6%)
04-17 01:25:35.235 3456 3471 I Gecko :
04-17 01:25:35.235 3456 3471 I Gecko : {"action":"log","time":1744853135235,"thread":null,"pid":null,"source":"reftest","level":"DEBUG","message":"START http://10.0.2.2:8854/tests/layout/reftests/bugs/134706-5.html"}
04-17 01:25:35.270 3538 3569 E eglCodecCommon: glUtilsParamSize: unknow param 0x00008caa
04-17 01:25:35.290 3456 3471 D GeckoViewContent: handleEvent: pagetitlechanged
04-17 01:25:35.306 3456 3471 I Gecko :
04-17 01:25:35.306 3456 3471 I Gecko : {"action":"log","time":1744853135306,"thread":null,"pid":null,"source":"reftest","level":"DEBUG","message":"[CONTENT] OnDocumentLoad triggering AfterOnLoadScripts"}
04-17 01:25:35.340 3456 3471 I Gecko :
04-17 01:25:35.340 3456 3471 I Gecko : {"action":"log","time":1744853135340,"thread":null,"pid":null,"source":"reftest","level":"DEBUG","message":"Initializing canvas snapshot"}
04-17 01:25:35.341 3456 3471 I Gecko :
04-17 01:25:35.341 3456 3471 I Gecko : {"action":"log","time":1744853135340,"thread":null,"pid":null,"source":"reftest","level":"DEBUG","message":"DoDrawWindow 0,0,800,1000"}
04-17 01:25:35.370 3538 3569 E eglCodecCommon: glUtilsParamSize: unknow param 0x00008caa
04-17 01:25:35.516 3538 3569 E eglCodecCommon: glUtilsParamSize: unknow param 0x00008caa
04-17 01:25:35.615 3538 3569 E eglCodecCommon: glUtilsParamSize: unknow param 0x00008caa
