04-17 01:27:12.697 3456 3471 I Gecko : {"action":"assertion_count","time":1744853232697,"thread":null,"pid":null,"source":"reftest","test":"layout/reftests/bugs/234686-12.html == layout/reftests/bugs/234686-ref.html","min_expected":0,"max_expected":0,"count":0}
04-17 01:27:12.697 3456 3471 I Gecko :
04-17 01:27:12.697 3456 3471 I Gecko : {"action":"test_start","time":1744853232697,"thread":null,"pid":null,"source":"reftest","test":"layout/reftests/bugs/234686-13.html == layout/reftests/bugs/234686-ref.html"}
04-17 01:27:12.698 3456 3471 I Gecko : REFTEST TEST-LOAD | http://10.0.2.2:8854/tests/layout/reftests/bugs/234686-13.html | 227 / 2088 (10%)
04-17 01:27:12.698 3456 3471 I Gecko :
04-17 01:27:12.698 3456 3471 I Gecko : {"action":"log","time":1744853232698,"thread":null,"pid":null,"source":"reftest","level":"DEBUG","message":"START http://10.0.2.2:8854/tests/layout/reftests/bugs/234686-13.html"}
04-17 01:27:12.724 3538 3569 E eglCodecCommon: glUtilsParamSize: unknow param 0x00008caa
04-17 01:27:12.776 3456 3471 D GeckoViewContent: handleEvent: pagetitlechanged
04-17 01:27:12.784 3456 3471 I Gecko :
04-17 01:27:12.784 3456 3471 I Gecko : {"action":"log","time":1744853232783,"thread":null,"pid":null,"source":"reftest","level":"DEBUG","message":"[CONTENT] OnDocumentLoad triggering AfterOnLoadScripts"}
04-17 01:27:12.827 3538 3569 E eglCodecCommon: glUtilsParamSize: unknow param 0x00008caa
04-17 01:27:12.923 3538 3569 E eglCodecCommon: glUtilsParamSize: unknow param 0x00008caa
04-17 01:27:12.946 3456 3471 I Gecko :
04-17 01:27:12.946 3456 3471 I Gecko : {"action":"log","time":1744853232946,"thread":null,"pid":null,"source":"reftest","level":"DEBUG","message":"Initializing canvas snapshot"}
04-17 01:27:12.947 3456 3471 I Gecko :
04-17 01:27:12.947 3456 3471 I Gecko : {"action":"log","time":1744853232947,"thread":null,"pid":null,"source":"reftest","level":"DEBUG","message":"DoDrawWindow 0,0,800,1000"}
04-17 01:27:13.072 3538 3569 E eglCodecCommon: glUtilsParamSize: unknow param 0x00008caa
04-17 01:27:13.159 3538 3569 E eglCodecCommon: glUtilsParamSize: unknow param 0x00008caa
04-17 01:27:13.248 3538 3569 E eglCodecCommon: glUtilsParamSize: unknow param 0x00008caa
04-17 01:27:13.336 3538 3569 E eglCodecCommon: glUtilsParamSize: unknow param 0x00008caa
04-17 01:27:13.431 3538 3569 E eglCodecCommon: glUtilsParamSize: unknow param 0x00000d02
04-17 01:27:13.438 3538 3569 E eglCodecCommon: glUtilsParamSize: unknow param 0x00008caa
04-17 01:27:13.467 3456 3471 I Gecko :
04-17 01:27:13.467 3456 3471 I Gecko : {"action":"log","time":1744853233467,"thread":null,"pid":null,"source":"reftest","level":"DEBUG","message":"[CONTENT] RecordResult fired"}
04-17 01:27:13.468 3456 3471 I Gecko :
04-17 01:27:13.468 3456 3471 I Gecko : {"action":"log","time":1744853233468,"thread":null,"pid":null,"source":"reftest","level":"DEBUG","message":"RecordResult fired"}
04-17 01:27:13.469 3456 3471 I Gecko :
04-17 01:27:13.469 3456 3471 I Gecko : {"action":"log","time":1744853233469,"thread":null,"pid":null,"source":"reftest","level":"DEBUG","message":"RecordResult fired"}
04-17 01:27:13.470 3456 3471 I Gecko :
04-17 01:27:13.470 3456 3471 I Gecko : {"action":"test_status","time":1744853233470,"thread":null,"pid":null,"source":"reftest","test":"layout/reftests/bugs/234686-13.html == layout/reftests/bugs/234686-ref.html","subtest":"image comparison, max difference: 0, number of differing pixels: 0","status":"PASS","extra":{"status_msg":"Pass","modifiers":["==","234686-13.html","234686-ref.html"]}}
04-17 01:27:13.470 3456 3471 I Gecko :
04-17 01:27:13.470 3456 3471 I Gecko : {"action":"test_end","time":1744853233470,"thread":null,"pid":null,"source":"reftest","test":"layout/reftests/bugs/234686-13.html == layout/reftests/bugs/234686-ref.html","status":"OK"}
04-17 01:27:13.471 3456 3471 I Gecko :
04-17 01:27:13.471 3456 3471 I Gecko : {"action":"log","time":1744853233470,"thread":null,"pid":null,"source":"reftest","level":"DEBUG","message":"Loading a blank page"}
04-17 01:27:13.493 3488 3504 W Web Content: [JavaScript Warning: "This page is in Quirks Mode. Page layout may be impacted. For Standards Mode use “”." {file: "data:text/html;charset=UTF-8,%3C%21%2D%2DCLEAR%2D%2D%3E" line: 0}]
04-17 01:27:13.498 3456 3471 D GeckoViewContent: handleEvent: pagetitlechanged
04-17 01:27:13.507 3456 3471 I Gecko :
04-17 01:27:13.507 3456 3471 I Gecko : {"action":"assertion_count","time":1744853233507,"thread":null,"pid":null,"source":"reftest","test":"layout/reftests/bugs/234686-13.html == layout/reftests/bugs/234686-ref.html","min_expected":0,"max_expected":0,"count":0}
04-17 01:27:13.508 3456 3471 I Gecko :
04-17 01:27:13.508 3456 3471 I Gecko : {"action":"test_start","time":1744853233508,"thread":null,"pid":null,"source":"reftest","test":"layout/reftests/bugs/234686-14.html == layout/reftests/bugs/234686-ref.html"}
04-17 01:27:13.508 3456 3471 I Gecko : REFTEST TEST-LOAD | http://10.0.2.2:8854/tests/layout/reftests/bugs/234686-14.html | 228 / 2088 (10%)
04-17 01:27:13.508 3456 3471 I Gecko :
04-17 01:27:13.508 3456 3471 I Gecko : {"action":"log","time":1744853233508,"thread":null,"pid":null,"source":"reftest","level":"DEBUG","message":"START http://10.0.2.2:8854/tests/layout/reftests/bugs/234686-14.html"}
04-17 01:27:13.540 3538 3569 E eglCodecCommon: glUtilsParamSize: unknow param 0x00008caa
04-17 01:27:13.573 3456 3471 D GeckoViewContent: handleEvent: pagetitlechanged
04-17 01:27:13.598 3456 3471 I Gecko :
04-17 01:27:13.598 3456 3471 I Gecko : {"action":"log","time":1744853233598,"thread":null,"pid":null,"source":"reftest","level":"DEBUG","message":"[CONTENT] OnDocumentLoad triggering AfterOnLoadScripts"}
04-17 01:27:13.634 3538 3569 E eglCodecCommon: glUtilsParamSize: unknow param 0x00008caa
04-17 01:27:13.729 3538 3569 E eglCodecCommon: glUtilsParamSize: unknow param 0x00008caa
04-17 01:27:13.741 3456 3471 I Gecko :
04-17 01:27:13.741 3456 3471 I Gecko : {"action":"log","time":1744853233741,"thread":null,"pid":null,"source":"reftest","level":"DEBUG","message":"Initializing canvas snapshot"}
04-17 01:27:13.743 3456 3471 I Gecko :
04-17 01:27:13.743 3456 3471 I Gecko : {"action":"log","time":1744853233743,"thread":null,"pid":null,"source":"reftest","level":"DEBUG","message":"DoDrawWindow 0,0,800,1000"}
04-17 01:27:13.880 3538 3569 E eglCodecCommon: glUtilsParamSize: unknow param 0x00008caa
04-17 01:27:13.967 3538 3569 E eglCodecCommon: glUtilsParamSize: unknow param 0x00008caa
04-17 01:27:14.051 3538 3569 E eglCodecCommon: glUtilsParamSize: unknow param 0x00008caa
04-17 01:27:14.137 3538 3569 E eglCodecCommon: glUtilsParamSize: unknow param 0x00008caa
04-17 01:27:14.220 3538 3569 E eglCodecCommon: glUtilsParamSize: unknow param 0x00000d02
04-17 01:27:14.229 3538 3569 E eglCodecCommon: glUtilsParamSize: unknow param 0x00008caa
04-17 01:27:14.255 3456 3471 I Gecko :
04-17 01:27:14.255 3456 3471 I Gecko : {"action":"log","time":1744853234255,"thread":null,"pid":null,"source":"reftest","level":"DEBUG","message":"[CONTENT] RecordResult fired"}
04-17 01:27:14.256 3456 3471 I Gecko :
04-17 01:27:14.256 3456 3471 I Gecko : {"action":"log","time":1744853234256,"thread":null,"pid":null,"source":"reftest","level":"DEBUG","message":"RecordResult fired"}
04-17 01:27:14.257 3456 3471 I Gecko :
04-17 01:27:14.257 3456 3471 I Gecko : {"action":"log","time":1744853234257,"thread":null,"pid":null,"source":"reftest","level":"DEBUG","message":"RecordResult fired"}
04-17 01:27:14.259 3456 3471 I Gecko :
04-17 01:27:14.259 3456 3471 I Gecko : {"action":"test_status","time":1744853234258,"thread":null,"pid":null,"source":"reftest","test":"layout/reftests/bugs/234686-14.html == layout/reftests/bugs/234686-ref.html","subtest":"image comparison, max difference: 0, number of differing pixels: 0","status":"PASS","extra":{"status_msg":"Pass","modifiers":["==","234686-14.html","234686-ref.html"]}}
04-17 01:27:14.259 3456 3471 I Gecko :
04-17 01:27:14.259 3456 3471 I Gecko : {"action":"test_end","time":1744853234259,"thread":null,"pid":null,"source":"reftest","test":"layout/reftests/bugs/234686-14.html == layout/reftests/bugs/234686-ref.html","status":"OK"}
04-17 01:27:14.259 3456 3471 I Gecko :
04-17 01:27:14.259 3456 3471 I Gecko : {"action":"log","time":1744853234259,"thread":null,"pid":null,"source":"reftest","level":"DEBUG","message":"Loading a blank page"}
04-17 01:27:14.279 3488 3504 W Web Content: [JavaScript Warning: "This page is in Quirks Mode. Page layout may be impacted. For Standards Mode use “”." {file: "data:text/html;charset=UTF-8,%3C%21%2D%2DCLEAR%2D%2D%3E" line: 0}]
04-17 01:27:14.284 3456 3471 D GeckoViewContent: handleEvent: pagetitlechanged
04-17 01:27:14.297 3456 3471 I Gecko :
04-17 01:27:14.297 3456 3471 I Gecko : {"action":"assertion_count","time":1744853234297,"thread":null,"pid":null,"source":"reftest","test":"layout/reftests/bugs/234686-14.html == layout/reftests/bugs/234686-ref.html","min_expected":0,"max_expected":0,"count":0}
04-17 01:27:14.297 3456 3471 I Gecko :
04-17 01:27:14.297 3456 3471 I Gecko : {"action":"test_start","time":1744853234297,"thread":null,"pid":null,"source":"reftest","test":"layout/reftests/bugs/234686-15.html == layout/reftests/bugs/234686-ref.html"}
04-17 01:27:14.298 3456 3471 I Gecko : REFTEST TEST-LOAD | http://10.0.2.2:8854/tests/layout/reftests/bugs/234686-15.html | 229 / 2088 (10%)
04-17 01:27:14.298 3456 3471 I Gecko :
04-17 01:27:14.298 3456 3471 I Gecko : {"action":"log","time":1744853234298,"thread":null,"pid":null,"source":"reftest","level":"DEBUG","message":"START http://10.0.2.2:8854/tests/layout/reftests/bugs/234686-15.html"}
04-17 01:27:14.338 3538 3569 E eglCodecCommon: glUtilsParamSize: unknow param 0x00008caa
04-17 01:27:14.348 3456 3471 D GeckoViewContent: handleEvent: pagetitlechanged
04-17 01:27:14.388 3456 3471 I Gecko :
04-17 01:27:14.388 3456 3471 I Gecko : {"action":"log","time":1744853234388,"thread":null,"pid":null,"source":"reftest","level":"DEBUG","message":"[CONTENT] OnDocumentLoad triggering AfterOnLoadScripts"}
04-17 01:27:14.435 3538 3569 E eglCodecCommon: glUtilsParamSize: unknow param 0x00008caa
04-17 01:27:14.529 3538 3569 E eglCodecCommon: glUtilsParamSize: unknow param 0x00008caa
04-17 01:27:14.545 3456 3471 I Gecko :
04-17 01:27:14.545 3456 3471 I Gecko : {"action":"log","time":1744853234545,"thread":null,"pid":null,"source":"reftest","level":"DEBUG","message":"Initializing canvas snapshot"}
04-17 01:27:14.545 3456 3471 I Gecko :
04-17 01:27:14.545 3456 3471 I Gecko : {"action":"log","time":1744853234545,"thread":null,"pid":null,"source":"reftest","level":"DEBUG","message":"DoDrawWindow 0,0,800,1000"}
04-17 01:27:14.680 3538 3569 E eglCodecCommon: glUtilsParamSize: unknow param 0x00008caa
04-17 01:27:14.770 3538 3569 E eglCodecCommon: glUtilsParamSize: unknow param 0x00008caa
04-17 01:27:14.856 3538 3569 E eglCodecCommon: glUtilsParamSize: unknow param 0x00008caa
04-17 01:27:14.942 3538 3569 E eglCodecCommon: glUtilsParamSize: unknow param 0x00008caa
04-17 01:27:15.021 3538 3569 E eglCodecCommon: glUtilsParamSize: unknow param 0x00000d02
04-17 01:27:15.031 3538 3569 E eglCodecCommon: glUtilsParamSize: unknow param 0x00008caa
04-17 01:27:15.068 3456 3471 I Gecko :
04-17 01:27:15.068 3456 3471 I Gecko : {"action":"log","time":1744853235067,"thread":null,"pid":null,"source":"reftest","level":"DEBUG","message":"[CONTENT] RecordResult fired"}
04-17 01:27:15.068 3456 3471 I Gecko :
04-17 01:27:15.068 3456 3471 I Gecko : {"action":"log","time":1744853235068,"thread":null,"pid":null,"source":"reftest","level":"DEBUG","message":"RecordResult fired"}
04-17 01:27:15.069 3456 3471 I Gecko :
04-17 01:27:15.069 3456 3471 I Gecko : {"action":"log","time":1744853235069,"thread":null,"pid":null,"source":"reftest","level":"DEBUG","message":"RecordResult fired"}
04-17 01:27:15.071 3456 3471 I Gecko :
04-17 01:27:15.071 3456 3471 I Gecko : {"action":"test_status","time":1744853235070,"thread":null,"pid":null,"source":"reftest","test":"layout/reftests/bugs/234686-15.html == layout/reftests/bugs/234686-ref.html","subtest":"image comparison, max difference: 0, number of differing pixels: 0","status":"PASS","extra":{"status_msg":"Pass","modifiers":["==","234686-15.html","234686-ref.html"]}}
04-17 01:27:15.071 3456 3471 I Gecko :
04-17 01:27:15.071 3456 3471 I Gecko : {"action":"test_end","time":1744853235071,"thread":null,"pid":null,"source":"reftest","test":"layout/reftests/bugs/234686-15.html == layout/reftests/bugs/234686-ref.html","status":"OK"}
04-17 01:27:15.071 3456 3471 I Gecko :
04-17 01:27:15.071 3456 3471 I Gecko : {"action":"log","time":1744853235071,"thread":null,"pid":null,"source":"reftest","level":"DEBUG","message":"Loading a blank page"}
04-17 01:27:15.090 3488 3504 W Web Content: [JavaScript Warning: "This page is in Quirks Mode. Page layout may be impacted. For Standards Mode use “”." {file: "data:text/html;charset=UTF-8,%3C%21%2D%2DCLEAR%2D%2D%3E" line: 0}]
04-17 01:27:15.099 3456 3471 D GeckoViewContent: handleEvent: pagetitlechanged
04-17 01:27:15.108 3456 3471 I Gecko :
04-17 01:27:15.108 3456 3471 I Gecko : {"action":"assertion_count","time":1744853235108,"thread":null,"pid":null,"source":"reftest","test":"layout/reftests/bugs/234686-15.html == layout/reftests/bugs/234686-ref.html","min_expected":0,"max_expected":0,"count":0}
04-17 01:27:15.108 3456 3471 I Gecko :
04-17 01:27:15.108 3456 3471 I Gecko : {"action":"test_start","time":1744853235108,"thread":null,"pid":null,"source":"reftest","test":"layout/reftests/bugs/234686-16.html == layout/reftests/bugs/234686-ref.html"}
04-17 01:27:15.108 3456 3471 I Gecko : REFTEST TEST-LOAD | http://10.0.2.2:8854/tests/layout/reftests/bugs/234686-16.html | 230 / 2088 (11%)
04-17 01:27:15.108 3456 3471 I Gecko :
04-17 01:27:15.108 3456 3471 I Gecko : {"action":"log","time":1744853235108,"thread":null,"pid":null,"source":"reftest","level":"DEBUG","message":"START http://10.0.2.2:8854/tests/layout/reftests/bugs/234686-16.html"}
04-17 01:27:15.129 3538 3569 E eglCodecCommon: glUtilsParamSize: unknow param 0x00008caa
04-17 01:27:15.176 3456 3471 D GeckoViewContent: handleEvent: pagetitlechanged
04-17 01:27:15.192 3456 3471 I Gecko :
04-17 01:27:15.192 3456 3471 I Gecko : {"action":"log","time":1744853235192,"thread":null,"pid":null,"source":"reftest","level":"DEBUG","message":"[CONTENT] OnDocumentLoad triggering AfterOnLoadScripts"}
04-17 01:27:15.227 3538 3569 E eglCodecCommon: glUtilsParamSize: unknow param 0x00008caa
04-17 01:27:15.318 3538 3569 E eglCodecCommon: glUtilsParamSize: unknow param 0x00008caa
04-17 01:27:15.348 3456 3471 I Gecko :
04-17 01:27:15.348 3456 3471 I Gecko : {"action":"log","time":1744853235347,"thread":null,"pid":null,"source":"reftest","level":"DEBUG","message":"Initializing canvas snapshot"}
04-17 01:27:15.350 3456 3471 I Gecko :
04-17 01:27:15.350 3456 3471 I Gecko : {"action":"log","time":1744853235350,"thread":null,"pid":null,"source":"reftest","level":"DEBUG","message":"DoDrawWindow 0,0,800,1000"}
04-17 01:27:15.467 3538 3569 E eglCodecCommon: glUtilsParamSize: unknow param 0x00008caa
04-17 01:27:15.560 3538 3569 E eglCodecCommon: glUtilsParamSize: unknow param 0x00008caa
04-17 01:27:15.646 3538 3569 E eglCodecCommon: glUtilsParamSize: unknow param 0x00008caa
04-17 01:27:15.730 3538 3569 E eglCodecCommon: glUtilsParamSize: unknow param 0x00008caa
04-17 01:27:15.811 3538 3569 E eglCodecCommon: glUtilsParamSize: unknow param 0x00000d02
04-17 01:27:15.819 3538 3569 E eglCodecCommon: glUtilsParamSize: unknow param 0x00008caa
04-17 01:27:15.860 3456 3471 I Gecko :
04-17 01:27:15.860 3456 3471 I Gecko : {"action":"log","time":1744853235860,"thread":null,"pid":null,"source":"reftest","level":"DEBUG","message":"[CONTENT] RecordResult fired"}
04-17 01:27:15.861 3456 3471 I Gecko :
04-17 01:27:15.861 3456 3471 I Gecko : {"action":"log","time":1744853235861,"thread":null,"pid":null,"source":"reftest","level":"DEBUG","message":"RecordResult fired"}
04-17 01:27:15.863 3456 3471 I Gecko :
04-17 01:27:15.863 3456 3471 I Gecko : {"action":"log","time":1744853235863,"thread":null,"pid":null,"source":"reftest","level":"DEBUG","message":"RecordResult fired"}
04-17 01:27:15.865 3456 3471 I Gecko :
04-17 01:27:15.865 3456 3471 I Gecko : {"action":"test_status","time":1744853235865,"thread":null,"pid":null,"source":"reftest","test":"layout/reftests/bugs/234686-16.html == layout/reftests/bugs/234686-ref.html","subtest":"image comparison, max difference: 0, number of differing pixels: 0","status":"PASS","extra":{"status_msg":"Pass","modifiers":["==","234686-16.html","234686-ref.html"]}}
04-17 01:27:15.865 3456 3471 I Gecko :
04-17 01:27:15.865 3456 3471 I Gecko : {"action":"test_end","time":1744853235865,"thread":null,"pid":null,"source":"reftest","test":"layout/reftests/bugs/234686-16.html == layout/reftests/bugs/234686-ref.html","status":"OK"}
04-17 01:27:15.866 3456 3471 I Gecko :
04-17 01:27:15.866 3456 3471 I Gecko : {"action":"log","time":1744853235865,"thread":null,"pid":null,"source":"reftest","level":"DEBUG","message":"Loading a blank page"}
04-17 01:27:15.891 3488 3504 W Web Content: [JavaScript Warning: "This page is in Quirks Mode. Page layout may be impacted. For Standards Mode use “”." {file: "data:text/html;charset=UTF-8,%3C%21%2D%2DCLEAR%2D%2D%3E" line: 0}]
04-17 01:27:15.902 3456 3471 D GeckoViewContent: handleEvent: pagetitlechanged
04-17 01:27:15.912 3456 3471 I Gecko :
04-17 01:27:15.912 3456 3471 I Gecko : {"action":"assertion_count","time":1744853235912,"thread":null,"pid":null,"source":"reftest","test":"layout/reftests/bugs/234686-16.html == layout/reftests/bugs/234686-ref.html","min_expected":0,"max_expected":0,"count":0}
04-17 01:27:15.912 3456 3471 I Gecko :
04-17 01:27:15.912 3456 3471 I Gecko : {"action":"test_start","time":1744853235912,"thread":null,"pid":null,"source":"reftest","test":"layout/reftests/bugs/234686-17.html == layout/reftests/bugs/234686-ref.html"}
04-17 01:27:15.913 3456 3471 I Gecko : REFTEST TEST-LOAD | http://10.0.2.2:8854/tests/layout/reftests/bugs/234686-17.html | 231 / 2088 (11%)
04-17 01:27:15.913 3456 3471 I Gecko :
04-17 01:27:15.913 3456 3471 I Gecko : {"action":"log","time":1744853235913,"thread":null,"pid":null,"source":"reftest","level":"DEBUG","message":"START http://10.0.2.2:8854/tests/layout/reftests/bugs/234686-17.html"}
04-17 01:27:15.929 3538 3569 E eglCodecCommon: glUtilsParamSize: unknow param 0x00008caa
04-17 01:27:15.987 3456 3471 D GeckoViewContent: handleEvent: pagetitlechanged
04-17 01:27:16.006 3456 3471 I Gecko :
04-17 01:27:16.006 3456 3471 I Gecko : {"action":"log","time":1744853236006,"thread":null,"pid":null,"source":"reftest","level":"DEBUG","message":"[CONTENT] OnDocumentLoad triggering AfterOnLoadScripts"}
04-17 01:27:16.016 3538 3569 E eglCodecCommon: glUtilsParamSize: unknow param 0x00008caa
04-17 01:27:16.118 3538 3569 E eglCodecCommon: glUtilsParamSize: unknow param 0x00008caa
04-17 01:27:16.133 3456 3471 I Gecko :
04-17 01:27:16.133 3456 3471 I Gecko : {"action":"log","time":1744853236133,"thread":null,"pid":null,"source":"reftest","level":"DEBUG","message":"Initializing canvas snapshot"}
04-17 01:27:16.134 3456 3471 I Gecko :
04-17 01:27:16.134 3456 3471 I Gecko : {"action":"log","time":1744853236133,"thread":null,"pid":null,"source":"reftest","level":"DEBUG","message":"DoDrawWindow 0,0,800,1000"}
04-17 01:27:16.267 3538 3569 E eglCodecCommon: glUtilsParamSize: unknow param 0x00008caa
04-17 01:27:16.358 3538 3569 E eglCodecCommon: glUtilsParamSize: unknow param 0x00008caa
04-17 01:27:16.447 3538 3569 E eglCodecCommon: glUtilsParamSize: unknow param 0x00008caa
04-17 01:27:16.535 3538 3569 E eglCodecCommon: glUtilsParamSize: unknow param 0x00008caa
04-17 01:27:16.615 3538 3569 E eglCodecCommon: glUtilsParamSize: unknow param 0x00000d02
04-17 01:27:16.625 3538 3569 E eglCodecCommon: glUtilsParamSize: unknow param 0x00008caa
04-17 01:27:16.657 3456 3471 I Gecko :
04-17 01:27:16.657 3456 3471 I Gecko : {"action":"log","time":1744853236657,"thread":null,"pid":null,"source":"reftest","level":"DEBUG","message":"[CONTENT] RecordResult fired"}
04-17 01:27:16.658 3456 3471 I Gecko :
04-17 01:27:16.658 3456 3471 I Gecko : {"action":"log","time":1744853236658,"thread":null,"pid":null,"source":"reftest","level":"DEBUG","message":"RecordResult fired"}
04-17 01:27:16.660 3456 3471 I Gecko :
04-17 01:27:16.660 3456 3471 I Gecko : {"action":"log","time":1744853236660,"thread":null,"pid":null,"source":"reftest","level":"DEBUG","message":"RecordResult fired"}
04-17 01:27:16.662 3456 3471 I Gecko :
04-17 01:27:16.662 3456 3471 I Gecko : {"action":"test_status","time":1744853236662,"thread":null,"pid":null,"source":"reftest","test":"layout/reftests/bugs/234686-17.html == layout/reftests/bugs/234686-ref.html","subtest":"image comparison, max difference: 0, number of differing pixels: 0","status":"PASS","extra":{"status_msg":"Pass","modifiers":["==","234686-17.html","234686-ref.html"]}}
04-17 01:27:16.663 3456 3471 I Gecko :
04-17 01:27:16.663 3456 3471 I Gecko : {"action":"test_end","time":1744853236663,"thread":null,"pid":null,"source":"reftest","test":"layout/reftests/bugs/234686-17.html == layout/reftests/bugs/234686-ref.html","status":"OK"}
04-17 01:27:16.663 3456 3471 I Gecko :
04-17 01:27:16.663 3456 3471 I Gecko : {"action":"log","time":1744853236663,"thread":null,"pid":null,"source":"reftest","level":"DEBUG","message":"Loading a blank page"}
04-17 01:27:16.684 3488 3504 W Web Content: [JavaScript Warning: "This page is in Quirks Mode. Page layout may be impacted. For Standards Mode use “”." {file: "data:text/html;charset=UTF-8,%3C%21%2D%2DCLEAR%2D%2D%3E" line: 0}]
04-17 01:27:16.702 3456 3471 D GeckoViewContent: handleEvent: pagetitlechanged
04-17 01:27:16.709 3456 3471 I Gecko :
04-17 01:27:16.709 3456 3471 I Gecko : {"action":"assertion_count","time":1744853236709,"thread":null,"pid":null,"source":"reftest","test":"layout/reftests/bugs/234686-17.html == layout/reftests/bugs/234686-ref.html","min_expected":0,"max_expected":0,"count":0}
04-17 01:27:16.710 3456 3471 I Gecko :
04-17 01:27:16.710 3456 3471 I Gecko : {"action":"test_start","time":1744853236709,"thread":null,"pid":null,"source":"reftest","test":"layout/reftests/bugs/234686-18.html == layout/reftests/bugs/234686-ref.html"}
04-17 01:27:16.712 3456 3471 I Gecko : REFTEST TEST-LOAD | http://10.0.2.2:8854/tests/layout/reftests/bugs/234686-18.html | 232 / 2088 (11%)
04-17 01:27:16.712 3456 3471 I Gecko :
04-17 01:27:16.712 3456 3471 I Gecko : {"action":"log","time":1744853236712,"thread":null,"pid":null,"source":"reftest","level":"DEBUG","message":"START http://10.0.2.2:8854/tests/layout/reftests/bugs/234686-18.html"}
04-17 01:27:16.721 3538 3569 E eglCodecCommon: glUtilsParamSize: unknow param 0x00008caa
04-17 01:27:16.776 3456 3471 D GeckoViewContent: handleEvent: pagetitlechanged
04-17 01:27:16.805 3456 3471 I Gecko :
04-17 01:27:16.805 3456 3471 I Gecko : {"action":"log","time":1744853236805,"thread":null,"pid":null,"source":"reftest","level":"DEBUG","message":"[CONTENT] OnDocumentLoad triggering AfterOnLoadScripts"}
04-17 01:27:16.823 3538 3569 E eglCodecCommon: glUtilsParamSize: unknow param 0x00008caa
04-17 01:27:16.922 3538 3569 E eglCodecCommon: glUtilsParamSize: unknow param 0x00008caa
04-17 01:27:16.937 3456 3471 I Gecko :
04-17 01:27:16.937 3456 3471 I Gecko : {"action":"log","time":1744853236937,"thread":null,"pid":null,"source":"reftest","level":"DEBUG","message":"Initializing canvas snapshot"}
04-17 01:27:16.938 3456 3471 I Gecko :
04-17 01:27:16.938 3456 3471 I Gecko : {"action":"log","time":1744853236937,"thread":null,"pid":null,"source":"reftest","level":"DEBUG","message":"DoDrawWindow 0,0,800,1000"}
04-17 01:27:17.074 3538 3569 E eglCodecCommon: glUtilsParamSize: unknow param 0x00008caa
04-17 01:27:17.166 3538 3569 E eglCodecCommon: glUtilsParamSize: unknow param 0x00008caa
04-17 01:27:17.252 3538 3569 E eglCodecCommon: glUtilsParamSize: unknow param 0x00008caa
04-17 01:27:17.332 3538 3569 E eglCodecCommon: glUtilsParamSize: unknow param 0x00000d02
04-17 01:27:17.340 3538 3569 E eglCodecCommon: glUtilsParamSize: unknow param 0x00008caa
04-17 01:27:17.368 3456 3471 I Gecko :
04-17 01:27:17.368 3456 3471 I Gecko : {"action":"log","time":1744853237368,"thread":null,"pid":null,"source":"reftest","level":"DEBUG","message":"[CONTENT] RecordResult fired"}
04-17 01:27:17.369 3456 3471 I Gecko :
04-17 01:27:17.369 3456 3471 I Gecko : {"action":"log","time":1744853237368,"thread":null,"pid":null,"source":"reftest","level":"DEBUG","message":"RecordResult fired"}
04-17 01:27:17.370 3456 3471 I Gecko :
04-17 01:27:17.370 3456 3471 I Gecko : {"action":"log","time":1744853237370,"thread":null,"pid":null,"source":"reftest","level":"DEBUG","message":"RecordResult fired"}
04-17 01:27:17.372 3456 3471 I Gecko :
04-17 01:27:17.372 3456 3471 I Gecko : {"action":"test_status","time":1744853237372,"thread":null,"pid":null,"source":"reftest","test":"layout/reftests/bugs/234686-18.html == layout/reftests/bugs/234686-ref.html","subtest":"image comparison, max difference: 0, number of differing pixels: 0","status":"PASS","extra":{"status_msg":"Pass","modifiers":["==","234686-18.html","234686-ref.html"]}}
04-17 01:27:17.372 3456 3471 I Gecko :
04-17 01:27:17.372 3456 3471 I Gecko : {"action":"test_end","time":1744853237372,"thread":null,"pid":null,"source":"reftest","test":"layout/reftests/bugs/234686-18.html == layout/reftests/bugs/234686-ref.html","status":"OK"}
04-17 01:27:17.372 3456 3471 I Gecko :
04-17 01:27:17.372 3456 3471 I Gecko : {"action":"log","time":1744853237372,"thread":null,"pid":null,"source":"reftest","level":"DEBUG","message":"Loading a blank page"}
04-17 01:27:17.393 3488 3504 W Web Content: [JavaScript Warning: "This page is in Quirks Mode. Page layout may be impacted. For Standards Mode use “”." {file: "data:text/html;charset=UTF-8,%3C%21%2D%2DCLEAR%2D%2D%3E" line: 0}]
04-17 01:27:17.400 3456 3471 D GeckoViewContent: handleEvent: pagetitlechanged
04-17 01:27:17.410 3456 3471 I Gecko :
04-17 01:27:17.410 3456 3471 I Gecko : {"action":"assertion_count","time":1744853237410,"thread":null,"pid":null,"source":"reftest","test":"layout/reftests/bugs/234686-18.html == layout/reftests/bugs/234686-ref.html","min_expected":0,"max_expected":0,"count":0}
04-17 01:27:17.411 3456 3471 I Gecko :
04-17 01:27:17.411 3456 3471 I Gecko : {"action":"test_start","time":1744853237411,"thread":null,"pid":null,"source":"reftest","test":"layout/reftests/bugs/234686-19.html == layout/reftests/bugs/234686-ref.html"}
04-17 01:27:17.412 3456 3471 I Gecko : REFTEST TEST-LOAD | http://10.0.2.2:8854/tests/layout/reftests/bugs/234686-19.html | 233 / 2088 (11%)
04-17 01:27:17.412 3456 3471 I Gecko :
04-17 01:27:17.412 3456 3471 I Gecko : {"action":"log","time":1744853237412,"thread":null,"pid":null,"source":"reftest","level":"DEBUG","message":"START http://10.0.2.2:8854/tests/layout/reftests/bugs/234686-19.html"}
04-17 01:27:17.440 3538 3569 E eglCodecCommon: glUtilsParamSize: unknow param 0x00008caa
04-17 01:27:17.475 3456 3471 D GeckoViewContent: handleEvent: pagetitlechanged
04-17 01:27:17.502 3456 3471 I Gecko :
04-17 01:27:17.502 3456 3471 I Gecko : {"action":"log","time":1744853237502,"thread":null,"pid":null,"source":"reftest","level":"DEBUG","message":"[CONTENT] OnDocumentLoad triggering AfterOnLoadScripts"}
04-17 01:27:17.540 3538 3569 E eglCodecCommon: glUtilsParamSize: unknow param 0x00008caa
04-17 01:27:17.638 3538 3569 E eglCodecCommon: glUtilsParamSize: unknow param 0x00008caa
04-17 01:27:17.652 3456 3471 I Gecko :
04-17 01:27:17.652 3456 3471 I Gecko : {"action":"log","time":1744853237652,"thread":null,"pid":null,"source":"reftest","level":"DEBUG","message":"Initializing canvas snapshot"}
04-17 01:27:17.652 3456 3471 I Gecko :
04-17 01:27:17.652 3456 3471 I Gecko : {"action":"log","time":1744853237652,"thread":null,"pid":null,"source":"reftest","level":"DEBUG","message":"DoDrawWindow 0,0,800,1000"}
04-17 01:27:17.788 3538 3569 E eglCodecCommon: glUtilsParamSize: unknow param 0x00008caa
04-17 01:27:17.877 3538 3569 E eglCodecCommon: glUtilsParamSize: unknow param 0x00008caa
04-17 01:27:17.962 3538 3569 E eglCodecCommon: glUtilsParamSize: unknow param 0x00008caa
04-17 01:27:18.043 3538 3569 E eglCodecCommon: glUtilsParamSize: unknow param 0x00000d02
04-17 01:27:18.053 3538 3569 E eglCodecCommon: glUtilsParamSize: unknow param 0x00008caa
04-17 01:27:18.088 3456 3471 I Gecko :
04-17 01:27:18.088 3456 3471 I Gecko : {"action":"log","time":1744853238088,"thread":null,"pid":null,"source":"reftest","level":"DEBUG","message":"[CONTENT] RecordResult fired"}
04-17 01:27:18.089 3456 3471 I Gecko :
04-17 01:27:18.089 3456 3471 I Gecko : {"action":"log","time":1744853238089,"thread":null,"pid":null,"source":"reftest","level":"DEBUG","message":"RecordResult fired"}
04-17 01:27:18.090 3456 3471 I Gecko :
04-17 01:27:18.090 3456 3471 I Gecko : {"action":"log","time":1744853238090,"thread":null,"pid":null,"source":"reftest","level":"DEBUG","message":"RecordResult fired"}
04-17 01:27:18.092 3456 3471 I Gecko :
04-17 01:27:18.092 3456 3471 I Gecko : {"action":"test_status","time":1744853238092,"thread":null,"pid":null,"source":"reftest","test":"layout/reftests/bugs/234686-19.html == layout/reftests/bugs/234686-ref.html","subtest":"image comparison, max difference: 0, number of differing pixels: 0","status":"PASS","extra":{"status_msg":"Pass","modifiers":["==","234686-19.html","234686-ref.html"]}}
04-17 01:27:18.092 3456 3471 I Gecko :
04-17 01:27:18.092 3456 3471 I Gecko : {"action":"test_end","time":1744853238092,"thread":null,"pid":null,"source":"reftest","test":"layout/reftests/bugs/234686-19.html == layout/reftests/bugs/234686-ref.html","status":"OK"}
04-17 01:27:18.093 3456 3471 I Gecko :
04-17 01:27:18.093 3456 3471 I Gecko : {"action":"log","time":1744853238093,"thread":null,"pid":null,"source":"reftest","level":"DEBUG","message":"Loading a blank page"}
04-17 01:27:18.114 3488 3504 W Web Content: [JavaScript Warning: "This page is in Quirks Mode. Page layout may be impacted. For Standards Mode use “”." {file: "data:text/html;charset=UTF-8,%3C%21%2D%2DCLEAR%2D%2D%3E" line: 0}]
04-17 01:27:18.119 3456 3471 D GeckoViewContent: handleEvent: pagetitlechanged
04-17 01:27:18.128 3456 3471 I Gecko :
04-17 01:27:18.128 3456 3471 I Gecko : {"action":"assertion_count","time":1744853238128,"thread":null,"pid":null,"source":"reftest","test":"layout/reftests/bugs/234686-19.html == layout/reftests/bugs/234686-ref.html","min_expected":0,"max_expected":0,"count":0}
04-17 01:27:18.129 3456 3471 I Gecko :
04-17 01:27:18.129 3456 3471 I Gecko : {"action":"test_start","time":1744853238129,"thread":null,"pid":null,"source":"reftest","test":"layout/reftests/bugs/234964-1.html == layout/reftests/bugs/234964-1-ref.html"}
04-17 01:27:18.129 3456 3471 I Gecko : REFTEST TEST-LOAD | http://10.0.2.2:8854/tests/layout/reftests/bugs/234964-1.html | 234 / 2088 (11%)
04-17 01:27:18.129 3456 3471 I Gecko :
04-17 01:27:18.129 3456 3471 I Gecko : {"action":"log","time":1744853238129,"thread":null,"pid":null,"source":"reftest","level":"DEBUG","message":"START http://10.0.2.2:8854/tests/layout/reftests/bugs/234964-1.html"}
04-17 01:27:18.156 3538 3569 E eglCodecCommon: glUtilsParamSize: unknow param 0x00008caa
04-17 01:27:18.164 3488 3504 W Web Content: [JavaScript Warning: "This page is in Quirks Mode. Page layout may be impacted. For Standards Mode use “”." {file: "http://10.0.2.2:8854/tests/layout/reftests/bugs/234964-1.html" line: 0}]
04-17 01:27:18.184 3456 3471 D GeckoViewContent: handleEvent: pagetitlechanged
04-17 01:27:18.205 3488 3504 I Gecko : [Child 3488, Main Thread] WARNING: NS_ENSURE_SUCCESS(rv, rv) failed with result 0x80520012 (NS_ERROR_FILE_NOT_FOUND): file /builds/worker/checkouts/gecko/js/xpconnect/loader/mozJSModuleLoader.cpp:672
04-17 01:27:18.205 3488 3504 I Gecko : [Child 3488, Main Thread] WARNING: NS_ENSURE_SUCCESS(rv, rv) failed with result 0x80520012 (NS_ERROR_FILE_NOT_FOUND): file /builds/worker/checkouts/gecko/js/loader/ModuleLoaderBase.cpp:504
04-17 01:27:18.207 3456 3471 I Gecko :
04-17 01:27:18.207 3456 3471 I Gecko : {"action":"log","time":1744853238206,"thread":null,"pid":null,"source":"reftest","level":"DEBUG","message":"[CONTENT] OnDocumentLoad triggering WaitForTestEnd"}
04-17 01:27:18.207 3456 3471 I Gecko :
04-17 01:27:18.207 3456 3471 I Gecko : {"action":"log","time":1744853238207,"thread":null,"pid":null,"source":"reftest","level":"DEBUG","message":"[CONTENT] WaitForTestEnd: Adding listeners"}
04-17 01:27:18.220 3456 3471 I Gecko :
04-17 01:27:18.220 3456 3471 I Gecko : {"action":"log","time":1744853238220,"thread":null,"pid":null,"source":"reftest","level":"DEBUG","message":"Initializing canvas snapshot"}
04-17 01:27:18.221 3456 3471 I Gecko :
04-17 01:27:18.221 3456 3471 I Gecko : {"action":"log","time":1744853238221,"thread":null,"pid":null,"source":"reftest","level":"DEBUG","message":"DoDrawWindow 0,0,800,1000"}
04-17 01:27:18.250 3538 3569 E eglCodecCommon: glUtilsParamSize: unknow param 0x00008caa
04-17 01:27:18.751 3538 3569 E eglCodecCommon: glUtilsParamSize: unknow param 0x00008caa
04-17 01:27:18.946 3538 3569 E eglCodecCommon: glUtilsParamSize: unknow param 0x00008caa
04-17 01:27:19.057 3538 3569 E eglCodecCommon: glUtilsParamSize: unknow param 0x00008caa
04-17 01:27:19.162 3538 3569 E eglCodecCommon: glUtilsParamSize: unknow param 0x00000d02
04-17 01:27:19.174 3538 3569 E eglCodecCommon: glUtilsParamSize: unknow param 0x00008caa
04-17 01:27:19.224 3456 3471 I Gecko :
04-17 01:27:19.224 3456 3471 I Gecko : {"action":"log","time":1744853239224,"thread":null,"pid":null,"source":"reftest","level":"DEBUG","message":"[CONTENT] AfterPaintListener in http://10.0.2.2:8854/tests/layout/reftests/bugs/234964-1.html"}
04-17 01:27:19.225 3456 3471 I Gecko :
04-17 01:27:19.225 3456 3471 I Gecko : {"action":"log","time":1744853239225,"thread":null,"pid":null,"source":"reftest","level":"DEBUG","message":"[CONTENT] AfterPaintListener in http://10.0.2.2:8854/tests/layout/reftests/bugs/234964-1.html"}
04-17 01:27:19.227 3456 3471 I Gecko :
04-17 01:27:19.227 3456 3471 I Gecko : {"action":"log","time":1744853239227,"thread":null,"pid":null,"source":"reftest","level":"DEBUG","message":"[CONTENT] MakeProgress"}
04-17 01:27:19.235 3456 3471 I Gecko :
04-17 01:27:19.235 3456 3471 I Gecko : {"action":"log","time":1744853239235,"thread":null,"pid":null,"source":"reftest","level":"DEBUG","message":"[CONTENT] MakeProgress: STATE_WAITING_TO_FIRE_INVALIDATE_EVENT"}
04-17 01:27:19.236 3456 3471 I Gecko :
04-17 01:27:19.236 3456 3471 I Gecko : {"action":"log","time":1744853239236,"thread":null,"pid":null,"source":"reftest","level":"DEBUG","message":"[CONTENT] MakeProgress: waiting for updateCanvasPending"}
04-17 01:27:19.237 3456 3471 I Gecko :
04-17 01:27:19.237 3456 3471 I Gecko : {"action":"log","time":1744853239237,"thread":null,"pid":null,"source":"reftest","level":"DEBUG","message":"[CONTENT] HandlePendingTasksAfterMakeProgress updating canvas"}
04-17 01:27:19.237 3456 3471 I Gecko :
04-17 01:27:19.237 3456 3471 I Gecko : {"action":"log","time":1744853239237,"thread":null,"pid":null,"source":"reftest","level":"DEBUG","message":"[CONTENT] Sending update whole canvas for invalidation"}
04-17 01:27:19.247 3456 3471 I Gecko :
04-17 01:27:19.247 3456 3471 I Gecko : {"action":"log","time":1744853239247,"thread":null,"pid":null,"source":"reftest","level":"DEBUG","message":"Updating entire canvas for invalidation"}
04-17 01:27:19.247 3456 3471 I Gecko :
04-17 01:27:19.247 3456 3471 I Gecko : {"action":"log","time":1744853239247,"thread":null,"pid":null,"source":"reftest","level":"DEBUG","message":"DoDrawWindow 0,0,800,1000"}
04-17 01:27:19.299 3538 3569 E eglCodecCommon: glUtilsParamSize: unknow param 0x00008caa
04-17 01:27:19.397 3538 3569 E eglCodecCommon: glUtilsParamSize: unknow param 0x00008caa
04-17 01:27:19.493 3538 3569 E eglCodecCommon: glUtilsParamSize: unknow param 0x00008caa
04-17 01:27:19.588 3538 3569 E eglCodecCommon: glUtilsParamSize: unknow param 0x00008caa
04-17 01:27:19.676 3538 3569 E eglCodecCommon: glUtilsParamSize: unknow param 0x00000d02
04-17 01:27:19.693 3538 3569 E eglCodecCommon: glUtilsParamSize: unknow param 0x00008caa
04-17 01:27:19.722 3456 3471 I Gecko :
04-17 01:27:19.722 3456 3471 I Gecko : {"action":"log","time":1744853239722,"thread":null,"pid":null,"source":"reftest","level":"DEBUG","message":"[CONTENT] MakeProgress"}
04-17 01:27:19.730 3456 3471 I Gecko :
04-17 01:27:19.730 3456 3471 I Gecko : {"action":"log","time":1744853239730,"thread":null,"pid":null,"source":"reftest","level":"DEBUG","message":"[CONTENT] MakeProgress: STATE_WAITING_TO_FIRE_INVALIDATE_EVENT"}
04-17 01:27:19.731 3456 3471 I Gecko :
04-17 01:27:19.731 3456 3471 I Gecko : {"action":"log","time":1744853239731,"thread":null,"pid":null,"source":"reftest","level":"DEBUG","message":"[CONTENT] MakeProgress: dispatching MozReftestInvalidate"}
04-17 01:27:19.732 3456 3471 I Gecko :
04-17 01:27:19.732 3456 3471 I Gecko : {"action":"log","time":1744853239732,"thread":null,"pid":null,"source":"reftest","level":"DEBUG","message":"[CONTENT] MakeProgress"}
04-17 01:27:19.747 3456 3471 I Gecko :
04-17 01:27:19.747 3456 3471 I Gecko : {"action":"log","time":1744853239747,"thread":null,"pid":null,"source":"reftest","level":"DEBUG","message":"[CONTENT] MakeProgress: STATE_WAITING_FOR_REFTEST_WAIT_REMOVAL"}
04-17 01:27:19.747 3456 3471 I Gecko :
04-17 01:27:19.747 3456 3471 I Gecko : {"action":"log","time":1744853239747,"thread":null,"pid":null,"source":"reftest","level":"DEBUG","message":"[CONTENT] MakeProgress"}
04-17 01:27:19.764 3456 3471 I Gecko :
04-17 01:27:19.764 3456 3471 I Gecko : {"action":"log","time":1744853239764,"thread":null,"pid":null,"source":"reftest","level":"DEBUG","message":"[CONTENT] MakeProgress: STATE_WAITING_FOR_SPELL_CHECKS"}
04-17 01:27:19.765 3456 3471 I Gecko :
04-17 01:27:19.765 3456 3471 I Gecko : {"action":"log","time":1744853239765,"thread":null,"pid":null,"source":"reftest","level":"DEBUG","message":"[CONTENT] MakeProgress: STATE_WAITING_FOR_APZ_FLUSH"}
04-17 01:27:19.766 3456 3471 I Gecko :
04-17 01:27:19.766 3456 3471 I Gecko : {"action":"log","time":1744853239766,"thread":null,"pid":null,"source":"reftest","level":"DEBUG","message":"[CONTENT] MakeProgress: done requesting APZ flush"}
04-17 01:27:19.777 3456 3471 I Gecko :
04-17 01:27:19.777 3456 3471 I Gecko : {"action":"log","time":1744853239777,"thread":null,"pid":null,"source":"reftest","level":"DEBUG","message":"[CONTENT] MakeProgress: apz-repaints-flushed fired"}
04-17 01:27:19.778 3456 3471 I Gecko :
04-17 01:27:19.778 3456 3471 I Gecko : {"action":"log","time":1744853239778,"thread":null,"pid":null,"source":"reftest","level":"DEBUG","message":"[CONTENT] MakeProgress"}
04-17 01:27:19.781 3456 3471 I Gecko :
04-17 01:27:19.781 3456 3471 I Gecko : {"action":"log","time":1744853239780,"thread":null,"pid":null,"source":"reftest","level":"DEBUG","message":"[CONTENT] MakeProgress: STATE_WAITING_TO_FINISH"}
04-17 01:27:19.782 3456 3471 I Gecko :
04-17 01:27:19.782 3456 3471 I Gecko : {"action":"log","time":1744853239782,"thread":null,"pid":null,"source":"reftest","level":"DEBUG","message":"[CONTENT] MakeProgress: waiting for MozAfterPaint"}
04-17 01:27:19.782 3456 3471 I Gecko :
04-17 01:27:19.782 3456 3471 I Gecko : {"action":"log","time":1744853239782,"thread":null,"pid":null,"source":"reftest","level":"DEBUG","message":"[CONTENT] HandlePendingTasksAfterMakeProgress waiting for a MozAfterPaint"}
04-17 01:27:19.800 3538 3569 E eglCodecCommon: glUtilsParamSize: unknow param 0x00008caa
04-17 01:27:19.893 3456 3471 I Gecko :
04-17 01:27:19.893 3456 3471 I Gecko : {"action":"log","time":1744853239893,"thread":null,"pid":null,"source":"reftest","level":"DEBUG","message":"[CONTENT] AfterPaintListener in http://10.0.2.2:8854/tests/layout/reftests/bugs/234964-1.html"}
04-17 01:27:19.894 3456 3471 I Gecko :
04-17 01:27:19.894 3456 3471 I Gecko : {"action":"log","time":1744853239894,"thread":null,"pid":null,"source":"reftest","level":"DEBUG","message":"[CONTENT] HandlePendingTasksAfterMakeProgress updating canvas"}
04-17 01:27:19.895 3456 3471 I Gecko :
04-17 01:27:19.895 3456 3471 I Gecko : {"action":"log","time":1744853239895,"thread":null,"pid":null,"source":"reftest","level":"DEBUG","message":"[CONTENT] Sending update whole canvas for invalidation"}
04-17 01:27:19.904 3456 3471 I Gecko :
04-17 01:27:19.904 3456 3471 I Gecko : {"action":"log","time":1744853239904,"thread":null,"pid":null,"source":"reftest","level":"DEBUG","message":"Updating entire canvas for invalidation"}
04-17 01:27:19.904 3456 3471 I Gecko :
04-17 01:27:19.904 3456 3471 I Gecko : {"action":"log","time":1744853239904,"thread":null,"pid":null,"source":"reftest","level":"DEBUG","message":"DoDrawWindow 0,0,800,1000"}
04-17 01:27:19.911 3538 3569 E eglCodecCommon: glUtilsParamSize: unknow param 0x00008caa
04-17 01:27:20.003 3538 3569 E eglCodecCommon: glUtilsParamSize: unknow param 0x00008caa
04-17 01:27:20.092 3538 3569 E eglCodecCommon: glUtilsParamSize: unknow param 0x00008caa
04-17 01:27:20.180 3538 3569 E eglCodecCommon: glUtilsParamSize: unknow param 0x00000d02
04-17 01:27:20.189 3538 3569 E eglCodecCommon: glUtilsParamSize: unknow param 0x00008caa
04-17 01:27:20.222 3456 3471 I Gecko :
04-17 01:27:20.222 3456 3471 I Gecko : {"action":"log","time":1744853240222,"thread":null,"pid":null,"source":"reftest","level":"DEBUG","message":"[CONTENT] MakeProgress"}
04-17 01:27:20.223 3456 3471 I Gecko :
04-17 01:27:20.223 3456 3471 I Gecko : {"action":"log","time":1744853240223,"thread":null,"pid":null,"source":"reftest","level":"DEBUG","message":"[CONTENT] MakeProgress: STATE_WAITING_TO_FINISH"}
04-17 01:27:20.224 3456 3471 I Gecko :
04-17 01:27:20.224 3456 3471 I Gecko : {"action":"log","time":1744853240224,"thread":null,"pid":null,"source":"reftest","level":"DEBUG","message":"[CONTENT] MakeProgress: Completed"}
04-17 01:27:20.225 3456 3471 I Gecko :
04-17 01:27:20.225 3456 3471 I Gecko : {"action":"log","time":1744853240225,"thread":null,"pid":null,"source":"reftest","level":"DEBUG","message":"[CONTENT] RecordResult fired"}
04-17 01:27:20.226 3456 3471 I Gecko :
04-17 01:27:20.226 3456 3471 I Gecko : {"action":"log","time":1744853240226,"thread":null,"pid":null,"source":"reftest","level":"DEBUG","message":"RecordResult fired"}
04-17 01:27:20.226 3456 3471 I Gecko : REFTEST TEST-LOAD | http://10.0.2.2:8854/tests/layout/reftests/bugs/234964-1-ref.html | 234 / 2088 (11%)
04-17 01:27:20.227 3456 3471 I Gecko :
04-17 01:27:20.227 3456 3471 I Gecko : {"action":"log","time":1744853240226,"thread":null,"pid":null,"source":"reftest","level":"DEBUG","message":"START http://10.0.2.2:8854/tests/layout/reftests/bugs/234964-1-ref.html"}
04-17 01:27:20.264 3488 3504 W Web Content: [JavaScript Warning: "This page is in Quirks Mode. Page layout may be impacted. For Standards Mode use “”." {file: "http://10.0.2.2:8854/tests/layout/reftests/bugs/234964-1-ref.html" line: 0}]
04-17 01:27:20.273 3456 3471 D GeckoViewContent: handleEvent: pagetitlechanged
04-17 01:27:20.289 3456 3471 I Gecko :
04-17 01:27:20.289 3456 3471 I Gecko : {"action":"log","time":1744853240289,"thread":null,"pid":null,"source":"reftest","level":"DEBUG","message":"[CONTENT] OnDocumentLoad triggering WaitForTestEnd"}
04-17 01:27:20.295 3488 3504 I Gecko : [Child 3488, Main Thread] WARNING: NS_ENSURE_SUCCESS(rv, rv) failed with result 0x80520012 (NS_ERROR_FILE_NOT_FOUND): file /builds/worker/checkouts/gecko/js/xpconnect/loader/mozJSModuleLoader.cpp:672
04-17 01:27:20.295 3488 3504 I Gecko : [Child 3488, Main Thread] WARNING: NS_ENSURE_SUCCESS(rv, rv) failed with result 0x80520012 (NS_ERROR_FILE_NOT_FOUND): file /builds/worker/checkouts/gecko/js/loader/ModuleLoaderBase.cpp:504
04-17 01:27:20.295 3456 3471 I Gecko :
04-17 01:27:20.295 3456 3471 I Gecko : {"action":"log","time":1744853240295,"thread":null,"pid":null,"source":"reftest","level":"DEBUG","message":"[CONTENT] WaitForTestEnd: Adding listeners"}
04-17 01:27:20.303 3538 3569 E eglCodecCommon: glUtilsParamSize: unknow param 0x00008caa
04-17 01:27:20.305 3456 3471 I Gecko :
04-17 01:27:20.305 3456 3471 I Gecko : {"action":"log","time":1744853240305,"thread":null,"pid":null,"source":"reftest","level":"DEBUG","message":"[CONTENT] AfterPaintListener in http://10.0.2.2:8854/tests/layout/reftests/bugs/234964-1-ref.html"}
04-17 01:27:20.306 3456 3471 I Gecko :
04-17 01:27:20.306 3456 3471 I Gecko : {"action":"log","time":1744853240306,"thread":null,"pid":null,"source":"reftest","level":"DEBUG","message":"Initializing canvas snapshot"}
04-17 01:27:20.307 3456 3471 I Gecko :
04-17 01:27:20.307 3456 3471 I Gecko : {"action":"log","time":1744853240306,"thread":null,"pid":null,"source":"reftest","level":"DEBUG","message":"DoDrawWindow 0,0,800,1000"}
04-17 01:27:20.402 3538 3569 E eglCodecCommon: glUtilsParamSize: unknow param 0x00008caa
04-17 01:27:20.502 3538 3569 E eglCodecCommon: glUtilsParamSize: unknow param 0x00008caa
04-17 01:27:20.597 3538 3569 E eglCodecCommon: glUtilsParamSize: unknow param 0x00008caa
04-17 01:27:20.689 3538 3569 E eglCodecCommon: glUtilsParamSize: unknow param 0x00008caa
04-17 01:27:20.776 3538 3569 E eglCodecCommon: glUtilsParamSize: unknow param 0x00000d02
04-17 01:27:20.785 3538 3569 E eglCodecCommon: glUtilsParamSize: unknow param 0x00008caa
04-17 01:27:20.813 3456 3471 I Gecko :
04-17 01:27:20.813 3456 3471 I Gecko : {"action":"log","time":1744853240813,"thread":null,"pid":null,"source":"reftest","level":"DEBUG","message":"[CONTENT] MakeProgress"}
04-17 01:27:20.824 3456 3471 I Gecko :
04-17 01:27:20.824 3456 3471 I Gecko : {"action":"log","time":1744853240823,"thread":null,"pid":null,"source":"reftest","level":"DEBUG","message":"[CONTENT] MakeProgress: STATE_WAITING_TO_FIRE_INVALIDATE_EVENT"}
04-17 01:27:20.824 3456 3471 I Gecko :
04-17 01:27:20.824 3456 3471 I Gecko : {"action":"log","time":1744853240824,"thread":null,"pid":null,"source":"reftest","level":"DEBUG","message":"[CONTENT] MakeProgress: waiting for updateCanvasPending"}
04-17 01:27:20.825 3456 3471 I Gecko :
04-17 01:27:20.825 3456 3471 I Gecko : {"action":"log","time":1744853240825,"thread":null,"pid":null,"source":"reftest","level":"DEBUG","message":"[CONTENT] HandlePendingTasksAfterMakeProgress updating canvas"}
04-17 01:27:20.826 3456 3471 I Gecko :
04-17 01:27:20.826 3456 3471 I Gecko : {"action":"log","time":1744853240826,"thread":null,"pid":null,"source":"reftest","level":"DEBUG","message":"[CONTENT] Sending update whole canvas for invalidation"}
04-17 01:27:20.834 3456 3471 I Gecko :
04-17 01:27:20.834 3456 3471 I Gecko : {"action":"log","time":1744853240834,"thread":null,"pid":null,"source":"reftest","level":"DEBUG","message":"Updating entire canvas for invalidation"}
04-17 01:27:20.835 3456 3471 I Gecko :
04-17 01:27:20.835 3456 3471 I Gecko : {"action":"log","time":1744853240835,"thread":null,"pid":null,"source":"reftest","level":"DEBUG","message":"DoDrawWindow 0,0,800,1000"}
04-17 01:27:20.885 3538 3569 E eglCodecCommon: glUtilsParamSize: unknow param 0x00008caa
04-17 01:27:20.972 3538 3569 E eglCodecCommon: glUtilsParamSize: unknow param 0x00008caa
04-17 01:27:21.066 3538 3569 E eglCodecCommon: glUtilsParamSize: unknow param 0x00008caa
04-17 01:27:21.160 3538 3569 E eglCodecCommon: glUtilsParamSize: unknow param 0x00000d02
04-17 01:27:21.168 3538 3569 E eglCodecCommon: glUtilsParamSize: unknow param 0x00008caa
04-17 01:27:21.198 3456 3471 I Gecko :
04-17 01:27:21.198 3456 3471 I Gecko : {"action":"log","time":1744853241198,"thread":null,"pid":null,"source":"reftest","level":"DEBUG","message":"[CONTENT] MakeProgress"}
04-17 01:27:21.206 3456 3471 I Gecko :
04-17 01:27:21.206 3456 3471 I Gecko : {"action":"log","time":1744853241206,"thread":null,"pid":null,"source":"reftest","level":"DEBUG","message":"[CONTENT] MakeProgress: STATE_WAITING_TO_FIRE_INVALIDATE_EVENT"}
04-17 01:27:21.207 3456 3471 I Gecko :
04-17 01:27:21.207 3456 3471 I Gecko : {"action":"log","time":1744853241207,"thread":null,"pid":null,"source":"reftest","level":"DEBUG","message":"[CONTENT] MakeProgress: dispatching MozReftestInvalidate"}
04-17 01:27:21.208 3456 3471 I Gecko :
04-17 01:27:21.208 3456 3471 I Gecko : {"action":"log","time":1744853241208,"thread":null,"pid":null,"source":"reftest","level":"DEBUG","message":"[CONTENT] MakeProgress"}
04-17 01:27:21.216 3456 3471 I Gecko :
04-17 01:27:21.216 3456 3471 I Gecko : {"action":"log","time":1744853241215,"thread":null,"pid":null,"source":"reftest","level":"DEBUG","message":"[CONTENT] MakeProgress: STATE_WAITING_FOR_REFTEST_WAIT_REMOVAL"}
04-17 01:27:21.217 3456 3471 I Gecko :
04-17 01:27:21.217 3456 3471 I Gecko : {"action":"log","time":1744853241217,"thread":null,"pid":null,"source":"reftest","level":"DEBUG","message":"[CONTENT] MakeProgress"}
04-17 01:27:21.232 3456 3471 I Gecko :
04-17 01:27:21.232 3456 3471 I Gecko : {"action":"log","time":1744853241232,"thread":null,"pid":null,"source":"reftest","level":"DEBUG","message":"[CONTENT] MakeProgress: STATE_WAITING_FOR_SPELL_CHECKS"}
04-17 01:27:21.233 3456 3471 I Gecko :
04-17 01:27:21.233 3456 3471 I Gecko : {"action":"log","time":1744853241233,"thread":null,"pid":null,"source":"reftest","level":"DEBUG","message":"[CONTENT] MakeProgress: STATE_WAITING_FOR_APZ_FLUSH"}
04-17 01:27:21.234 3456 3471 I Gecko :
04-17 01:27:21.234 3456 3471 I Gecko : {"action":"log","time":1744853241234,"thread":null,"pid":null,"source":"reftest","level":"DEBUG","message":"[CONTENT] MakeProgress: done requesting APZ flush"}
04-17 01:27:21.244 3456 3471 I Gecko :
04-17 01:27:21.244 3456 3471 I Gecko : {"action":"log","time":1744853241244,"thread":null,"pid":null,"source":"reftest","level":"DEBUG","message":"[CONTENT] MakeProgress: apz-repaints-flushed fired"}
04-17 01:27:21.246 3456 3471 I Gecko :
04-17 01:27:21.246 3456 3471 I Gecko : {"action":"log","time":1744853241245,"thread":null,"pid":null,"source":"reftest","level":"DEBUG","message":"[CONTENT] MakeProgress"}
