--------- beginning of main
04-17 01:22:41.380 1285 1285 W auditd : type=2000 audit(0.0:1): initialized
04-17 01:22:42.330 1285 1285 I auditd : type=1403 audit(0.0:2): policy loaded auid=4294967295 ses=4294967295
04-17 01:22:43.463 1294 1294 I : debuggerd: starting
04-17 01:22:43.498 1293 1293 I : debuggerd: starting --------- beginning of system
04-17 01:22:43.529 1295 1295 I vold : Vold 3.0 (the awakening) firing up
04-17 01:22:43.529 1295 1295 V vold : Detected support for: ext4 vfat
04-17 01:22:43.806 1295 1328 D vold : e4crypt_init_user0
04-17 01:22:43.806 1295 1328 D vold : e4crypt_prepare_user_storage for volume null, user 0, serial 0, flags 1
04-17 01:22:43.806 1295 1328 D vold : Preparing: /data/system/users/0
04-17 01:22:43.806 1295 1328 D vold : Preparing: /data/misc/profiles/cur/0
04-17 01:22:43.807 1295 1328 D vold : Preparing: /data/misc/profiles/cur/0/foreign-dex
04-17 01:22:43.807 1295 1328 D vold : Preparing: /data/system_de/0
04-17 01:22:43.808 1295 1328 D vold : Preparing: /data/misc_de/0
04-17 01:22:43.808 1295 1328 D vold : Preparing: /data/user_de/0
04-17 01:22:43.809 1295 1328 D vold : e4crypt_unlock_user_key 0 serial=0 token_present=0
04-17 01:22:43.811 1 1 I vdc : 200 1296 Command succeeded
04-17 01:22:43.824 1329 1329 I /system/bin/tzdatacheck: tzdata file /data/misc/zoneinfo/current/tzdata does not exist. No action required.
04-17 01:22:43.907 1333 1333 I qemu-props: connected to 'boot-properties' qemud service.
04-17 01:22:43.908 1333 1333 I qemu-props: receiving..
04-17 01:22:43.908 1333 1333 I qemu-props: received: qemu.cmdline=androidboot.logcat=*:V androidboot.consolepipe=qemu_pipe,pipe:logcat
04-17 01:22:43.914 1333 1333 I qemu-props: receiving..
04-17 01:22:43.914 1333 1333 I qemu-props: received: qemu.logcat=start
04-17 01:22:43.919 1334 1334 I lowmemorykiller: Using in-kernel low memory killer interface
04-17 01:22:43.922 1333 1333 I qemu-props: receiving..
04-17 01:22:43.923 1333 1333 I qemu-props: received: ro.opengles.version=196608
04-17 01:22:43.923 1333 1333 I qemu-props: receiving..
04-17 01:22:43.923 1333 1333 I qemu-props: received: qemu.sf.fake_camera=back
04-17 01:22:43.923 1333 1333 I qemu-props: receiving..
04-17 01:22:43.924 1333 1333 I qemu-props: received: dalvik.vm.heapsize=576m
04-17 01:22:43.924 1333 1333 I qemu-props: receiving..
04-17 01:22:43.924 1333 1333 I qemu-props: received: qemu.hw.mainkeys=1
04-17 01:22:43.925 1333 1333 I qemu-props: receiving..
04-17 01:22:43.925 1333 1333 I qemu-props: received: qemu.sf.lcd_density=320
04-17 01:22:43.925 1333 1333 I qemu-props: receiving..
04-17 01:22:43.925 1333 1333 I qemu-props: received: ro.test_harness=true
04-17 01:22:43.926 1333 1333 I qemu-props: receiving..
04-17 01:22:43.926 1333 1333 I qemu-props: received: qemu.timezone=Etc/UTC
04-17 01:22:43.926 1333 1333 I qemu-props: receiving..
04-17 01:22:43.926 1333 1333 I qemu-props: exiting (9 properties set).
04-17 01:22:44.191 1347 1347 I mediacodec: @@@ mediacodecservice starting
04-17 01:22:44.192 1347 1347 W : No seccomp filter defined for this architecture.
04-17 01:22:44.195 1345 1345 I : installd firing up
04-17 01:22:44.196 1343 1343 I cameraserver: ServiceManager: 0xed09af80
04-17 01:22:44.197 1343 1343 I CameraService: CameraService started (pid=1343)
04-17 01:22:44.197 1343 1343 I CameraService: CameraService process starting
04-17 01:22:44.197 1343 1343 W BatteryNotifier: batterystats service unavailable!
04-17 01:22:44.197 1343 1343 W BatteryNotifier: batterystats service unavailable!
04-17 01:22:44.207 1349 1349 V MediaUtils: physMem: 3152834560
04-17 01:22:44.207 1349 1349 V MediaUtils: requested limit: 630566900
04-17 01:22:44.207 1349 1349 V MediaUtils: actual limit: 630566900
04-17 01:22:44.207 1349 1349 V MediaUtils: original limits: 4294967295/4294967295
04-17 01:22:44.207 1349 1349 V MediaUtils: new limits: 630566900/4294967295
04-17 01:22:44.207 1349 1349 W /system/bin/mediaextractor: libminijail: allowing syscall: socketcall
04-17 01:22:44.207 1349 1349 W /system/bin/mediaextractor: libminijail: allowing syscall: writev
04-17 01:22:44.207 1349 1349 W /system/bin/mediaextractor: libminijail: allowing syscall: fcntl64
04-17 01:22:44.207 1349 1349 W /system/bin/mediaextractor: libminijail: allowing syscall: clock_gettime
04-17 01:22:44.208 1349 1349 W /system/bin/mediaextractor: libminijail: logging seccomp filter failures
04-17 01:22:44.209 1354 1354 I fingerprintd: Starting fingerprintd
04-17 01:22:44.214 1342 1342 I : sMaxFastTracks = 8
04-17 01:22:44.214 1343 1343 D EmulatedCamera_QemuClient: Emulated camera list:
04-17 01:22:44.215 1343 1343 D EmulatedCamera_FakeCamera: Initialize: Fake camera is facing back
04-17 01:22:44.215 1343 1343 V EmulatedCamera_Device: initializeWhiteBalanceModes with auto, 1.000000, 1.000000
04-17 01:22:44.215 1343 1343 V EmulatedCamera_Device: initializeWhiteBalanceModes with incandescent, 1.380000, 0.600000
04-17 01:22:44.215 1343 1343 V EmulatedCamera_Device: initializeWhiteBalanceModes with daylight, 1.090000, 0.920000
04-17 01:22:44.215 1343 1343 V EmulatedCamera_Device: initializeWhiteBalanceModes with twilight, 0.920000, 1.220000
04-17 01:22:44.216 1343 1343 V EmulatedCamera_Device: setWhiteBalanceMode with white balance auto
04-17 01:22:44.216 1343 1343 E EmulatedCamera_Factory: 1 cameras are being emulated. 0 of them are fake cameras.
04-17 01:22:44.216 1343 1343 E EmulatedCamera_HotplugThread: createFileIfNotExists: Could not create file '/data/misc/media/emulator.camera.hotplug.0', error: 'Permission denied' (13)
04-17 01:22:44.216 1343 1343 I CameraService: Loaded "Emulated Camera Module" camera module
04-17 01:22:44.216 1343 1343 E CameraService: setUpVendorTags: Vendor tag operations not fully defined. Ignoring definitions.
04-17 01:22:44.216 1343 1343 V EmulatedCamera_Camera: getCameraInfo
04-17 01:22:44.216 1343 1343 V EmulatedCamera_BaseCamera: getCameraInfo
04-17 01:22:44.216 1343 1343 I CameraFlashlight: Opening camera 0
04-17 01:22:44.216 1343 1343 V EmulatedCamera_Camera: getCameraInfo
04-17 01:22:44.216 1343 1343 V EmulatedCamera_BaseCamera: getCameraInfo
04-17 01:22:44.216 1343 1343 V EmulatedCamera_Camera: connectCamera
04-17 01:22:44.216 1343 1343 V EmulatedCamera_FakeDevice: connectDevice
04-17 01:22:44.216 1343 1343 V EmulatedCamera_CallbackNotifier: setCallbacks: 0xedd2bd30, 0xedd2bd80, 0xedd2bea0, 0xedd2bfc0 (0xed0c30a0)
04-17 01:22:44.217 1343 1343 I ServiceManager: Waiting for service SurfaceFlinger...
04-17 01:22:44.224 1355 1355 I gatekeeperd: Starting gatekeeperd...
04-17 01:22:44.224 1359 1359 I audioserver: ServiceManager: 0xeec1af80
04-17 01:22:44.224 1359 1359 W BatteryNotifier: batterystats service unavailable!
04-17 01:22:44.225 1359 1359 I AudioFlinger: Using default 3000 mSec as standby time.
04-17 01:22:44.225 1359 1359 I AudioPolicyService: AudioPolicyService CSTOR in new mode
04-17 01:22:44.228 1359 1359 I APM::ConfigParsingUtils: loadAudioPolicyConfig() loaded /system/etc/audio_policy.conf
04-17 01:22:44.232 1359 1359 D audio_hw_generic: Emulator host-side ALSA audio emulation detected.
04-17 01:22:44.232 1359 1359 D audio_hw_generic: mixer 0 name Master Playback Volume
04-17 01:22:44.232 1359 1359 D audio_hw_generic: set ctl 0 to 100
04-17 01:22:44.232 1359 1359 D audio_hw_generic: set ctl 1 to 100
04-17 01:22:44.233 1359 1359 D audio_hw_generic: mixer 1 name Master Playback Switch
04-17 01:22:44.233 1359 1359 D audio_hw_generic: set ctl 0 to 1
04-17 01:22:44.233 1359 1359 D audio_hw_generic: set ctl 1 to 1
04-17 01:22:44.233 1359 1359 D audio_hw_generic: mixer 2 name Capture Volume
04-17 01:22:44.233 1359 1359 D audio_hw_generic: set ctl 0 to 100
04-17 01:22:44.234 1359 1359 D audio_hw_generic: set ctl 1 to 100
04-17 01:22:44.234 1359 1359 D audio_hw_generic: mixer 3 name Capture Switch
04-17 01:22:44.234 1359 1359 D audio_hw_generic: set ctl 0 to 1
04-17 01:22:44.234 1359 1359 D audio_hw_generic: set ctl 1 to 1
04-17 01:22:44.234 1359 1359 D audio_hw_generic: mixer 4 name Line Phantom Jack
04-17 01:22:44.234 1359 1359 D audio_hw_generic: mixer 5 name Line Out Phantom Jack
04-17 01:22:44.234 1359 1359 D audio_hw_generic: mixer 6 name Playback Channel Map
04-17 01:22:44.234 1359 1359 D audio_hw_generic: mixer 7 name Capture Channel Map
04-17 01:22:44.234 1359 1359 I AudioFlinger: loadHwModule() Loaded primary audio interface from Generic audio HW HAL (audio) handle 10
04-17 01:22:44.235 1359 1359 I AudioFlinger: openOutput(), module 10 Device 2, SamplingRate 48000, Format 0x000001, Channels 3, flags 2
04-17 01:22:44.238 1359 1359 I AudioFlinger: HAL output buffer size 720 frames, normal sink buffer size 1152 frames
04-17 01:22:44.245 1359 1359 I BufferProvider: found effect "Multichannel Downmix To Stereo" from The Android Open Source Project
04-17 01:22:44.247 1359 1359 I AudioFlinger: Using module 10 has the primary audio interface
04-17 01:22:44.247 1359 1368 I AudioFlinger: AudioFlinger's thread 0xee683c80 ready to run
04-17 01:22:44.250 1359 1368 W BatteryNotifier: batterystats service unavailable!
04-17 01:22:44.251 1359 1368 W BatteryNotifier: batterystats service unavailable!
04-17 01:22:44.253 1359 1368 W BatteryNotifier: batterystats service unavailable!
04-17 01:22:44.253 1359 1368 W AudioFlinger: no wake lock to update, system not ready yet
04-17 01:22:44.253 1348 1348 I mediaserver: ServiceManager: 0xf01bc000
04-17 01:22:44.253 1350 1350 I mediaserver: ServiceManager: 0xee63c000
04-17 01:22:44.255 1350 1350 W BatteryNotifier: batterystats service unavailable!
04-17 01:22:44.265 1355 1355 W gatekeeperd: falling back to software GateKeeper
04-17 01:22:44.267 1359 1374 I AudioFlinger: AudioFlinger's thread 0xee183f40 ready to run
04-17 01:22:44.270 1359 1359 I r_submix: adev_open(name=audio_hw_if)
04-17 01:22:44.270 1359 1359 I r_submix: adev_init_check()
04-17 01:22:44.270 1359 1359 I AudioFlinger: loadHwModule() Loaded r_submix audio interface from Wifi Display audio HAL (audio) handle 18
04-17 01:22:44.270 1359 1359 D r_submix: adev_open_input_stream(addr=0)
04-17 01:22:44.270 1359 1359 D r_submix: submix_audio_device_create_pipe_l(addr=0, idx=9)
04-17 01:22:44.270 1359 1359 D r_submix: now using address 0 for route 9
04-17 01:22:44.271 1359 1376 I AudioFlinger: AudioFlinger's thread 0xee283c40 ready to run
04-17 01:22:44.271 1359 1359 D r_submix: adev_close_input_stream()
04-17 01:22:44.271 1359 1359 D r_submix: submix_audio_device_release_pipe_l(idx=9) addr=0
04-17 01:22:44.271 1359 1359 D r_submix: submix_audio_device_destroy_pipe_l(): pipe destroyed
04-17 01:22:44.272 1359 1359 I RadioService: RadioService
04-17 01:22:44.272 1359 1359 I RadioService: onFirstRef
04-17 01:22:44.272 1359 1359 E RadioService: couldn't load radio module radio.primary (No such file or directory)
04-17 01:22:44.272 1359 1359 E SoundTriggerHwService: couldn't load sound trigger module sound_trigger.primary (No such file or directory)
04-17 01:22:44.309 1375 1375 I perfprofd: starting Android Wide Profiling daemon
04-17 01:22:44.309 1375 1375 E perfprofd: unable to open configuration file /data/data/com.google.android.gms/files/perfprofd.conf
04-17 01:22:44.309 1375 1375 I perfprofd: random seed set to 3751119671
04-17 01:22:44.340 1346 1346 I keystore: Found keymaster0 module Keymaster OpenSSL HAL, version 2
04-17 01:22:44.341 1346 1346 I SoftKeymaster: system/keymaster/soft_keymaster_device.cpp, Line 131: Creating device
04-17 01:22:44.341 1346 1346 D SoftKeymaster: system/keymaster/soft_keymaster_device.cpp, Line 132: Device address: 0x7a2e7de3d000
04-17 01:22:44.341 1346 1346 I keystore: Keymaster0 module is software-only. Using SoftKeymasterDevice instead.
04-17 01:22:44.341 1346 1346 I SoftKeymaster: system/keymaster/soft_keymaster_device.cpp, Line 131: Creating device
04-17 01:22:44.341 1346 1346 D SoftKeymaster: system/keymaster/soft_keymaster_device.cpp, Line 132: Device address: 0x7a2e7de3d400
04-17 01:22:44.399 1351 1351 I Netd : Netd 1.0 starting
04-17 01:22:44.400 1351 1351 D TetherController: Setting IP forward enable = 0
04-17 01:22:44.410 1337 1337 I SurfaceFlinger: SurfaceFlinger is starting
04-17 01:22:44.410 1337 1337 I SurfaceFlinger: SurfaceFlinger's main thread ready to run. Initializing graphics H/W...
04-17 01:22:44.410 1337 1337 D libEGL : Emulator has host GPU support, qemu.gles is set to 1.
04-17 01:22:44.420 1337 1337 E libEGL : load_driver(/system/lib64/egl/libGLES_emulation.so): dlopen failed: library "/system/lib64/egl/libGLES_emulation.so" not found
04-17 01:22:44.431 1337 1337 D libEGL : loaded /system/lib64/egl/libEGL_emulation.so
04-17 01:22:44.433 1337 1337 D libEGL : loaded /system/lib64/egl/libGLESv1_CM_emulation.so
04-17 01:22:44.439 1337 1337 D libEGL : loaded /system/lib64/egl/libGLESv2_emulation.so
04-17 01:22:44.442 1337 1337 D : HostConnection::get() New Host Connection established 0x7b9c0802d540, tid 1337
04-17 01:22:44.448 1337 1337 E SurfaceFlinger: hwcomposer module not found
04-17 01:22:44.449 1337 1337 I SurfaceFlinger: EGL information:
04-17 01:22:44.449 1337 1337 I SurfaceFlinger: vendor : Android
04-17 01:22:44.449 1337 1337 I SurfaceFlinger: version : 1.4 Android META-EGL
04-17 01:22:44.449 1337 1337 I SurfaceFlinger: extensions: EGL_KHR_get_all_proc_addresses EGL_ANDROID_presentation_time EGL_KHR_swap_buffers_with_damage EGL_ANDROID_create_native_client_buffer EGL_ANDROID_front_buffer_auto_refresh EGL_KHR_image EGL_KHR_image_base EGL_KHR_gl_texture_2D_image EGL_KHR_fence_sync EGL_KHR_create_context EGL_ANDROID_image_native_buffer EGL_ANDROID_recordable
04-17 01:22:44.449 1337 1337 I SurfaceFlinger: Client API: OpenGL_ES
04-17 01:22:44.449 1337 1337 I SurfaceFlinger: EGLSurface: 8-8-8-8, config=0x2
04-17 01:22:44.451 1337 1337 D EGL_emulation: eglCreateContext: 0x7b9c08042140: maj 3 min 0 rcv 3
04-17 01:22:44.454 1337 1337 D EGL_emulation: eglMakeCurrent: 0x7b9c08042140: ver 3 0 (tinfo 0x7b9c0802bea0)
04-17 01:22:44.456 1337 1337 E eglCodecCommon: glUtilsParamSize: unknow param 0x00008cdf
04-17 01:22:44.456 1337 1337 E eglCodecCommon: glUtilsParamSize: unknow param 0x00008824
04-17 01:22:44.459 1337 1337 I SurfaceFlinger: OpenGL ES informations:
04-17 01:22:44.459 1337 1337 I SurfaceFlinger: vendor : Google (VMware, Inc.)
04-17 01:22:44.459 1337 1337 I SurfaceFlinger: renderer : Android Emulator OpenGL ES Translator (llvmpipe (LLVM 10.0.0, 256 bits))
04-17 01:22:44.459 1337 1337 I SurfaceFlinger: version : OpenGL ES 3.0 (3.3 (Core Profile) Mesa 20.0.8)
04-17 01:22:44.459 1337 1337 I SurfaceFlinger: extensions: GL_EXT_debug_marker GL_OES_EGL_sync GL_OES_EGL_image GL_OES_EGL_image_external GL_OES_depth24 GL_OES_depth32 GL_OES_element_index_uint GL_OES_texture_float GL_OES_texture_float_linear GL_OES_compressed_paletted_texture GL_OES_compressed_ETC1_RGB8_texture GL_OES_depth_texture GL_OES_texture_half_float GL_OES_texture_half_float_linear GL_OES_packed_depth_stencil GL_OES_vertex_half_float GL_OES_texture_npot GL_OES_rgb8_rgba8 GL_EXT_color_buffer_float GL_EXT_color_buffer_half_float GL_EXT_texture_format_BGRA8888 GL_APPLE_texture_format_BGRA8888 ANDROID_EMU_CHECKSUM_HELPER_v1 ANDROID_EMU_native_sync_v2 ANDROID_EMU_native_sync_v3 ANDROID_EMU_native_sync_v4 ANDROID_EMU_dma_v1 ANDROID_EMU_sync_buffer_data GL_OES_EGL_image_external_essl3 GL_OES_vertex_array_object GL_KHR_texture_compression_astc_ldr ANDROID_EMU_host_side_tracing ANDROID_EMU_gles_max_version_3_0
04-17 01:22:44.459 1337 1337 I SurfaceFlinger: GL_MAX_TEXTURE_SIZE = 8192
04-17 01:22:44.459 1337 1337 I SurfaceFlinger: GL_MAX_VIEWPORT_DIMS = 8192
04-17 01:22:44.461 1337 1337 D gralloc_ranchu: gralloc_alloc: Creating ashmem region of size 4096
04-17 01:22:44.465 1337 1337 D EGL_emulation: eglMakeCurrent: 0x7b9c08042140: ver 3 0 (tinfo 0x7b9c0802bea0)
04-17 01:22:44.468 1337 1337 D SurfaceFlinger: Set power mode=2, type=0 flinger=0x7b9c08047640
04-17 01:22:44.613 1337 1337 D SurfaceFlinger: shader cache generated - 24 shaders in 128.712646 ms
04-17 01:22:44.631 1337 1394 E SurfaceFlinger: ro.sf.lcd_density must be defined as a build property
04-17 01:22:44.677 1337 1337 D gralloc_ranchu: gralloc_alloc: Creating ashmem region of size 4096
04-17 01:22:44.732 1411 1451 D libEGL : Emulator has host GPU support, qemu.gles is set to 1.
04-17 01:22:44.733 1411 1451 E libEGL : load_driver(/system/lib64/egl/libGLES_emulation.so): dlopen failed: library "/system/lib64/egl/libGLES_emulation.so" not found
04-17 01:22:44.734 1411 1451 D libEGL : loaded /system/lib64/egl/libEGL_emulation.so
04-17 01:22:44.734 1411 1451 D libEGL : loaded /system/lib64/egl/libGLESv1_CM_emulation.so
04-17 01:22:44.737 1341 1341 D AndroidRuntime: >>>>>> START com.android.internal.os.ZygoteInit uid 0 <<<<<<
04-17 01:22:44.737 1411 1451 D libEGL : loaded /system/lib64/egl/libGLESv2_emulation.so
04-17 01:22:44.741 1411 1451 D : HostConnection::get() New Host Connection established 0x7700db01d860, tid 1451
04-17 01:22:44.744 1337 1402 D : HostConnection::get() New Host Connection established 0x7b9c0802fa00, tid 1402
04-17 01:22:44.751 1341 1341 D AndroidRuntime: CheckJNI is OFF
04-17 01:22:44.759 1411 1451 D EGL_emulation: eglCreateContext: 0x7700db013640: maj 1 min 0 rcv 1
04-17 01:22:44.763 1341 1341 I art : option[0]=-Xzygote
04-17 01:22:44.763 1341 1341 I art : option[1]=-Xstacktracefile:/data/anr/traces.txt
04-17 01:22:44.763 1341 1341 I art : option[2]=exit
04-17 01:22:44.763 1341 1341 I art : option[3]=vfprintf
04-17 01:22:44.763 1341 1341 I art : option[4]=sensitiveThread
04-17 01:22:44.763 1341 1341 I art : option[5]=-verbose:gc
04-17 01:22:44.763 1341 1341 I art : option[6]=-Xms4m
04-17 01:22:44.763 1341 1341 I art : option[7]=-Xmx576m
04-17 01:22:44.763 1341 1341 I art : option[8]=-Xusejit:true
04-17 01:22:44.763 1341 1341 I art : option[9]=-Xjitsaveprofilinginfo
04-17 01:22:44.763 1341 1341 I art : option[10]=-agentlib:jdwp=transport=dt_android_adb,suspend=n,server=y
04-17 01:22:44.763 1341 1341 I art : option[11]=-Xlockprofthreshold:500
04-17 01:22:44.763 1341 1341 I art : option[12]=-Ximage-compiler-option
04-17 01:22:44.763 1341 1341 I art : option[13]=--runtime-arg
04-17 01:22:44.763 1341 1341 I art : option[14]=-Ximage-compiler-option
04-17 01:22:44.763 1341 1341 I art : option[15]=-Xms64m
04-17 01:22:44.764 1341 1341 I art : option[16]=-Ximage-compiler-option
04-17 01:22:44.764 1341 1341 I art : option[17]=--runtime-arg
04-17 01:22:44.764 1341 1341 I art : option[18]=-Ximage-compiler-option
04-17 01:22:44.764 1341 1341 I art : option[19]=-Xmx64m
04-17 01:22:44.764 1341 1341 I art : option[20]=-Ximage-compiler-option
04-17 01:22:44.764 1341 1341 I art : option[21]=--image-classes=/system/etc/preloaded-classes
04-17 01:22:44.764 1341 1341 I art : option[22]=-Ximage-compiler-option
04-17 01:22:44.764 1341 1341 I art : option[23]=--compiled-classes=/system/etc/compiled-classes
04-17 01:22:44.764 1341 1341 I art : option[24]=-Xcompiler-option
04-17 01:22:44.764 1341 1341 I art : option[25]=--runtime-arg
04-17 01:22:44.764 1341 1341 I art : option[26]=-Xcompiler-option
04-17 01:22:44.764 1341 1341 I art : option[27]=-Xms64m
04-17 01:22:44.764 1341 1341 I art : option[28]=-Xcompiler-option
04-17 01:22:44.764 1341 1341 I art : option[29]=--runtime-arg
04-17 01:22:44.764 1341 1341 I art : option[30]=-Xcompiler-option
04-17 01:22:44.764 1341 1341 I art : option[31]=-Xmx512m
04-17 01:22:44.764 1341 1341 I art : option[32]=-Ximage-compiler-option
04-17 01:22:44.765 1341 1341 I art : option[33]=--instruction-set-variant=x86
04-17 01:22:44.765 1341 1341 I art : option[34]=-Xcompiler-option
04-17 01:22:44.765 1341 1341 I art : option[35]=--instruction-set-variant=x86
04-17 01:22:44.765 1341 1341 I art : option[36]=-Ximage-compiler-option
04-17 01:22:44.765 1341 1341 I art : option[37]=--instruction-set-features=default
04-17 01:22:44.765 1341 1341 I art : option[38]=-Xcompiler-option
04-17 01:22:44.765 1341 1341 I art : option[39]=--instruction-set-features=default
04-17 01:22:44.765 1341 1341 I art : option[40]=-Duser.locale=en-US
04-17 01:22:44.765 1341 1341 I art : option[41]=--cpu-abilist=x86
04-17 01:22:44.765 1341 1341 I art : option[42]=-Xfingerprint:Android/sdk_phone_x86_64/generic_x86_64:7.0/NYC/4174735:userdebug/test-keys
04-17 01:22:44.786 1411 1451 D EGL_emulation: eglMakeCurrent: 0x7700db013640: ver 1 0 (tinfo 0x7700db018140)
04-17 01:22:44.816 1340 1340 D AndroidRuntime: >>>>>> START com.android.internal.os.ZygoteInit uid 0 <<<<<<
04-17 01:22:44.832 1340 1340 D AndroidRuntime: CheckJNI is OFF
04-17 01:22:44.837 1340 1340 I art : option[0]=-Xzygote
04-17 01:22:44.837 1340 1340 I art : option[1]=-Xstacktracefile:/data/anr/traces.txt
04-17 01:22:44.837 1340 1340 I art : option[2]=exit
04-17 01:22:44.837 1340 1340 I art : option[3]=vfprintf
04-17 01:22:44.837 1340 1340 I art : option[4]=sensitiveThread
04-17 01:22:44.837 1340 1340 I art : option[5]=-verbose:gc
04-17 01:22:44.837 1340 1340 I art : option[6]=-Xms4m
04-17 01:22:44.837 1340 1340 I art : option[7]=-Xmx576m
04-17 01:22:44.838 1340 1340 I art : option[8]=-Xusejit:true
04-17 01:22:44.838 1340 1340 I art : option[9]=-Xjitsaveprofilinginfo
04-17 01:22:44.838 1340 1340 I art : option[10]=-agentlib:jdwp=transport=dt_android_adb,suspend=n,server=y
04-17 01:22:44.838 1340 1340 I art : option[11]=-Xlockprofthreshold:500
04-17 01:22:44.838 1340 1340 I art : option[12]=-Ximage-compiler-option
04-17 01:22:44.838 1340 1340 I art : option[13]=--runtime-arg
04-17 01:22:44.838 1340 1340 I art : option[14]=-Ximage-compiler-option
04-17 01:22:44.838 1340 1340 I art : option[15]=-Xms64m
04-17 01:22:44.838 1340 1340 I art : option[16]=-Ximage-compiler-option
04-17 01:22:44.838 1340 1340 I art : option[17]=--runtime-arg
04-17 01:22:44.838 1340 1340 I art : option[18]=-Ximage-compiler-option
04-17 01:22:44.838 1340 1340 I art : option[19]=-Xmx64m
04-17 01:22:44.838 1340 1340 I art : option[20]=-Ximage-compiler-option
04-17 01:22:44.838 1340 1340 I art : option[21]=--image-classes=/system/etc/preloaded-classes
04-17 01:22:44.838 1340 1340 I art : option[22]=-Ximage-compiler-option
04-17 01:22:44.839 1340 1340 I art : option[23]=--compiled-classes=/system/etc/compiled-classes
04-17 01:22:44.839 1340 1340 I art : option[24]=-Xcompiler-option
04-17 01:22:44.839 1340 1340 I art : option[25]=--runtime-arg
04-17 01:22:44.839 1340 1340 I art : option[26]=-Xcompiler-option
04-17 01:22:44.839 1340 1340 I art : option[27]=-Xms64m
04-17 01:22:44.839 1340 1340 I art : option[28]=-Xcompiler-option
04-17 01:22:44.839 1340 1340 I art : option[29]=--runtime-arg
04-17 01:22:44.839 1340 1340 I art : option[30]=-Xcompiler-option
04-17 01:22:44.839 1340 1340 I art : option[31]=-Xmx512m
04-17 01:22:44.839 1340 1340 I art : option[32]=-Ximage-compiler-option
04-17 01:22:44.839 1340 1340 I art : option[33]=--instruction-set-variant=x86_64
04-17 01:22:44.839 1340 1340 I art : option[34]=-Xcompiler-option
04-17 01:22:44.839 1340 1340 I art : option[35]=--instruction-set-variant=x86_64
04-17 01:22:44.839 1340 1340 I art : option[36]=-Ximage-compiler-option
04-17 01:22:44.839 1340 1340 I art : option[37]=--instruction-set-features=default
04-17 01:22:44.839 1340 1340 I art : option[38]=-Xcompiler-option
04-17 01:22:44.839 1340 1340 I art : option[39]=--instruction-set-features=default
04-17 01:22:44.839 1340 1340 I art : option[40]=-Duser.locale=en-US
04-17 01:22:44.840 1340 1340 I art : option[41]=--cpu-abilist=x86_64
04-17 01:22:44.840 1340 1340 I art : option[42]=-Xfingerprint:Android/sdk_phone_x86_64/generic_x86_64:7.0/NYC/4174735:userdebug/test-keys
04-17 01:22:44.853 1337 1394 D : HostConnection::get() New Host Connection established 0x7b9c07a1b360, tid 1394
04-17 01:22:45.035 1341 1341 D ICU : No timezone override file found: /data/misc/zoneinfo/current/icu/icu_tzdata.dat
04-17 01:22:45.092 1340 1340 D ICU : No timezone override file found: /data/misc/zoneinfo/current/icu/icu_tzdata.dat
04-17 01:22:45.202 1341 1341 E memtrack: Couldn't load memtrack module (No such file or directory)
04-17 01:22:45.202 1341 1341 E android.os.Debug: failed to load memtrack module: -2
04-17 01:22:45.207 1341 1341 I Radio-JNI: register_android_hardware_Radio DONE
04-17 01:22:45.218 1343 1343 V EmulatedCamera_Preview: setPreviewWindow: current: 0x0 -> new: 0xed0c30b0
04-17 01:22:45.219 1343 1343 V EmulatedCamera_Preview: setPreviewWindow: current: 0xed0c30b0 -> new: 0x0
04-17 01:22:45.219 1343 1343 V EmulatedCamera_Camera: doStopPreview
04-17 01:22:45.219 1343 1343 V EmulatedCamera_Preview: setPreviewWindow: current: 0x0 -> new: 0x0
04-17 01:22:45.219 1343 1343 V EmulatedCamera_Camera: releaseCamera
04-17 01:22:45.219 1343 1343 V EmulatedCamera_Camera: doStopPreview
04-17 01:22:45.219 1343 1343 V EmulatedCamera_FakeDevice: disconnectDevice
04-17 01:22:45.219 1343 1343 W EmulatedCamera_Device: Initialize: Emulated camera device is already initialized: mState = 1
04-17 01:22:45.219 1343 1343 D EmulatedCamera_FakeCamera: Initialize: Fake camera is facing back
04-17 01:22:45.219 1343 1343 V EmulatedCamera_Device: initializeWhiteBalanceModes with auto, 1.000000, 1.000000
04-17 01:22:45.219 1343 1343 V EmulatedCamera_Device: initializeWhiteBalanceModes with incandescent, 1.380000, 0.600000
04-17 01:22:45.219 1343 1343 V EmulatedCamera_Device: initializeWhiteBalanceModes with daylight, 1.090000, 0.920000
04-17 01:22:45.219 1343 1343 V EmulatedCamera_Device: initializeWhiteBalanceModes with twilight, 0.920000, 1.220000
04-17 01:22:45.219 1343 1343 V EmulatedCamera_Device: setWhiteBalanceMode with white balance auto
04-17 01:22:45.219 1343 1343 I CameraFlashlight: Destroying camera 0
04-17 01:22:45.219 1343 1343 V EmulatedCamera_Camera: closeCamera
04-17 01:22:45.219 1343 1343 V EmulatedCamera_Camera: doStopPreview
04-17 01:22:45.219 1343 1343 W EmulatedCamera_Device: Initialize: Emulated camera device is already initialized: mState = 1
04-17 01:22:45.219 1343 1343 D EmulatedCamera_FakeCamera: Initialize: Fake camera is facing back
04-17 01:22:45.219 1343 1343 V EmulatedCamera_Device: initializeWhiteBalanceModes with auto, 1.000000, 1.000000
04-17 01:22:45.219 1343 1343 V EmulatedCamera_Device: initializeWhiteBalanceModes with incandescent, 1.380000, 0.600000
04-17 01:22:45.219 1343 1343 V EmulatedCamera_Device: initializeWhiteBalanceModes with daylight, 1.090000, 0.920000
04-17 01:22:45.219 1343 1343 V EmulatedCamera_Device: initializeWhiteBalanceModes with twilight, 0.920000, 1.220000
04-17 01:22:45.220 1343 1343 V EmulatedCamera_Device: setWhiteBalanceMode with white balance auto
04-17 01:22:45.220 1343 1343 V EmulatedCamera_Camera: getCameraInfo
04-17 01:22:45.220 1343 1343 V EmulatedCamera_BaseCamera: getCameraInfo
04-17 01:22:45.220 1343 1343 I ServiceManager: Waiting for service media.camera.proxy...
04-17 01:22:45.224 1341 1341 I SamplingProfilerIntegration: Profiling disabled.
04-17 01:22:45.225 1341 1341 D Zygote : begin preload
04-17 01:22:45.226 1341 1341 I Zygote : Installing ICU cache reference pinning...
04-17 01:22:45.226 1341 1341 I Zygote : Preloading ICU data...
04-17 01:22:45.272 1340 1340 E memtrack: Couldn't load memtrack module (No such file or directory)
04-17 01:22:45.272 1340 1340 E android.os.Debug: failed to load memtrack module: -2
04-17 01:22:45.275 1351 1351 I iptables: iptables v1.4.20: Couldn't find target `fw_dozable'
04-17 01:22:45.275 1351 1351 I iptables:
04-17 01:22:45.275 1351 1351 I iptables: Try `iptables -h' or 'iptables --help' for more information.
04-17 01:22:45.275 1351 1351 I iptables: iptables terminated by exit(2)
04-17 01:22:45.275 1340 1340 I Radio-JNI: register_android_hardware_Radio DONE
04-17 01:22:45.275 1351 1351 E Netd : exec() res=0, status=512 for /system/bin/iptables -w -t filter -D fw_INPUT -j fw_dozable
04-17 01:22:45.280 1341 1341 I Zygote : Preloading classes...
04-17 01:22:45.282 1351 1351 I ip6tables: ip6tables v1.4.20: Couldn't find target `fw_dozable'
04-17 01:22:45.282 1351 1351 I ip6tables:
04-17 01:22:45.282 1351 1351 I ip6tables: Try `ip6tables -h' or 'ip6tables --help' for more information.
04-17 01:22:45.282 1351 1351 I ip6tables: ip6tables terminated by exit(2)
04-17 01:22:45.282 1351 1351 E Netd : exec() res=0, status=512 for /system/bin/ip6tables -w -t filter -D fw_INPUT -j fw_dozable
04-17 01:22:45.293 1340 1340 I SamplingProfilerIntegration: Profiling disabled.
04-17 01:22:45.294 1340 1340 D Zygote : begin preload
04-17 01:22:45.294 1340 1340 I Zygote : Installing ICU cache reference pinning...
04-17 01:22:45.294 1340 1340 I Zygote : Preloading ICU data...
04-17 01:22:45.296 1351 1351 I iptables: iptables v1.4.20: Couldn't find target `fw_standby'
04-17 01:22:45.296 1351 1351 I iptables:
04-17 01:22:45.296 1351 1351 I iptables: Try `iptables -h' or 'iptables --help' for more information.
04-17 01:22:45.296 1351 1351 I iptables: iptables terminated by exit(2)
04-17 01:22:45.296 1351 1351 E Netd : exec() res=0, status=512 for /system/bin/iptables -w -t filter -D fw_INPUT -j fw_standby
04-17 01:22:45.303 1351 1351 I ip6tables: ip6tables v1.4.20: Couldn't find target `fw_standby'
04-17 01:22:45.303 1351 1351 I ip6tables:
04-17 01:22:45.303 1351 1351 I ip6tables: Try `ip6tables -h' or 'ip6tables --help' for more information.
04-17 01:22:45.303 1351 1351 I ip6tables: ip6tables terminated by exit(2)
04-17 01:22:45.303 1351 1351 E Netd : exec() res=0, status=512 for /system/bin/ip6tables -w -t filter -D fw_INPUT -j fw_standby
04-17 01:22:45.318 1351 1351 I iptables: iptables v1.4.20: Couldn't find target `fw_powersave'
04-17 01:22:45.318 1351 1351 I iptables:
04-17 01:22:45.318 1351 1351 I iptables: Try `iptables -h' or 'iptables --help' for more information.
04-17 01:22:45.318 1351 1351 I iptables: iptables terminated by exit(2)
04-17 01:22:45.318 1351 1351 E Netd : exec() res=0, status=512 for /system/bin/iptables -w -t filter -D fw_INPUT -j fw_powersave
04-17 01:22:45.325 1351 1351 I ip6tables: ip6tables v1.4.20: Couldn't find target `fw_powersave'
04-17 01:22:45.325 1351 1351 I ip6tables:
04-17 01:22:45.325 1351 1351 I ip6tables: Try `ip6tables -h' or 'ip6tables --help' for more information.
04-17 01:22:45.325 1351 1351 I ip6tables: ip6tables terminated by exit(2)
04-17 01:22:45.325 1351 1351 E Netd : exec() res=0, status=512 for /system/bin/ip6tables -w -t filter -D fw_INPUT -j fw_powersave
04-17 01:22:45.347 1351 1351 V NatController: runCmd(/system/bin/iptables -w -F natctrl_FORWARD) res=0
04-17 01:22:45.352 1340 1340 I Zygote : Preloading classes...
04-17 01:22:45.353 1351 1351 V NatController: runCmd(/system/bin/iptables -w -A natctrl_FORWARD -j DROP) res=0
04-17 01:22:45.359 1351 1351 V NatController: runCmd(/system/bin/iptables -w -t nat -F natctrl_nat_POSTROUTING) res=0
04-17 01:22:45.362 1351 1351 V NatController: runCmd(/system/bin/iptables -w -F natctrl_tether_counters) res=1
04-17 01:22:45.364 1351 1351 V NatController: runCmd(/system/bin/iptables -w -X natctrl_tether_counters) res=1
04-17 01:22:45.367 1351 1351 V NatController: runCmd(/system/bin/iptables -w -N natctrl_tether_counters) res=0
04-17 01:22:45.374 1351 1351 V NatController: runCmd(/system/bin/iptables -w -t mangle -A natctrl_mangle_FORWARD -p tcp --tcp-flags SYN SYN -j TCPMSS --clamp-mss-to-pmtu) res=0
04-17 01:22:45.435 1351 1351 E Netd : cannot find interface dummy0
04-17 01:22:45.445 1351 1351 D MDnsDS : MDnsSdListener::Hander starting up
04-17 01:22:45.450 1351 1644 D MDnsDS : MDnsSdListener starting to monitor
04-17 01:22:45.450 1351 1644 D MDnsDS : Going to poll with pollCount 1
04-17 01:22:45.486 1651 1651 E hostapd : Configuration file: /system/etc/simulated_hostapd.conf
04-17 01:22:45.493 1655 1655 I dnsmasq : started, version 2.51 DNS disabled
04-17 01:22:45.493 1655 1655 I dnsmasq : compile time options: IPv6 GNU-getopt no-DBus no-I18N DHCP no-scripts no-TFTP
04-17 01:22:45.493 1655 1655 I dnsmasq : DHCP, IP range 192.168.100.100 -- 192.168.100.200, lease time 4h
04-17 01:22:45.527 1341 1341 E Typeface: Error mapping font file /system/fonts/DroidSansFallback.ttf
04-17 01:22:45.528 1340 1340 E Typeface: Error mapping font file /system/fonts/DroidSansFallback.ttf
04-17 01:22:45.591 1651 1651 I hostapd : rfkill: Cannot get wiphy information
04-17 01:22:45.592 1651 1651 I hostapd : nl80211: Could not re-add multicast membership for vendor events: -2 (No such file or directory)
04-17 01:22:45.592 1651 1651 I hostapd : wlan1: interface state UNINITIALIZED->COUNTRY_UPDATE
04-17 01:22:45.705 1341 1341 I art : Thread[1,tid=1341,Native,Thread*=0xec18b400,peer=0x12c060d0,"main"] recursive attempt to load library "/system/lib/libmedia_jni.so"
04-17 01:22:45.706 1341 1341 D MtpDeviceJNI: register_android_mtp_MtpDevice
04-17 01:22:45.706 1341 1341 I art : Thread[1,tid=1341,Native,Thread*=0xec18b400,peer=0x12c060d0,"main"] recursive attempt to load library "/system/lib/libmedia_jni.so"
04-17 01:22:45.706 1341 1341 I art : Thread[1,tid=1341,Native,Thread*=0xec18b400,peer=0x12c060d0,"main"] recursive attempt to load library "/system/lib/libmedia_jni.so"
04-17 01:22:45.714 1340 1340 I art : Thread[1,tid=1340,Native,Thread*=0x7aae71695a00,peer=0x12c060d0,"main"] recursive attempt to load library "/system/lib64/libmedia_jni.so"
04-17 01:22:45.715 1340 1340 D MtpDeviceJNI: register_android_mtp_MtpDevice
04-17 01:22:45.715 1340 1340 I art : Thread[1,tid=1340,Native,Thread*=0x7aae71695a00,peer=0x12c060d0,"main"] recursive attempt to load library "/system/lib64/libmedia_jni.so"
04-17 01:22:45.715 1340 1340 I art : Thread[1,tid=1340,Native,Thread*=0x7aae71695a00,peer=0x12c060d0,"main"] recursive attempt to load library "/system/lib64/libmedia_jni.so"
04-17 01:22:45.839 1341 1341 I System : Loaded time zone names for "" in 20ms (20ms in ICU)
04-17 01:22:45.840 1340 1340 I System : Loaded time zone names for "" in 20ms (19ms in ICU)
04-17 01:22:45.851 1340 1340 I System : Loaded time zone names for "en_US" in 10ms (10ms in ICU)
04-17 01:22:45.851 1341 1341 I System : Loaded time zone names for "en_US" in 11ms (10ms in ICU)
04-17 01:22:45.872 1340 1340 I Zygote : ...preloaded 4161 classes in 520ms.
04-17 01:22:45.872 1340 1340 I art : VMRuntime.preloadDexCaches starting
04-17 01:22:45.902 1341 1341 I Zygote : ...preloaded 4161 classes in 622ms.
04-17 01:22:45.902 1341 1341 I art : VMRuntime.preloadDexCaches starting
04-17 01:22:45.913 1340 1340 I art : VMRuntime.preloadDexCaches strings total=282307 before=39273 after=39273
04-17 01:22:45.913 1340 1340 I art : VMRuntime.preloadDexCaches types total=23484 before=7830 after=7857
04-17 01:22:45.913 1340 1340 I art : VMRuntime.preloadDexCaches fields total=111408 before=40626 after=40840
04-17 01:22:45.913 1340 1340 I art : VMRuntime.preloadDexCaches methods total=196735 before=82126 after=82686
04-17 01:22:45.913 1340 1340 I art : VMRuntime.preloadDexCaches finished
04-17 01:22:45.946 1341 1341 I art : VMRuntime.preloadDexCaches strings total=282307 before=39273 after=39273
04-17 01:22:45.946 1341 1341 I art : VMRuntime.preloadDexCaches types total=23484 before=7830 after=7857
04-17 01:22:45.946 1341 1341 I art : VMRuntime.preloadDexCaches fields total=111408 before=40626 after=40840
04-17 01:22:45.946 1341 1341 I art : VMRuntime.preloadDexCaches methods total=196735 before=82126 after=82686
04-17 01:22:45.946 1341 1341 I art : VMRuntime.preloadDexCaches finished
04-17 01:22:46.028 1341 1341 I Zygote : Preloading resources...
04-17 01:22:46.028 1340 1340 I Zygote : Preloading resources...
04-17 01:22:46.061 1341 1341 W Resources: Preloaded drawable resource #0x1080298 (android:drawable/editbox_dropdown_background_dark) that varies with configuration!!
04-17 01:22:46.063 1340 1340 W Resources: Preloaded drawable resource #0x1080298 (android:drawable/editbox_dropdown_background_dark) that varies with configuration!!
04-17 01:22:46.077 1340 1340 W Resources: Preloaded drawable resource #0x108030b (android:drawable/ic_clear_disabled) that varies with configuration!!
04-17 01:22:46.077 1340 1340 W Resources: Preloaded drawable resource #0x1080310 (android:drawable/ic_clear_normal) that varies with configuration!!
04-17 01:22:46.077 1341 1341 W Resources: Preloaded drawable resource #0x108030b (android:drawable/ic_clear_disabled) that varies with configuration!!
04-17 01:22:46.077 1341 1341 W Resources: Preloaded drawable resource #0x1080310 (android:drawable/ic_clear_normal) that varies with configuration!!
04-17 01:22:46.078 1340 1340 W Resources: Preloaded drawable resource #0x1080345 (android:drawable/ic_go) that varies with configuration!!
04-17 01:22:46.079 1341 1341 W Resources: Preloaded drawable resource #0x1080345 (android:drawable/ic_go) that varies with configuration!!
04-17 01:22:46.083 1340 1340 W Resources: Preloaded drawable resource #0x1080038 (android:drawable/ic_menu_close_clear_cancel) that varies with configuration!!
04-17 01:22:46.083 1341 1341 W Resources: Preloaded drawable resource #0x1080038 (android:drawable/ic_menu_close_clear_cancel) that varies with configuration!!
04-17 01:22:46.084 1340 1340 W Resources: Preloaded drawable resource #0x1080045 (android:drawable/ic_menu_more) that varies with configuration!!
04-17 01:22:46.084 1341 1341 W Resources: Preloaded drawable resource #0x1080045 (android:drawable/ic_menu_more) that varies with configuration!!
04-17 01:22:46.089 1340 1340 W Resources: Preloaded drawable resource #0x10804d3 (android:drawable/menu_background_fill_parent_width) that varies with configuration!!
04-17 01:22:46.089 1341 1341 W Resources: Preloaded drawable resource #0x10804d3 (android:drawable/menu_background_fill_parent_width) that varies with configuration!!
04-17 01:22:46.108 1341 1341 W Resources: Preloaded drawable resource #0x1080766 (android:drawable/text_edit_paste_window) that varies with configuration!!
04-17 01:22:46.108 1340 1340 W Resources: Preloaded drawable resource #0x1080766 (android:drawable/text_edit_paste_window) that varies with configuration!!
04-17 01:22:46.110 1340 1340 W Resources: Preloaded drawable resource #0x1080096 (android:drawable/toast_frame) that varies with configuration!!
04-17 01:22:46.110 1341 1341 W Resources: Preloaded drawable resource #0x1080096 (android:drawable/toast_frame) that varies with configuration!!
04-17 01:22:46.110 1340 1340 I Zygote : ...preloaded 114 resources in 81ms.
04-17 01:22:46.110 1341 1341 I Zygote : ...preloaded 114 resources in 81ms.
04-17 01:22:46.111 1340 1340 I Zygote : ...preloaded 41 resources in 1ms.
04-17 01:22:46.111 1340 1340 D libEGL : Emulator has host GPU support, qemu.gles is set to 1.
04-17 01:22:46.111 1341 1341 I Zygote : ...preloaded 41 resources in 1ms.
04-17 01:22:46.112 1341 1341 D libEGL : Emulator has host GPU support, qemu.gles is set to 1.
04-17 01:22:46.112 1340 1340 E libEGL : load_driver(/system/lib64/egl/libGLES_emulation.so): dlopen failed: library "/system/lib64/egl/libGLES_emulation.so" not found
04-17 01:22:46.113 1341 1341 E libEGL : load_driver(/system/lib/egl/libGLES_emulation.so): dlopen failed: library "/system/lib/egl/libGLES_emulation.so" not found
04-17 01:22:46.114 1340 1340 D libEGL : loaded /system/lib64/egl/libEGL_emulation.so
04-17 01:22:46.115 1340 1340 D libEGL : loaded /system/lib64/egl/libGLESv1_CM_emulation.so
04-17 01:22:46.118 1340 1340 D libEGL : loaded /system/lib64/egl/libGLESv2_emulation.so
04-17 01:22:46.121 1340 1340 I Zygote : Preloading shared libraries...
04-17 01:22:46.122 1341 1341 D libEGL : loaded /system/lib/egl/libEGL_emulation.so
04-17 01:22:46.124 1341 1341 D libEGL : loaded /system/lib/egl/libGLESv1_CM_emulation.so
04-17 01:22:46.126 1340 1340 E Hyphenator: error loading hyphenation /system/usr/hyphen-data/hyph-as.hyb
04-17 01:22:46.126 1340 1340 E Hyphenator: java.io.FileNotFoundException: /system/usr/hyphen-data/hyph-as.hyb: open failed: ENOENT (No such file or directory)
04-17 01:22:46.126 1340 1340 E Hyphenator: at libcore.io.IoBridge.open(IoBridge.java:455)
04-17 01:22:46.126 1340 1340 E Hyphenator: at java.io.RandomAccessFile.(RandomAccessFile.java:247)
04-17 01:22:46.126 1340 1340 E Hyphenator: at android.text.Hyphenator.loadHyphenator(Hyphenator.java:118)
04-17 01:22:46.126 1340 1340 E Hyphenator: at android.text.Hyphenator.init(Hyphenator.java:224)
04-17 01:22:46.126 1340 1340 E Hyphenator: at com.android.internal.os.ZygoteInit.preloadTextResources(ZygoteInit.java:252)
04-17 01:22:46.126 1340 1340 E Hyphenator: at com.android.internal.os.ZygoteInit.preload(ZygoteInit.java:206)
04-17 01:22:46.126 1340 1340 E Hyphenator: at com.android.internal.os.ZygoteInit.main(ZygoteInit.java:723)
04-17 01:22:46.126 1340 1340 E Hyphenator: Caused by: android.system.ErrnoException: open failed: ENOENT (No such file or directory)
04-17 01:22:46.126 1340 1340 E Hyphenator: at libcore.io.Posix.open(Native Method)
04-17 01:22:46.126 1340 1340 E Hyphenator: at libcore.io.BlockGuardOs.open(BlockGuardOs.java:187)
04-17 01:22:46.126 1340 1340 E Hyphenator: at libcore.io.IoBridge.open(IoBridge.java:441)
04-17 01:22:46.126 1340 1340 E Hyphenator: ... 6 more
04-17 01:22:46.126 1340 1340 E Hyphenator: error loading hyphenation /system/usr/hyphen-data/hyph-bn.hyb
04-17 01:22:46.126 1340 1340 E Hyphenator: java.io.FileNotFoundException: /system/usr/hyphen-data/hyph-bn.hyb: open failed: ENOENT (No such file or directory)
04-17 01:22:46.126 1340 1340 E Hyphenator: at libcore.io.IoBridge.open(IoBridge.java:455)
04-17 01:22:46.126 1340 1340 E Hyphenator: at java.io.RandomAccessFile.(RandomAccessFile.java:247)
04-17 01:22:46.126 1340 1340 E Hyphenator: at android.text.Hyphenator.loadHyphenator(Hyphenator.java:118)
04-17 01:22:46.126 1340 1340 E Hyphenator: at android.text.Hyphenator.init(Hyphenator.java:224)
04-17 01:22:46.126 1340 1340 E Hyphenator: at com.android.internal.os.ZygoteInit.preloadTextResources(ZygoteInit.java:252)
04-17 01:22:46.126 1340 1340 E Hyphenator: at com.android.internal.os.ZygoteInit.preload(ZygoteInit.java:206)
04-17 01:22:46.126 1340 1340 E Hyphenator: at com.android.internal.os.ZygoteInit.main(ZygoteInit.java:723)
04-17 01:22:46.126 1340 1340 E Hyphenator: Caused by: android.system.ErrnoException: open failed: ENOENT (No such file or directory)
04-17 01:22:46.126 1340 1340 E Hyphenator: at libcore.io.Posix.open(Native Method)
04-17 01:22:46.126 1340 1340 E Hyphenator: at libcore.io.BlockGuardOs.open(BlockGuardOs.java:187)
04-17 01:22:46.126 1340 1340 E Hyphenator: at libcore.io.IoBridge.open(IoBridge.java:441)
04-17 01:22:46.126 1340 1340 E Hyphenator: ... 6 more
04-17 01:22:46.126 1340 1340 E Hyphenator: error loading hyphenation /system/usr/hyphen-data/hyph-cy.hyb
04-17 01:22:46.126 1340 1340 E Hyphenator: java.io.FileNotFoundException: /system/usr/hyphen-data/hyph-cy.hyb: open failed: ENOENT (No such file or directory)
04-17 01:22:46.126 1340 1340 E Hyphenator: at libcore.io.IoBridge.open(IoBridge.java:455)
04-17 01:22:46.126 1340 1340 E Hyphenator: at java.io.RandomAccessFile.(RandomAccessFile.java:247)
04-17 01:22:46.126 1340 1340 E Hyphenator: at android.text.Hyphenator.loadHyphenator(Hyphenator.java:118)
04-17 01:22:46.126 1340 1340 E Hyphenator: at android.text.Hyphenator.init(Hyphenator.java:224)
04-17 01:22:46.126 1340 1340 E Hyphenator: at com.android.internal.os.ZygoteInit.preloadTextResources(ZygoteInit.java:252)
04-17 01:22:46.126 1340 1340 E Hyphenator: at com.android.internal.os.ZygoteInit.preload(ZygoteInit.java:206)
04-17 01:22:46.126 1340 1340 E Hyphenator: at com.android.internal.os.ZygoteInit.main(ZygoteInit.java:723)
04-17 01:22:46.126 1340 1340 E Hyphenator: Caused by: android.system.ErrnoException: open failed: ENOENT (No such file or directory)
04-17 01:22:46.126 1340 1340 E Hyphenator: at libcore.io.Posix.open(Native Method)
04-17 01:22:46.126 1340 1340 E Hyphenator: at libcore.io.BlockGuardOs.open(BlockGuardOs.java:187)
04-17 01:22:46.126 1340 1340 E Hyphenator: at libcore.io.IoBridge.open(IoBridge.java:441)
04-17 01:22:46.126 1340 1340 E Hyphenator: ... 6 more
04-17 01:22:46.126 1340 1340 E Hyphenator: error loading hyphenation /system/usr/hyphen-data/hyph-da.hyb
04-17 01:22:46.126 1340 1340 E Hyphenator: java.io.FileNotFoundException: /system/usr/hyphen-data/hyph-da.hyb: open failed: ENOENT (No such file or directory)
04-17 01:22:46.126 1340 1340 E Hyphenator: at libcore.io.IoBridge.open(IoBridge.java:455)
04-17 01:22:46.126 1340 1340 E Hyphenator: at java.io.RandomAccessFile.(RandomAccessFile.java:247)
04-17 01:22:46.126 1340 1340 E Hyphenator: at android.text.Hyphenator.loadHyphenator(Hyphenator.java:118)
04-17 01:22:46.126 1340 1340 E Hyphenator: at android.text.Hyphenator.init(Hyphenator.java:224)
04-17 01:22:46.126 1340 1340 E Hyphenator: at com.android.internal.os.ZygoteInit.preloadTextResources(ZygoteInit.java:252)
04-17 01:22:46.126 1340 1340 E Hyphenator: at com.android.internal.os.ZygoteInit.preload(ZygoteInit.java:206)
04-17 01:22:46.126 1340 1340 E Hyphenator: at com.android.internal.os.ZygoteInit.main(ZygoteInit.java:723)
04-17 01:22:46.126 1340 1340 E Hyphenator: Caused by: android.system.ErrnoException: open failed: ENOENT (No such file or directory)
04-17 01:22:46.126 1340 1340 E Hyphenator: at libcore.io.Posix.open(Native Method)
04-17 01:22:46.126 1340 1340 E Hyphenator: at libcore.io.BlockGuardOs.open(BlockGuardOs.java:187)
04-17 01:22:46.126 1340 1340 E Hyphenator: at libcore.io.IoBridge.open(IoBridge.java:441)
04-17 01:22:46.126 1340 1340 E Hyphenator: ... 6 more
04-17 01:22:46.126 1340 1340 E Hyphenator: error loading hyphenation /system/usr/hyphen-data/hyph-de-1901.hyb
04-17 01:22:46.126 1340 1340 E Hyphenator: java.io.FileNotFoundException: /system/usr/hyphen-data/hyph-de-1901.hyb: open failed: ENOENT (No such file or directory)
04-17 01:22:46.126 1340 1340 E Hyphenator: at libcore.io.IoBridge.open(IoBridge.java:455)
04-17 01:22:46.126 1340 1340 E Hyphenator: at java.io.RandomAccessFile.(RandomAccessFile.java:247)
04-17 01:22:46.126 1340 1340 E Hyphenator: at android.text.Hyphenator.loadHyphenator(Hyphenator.java:118)
04-17 01:22:46.126 1340 1340 E Hyphenator: at android.text.Hyphenator.init(Hyphenator.java:224)
04-17 01:22:46.126 1340 1340 E Hyphenator: at com.android.internal.os.ZygoteInit.preloadTextResources(ZygoteInit.java:252)
04-17 01:22:46.126 1340 1340 E Hyphenator: at com.android.internal.os.ZygoteInit.preload(ZygoteInit.java:206)
04-17 01:22:46.126 1340 1340 E Hyphenator: at com.android.internal.os.ZygoteInit.main(ZygoteInit.java:723)
04-17 01:22:46.126 1340 1340 E Hyphenator: Caused by: android.system.ErrnoException: open failed: ENOENT (No such file or directory)
04-17 01:22:46.126 1340 1340 E Hyphenator: at libcore.io.Posix.open(Native Method)
04-17 01:22:46.126 1340 1340 E Hyphenator: at libcore.io.BlockGuardOs.open(BlockGuardOs.java:187)
04-17 01:22:46.126 1340 1340 E Hyphenator: at libcore.io.IoBridge.open(IoBridge.java:441)
04-17 01:22:46.126 1340 1340 E Hyphenator: ... 6 more
04-17 01:22:46.126 1340 1340 E Hyphenator: error loading hyphenation /system/usr/hyphen-data/hyph-de-1996.hyb
04-17 01:22:46.126 1340 1340 E Hyphenator: java.io.FileNotFoundException: /system/usr/hyphen-data/hyph-de-1996.hyb: open failed: ENOENT (No such file or directory)
04-17 01:22:46.126 1340 1340 E Hyphenator: at libcore.io.IoBridge.open(IoBridge.java:455)
04-17 01:22:46.126 1340 1340 E Hyphenator: at java.io.RandomAccessFile.(RandomAccessFile.java:247)
04-17 01:22:46.126 1340 1340 E Hyphenator: at android.text.Hyphenator.loadHyphenator(Hyphenator.java:118)
04-17 01:22:46.126 1340 1340 E Hyphenator: at android.text.Hyphenator.init(Hyphenator.java:224)
04-17 01:22:46.126 1340 1340 E Hyphenator: at com.android.internal.os.ZygoteInit.preloadTextResources(ZygoteInit.java:252)
04-17 01:22:46.126 1340 1340 E Hyphenator: at com.android.internal.os.ZygoteInit.preload(ZygoteInit.java:206)
04-17 01:22:46.126 1340 1340 E Hyphenator: at com.android.internal.os.ZygoteInit.main(ZygoteInit.java:723)
04-17 01:22:46.126 1340 1340 E Hyphenator: Caused by: android.system.ErrnoException: open failed: ENOENT (No such file or directory)
04-17 01:22:46.126 1340 1340 E Hyphenator: at libcore.io.Posix.open(Native Method)
04-17 01:22:46.126 1340 1340 E Hyphenator: at libcore.io.BlockGuardOs.open(BlockGuardOs.java:187)
04-17 01:22:46.126 1340 1340 E Hyphenator: at libcore.io.IoBridge.open(IoBridge.java:441)
04-17 01:22:46.126 1340 1340 E Hyphenator: ... 6 more
04-17 01:22:46.126 1340 1340 E Hyphenator: error loading hyphenation /system/usr/hyphen-data/hyph-de-ch-1901.hyb
04-17 01:22:46.126 1340 1340 E Hyphenator: java.io.FileNotFoundException: /system/usr/hyphen-data/hyph-de-ch-1901.hyb: open failed: ENOENT (No such file or directory)
04-17 01:22:46.126 1340 1340 E Hyphenator: at libcore.io.IoBridge.open(IoBridge.java:455)
04-17 01:22:46.126 1340 1340 E Hyphenator: at java.io.RandomAccessFile.(RandomAccessFile.java:247)
04-17 01:22:46.126 1340 1340 E Hyphenator: at android.text.Hyphenator.loadHyphenator(Hyphenator.java:118)
04-17 01:22:46.126 1340 1340 E Hyphenator: at android.text.Hyphenator.init(Hyphenator.java:224)
04-17 01:22:46.126 1340 1340 E Hyphenator: at com.android.internal.os.ZygoteInit.preloadTextResources(ZygoteInit.java:252)
04-17 01:22:46.126 1340 1340 E Hyphenator: at com.android.internal.os.ZygoteInit.preload(ZygoteInit.java:206)
04-17 01:22:46.126 1340 1340 E Hyphenator: at com.android.internal.os.ZygoteInit.main(ZygoteInit.java:723)
04-17 01:22:46.126 1340 1340 E Hyphenator: Caused by: android.system.ErrnoException: open failed: ENOENT (No such file or directory)
04-17 01:22:46.126 1340 1340 E Hyphenator: at libcore.io.Posix.open(Native Method)
04-17 01:22:46.126 1340 1340 E Hyphenator: at libcore.io.BlockGuardOs.open(BlockGuardOs.java:187)
04-17 01:22:46.126 1340 1340 E Hyphenator: at libcore.io.IoBridge.open(IoBridge.java:441)
04-17 01:22:46.126 1340 1340 E Hyphenator: ... 6 more
04-17 01:22:46.127 1340 1340 E Hyphenator: error loading hyphenation /system/usr/hyphen-data/hyph-en-gb.hyb
04-17 01:22:46.127 1340 1340 E Hyphenator: java.io.FileNotFoundException: /system/usr/hyphen-data/hyph-en-gb.hyb: open failed: ENOENT (No such file or directory)
04-17 01:22:46.127 1340 1340 E Hyphenator: at libcore.io.IoBridge.open(IoBridge.java:455)
