04-17 01:24:38.041 3456 3471 I Gecko : {"action":"log","time":1744853078041,"thread":null,"pid":null,"source":"reftest","level":"DEBUG","message":"Initializing canvas snapshot"}
04-17 01:24:38.041 3456 3471 I Gecko :
04-17 01:24:38.041 3456 3471 I Gecko : {"action":"log","time":1744853078041,"thread":null,"pid":null,"source":"reftest","level":"DEBUG","message":"DoDrawWindow 0,0,800,1000"}
04-17 01:24:38.141 3538 3569 E eglCodecCommon: glUtilsParamSize: unknow param 0x00008caa
04-17 01:24:38.231 3538 3569 E eglCodecCommon: glUtilsParamSize: unknow param 0x00008caa
04-17 01:24:38.318 3538 3569 E eglCodecCommon: glUtilsParamSize: unknow param 0x00008caa
04-17 01:24:38.403 3538 3569 E eglCodecCommon: glUtilsParamSize: unknow param 0x00000d02
04-17 01:24:38.412 3538 3569 E eglCodecCommon: glUtilsParamSize: unknow param 0x00008caa
04-17 01:24:38.444 3456 3471 I Gecko :
04-17 01:24:38.444 3456 3471 I Gecko : {"action":"log","time":1744853078444,"thread":null,"pid":null,"source":"reftest","level":"DEBUG","message":"[CONTENT] RecordResult fired"}
04-17 01:24:38.446 3456 3471 I Gecko :
04-17 01:24:38.446 3456 3471 I Gecko : {"action":"log","time":1744853078446,"thread":null,"pid":null,"source":"reftest","level":"DEBUG","message":"RecordResult fired"}
04-17 01:24:38.447 3456 3471 I Gecko :
04-17 01:24:38.447 3456 3471 I Gecko : {"action":"test_status","time":1744853078447,"thread":null,"pid":null,"source":"reftest","test":"layout/reftests/bugs/50630-1a.html == layout/reftests/bugs/50630-1-ref.html","subtest":"image comparison, max difference: 0, number of differing pixels: 0","status":"PASS","extra":{"status_msg":"Pass","modifiers":["==","50630-1a.html","50630-1-ref.html"]}}
04-17 01:24:38.448 3456 3471 I Gecko :
04-17 01:24:38.448 3456 3471 I Gecko : {"action":"test_end","time":1744853078447,"thread":null,"pid":null,"source":"reftest","test":"layout/reftests/bugs/50630-1a.html == layout/reftests/bugs/50630-1-ref.html","status":"OK"}
04-17 01:24:38.448 3456 3471 I Gecko :
04-17 01:24:38.448 3456 3471 I Gecko : {"action":"log","time":1744853078448,"thread":null,"pid":null,"source":"reftest","level":"DEBUG","message":"Loading a blank page"}
04-17 01:24:38.471 3488 3504 W Web Content: [JavaScript Warning: "This page is in Quirks Mode. Page layout may be impacted. For Standards Mode use “”." {file: "data:text/html;charset=UTF-8,%3C%21%2D%2DCLEAR%2D%2D%3E" line: 0}]
04-17 01:24:38.479 3456 3471 D GeckoViewContent: handleEvent: pagetitlechanged
04-17 01:24:38.489 3456 3471 I Gecko :
04-17 01:24:38.489 3456 3471 I Gecko : {"action":"assertion_count","time":1744853078488,"thread":null,"pid":null,"source":"reftest","test":"layout/reftests/bugs/50630-1a.html == layout/reftests/bugs/50630-1-ref.html","min_expected":0,"max_expected":0,"count":0}
04-17 01:24:38.489 3456 3471 I Gecko :
04-17 01:24:38.489 3456 3471 I Gecko : {"action":"test_start","time":1744853078489,"thread":null,"pid":null,"source":"reftest","test":"layout/reftests/bugs/50630-1b.html == layout/reftests/bugs/50630-1-ref.html"}
04-17 01:24:38.489 3456 3471 I Gecko : REFTEST TEST-LOAD | http://10.0.2.2:8854/tests/layout/reftests/bugs/50630-1b.html | 75 / 2088 (3%)
04-17 01:24:38.489 3456 3471 I Gecko :
04-17 01:24:38.489 3456 3471 I Gecko : {"action":"log","time":1744853078489,"thread":null,"pid":null,"source":"reftest","level":"DEBUG","message":"START http://10.0.2.2:8854/tests/layout/reftests/bugs/50630-1b.html"}
04-17 01:24:38.513 3538 3569 E eglCodecCommon: glUtilsParamSize: unknow param 0x00008caa
04-17 01:24:38.541 3456 3471 D GeckoViewContent: handleEvent: pagetitlechanged
04-17 01:24:38.567 3456 3471 I Gecko :
04-17 01:24:38.567 3456 3471 I Gecko : {"action":"log","time":1744853078567,"thread":null,"pid":null,"source":"reftest","level":"DEBUG","message":"[CONTENT] OnDocumentLoad triggering AfterOnLoadScripts"}
04-17 01:24:38.594 3456 3471 I Gecko :
04-17 01:24:38.594 3456 3471 I Gecko : {"action":"log","time":1744853078594,"thread":null,"pid":null,"source":"reftest","level":"DEBUG","message":"Initializing canvas snapshot"}
04-17 01:24:38.594 3456 3471 I Gecko :
04-17 01:24:38.594 3456 3471 I Gecko : {"action":"log","time":1744853078594,"thread":null,"pid":null,"source":"reftest","level":"DEBUG","message":"DoDrawWindow 0,0,800,1000"}
04-17 01:24:38.607 3538 3569 E eglCodecCommon: glUtilsParamSize: unknow param 0x00008caa
04-17 01:24:38.743 3538 3569 E eglCodecCommon: glUtilsParamSize: unknow param 0x00008caa
04-17 01:24:38.830 3538 3569 E eglCodecCommon: glUtilsParamSize: unknow param 0x00008caa
04-17 01:24:38.914 3538 3569 E eglCodecCommon: glUtilsParamSize: unknow param 0x00008caa
04-17 01:24:38.989 3538 3569 E eglCodecCommon: glUtilsParamSize: unknow param 0x00000d02
04-17 01:24:38.998 3538 3569 E eglCodecCommon: glUtilsParamSize: unknow param 0x00008caa
04-17 01:24:39.025 3456 3471 I Gecko :
04-17 01:24:39.025 3456 3471 I Gecko : {"action":"log","time":1744853079025,"thread":null,"pid":null,"source":"reftest","level":"DEBUG","message":"[CONTENT] RecordResult fired"}
04-17 01:24:39.026 3456 3471 I Gecko :
04-17 01:24:39.026 3456 3471 I Gecko : {"action":"log","time":1744853079026,"thread":null,"pid":null,"source":"reftest","level":"DEBUG","message":"RecordResult fired"}
04-17 01:24:39.027 3456 3471 I Gecko :
04-17 01:24:39.027 3456 3471 I Gecko : {"action":"log","time":1744853079027,"thread":null,"pid":null,"source":"reftest","level":"DEBUG","message":"RecordResult fired"}
04-17 01:24:39.029 3456 3471 I Gecko :
04-17 01:24:39.029 3456 3471 I Gecko : {"action":"test_status","time":1744853079029,"thread":null,"pid":null,"source":"reftest","test":"layout/reftests/bugs/50630-1b.html == layout/reftests/bugs/50630-1-ref.html","subtest":"image comparison, max difference: 0, number of differing pixels: 0","status":"PASS","extra":{"status_msg":"Pass","modifiers":["==","50630-1b.html","50630-1-ref.html"]}}
04-17 01:24:39.029 3456 3471 I Gecko :
04-17 01:24:39.029 3456 3471 I Gecko : {"action":"test_end","time":1744853079029,"thread":null,"pid":null,"source":"reftest","test":"layout/reftests/bugs/50630-1b.html == layout/reftests/bugs/50630-1-ref.html","status":"OK"}
04-17 01:24:39.029 3456 3471 I Gecko :
04-17 01:24:39.029 3456 3471 I Gecko : {"action":"log","time":1744853079029,"thread":null,"pid":null,"source":"reftest","level":"DEBUG","message":"Loading a blank page"}
04-17 01:24:39.055 3488 3504 W Web Content: [JavaScript Warning: "This page is in Quirks Mode. Page layout may be impacted. For Standards Mode use “”." {file: "data:text/html;charset=UTF-8,%3C%21%2D%2DCLEAR%2D%2D%3E" line: 0}]
04-17 01:24:39.063 3456 3471 D GeckoViewContent: handleEvent: pagetitlechanged
04-17 01:24:39.072 3456 3471 I Gecko :
04-17 01:24:39.072 3456 3471 I Gecko : {"action":"assertion_count","time":1744853079072,"thread":null,"pid":null,"source":"reftest","test":"layout/reftests/bugs/50630-1b.html == layout/reftests/bugs/50630-1-ref.html","min_expected":0,"max_expected":0,"count":0}
04-17 01:24:39.072 3456 3471 I Gecko :
04-17 01:24:39.072 3456 3471 I Gecko : {"action":"test_start","time":1744853079072,"thread":null,"pid":null,"source":"reftest","test":"layout/reftests/bugs/50630-1c.html == layout/reftests/bugs/50630-1-ref.html"}
04-17 01:24:39.073 3456 3471 I Gecko : REFTEST TEST-LOAD | http://10.0.2.2:8854/tests/layout/reftests/bugs/50630-1c.html | 76 / 2088 (3%)
04-17 01:24:39.073 3456 3471 I Gecko :
04-17 01:24:39.073 3456 3471 I Gecko : {"action":"log","time":1744853079073,"thread":null,"pid":null,"source":"reftest","level":"DEBUG","message":"START http://10.0.2.2:8854/tests/layout/reftests/bugs/50630-1c.html"}
04-17 01:24:39.106 3538 3569 E eglCodecCommon: glUtilsParamSize: unknow param 0x00008caa
04-17 01:24:39.161 3456 3471 D GeckoViewContent: handleEvent: pagetitlechanged
04-17 01:24:39.173 3456 3471 I Gecko :
04-17 01:24:39.173 3456 3471 I Gecko : {"action":"log","time":1744853079173,"thread":null,"pid":null,"source":"reftest","level":"DEBUG","message":"[CONTENT] OnDocumentLoad triggering AfterOnLoadScripts"}
04-17 01:24:39.197 3456 3471 I Gecko :
04-17 01:24:39.197 3456 3471 I Gecko : {"action":"log","time":1744853079197,"thread":null,"pid":null,"source":"reftest","level":"DEBUG","message":"Initializing canvas snapshot"}
04-17 01:24:39.198 3456 3471 I Gecko :
04-17 01:24:39.198 3456 3471 I Gecko : {"action":"log","time":1744853079198,"thread":null,"pid":null,"source":"reftest","level":"DEBUG","message":"DoDrawWindow 0,0,800,1000"}
04-17 01:24:39.199 3538 3569 E eglCodecCommon: glUtilsParamSize: unknow param 0x00008caa
04-17 01:24:39.334 3538 3569 E eglCodecCommon: glUtilsParamSize: unknow param 0x00008caa
04-17 01:24:39.423 3538 3569 E eglCodecCommon: glUtilsParamSize: unknow param 0x00008caa
04-17 01:24:39.508 3538 3569 E eglCodecCommon: glUtilsParamSize: unknow param 0x00008caa
04-17 01:24:39.594 3538 3569 E eglCodecCommon: glUtilsParamSize: unknow param 0x00000d02
04-17 01:24:39.603 3538 3569 E eglCodecCommon: glUtilsParamSize: unknow param 0x00008caa
04-17 01:24:39.634 3456 3471 I Gecko :
04-17 01:24:39.634 3456 3471 I Gecko : {"action":"log","time":1744853079634,"thread":null,"pid":null,"source":"reftest","level":"DEBUG","message":"[CONTENT] RecordResult fired"}
04-17 01:24:39.635 3456 3471 I Gecko :
04-17 01:24:39.635 3456 3471 I Gecko : {"action":"log","time":1744853079635,"thread":null,"pid":null,"source":"reftest","level":"DEBUG","message":"RecordResult fired"}
04-17 01:24:39.638 3456 3471 I Gecko :
04-17 01:24:39.638 3456 3471 I Gecko : {"action":"log","time":1744853079638,"thread":null,"pid":null,"source":"reftest","level":"DEBUG","message":"RecordResult fired"}
04-17 01:24:39.639 3456 3471 I Gecko :
04-17 01:24:39.639 3456 3471 I Gecko : {"action":"test_status","time":1744853079639,"thread":null,"pid":null,"source":"reftest","test":"layout/reftests/bugs/50630-1c.html == layout/reftests/bugs/50630-1-ref.html","subtest":"image comparison, max difference: 0, number of differing pixels: 0","status":"PASS","extra":{"status_msg":"Pass","modifiers":["==","50630-1c.html","50630-1-ref.html"]}}
04-17 01:24:39.640 3456 3471 I Gecko :
04-17 01:24:39.640 3456 3471 I Gecko : {"action":"test_end","time":1744853079639,"thread":null,"pid":null,"source":"reftest","test":"layout/reftests/bugs/50630-1c.html == layout/reftests/bugs/50630-1-ref.html","status":"OK"}
04-17 01:24:39.640 3456 3471 I Gecko :
04-17 01:24:39.640 3456 3471 I Gecko : {"action":"log","time":1744853079640,"thread":null,"pid":null,"source":"reftest","level":"DEBUG","message":"Loading a blank page"}
04-17 01:24:39.667 3488 3504 W Web Content: [JavaScript Warning: "This page is in Quirks Mode. Page layout may be impacted. For Standards Mode use “”." {file: "data:text/html;charset=UTF-8,%3C%21%2D%2DCLEAR%2D%2D%3E" line: 0}]
04-17 01:24:39.680 3456 3471 D GeckoViewContent: handleEvent: pagetitlechanged
04-17 01:24:39.689 3456 3471 I Gecko :
04-17 01:24:39.689 3456 3471 I Gecko : {"action":"assertion_count","time":1744853079689,"thread":null,"pid":null,"source":"reftest","test":"layout/reftests/bugs/50630-1c.html == layout/reftests/bugs/50630-1-ref.html","min_expected":0,"max_expected":0,"count":0}
04-17 01:24:39.689 3456 3471 I Gecko :
04-17 01:24:39.689 3456 3471 I Gecko : {"action":"test_start","time":1744853079689,"thread":null,"pid":null,"source":"reftest","test":"layout/reftests/bugs/50630-2.html == layout/reftests/bugs/50630-2-ref.html"}
04-17 01:24:39.690 3456 3471 I Gecko : REFTEST TEST-LOAD | http://10.0.2.2:8854/tests/layout/reftests/bugs/50630-2.html | 77 / 2088 (3%)
04-17 01:24:39.690 3456 3471 I Gecko :
04-17 01:24:39.690 3456 3471 I Gecko : {"action":"log","time":1744853079690,"thread":null,"pid":null,"source":"reftest","level":"DEBUG","message":"START http://10.0.2.2:8854/tests/layout/reftests/bugs/50630-2.html"}
04-17 01:24:39.702 3538 3569 E eglCodecCommon: glUtilsParamSize: unknow param 0x00008caa
04-17 01:24:39.731 3488 3504 W Web Content: [JavaScript Warning: "This page is in Quirks Mode. Page layout may be impacted. For Standards Mode use “”." {file: "http://10.0.2.2:8854/tests/layout/reftests/bugs/50630-2.html" line: 0}]
04-17 01:24:39.741 3456 3471 D GeckoViewContent: handleEvent: pagetitlechanged
04-17 01:24:39.764 3456 3471 I Gecko :
04-17 01:24:39.764 3456 3471 I Gecko : {"action":"log","time":1744853079764,"thread":null,"pid":null,"source":"reftest","level":"DEBUG","message":"[CONTENT] OnDocumentLoad triggering AfterOnLoadScripts"}
04-17 01:24:39.789 3456 3471 I Gecko :
04-17 01:24:39.789 3456 3471 I Gecko : {"action":"log","time":1744853079789,"thread":null,"pid":null,"source":"reftest","level":"DEBUG","message":"Initializing canvas snapshot"}
04-17 01:24:39.789 3456 3471 I Gecko :
04-17 01:24:39.789 3456 3471 I Gecko : {"action":"log","time":1744853079789,"thread":null,"pid":null,"source":"reftest","level":"DEBUG","message":"DoDrawWindow 0,0,800,1000"}
04-17 01:24:39.807 3538 3569 E eglCodecCommon: glUtilsParamSize: unknow param 0x00008caa
04-17 01:24:39.949 3538 3569 E eglCodecCommon: glUtilsParamSize: unknow param 0x00008caa
04-17 01:24:40.040 3538 3569 E eglCodecCommon: glUtilsParamSize: unknow param 0x00008caa
04-17 01:24:40.119 3538 3569 E eglCodecCommon: glUtilsParamSize: unknow param 0x00008caa
04-17 01:24:40.194 3538 3569 E eglCodecCommon: glUtilsParamSize: unknow param 0x00000d02
04-17 01:24:40.203 3538 3569 E eglCodecCommon: glUtilsParamSize: unknow param 0x00008caa
04-17 01:24:40.231 3456 3471 I Gecko :
04-17 01:24:40.231 3456 3471 I Gecko : {"action":"log","time":1744853080231,"thread":null,"pid":null,"source":"reftest","level":"DEBUG","message":"[CONTENT] RecordResult fired"}
04-17 01:24:40.232 3456 3471 I Gecko :
04-17 01:24:40.232 3456 3471 I Gecko : {"action":"log","time":1744853080232,"thread":null,"pid":null,"source":"reftest","level":"DEBUG","message":"RecordResult fired"}
04-17 01:24:40.233 3456 3471 I Gecko : REFTEST TEST-LOAD | http://10.0.2.2:8854/tests/layout/reftests/bugs/50630-2-ref.html | 77 / 2088 (3%)
04-17 01:24:40.233 3456 3471 I Gecko :
04-17 01:24:40.233 3456 3471 I Gecko : {"action":"log","time":1744853080233,"thread":null,"pid":null,"source":"reftest","level":"DEBUG","message":"START http://10.0.2.2:8854/tests/layout/reftests/bugs/50630-2-ref.html"}
04-17 01:24:40.278 3488 3504 W Web Content: [JavaScript Warning: "This page is in Quirks Mode. Page layout may be impacted. For Standards Mode use “”." {file: "http://10.0.2.2:8854/tests/layout/reftests/bugs/50630-2-ref.html" line: 0}]
04-17 01:24:40.287 3456 3471 D GeckoViewContent: handleEvent: pagetitlechanged
04-17 01:24:40.301 3456 3471 I Gecko :
04-17 01:24:40.301 3456 3471 I Gecko : {"action":"log","time":1744853080301,"thread":null,"pid":null,"source":"reftest","level":"DEBUG","message":"[CONTENT] OnDocumentLoad triggering AfterOnLoadScripts"}
04-17 01:24:40.318 3538 3569 E eglCodecCommon: glUtilsParamSize: unknow param 0x00008caa
04-17 01:24:40.332 3456 3471 I Gecko :
04-17 01:24:40.332 3456 3471 I Gecko : {"action":"log","time":1744853080332,"thread":null,"pid":null,"source":"reftest","level":"DEBUG","message":"Initializing canvas snapshot"}
04-17 01:24:40.333 3456 3471 I Gecko :
04-17 01:24:40.333 3456 3471 I Gecko : {"action":"log","time":1744853080332,"thread":null,"pid":null,"source":"reftest","level":"DEBUG","message":"DoDrawWindow 0,0,800,1000"}
04-17 01:24:40.406 3538 3569 E eglCodecCommon: glUtilsParamSize: unknow param 0x00008caa
04-17 01:24:40.496 3538 3569 E eglCodecCommon: glUtilsParamSize: unknow param 0x00008caa
04-17 01:24:40.585 3538 3569 E eglCodecCommon: glUtilsParamSize: unknow param 0x00008caa
04-17 01:24:40.668 3538 3569 E eglCodecCommon: glUtilsParamSize: unknow param 0x00000d02
04-17 01:24:40.677 3538 3569 E eglCodecCommon: glUtilsParamSize: unknow param 0x00008caa
04-17 01:24:40.706 3456 3471 I Gecko :
04-17 01:24:40.706 3456 3471 I Gecko : {"action":"log","time":1744853080706,"thread":null,"pid":null,"source":"reftest","level":"DEBUG","message":"[CONTENT] RecordResult fired"}
04-17 01:24:40.707 3456 3471 I Gecko :
04-17 01:24:40.707 3456 3471 I Gecko : {"action":"log","time":1744853080706,"thread":null,"pid":null,"source":"reftest","level":"DEBUG","message":"RecordResult fired"}
04-17 01:24:40.708 3456 3471 I Gecko :
04-17 01:24:40.708 3456 3471 I Gecko : {"action":"test_status","time":1744853080708,"thread":null,"pid":null,"source":"reftest","test":"layout/reftests/bugs/50630-2.html == layout/reftests/bugs/50630-2-ref.html","subtest":"image comparison, max difference: 0, number of differing pixels: 0","status":"PASS","extra":{"status_msg":"Pass","modifiers":["==","50630-2.html","50630-2-ref.html"]}}
04-17 01:24:40.708 3456 3471 I Gecko :
04-17 01:24:40.708 3456 3471 I Gecko : {"action":"test_end","time":1744853080708,"thread":null,"pid":null,"source":"reftest","test":"layout/reftests/bugs/50630-2.html == layout/reftests/bugs/50630-2-ref.html","status":"OK"}
04-17 01:24:40.708 3456 3471 I Gecko :
04-17 01:24:40.708 3456 3471 I Gecko : {"action":"log","time":1744853080708,"thread":null,"pid":null,"source":"reftest","level":"DEBUG","message":"Loading a blank page"}
04-17 01:24:40.730 3488 3504 W Web Content: [JavaScript Warning: "This page is in Quirks Mode. Page layout may be impacted. For Standards Mode use “”." {file: "data:text/html;charset=UTF-8,%3C%21%2D%2DCLEAR%2D%2D%3E" line: 0}]
04-17 01:24:40.736 3456 3471 D GeckoViewContent: handleEvent: pagetitlechanged
04-17 01:24:40.747 3456 3471 I Gecko :
04-17 01:24:40.747 3456 3471 I Gecko : {"action":"assertion_count","time":1744853080746,"thread":null,"pid":null,"source":"reftest","test":"layout/reftests/bugs/50630-2.html == layout/reftests/bugs/50630-2-ref.html","min_expected":0,"max_expected":0,"count":0}
04-17 01:24:40.747 3456 3471 I Gecko :
04-17 01:24:40.747 3456 3471 I Gecko : {"action":"test_start","time":1744853080747,"thread":null,"pid":null,"source":"reftest","test":"layout/reftests/bugs/50630-3.html == layout/reftests/bugs/50630-3-ref.html"}
04-17 01:24:40.747 3456 3471 I Gecko : REFTEST TEST-LOAD | http://10.0.2.2:8854/tests/layout/reftests/bugs/50630-3.html | 78 / 2088 (3%)
04-17 01:24:40.747 3456 3471 I Gecko :
04-17 01:24:40.747 3456 3471 I Gecko : {"action":"log","time":1744853080747,"thread":null,"pid":null,"source":"reftest","level":"DEBUG","message":"START http://10.0.2.2:8854/tests/layout/reftests/bugs/50630-3.html"}
04-17 01:24:40.781 3538 3569 E eglCodecCommon: glUtilsParamSize: unknow param 0x00008caa
04-17 01:24:40.833 3456 3471 D GeckoViewContent: handleEvent: pagetitlechanged
04-17 01:24:40.846 3456 3471 I Gecko :
04-17 01:24:40.846 3456 3471 I Gecko : {"action":"log","time":1744853080846,"thread":null,"pid":null,"source":"reftest","level":"DEBUG","message":"[CONTENT] OnDocumentLoad triggering AfterOnLoadScripts"}
04-17 01:24:40.874 3456 3471 I Gecko :
04-17 01:24:40.874 3456 3471 I Gecko : {"action":"log","time":1744853080874,"thread":null,"pid":null,"source":"reftest","level":"DEBUG","message":"Initializing canvas snapshot"}
04-17 01:24:40.874 3456 3471 I Gecko :
04-17 01:24:40.874 3456 3471 I Gecko : {"action":"log","time":1744853080874,"thread":null,"pid":null,"source":"reftest","level":"DEBUG","message":"DoDrawWindow 0,0,800,1000"}
04-17 01:24:40.884 3538 3569 E eglCodecCommon: glUtilsParamSize: unknow param 0x00008caa
04-17 01:24:41.032 3538 3569 E eglCodecCommon: glUtilsParamSize: unknow param 0x00008caa
04-17 01:24:41.127 3538 3569 E eglCodecCommon: glUtilsParamSize: unknow param 0x00008caa
04-17 01:24:41.213 3538 3569 E eglCodecCommon: glUtilsParamSize: unknow param 0x00008caa
04-17 01:24:41.296 3538 3569 E eglCodecCommon: glUtilsParamSize: unknow param 0x00000d02
04-17 01:24:41.307 3538 3569 E eglCodecCommon: glUtilsParamSize: unknow param 0x00008caa
04-17 01:24:41.335 3456 3471 I Gecko :
04-17 01:24:41.335 3456 3471 I Gecko : {"action":"log","time":1744853081335,"thread":null,"pid":null,"source":"reftest","level":"DEBUG","message":"[CONTENT] RecordResult fired"}
04-17 01:24:41.336 3456 3471 I Gecko :
04-17 01:24:41.336 3456 3471 I Gecko : {"action":"log","time":1744853081336,"thread":null,"pid":null,"source":"reftest","level":"DEBUG","message":"RecordResult fired"}
04-17 01:24:41.337 3456 3471 I Gecko : REFTEST TEST-LOAD | http://10.0.2.2:8854/tests/layout/reftests/bugs/50630-3-ref.html | 78 / 2088 (3%)
04-17 01:24:41.337 3456 3471 I Gecko :
04-17 01:24:41.337 3456 3471 I Gecko : {"action":"log","time":1744853081337,"thread":null,"pid":null,"source":"reftest","level":"DEBUG","message":"START http://10.0.2.2:8854/tests/layout/reftests/bugs/50630-3-ref.html"}
04-17 01:24:41.384 3456 3471 D GeckoViewContent: handleEvent: pagetitlechanged
04-17 01:24:41.399 3456 3471 I Gecko :
04-17 01:24:41.399 3456 3471 I Gecko : {"action":"log","time":1744853081399,"thread":null,"pid":null,"source":"reftest","level":"DEBUG","message":"[CONTENT] OnDocumentLoad triggering AfterOnLoadScripts"}
04-17 01:24:41.414 3538 3569 E eglCodecCommon: glUtilsParamSize: unknow param 0x00008caa
04-17 01:24:41.425 3456 3471 I Gecko :
04-17 01:24:41.425 3456 3471 I Gecko : {"action":"log","time":1744853081425,"thread":null,"pid":null,"source":"reftest","level":"DEBUG","message":"Initializing canvas snapshot"}
04-17 01:24:41.426 3456 3471 I Gecko :
04-17 01:24:41.426 3456 3471 I Gecko : {"action":"log","time":1744853081425,"thread":null,"pid":null,"source":"reftest","level":"DEBUG","message":"DoDrawWindow 0,0,800,1000"}
04-17 01:24:41.504 3538 3569 E eglCodecCommon: glUtilsParamSize: unknow param 0x00008caa
04-17 01:24:41.596 3538 3569 E eglCodecCommon: glUtilsParamSize: unknow param 0x00008caa
04-17 01:24:41.686 3538 3569 E eglCodecCommon: glUtilsParamSize: unknow param 0x00008caa
04-17 01:24:41.772 3538 3569 E eglCodecCommon: glUtilsParamSize: unknow param 0x00000d02
04-17 01:24:41.780 3538 3569 E eglCodecCommon: glUtilsParamSize: unknow param 0x00008caa
04-17 01:24:41.810 3456 3471 I Gecko :
04-17 01:24:41.810 3456 3471 I Gecko : {"action":"log","time":1744853081810,"thread":null,"pid":null,"source":"reftest","level":"DEBUG","message":"[CONTENT] RecordResult fired"}
04-17 01:24:41.811 3456 3471 I Gecko :
04-17 01:24:41.811 3456 3471 I Gecko : {"action":"log","time":1744853081811,"thread":null,"pid":null,"source":"reftest","level":"DEBUG","message":"RecordResult fired"}
04-17 01:24:41.812 3456 3471 I Gecko :
04-17 01:24:41.812 3456 3471 I Gecko : {"action":"test_status","time":1744853081812,"thread":null,"pid":null,"source":"reftest","test":"layout/reftests/bugs/50630-3.html == layout/reftests/bugs/50630-3-ref.html","subtest":"image comparison, max difference: 0, number of differing pixels: 0","status":"PASS","extra":{"status_msg":"Pass","modifiers":["==","50630-3.html","50630-3-ref.html"]}}
04-17 01:24:41.813 3456 3471 I Gecko :
04-17 01:24:41.813 3456 3471 I Gecko : {"action":"test_end","time":1744853081812,"thread":null,"pid":null,"source":"reftest","test":"layout/reftests/bugs/50630-3.html == layout/reftests/bugs/50630-3-ref.html","status":"OK"}
04-17 01:24:41.813 3456 3471 I Gecko :
04-17 01:24:41.813 3456 3471 I Gecko : {"action":"log","time":1744853081813,"thread":null,"pid":null,"source":"reftest","level":"DEBUG","message":"Loading a blank page"}
04-17 01:24:41.832 3488 3504 W Web Content: [JavaScript Warning: "This page is in Quirks Mode. Page layout may be impacted. For Standards Mode use “”." {file: "data:text/html;charset=UTF-8,%3C%21%2D%2DCLEAR%2D%2D%3E" line: 0}]
04-17 01:24:41.838 3456 3471 D GeckoViewContent: handleEvent: pagetitlechanged
04-17 01:24:41.847 3456 3471 I Gecko :
04-17 01:24:41.847 3456 3471 I Gecko : {"action":"assertion_count","time":1744853081847,"thread":null,"pid":null,"source":"reftest","test":"layout/reftests/bugs/50630-3.html == layout/reftests/bugs/50630-3-ref.html","min_expected":0,"max_expected":0,"count":0}
04-17 01:24:41.847 3456 3471 I Gecko :
04-17 01:24:41.847 3456 3471 I Gecko : {"action":"test_start","time":1744853081847,"thread":null,"pid":null,"source":"reftest","test":"layout/reftests/bugs/50630-4.html == layout/reftests/bugs/50630-4-ref.html"}
04-17 01:24:41.848 3456 3471 I Gecko : REFTEST TEST-LOAD | http://10.0.2.2:8854/tests/layout/reftests/bugs/50630-4.html | 79 / 2088 (3%)
04-17 01:24:41.848 3456 3471 I Gecko :
04-17 01:24:41.848 3456 3471 I Gecko : {"action":"log","time":1744853081848,"thread":null,"pid":null,"source":"reftest","level":"DEBUG","message":"START http://10.0.2.2:8854/tests/layout/reftests/bugs/50630-4.html"}
04-17 01:24:41.876 3538 3569 E eglCodecCommon: glUtilsParamSize: unknow param 0x00008caa
04-17 01:24:41.905 3456 3471 D GeckoViewContent: handleEvent: pagetitlechanged
04-17 01:24:41.921 3456 3471 I Gecko :
04-17 01:24:41.921 3456 3471 I Gecko : {"action":"log","time":1744853081921,"thread":null,"pid":null,"source":"reftest","level":"DEBUG","message":"[CONTENT] OnDocumentLoad triggering AfterOnLoadScripts"}
04-17 01:24:41.955 3456 3471 I Gecko :
04-17 01:24:41.955 3456 3471 I Gecko : {"action":"log","time":1744853081955,"thread":null,"pid":null,"source":"reftest","level":"DEBUG","message":"Initializing canvas snapshot"}
04-17 01:24:41.955 3456 3471 I Gecko :
04-17 01:24:41.955 3456 3471 I Gecko : {"action":"log","time":1744853081955,"thread":null,"pid":null,"source":"reftest","level":"DEBUG","message":"DoDrawWindow 0,0,800,1000"}
04-17 01:24:41.970 3538 3569 E eglCodecCommon: glUtilsParamSize: unknow param 0x00008caa
04-17 01:24:42.101 3538 3569 E eglCodecCommon: glUtilsParamSize: unknow param 0x00008caa
04-17 01:24:42.189 3538 3569 E eglCodecCommon: glUtilsParamSize: unknow param 0x00008caa
04-17 01:24:42.272 3538 3569 E eglCodecCommon: glUtilsParamSize: unknow param 0x00008caa
04-17 01:24:42.352 3538 3569 E eglCodecCommon: glUtilsParamSize: unknow param 0x00000d02
04-17 01:24:42.360 3538 3569 E eglCodecCommon: glUtilsParamSize: unknow param 0x00008caa
04-17 01:24:42.388 3456 3471 I Gecko :
04-17 01:24:42.388 3456 3471 I Gecko : {"action":"log","time":1744853082388,"thread":null,"pid":null,"source":"reftest","level":"DEBUG","message":"[CONTENT] RecordResult fired"}
04-17 01:24:42.389 3456 3471 I Gecko :
04-17 01:24:42.389 3456 3471 I Gecko : {"action":"log","time":1744853082389,"thread":null,"pid":null,"source":"reftest","level":"DEBUG","message":"RecordResult fired"}
04-17 01:24:42.389 3456 3471 I Gecko : REFTEST TEST-LOAD | http://10.0.2.2:8854/tests/layout/reftests/bugs/50630-4-ref.html | 79 / 2088 (3%)
04-17 01:24:42.389 3456 3471 I Gecko :
04-17 01:24:42.389 3456 3471 I Gecko : {"action":"log","time":1744853082389,"thread":null,"pid":null,"source":"reftest","level":"DEBUG","message":"START http://10.0.2.2:8854/tests/layout/reftests/bugs/50630-4-ref.html"}
04-17 01:24:42.433 3456 3471 D GeckoViewContent: handleEvent: pagetitlechanged
04-17 01:24:42.446 3456 3471 I Gecko :
04-17 01:24:42.446 3456 3471 I Gecko : {"action":"log","time":1744853082446,"thread":null,"pid":null,"source":"reftest","level":"DEBUG","message":"[CONTENT] OnDocumentLoad triggering AfterOnLoadScripts"}
04-17 01:24:42.465 3538 3569 E eglCodecCommon: glUtilsParamSize: unknow param 0x00008caa
04-17 01:24:42.471 3456 3471 I Gecko :
04-17 01:24:42.471 3456 3471 I Gecko : {"action":"log","time":1744853082471,"thread":null,"pid":null,"source":"reftest","level":"DEBUG","message":"Initializing canvas snapshot"}
04-17 01:24:42.472 3456 3471 I Gecko :
04-17 01:24:42.472 3456 3471 I Gecko : {"action":"log","time":1744853082472,"thread":null,"pid":null,"source":"reftest","level":"DEBUG","message":"DoDrawWindow 0,0,800,1000"}
04-17 01:24:42.594 3538 3569 E eglCodecCommon: glUtilsParamSize: unknow param 0x00008caa
04-17 01:24:42.682 3538 3569 E eglCodecCommon: glUtilsParamSize: unknow param 0x00008caa
04-17 01:24:42.768 3538 3569 E eglCodecCommon: glUtilsParamSize: unknow param 0x00008caa
04-17 01:24:42.851 3538 3569 E eglCodecCommon: glUtilsParamSize: unknow param 0x00000d02
04-17 01:24:42.859 3538 3569 E eglCodecCommon: glUtilsParamSize: unknow param 0x00008caa
04-17 01:24:42.885 3456 3471 I Gecko :
04-17 01:24:42.885 3456 3471 I Gecko : {"action":"log","time":1744853082884,"thread":null,"pid":null,"source":"reftest","level":"DEBUG","message":"[CONTENT] RecordResult fired"}
04-17 01:24:42.886 3456 3471 I Gecko :
04-17 01:24:42.886 3456 3471 I Gecko : {"action":"log","time":1744853082886,"thread":null,"pid":null,"source":"reftest","level":"DEBUG","message":"RecordResult fired"}
04-17 01:24:42.887 3456 3471 I Gecko :
04-17 01:24:42.887 3456 3471 I Gecko : {"action":"test_status","time":1744853082887,"thread":null,"pid":null,"source":"reftest","test":"layout/reftests/bugs/50630-4.html == layout/reftests/bugs/50630-4-ref.html","subtest":"image comparison, max difference: 0, number of differing pixels: 0","status":"PASS","extra":{"status_msg":"Pass","modifiers":["==","50630-4.html","50630-4-ref.html"]}}
04-17 01:24:42.887 3456 3471 I Gecko :
04-17 01:24:42.887 3456 3471 I Gecko : {"action":"test_end","time":1744853082887,"thread":null,"pid":null,"source":"reftest","test":"layout/reftests/bugs/50630-4.html == layout/reftests/bugs/50630-4-ref.html","status":"OK"}
04-17 01:24:42.887 3456 3471 I Gecko :
04-17 01:24:42.887 3456 3471 I Gecko : {"action":"log","time":1744853082887,"thread":null,"pid":null,"source":"reftest","level":"DEBUG","message":"Loading a blank page"}
04-17 01:24:42.910 3488 3504 W Web Content: [JavaScript Warning: "This page is in Quirks Mode. Page layout may be impacted. For Standards Mode use “”." {file: "data:text/html;charset=UTF-8,%3C%21%2D%2DCLEAR%2D%2D%3E" line: 0}]
04-17 01:24:42.916 3456 3471 D GeckoViewContent: handleEvent: pagetitlechanged
04-17 01:24:42.927 3456 3471 I Gecko :
04-17 01:24:42.927 3456 3471 I Gecko : {"action":"assertion_count","time":1744853082926,"thread":null,"pid":null,"source":"reftest","test":"layout/reftests/bugs/50630-4.html == layout/reftests/bugs/50630-4-ref.html","min_expected":0,"max_expected":0,"count":0}
04-17 01:24:42.927 3456 3471 I Gecko :
04-17 01:24:42.927 3456 3471 I Gecko : {"action":"test_start","time":1744853082927,"thread":null,"pid":null,"source":"reftest","test":"layout/reftests/bugs/50630-4.html == layout/reftests/bugs/50630-4-ref2.html"}
04-17 01:24:42.932 3456 3471 I Gecko :
04-17 01:24:42.932 3456 3471 I Gecko : {"action":"log","time":1744853082932,"thread":null,"pid":null,"source":"reftest","level":"DEBUG","message":"RecordResult fired"}
04-17 01:24:42.932 3456 3471 I Gecko : REFTEST TEST-LOAD | http://10.0.2.2:8854/tests/layout/reftests/bugs/50630-4-ref2.html | 80 / 2088 (3%)
04-17 01:24:42.933 3456 3471 I Gecko :
04-17 01:24:42.933 3456 3471 I Gecko : {"action":"log","time":1744853082932,"thread":null,"pid":null,"source":"reftest","level":"DEBUG","message":"START http://10.0.2.2:8854/tests/layout/reftests/bugs/50630-4-ref2.html"}
04-17 01:24:42.961 3538 3569 E eglCodecCommon: glUtilsParamSize: unknow param 0x00008caa
04-17 01:24:42.985 3456 3471 D GeckoViewContent: handleEvent: pagetitlechanged
04-17 01:24:43.002 3456 3471 I Gecko :
04-17 01:24:43.002 3456 3471 I Gecko : {"action":"log","time":1744853083002,"thread":null,"pid":null,"source":"reftest","level":"DEBUG","message":"[CONTENT] OnDocumentLoad triggering AfterOnLoadScripts"}
04-17 01:24:43.023 3456 3471 I Gecko :
04-17 01:24:43.023 3456 3471 I Gecko : {"action":"log","time":1744853083023,"thread":null,"pid":null,"source":"reftest","level":"DEBUG","message":"Initializing canvas snapshot"}
04-17 01:24:43.024 3456 3471 I Gecko :
04-17 01:24:43.024 3456 3471 I Gecko : {"action":"log","time":1744853083024,"thread":null,"pid":null,"source":"reftest","level":"DEBUG","message":"DoDrawWindow 0,0,800,1000"}
04-17 01:24:43.064 3538 3569 E eglCodecCommon: glUtilsParamSize: unknow param 0x00008caa
04-17 01:24:43.199 3538 3569 E eglCodecCommon: glUtilsParamSize: unknow param 0x00008caa
04-17 01:24:43.288 3538 3569 E eglCodecCommon: glUtilsParamSize: unknow param 0x00008caa
04-17 01:24:43.374 3538 3569 E eglCodecCommon: glUtilsParamSize: unknow param 0x00008caa
04-17 01:24:43.455 3538 3569 E eglCodecCommon: glUtilsParamSize: unknow param 0x00000d02
04-17 01:24:43.464 3538 3569 E eglCodecCommon: glUtilsParamSize: unknow param 0x00008caa
04-17 01:24:43.491 3456 3471 I Gecko :
04-17 01:24:43.491 3456 3471 I Gecko : {"action":"log","time":1744853083490,"thread":null,"pid":null,"source":"reftest","level":"DEBUG","message":"[CONTENT] RecordResult fired"}
04-17 01:24:43.492 3456 3471 I Gecko :
04-17 01:24:43.492 3456 3471 I Gecko : {"action":"log","time":1744853083492,"thread":null,"pid":null,"source":"reftest","level":"DEBUG","message":"RecordResult fired"}
04-17 01:24:43.493 3456 3471 I Gecko :
04-17 01:24:43.493 3456 3471 I Gecko : {"action":"test_status","time":1744853083493,"thread":null,"pid":null,"source":"reftest","test":"layout/reftests/bugs/50630-4.html == layout/reftests/bugs/50630-4-ref2.html","subtest":"image comparison, max difference: 0, number of differing pixels: 0","status":"PASS","extra":{"status_msg":"Pass","modifiers":["==","50630-4.html","50630-4-ref2.html"]}}
04-17 01:24:43.494 3456 3471 I Gecko :
04-17 01:24:43.494 3456 3471 I Gecko : {"action":"test_end","time":1744853083494,"thread":null,"pid":null,"source":"reftest","test":"layout/reftests/bugs/50630-4.html == layout/reftests/bugs/50630-4-ref2.html","status":"OK"}
04-17 01:24:43.494 3456 3471 I Gecko :
04-17 01:24:43.494 3456 3471 I Gecko : {"action":"log","time":1744853083494,"thread":null,"pid":null,"source":"reftest","level":"DEBUG","message":"Loading a blank page"}
04-17 01:24:43.513 3488 3504 W Web Content: [JavaScript Warning: "This page is in Quirks Mode. Page layout may be impacted. For Standards Mode use “”." {file: "data:text/html;charset=UTF-8,%3C%21%2D%2DCLEAR%2D%2D%3E" line: 0}]
04-17 01:24:43.520 3456 3471 D GeckoViewContent: handleEvent: pagetitlechanged
04-17 01:24:43.530 3456 3471 I Gecko :
04-17 01:24:43.530 3456 3471 I Gecko : {"action":"assertion_count","time":1744853083530,"thread":null,"pid":null,"source":"reftest","test":"layout/reftests/bugs/50630-4.html == layout/reftests/bugs/50630-4-ref2.html","min_expected":0,"max_expected":0,"count":0}
04-17 01:24:43.530 3456 3471 I Gecko :
04-17 01:24:43.530 3456 3471 I Gecko : {"action":"test_start","time":1744853083530,"thread":null,"pid":null,"source":"reftest","test":"layout/reftests/bugs/50630-5.html == layout/reftests/bugs/50630-5-ref.html"}
04-17 01:24:43.531 3456 3471 I Gecko : REFTEST TEST-LOAD | http://10.0.2.2:8854/tests/layout/reftests/bugs/50630-5.html | 81 / 2088 (3%)
04-17 01:24:43.532 3456 3471 I Gecko :
04-17 01:24:43.532 3456 3471 I Gecko : {"action":"log","time":1744853083531,"thread":null,"pid":null,"source":"reftest","level":"DEBUG","message":"START http://10.0.2.2:8854/tests/layout/reftests/bugs/50630-5.html"}
04-17 01:24:43.571 3538 3569 E eglCodecCommon: glUtilsParamSize: unknow param 0x00008caa
04-17 01:24:43.584 3456 3471 D GeckoViewContent: handleEvent: pagetitlechanged
04-17 01:24:43.601 3456 3471 I Gecko :
04-17 01:24:43.601 3456 3471 I Gecko : {"action":"log","time":1744853083600,"thread":null,"pid":null,"source":"reftest","level":"DEBUG","message":"[CONTENT] OnDocumentLoad triggering AfterOnLoadScripts"}
04-17 01:24:43.621 3456 3471 I Gecko :
04-17 01:24:43.621 3456 3471 I Gecko : {"action":"log","time":1744853083621,"thread":null,"pid":null,"source":"reftest","level":"DEBUG","message":"Initializing canvas snapshot"}
04-17 01:24:43.622 3456 3471 I Gecko :
04-17 01:24:43.622 3456 3471 I Gecko : {"action":"log","time":1744853083621,"thread":null,"pid":null,"source":"reftest","level":"DEBUG","message":"DoDrawWindow 0,0,800,1000"}
04-17 01:24:43.670 3538 3569 E eglCodecCommon: glUtilsParamSize: unknow param 0x00008caa
04-17 01:24:43.817 3538 3569 E eglCodecCommon: glUtilsParamSize: unknow param 0x00008caa
04-17 01:24:43.906 3538 3569 E eglCodecCommon: glUtilsParamSize: unknow param 0x00008caa
04-17 01:24:43.992 3538 3569 E eglCodecCommon: glUtilsParamSize: unknow param 0x00008caa
04-17 01:24:44.071 3538 3569 E eglCodecCommon: glUtilsParamSize: unknow param 0x00000d02
04-17 01:24:44.081 3538 3569 E eglCodecCommon: glUtilsParamSize: unknow param 0x00008caa
04-17 01:24:44.110 3456 3471 I Gecko :
04-17 01:24:44.110 3456 3471 I Gecko : {"action":"log","time":1744853084110,"thread":null,"pid":null,"source":"reftest","level":"DEBUG","message":"[CONTENT] RecordResult fired"}
04-17 01:24:44.111 3456 3471 I Gecko :
04-17 01:24:44.111 3456 3471 I Gecko : {"action":"log","time":1744853084111,"thread":null,"pid":null,"source":"reftest","level":"DEBUG","message":"RecordResult fired"}
04-17 01:24:44.112 3456 3471 I Gecko : REFTEST TEST-LOAD | http://10.0.2.2:8854/tests/layout/reftests/bugs/50630-5-ref.html | 81 / 2088 (3%)
04-17 01:24:44.112 3456 3471 I Gecko :
04-17 01:24:44.112 3456 3471 I Gecko : {"action":"log","time":1744853084112,"thread":null,"pid":null,"source":"reftest","level":"DEBUG","message":"START http://10.0.2.2:8854/tests/layout/reftests/bugs/50630-5-ref.html"}
04-17 01:24:44.224 3456 3471 D GeckoViewContent: handleEvent: pagetitlechanged
04-17 01:24:44.238 3456 3471 I Gecko :
04-17 01:24:44.238 3456 3471 I Gecko : {"action":"log","time":1744853084238,"thread":null,"pid":null,"source":"reftest","level":"DEBUG","message":"[CONTENT] OnDocumentLoad triggering AfterOnLoadScripts"}
04-17 01:24:44.247 3538 3569 E eglCodecCommon: glUtilsParamSize: unknow param 0x00008caa
04-17 01:24:44.271 3456 3471 I Gecko :
04-17 01:24:44.271 3456 3471 I Gecko : {"action":"log","time":1744853084271,"thread":null,"pid":null,"source":"reftest","level":"DEBUG","message":"Initializing canvas snapshot"}
04-17 01:24:44.271 3456 3471 I Gecko :
04-17 01:24:44.271 3456 3471 I Gecko : {"action":"log","time":1744853084271,"thread":null,"pid":null,"source":"reftest","level":"DEBUG","message":"DoDrawWindow 0,0,800,1000"}
04-17 01:24:44.330 3538 3569 E eglCodecCommon: glUtilsParamSize: unknow param 0x00008caa
04-17 01:24:44.419 3538 3569 E eglCodecCommon: glUtilsParamSize: unknow param 0x00008caa
04-17 01:24:44.507 3538 3569 E eglCodecCommon: glUtilsParamSize: unknow param 0x00008caa
04-17 01:24:44.589 3538 3569 E eglCodecCommon: glUtilsParamSize: unknow param 0x00000d02
04-17 01:24:44.599 3538 3569 E eglCodecCommon: glUtilsParamSize: unknow param 0x00008caa
04-17 01:24:44.629 3456 3471 I Gecko :
04-17 01:24:44.629 3456 3471 I Gecko : {"action":"log","time":1744853084629,"thread":null,"pid":null,"source":"reftest","level":"DEBUG","message":"[CONTENT] RecordResult fired"}
04-17 01:24:44.630 3456 3471 I Gecko :
04-17 01:24:44.630 3456 3471 I Gecko : {"action":"log","time":1744853084630,"thread":null,"pid":null,"source":"reftest","level":"DEBUG","message":"RecordResult fired"}
04-17 01:24:44.632 3456 3471 I Gecko :
04-17 01:24:44.632 3456 3471 I Gecko : {"action":"test_status","time":1744853084632,"thread":null,"pid":null,"source":"reftest","test":"layout/reftests/bugs/50630-5.html == layout/reftests/bugs/50630-5-ref.html","subtest":"image comparison, max difference: 0, number of differing pixels: 0","status":"PASS","extra":{"status_msg":"Pass","modifiers":["==","50630-5.html","50630-5-ref.html"]}}
04-17 01:24:44.632 3456 3471 I Gecko :
04-17 01:24:44.632 3456 3471 I Gecko : {"action":"test_end","time":1744853084632,"thread":null,"pid":null,"source":"reftest","test":"layout/reftests/bugs/50630-5.html == layout/reftests/bugs/50630-5-ref.html","status":"OK"}
04-17 01:24:44.632 3456 3471 I Gecko :
04-17 01:24:44.632 3456 3471 I Gecko : {"action":"log","time":1744853084632,"thread":null,"pid":null,"source":"reftest","level":"DEBUG","message":"Loading a blank page"}
04-17 01:24:44.655 3488 3504 W Web Content: [JavaScript Warning: "This page is in Quirks Mode. Page layout may be impacted. For Standards Mode use “”." {file: "data:text/html;charset=UTF-8,%3C%21%2D%2DCLEAR%2D%2D%3E" line: 0}]
04-17 01:24:44.663 3456 3471 D GeckoViewContent: handleEvent: pagetitlechanged
04-17 01:24:44.672 3456 3471 I Gecko :
04-17 01:24:44.672 3456 3471 I Gecko : {"action":"assertion_count","time":1744853084671,"thread":null,"pid":null,"source":"reftest","test":"layout/reftests/bugs/50630-5.html == layout/reftests/bugs/50630-5-ref.html","min_expected":0,"max_expected":0,"count":0}
04-17 01:24:44.672 3456 3471 I Gecko :
04-17 01:24:44.672 3456 3471 I Gecko : {"action":"test_start","time":1744853084672,"thread":null,"pid":null,"source":"reftest","test":"layout/reftests/bugs/67752-1.html == layout/reftests/bugs/67752-1-ref.html"}
04-17 01:24:44.672 3456 3471 I Gecko : REFTEST TEST-LOAD | http://10.0.2.2:8854/tests/layout/reftests/bugs/67752-1.html | 82 / 2088 (3%)
04-17 01:24:44.673 3456 3471 I Gecko :
04-17 01:24:44.673 3456 3471 I Gecko : {"action":"log","time":1744853084672,"thread":null,"pid":null,"source":"reftest","level":"DEBUG","message":"START http://10.0.2.2:8854/tests/layout/reftests/bugs/67752-1.html"}
04-17 01:24:44.700 3538 3569 E eglCodecCommon: glUtilsParamSize: unknow param 0x00008caa
04-17 01:24:44.737 3456 3471 D GeckoViewContent: handleEvent: pagetitlechanged
04-17 01:24:44.753 3456 3471 I Gecko :
04-17 01:24:44.753 3456 3471 I Gecko : {"action":"log","time":1744853084753,"thread":null,"pid":null,"source":"reftest","level":"DEBUG","message":"[CONTENT] OnDocumentLoad triggering WaitForTestEnd"}
04-17 01:24:44.756 3456 3471 I Gecko :
04-17 01:24:44.756 3456 3471 I Gecko : {"action":"log","time":1744853084756,"thread":null,"pid":null,"source":"reftest","level":"DEBUG","message":"[CONTENT] WaitForTestEnd: Adding listeners"}
04-17 01:24:44.765 3456 3471 I Gecko :
04-17 01:24:44.765 3456 3471 I Gecko : {"action":"log","time":1744853084765,"thread":null,"pid":null,"source":"reftest","level":"DEBUG","message":"Initializing canvas snapshot"}
04-17 01:24:44.765 3456 3471 I Gecko :
04-17 01:24:44.765 3456 3471 I Gecko : {"action":"log","time":1744853084765,"thread":null,"pid":null,"source":"reftest","level":"DEBUG","message":"DoDrawWindow 0,0,800,1000"}
04-17 01:24:44.804 3538 3569 E eglCodecCommon: glUtilsParamSize: unknow param 0x00008caa
04-17 01:24:44.951 3538 3569 E eglCodecCommon: glUtilsParamSize: unknow param 0x00008caa
04-17 01:24:45.041 3538 3569 E eglCodecCommon: glUtilsParamSize: unknow param 0x00008caa
04-17 01:24:45.127 3538 3569 E eglCodecCommon: glUtilsParamSize: unknow param 0x00008caa
04-17 01:24:45.210 3538 3569 E eglCodecCommon: glUtilsParamSize: unknow param 0x00000d02
04-17 01:24:45.219 3538 3569 E eglCodecCommon: glUtilsParamSize: unknow param 0x00008caa
04-17 01:24:45.248 3456 3471 I Gecko :
04-17 01:24:45.248 3456 3471 I Gecko : {"action":"log","time":1744853085248,"thread":null,"pid":null,"source":"reftest","level":"DEBUG","message":"[CONTENT] AfterPaintListener in http://10.0.2.2:8854/tests/layout/reftests/bugs/67752-1.html"}
04-17 01:24:45.251 3456 3471 I Gecko :
04-17 01:24:45.251 3456 3471 I Gecko : {"action":"log","time":1744853085251,"thread":null,"pid":null,"source":"reftest","level":"DEBUG","message":"[CONTENT] MakeProgress"}
04-17 01:24:45.258 3456 3471 I Gecko :
04-17 01:24:45.258 3456 3471 I Gecko : {"action":"log","time":1744853085258,"thread":null,"pid":null,"source":"reftest","level":"DEBUG","message":"[CONTENT] MakeProgress: STATE_WAITING_TO_FIRE_INVALIDATE_EVENT"}
04-17 01:24:45.260 3456 3471 I Gecko :
04-17 01:24:45.260 3456 3471 I Gecko : {"action":"log","time":1744853085260,"thread":null,"pid":null,"source":"reftest","level":"DEBUG","message":"[CONTENT] MakeProgress: waiting for updateCanvasPending"}
04-17 01:24:45.262 3456 3471 I Gecko :
04-17 01:24:45.262 3456 3471 I Gecko : {"action":"log","time":1744853085262,"thread":null,"pid":null,"source":"reftest","level":"DEBUG","message":"[CONTENT] HandlePendingTasksAfterMakeProgress updating canvas"}
04-17 01:24:45.263 3456 3471 I Gecko :
04-17 01:24:45.263 3456 3471 I Gecko : {"action":"log","time":1744853085263,"thread":null,"pid":null,"source":"reftest","level":"DEBUG","message":"[CONTENT] Sending update whole canvas for invalidation"}
04-17 01:24:45.271 3456 3471 I Gecko :
04-17 01:24:45.271 3456 3471 I Gecko : {"action":"log","time":1744853085271,"thread":null,"pid":null,"source":"reftest","level":"DEBUG","message":"Updating entire canvas for invalidation"}
04-17 01:24:45.271 3456 3471 I Gecko :
04-17 01:24:45.271 3456 3471 I Gecko : {"action":"log","time":1744853085271,"thread":null,"pid":null,"source":"reftest","level":"DEBUG","message":"DoDrawWindow 0,0,800,1000"}
04-17 01:24:45.316 3538 3569 E eglCodecCommon: glUtilsParamSize: unknow param 0x00008caa
04-17 01:24:45.408 3538 3569 E eglCodecCommon: glUtilsParamSize: unknow param 0x00008caa
04-17 01:24:45.493 3538 3569 E eglCodecCommon: glUtilsParamSize: unknow param 0x00008caa
04-17 01:24:45.578 3538 3569 E eglCodecCommon: glUtilsParamSize: unknow param 0x00000d02
04-17 01:24:45.588 3538 3569 E eglCodecCommon: glUtilsParamSize: unknow param 0x00008caa
04-17 01:24:45.627 3456 3471 I Gecko :
04-17 01:24:45.627 3456 3471 I Gecko : {"action":"log","time":1744853085626,"thread":null,"pid":null,"source":"reftest","level":"DEBUG","message":"[CONTENT] MakeProgress"}
04-17 01:24:45.635 3456 3471 I Gecko :
04-17 01:24:45.635 3456 3471 I Gecko : {"action":"log","time":1744853085635,"thread":null,"pid":null,"source":"reftest","level":"DEBUG","message":"[CONTENT] MakeProgress: STATE_WAITING_TO_FIRE_INVALIDATE_EVENT"}
04-17 01:24:45.636 3456 3471 I Gecko :
04-17 01:24:45.636 3456 3471 I Gecko : {"action":"log","time":1744853085635,"thread":null,"pid":null,"source":"reftest","level":"DEBUG","message":"[CONTENT] MakeProgress: dispatching MozReftestInvalidate"}
04-17 01:24:45.636 3456 3471 I Gecko :
04-17 01:24:45.636 3456 3471 I Gecko : {"action":"log","time":1744853085636,"thread":null,"pid":null,"source":"reftest","level":"DEBUG","message":"[CONTENT] MakeProgress"}
04-17 01:24:45.648 3456 3471 I Gecko :
04-17 01:24:45.648 3456 3471 I Gecko : {"action":"log","time":1744853085648,"thread":null,"pid":null,"source":"reftest","level":"DEBUG","message":"[CONTENT] MakeProgress: STATE_WAITING_FOR_REFTEST_WAIT_REMOVAL"}
04-17 01:24:45.648 3456 3471 I Gecko :
04-17 01:24:45.648 3456 3471 I Gecko : {"action":"log","time":1744853085648,"thread":null,"pid":null,"source":"reftest","level":"DEBUG","message":"[CONTENT] MakeProgress"}
04-17 01:24:45.665 3456 3471 I Gecko :
04-17 01:24:45.665 3456 3471 I Gecko : {"action":"log","time":1744853085665,"thread":null,"pid":null,"source":"reftest","level":"DEBUG","message":"[CONTENT] MakeProgress: STATE_WAITING_FOR_SPELL_CHECKS"}
04-17 01:24:45.667 3456 3471 I Gecko :
04-17 01:24:45.667 3456 3471 I Gecko : {"action":"log","time":1744853085667,"thread":null,"pid":null,"source":"reftest","level":"DEBUG","message":"[CONTENT] MakeProgress: STATE_WAITING_FOR_APZ_FLUSH"}
04-17 01:24:45.668 3456 3471 I Gecko :
04-17 01:24:45.668 3456 3471 I Gecko : {"action":"log","time":1744853085667,"thread":null,"pid":null,"source":"reftest","level":"DEBUG","message":"[CONTENT] MakeProgress: done requesting APZ flush"}
04-17 01:24:45.677 3456 3471 I Gecko :
04-17 01:24:45.677 3456 3471 I Gecko : {"action":"log","time":1744853085677,"thread":null,"pid":null,"source":"reftest","level":"DEBUG","message":"[CONTENT] MakeProgress: apz-repaints-flushed fired"}
04-17 01:24:45.678 3456 3471 I Gecko :
04-17 01:24:45.678 3456 3471 I Gecko : {"action":"log","time":1744853085678,"thread":null,"pid":null,"source":"reftest","level":"DEBUG","message":"[CONTENT] MakeProgress"}
04-17 01:24:45.679 3456 3471 I Gecko :
04-17 01:24:45.679 3456 3471 I Gecko : {"action":"log","time":1744853085679,"thread":null,"pid":null,"source":"reftest","level":"DEBUG","message":"[CONTENT] MakeProgress: STATE_WAITING_TO_FINISH"}
04-17 01:24:45.680 3456 3471 I Gecko :
04-17 01:24:45.680 3456 3471 I Gecko : {"action":"log","time":1744853085680,"thread":null,"pid":null,"source":"reftest","level":"DEBUG","message":"[CONTENT] MakeProgress: waiting for MozAfterPaint"}
04-17 01:24:45.681 3456 3471 I Gecko :
04-17 01:24:45.681 3456 3471 I Gecko : {"action":"log","time":1744853085681,"thread":null,"pid":null,"source":"reftest","level":"DEBUG","message":"[CONTENT] HandlePendingTasksAfterMakeProgress waiting for a MozAfterPaint"}
04-17 01:24:45.682 3456 3471 I Gecko :
04-17 01:24:45.682 3456 3471 I Gecko : {"action":"log","time":1744853085682,"thread":null,"pid":null,"source":"reftest","level":"DEBUG","message":"[CONTENT] AfterPaintListener in http://10.0.2.2:8854/tests/layout/reftests/bugs/67752-1.html"}
04-17 01:24:45.683 3456 3471 I Gecko :
04-17 01:24:45.683 3456 3471 I Gecko : {"action":"log","time":1744853085683,"thread":null,"pid":null,"source":"reftest","level":"DEBUG","message":"[CONTENT] HandlePendingTasksAfterMakeProgress updating canvas"}
04-17 01:24:45.684 3456 3471 I Gecko :
04-17 01:24:45.684 3456 3471 I Gecko : {"action":"log","time":1744853085684,"thread":null,"pid":null,"source":"reftest","level":"DEBUG","message":"[CONTENT] Sending update whole canvas for invalidation"}
04-17 01:24:45.694 3456 3471 I Gecko :
04-17 01:24:45.694 3456 3471 I Gecko : {"action":"log","time":1744853085694,"thread":null,"pid":null,"source":"reftest","level":"DEBUG","message":"Updating entire canvas for invalidation"}
04-17 01:24:45.694 3456 3471 I Gecko :
04-17 01:24:45.694 3456 3471 I Gecko : {"action":"log","time":1744853085694,"thread":null,"pid":null,"source":"reftest","level":"DEBUG","message":"DoDrawWindow 0,0,800,1000"}
04-17 01:24:45.702 3538 3569 E eglCodecCommon: glUtilsParamSize: unknow param 0x00008caa
04-17 01:24:45.788 3538 3569 E eglCodecCommon: glUtilsParamSize: unknow param 0x00008caa
04-17 01:24:45.879 3538 3569 E eglCodecCommon: glUtilsParamSize: unknow param 0x00008caa
04-17 01:24:45.962 3538 3569 E eglCodecCommon: glUtilsParamSize: unknow param 0x00000d02
04-17 01:24:45.977 3538 3569 E eglCodecCommon: glUtilsParamSize: unknow param 0x00008caa
04-17 01:24:46.011 3456 3471 I Gecko :
04-17 01:24:46.011 3456 3471 I Gecko : {"action":"log","time":1744853086010,"thread":null,"pid":null,"source":"reftest","level":"DEBUG","message":"[CONTENT] MakeProgress"}
04-17 01:24:46.012 3456 3471 I Gecko :
04-17 01:24:46.012 3456 3471 I Gecko : {"action":"log","time":1744853086011,"thread":null,"pid":null,"source":"reftest","level":"DEBUG","message":"[CONTENT] MakeProgress: STATE_WAITING_TO_FINISH"}
