04-17 01:25:18.329 3456 3471 I Gecko : {"action":"log","time":1744853118329,"thread":null,"pid":null,"source":"reftest","level":"DEBUG","message":"[CONTENT] RecordResult fired"}
04-17 01:25:18.331 3456 3471 I Gecko :
04-17 01:25:18.331 3456 3471 I Gecko : {"action":"log","time":1744853118330,"thread":null,"pid":null,"source":"reftest","level":"DEBUG","message":"RecordResult fired"}
04-17 01:25:18.334 3456 3471 I Gecko :
04-17 01:25:18.334 3456 3471 I Gecko : {"action":"log","time":1744853118333,"thread":null,"pid":null,"source":"reftest","level":"DEBUG","message":"RecordResult fired"}
04-17 01:25:18.335 3456 3471 I Gecko :
04-17 01:25:18.335 3456 3471 I Gecko : {"action":"test_status","time":1744853118335,"thread":null,"pid":null,"source":"reftest","test":"layout/reftests/bugs/120834-2j.html == layout/reftests/bugs/120834-2-ref.html","subtest":"image comparison, max difference: 0, number of differing pixels: 0","status":"PASS","extra":{"status_msg":"Pass","modifiers":["==","120834-2j.html","120834-2-ref.html"]}}
04-17 01:25:18.336 3456 3471 I Gecko :
04-17 01:25:18.336 3456 3471 I Gecko : {"action":"test_end","time":1744853118335,"thread":null,"pid":null,"source":"reftest","test":"layout/reftests/bugs/120834-2j.html == layout/reftests/bugs/120834-2-ref.html","status":"OK"}
04-17 01:25:18.336 3456 3471 I Gecko :
04-17 01:25:18.336 3456 3471 I Gecko : {"action":"log","time":1744853118336,"thread":null,"pid":null,"source":"reftest","level":"DEBUG","message":"Loading a blank page"}
04-17 01:25:18.356 3488 3504 W Web Content: [JavaScript Warning: "This page is in Quirks Mode. Page layout may be impacted. For Standards Mode use “”." {file: "data:text/html;charset=UTF-8,%3C%21%2D%2DCLEAR%2D%2D%3E" line: 0}]
04-17 01:25:18.363 3456 3471 D GeckoViewContent: handleEvent: pagetitlechanged
04-17 01:25:18.372 3456 3471 I Gecko :
04-17 01:25:18.372 3456 3471 I Gecko : {"action":"assertion_count","time":1744853118372,"thread":null,"pid":null,"source":"reftest","test":"layout/reftests/bugs/120834-2j.html == layout/reftests/bugs/120834-2-ref.html","min_expected":0,"max_expected":0,"count":0}
04-17 01:25:18.373 3456 3471 I Gecko :
04-17 01:25:18.373 3456 3471 I Gecko : {"action":"test_start","time":1744853118373,"thread":null,"pid":null,"source":"reftest","test":"layout/reftests/bugs/124903-1.html == layout/reftests/bugs/124903-1-ref.html"}
04-17 01:25:18.373 3456 3471 I Gecko : REFTEST TEST-LOAD | http://10.0.2.2:8854/tests/layout/reftests/bugs/124903-1.html | 112 / 2088 (5%)
04-17 01:25:18.374 3456 3471 I Gecko :
04-17 01:25:18.374 3456 3471 I Gecko : {"action":"log","time":1744853118374,"thread":null,"pid":null,"source":"reftest","level":"DEBUG","message":"START http://10.0.2.2:8854/tests/layout/reftests/bugs/124903-1.html"}
04-17 01:25:18.401 3538 3569 E eglCodecCommon: glUtilsParamSize: unknow param 0x00008caa
04-17 01:25:18.426 3488 3504 W Web Content: [JavaScript Warning: "This page is in Almost Standards Mode. Page layout may be impacted. For Standards Mode use “”." {file: "http://10.0.2.2:8854/tests/layout/reftests/bugs/124903-1.html" line: 0}]
04-17 01:25:18.436 3456 3471 D GeckoViewContent: handleEvent: pagetitlechanged
04-17 01:25:18.452 3456 3471 I Gecko :
04-17 01:25:18.452 3456 3471 I Gecko : {"action":"log","time":1744853118452,"thread":null,"pid":null,"source":"reftest","level":"DEBUG","message":"[CONTENT] OnDocumentLoad triggering AfterOnLoadScripts"}
04-17 01:25:18.495 3456 3471 I Gecko :
04-17 01:25:18.495 3456 3471 I Gecko : {"action":"log","time":1744853118495,"thread":null,"pid":null,"source":"reftest","level":"DEBUG","message":"Initializing canvas snapshot"}
04-17 01:25:18.496 3456 3471 I Gecko :
04-17 01:25:18.496 3456 3471 I Gecko : {"action":"log","time":1744853118495,"thread":null,"pid":null,"source":"reftest","level":"DEBUG","message":"DoDrawWindow 0,0,800,1000"}
04-17 01:25:18.504 3538 3569 E eglCodecCommon: glUtilsParamSize: unknow param 0x00008caa
04-17 01:25:18.654 3538 3569 E eglCodecCommon: glUtilsParamSize: unknow param 0x00008caa
04-17 01:25:18.745 3538 3569 E eglCodecCommon: glUtilsParamSize: unknow param 0x00008caa
04-17 01:25:18.835 3538 3569 E eglCodecCommon: glUtilsParamSize: unknow param 0x00008caa
04-17 01:25:18.920 3538 3569 E eglCodecCommon: glUtilsParamSize: unknow param 0x00000d02
04-17 01:25:18.928 3538 3569 E eglCodecCommon: glUtilsParamSize: unknow param 0x00008caa
04-17 01:25:18.958 3456 3471 I Gecko :
04-17 01:25:18.958 3456 3471 I Gecko : {"action":"log","time":1744853118958,"thread":null,"pid":null,"source":"reftest","level":"DEBUG","message":"[CONTENT] RecordResult fired"}
04-17 01:25:18.959 3456 3471 I Gecko :
04-17 01:25:18.959 3456 3471 I Gecko : {"action":"log","time":1744853118959,"thread":null,"pid":null,"source":"reftest","level":"DEBUG","message":"RecordResult fired"}
04-17 01:25:18.960 3456 3471 I Gecko : REFTEST TEST-LOAD | http://10.0.2.2:8854/tests/layout/reftests/bugs/124903-1-ref.html | 112 / 2088 (5%)
04-17 01:25:18.960 3456 3471 I Gecko :
04-17 01:25:18.960 3456 3471 I Gecko : {"action":"log","time":1744853118960,"thread":null,"pid":null,"source":"reftest","level":"DEBUG","message":"START http://10.0.2.2:8854/tests/layout/reftests/bugs/124903-1-ref.html"}
04-17 01:25:18.994 3488 3504 W Web Content: [JavaScript Warning: "This page is in Almost Standards Mode. Page layout may be impacted. For Standards Mode use “”." {file: "http://10.0.2.2:8854/tests/layout/reftests/bugs/124903-1-ref.html" line: 0}]
04-17 01:25:19.004 3456 3471 D GeckoViewContent: handleEvent: pagetitlechanged
04-17 01:25:19.017 3456 3471 I Gecko :
04-17 01:25:19.017 3456 3471 I Gecko : {"action":"log","time":1744853119017,"thread":null,"pid":null,"source":"reftest","level":"DEBUG","message":"[CONTENT] OnDocumentLoad triggering AfterOnLoadScripts"}
04-17 01:25:19.030 3538 3569 E eglCodecCommon: glUtilsParamSize: unknow param 0x00008caa
04-17 01:25:19.038 3456 3471 I Gecko :
04-17 01:25:19.038 3456 3471 I Gecko : {"action":"log","time":1744853119038,"thread":null,"pid":null,"source":"reftest","level":"DEBUG","message":"Initializing canvas snapshot"}
04-17 01:25:19.038 3456 3471 I Gecko :
04-17 01:25:19.038 3456 3471 I Gecko : {"action":"log","time":1744853119038,"thread":null,"pid":null,"source":"reftest","level":"DEBUG","message":"DoDrawWindow 0,0,800,1000"}
04-17 01:25:19.116 3538 3569 E eglCodecCommon: glUtilsParamSize: unknow param 0x00008caa
04-17 01:25:19.207 3538 3569 E eglCodecCommon: glUtilsParamSize: unknow param 0x00008caa
04-17 01:25:19.295 3538 3569 E eglCodecCommon: glUtilsParamSize: unknow param 0x00008caa
04-17 01:25:19.379 3538 3569 E eglCodecCommon: glUtilsParamSize: unknow param 0x00000d02
04-17 01:25:19.389 3538 3569 E eglCodecCommon: glUtilsParamSize: unknow param 0x00008caa
04-17 01:25:19.416 3456 3471 I Gecko :
04-17 01:25:19.416 3456 3471 I Gecko : {"action":"log","time":1744853119416,"thread":null,"pid":null,"source":"reftest","level":"DEBUG","message":"[CONTENT] RecordResult fired"}
04-17 01:25:19.417 3456 3471 I Gecko :
04-17 01:25:19.417 3456 3471 I Gecko : {"action":"log","time":1744853119417,"thread":null,"pid":null,"source":"reftest","level":"DEBUG","message":"RecordResult fired"}
04-17 01:25:19.418 3456 3471 I Gecko :
04-17 01:25:19.418 3456 3471 I Gecko : {"action":"test_status","time":1744853119418,"thread":null,"pid":null,"source":"reftest","test":"layout/reftests/bugs/124903-1.html == layout/reftests/bugs/124903-1-ref.html","subtest":"image comparison, max difference: 0, number of differing pixels: 0","status":"PASS","extra":{"status_msg":"Pass","modifiers":["==","124903-1.html","124903-1-ref.html"]}}
04-17 01:25:19.418 3456 3471 I Gecko :
04-17 01:25:19.418 3456 3471 I Gecko : {"action":"test_end","time":1744853119418,"thread":null,"pid":null,"source":"reftest","test":"layout/reftests/bugs/124903-1.html == layout/reftests/bugs/124903-1-ref.html","status":"OK"}
04-17 01:25:19.418 3456 3471 I Gecko :
04-17 01:25:19.418 3456 3471 I Gecko : {"action":"log","time":1744853119418,"thread":null,"pid":null,"source":"reftest","level":"DEBUG","message":"Loading a blank page"}
04-17 01:25:19.440 3488 3504 W Web Content: [JavaScript Warning: "This page is in Quirks Mode. Page layout may be impacted. For Standards Mode use “”." {file: "data:text/html;charset=UTF-8,%3C%21%2D%2DCLEAR%2D%2D%3E" line: 0}]
04-17 01:25:19.448 3456 3471 D GeckoViewContent: handleEvent: pagetitlechanged
04-17 01:25:19.457 3456 3471 I Gecko :
04-17 01:25:19.457 3456 3471 I Gecko : {"action":"assertion_count","time":1744853119457,"thread":null,"pid":null,"source":"reftest","test":"layout/reftests/bugs/124903-1.html == layout/reftests/bugs/124903-1-ref.html","min_expected":0,"max_expected":0,"count":0}
04-17 01:25:19.457 3456 3471 I Gecko :
04-17 01:25:19.457 3456 3471 I Gecko : {"action":"test_start","time":1744853119457,"thread":null,"pid":null,"source":"reftest","test":"layout/reftests/bugs/128896.html == layout/reftests/bugs/128896-ref.html"}
04-17 01:25:19.458 3456 3471 I Gecko : REFTEST TEST-LOAD | http://10.0.2.2:8854/tests/layout/reftests/bugs/128896.html | 113 / 2088 (5%)
04-17 01:25:19.458 3456 3471 I Gecko :
04-17 01:25:19.458 3456 3471 I Gecko : {"action":"log","time":1744853119458,"thread":null,"pid":null,"source":"reftest","level":"DEBUG","message":"START http://10.0.2.2:8854/tests/layout/reftests/bugs/128896.html"}
04-17 01:25:19.484 3538 3569 E eglCodecCommon: glUtilsParamSize: unknow param 0x00008caa
04-17 01:25:19.515 3456 3471 D GeckoViewContent: handleEvent: pagetitlechanged
04-17 01:25:19.540 3456 3471 I Gecko :
04-17 01:25:19.540 3456 3471 I Gecko : {"action":"log","time":1744853119540,"thread":null,"pid":null,"source":"reftest","level":"DEBUG","message":"[CONTENT] OnDocumentLoad triggering AfterOnLoadScripts"}
04-17 01:25:19.572 3456 3471 I Gecko :
04-17 01:25:19.572 3456 3471 I Gecko : {"action":"log","time":1744853119572,"thread":null,"pid":null,"source":"reftest","level":"DEBUG","message":"Initializing canvas snapshot"}
04-17 01:25:19.572 3456 3471 I Gecko :
04-17 01:25:19.572 3456 3471 I Gecko : {"action":"log","time":1744853119572,"thread":null,"pid":null,"source":"reftest","level":"DEBUG","message":"DoDrawWindow 0,0,800,1000"}
04-17 01:25:19.586 3538 3569 E eglCodecCommon: glUtilsParamSize: unknow param 0x00008caa
04-17 01:25:19.722 3538 3569 E eglCodecCommon: glUtilsParamSize: unknow param 0x00008caa
04-17 01:25:19.810 3538 3569 E eglCodecCommon: glUtilsParamSize: unknow param 0x00008caa
04-17 01:25:19.900 3538 3569 E eglCodecCommon: glUtilsParamSize: unknow param 0x00008caa
04-17 01:25:19.978 3538 3569 E eglCodecCommon: glUtilsParamSize: unknow param 0x00000d02
04-17 01:25:19.988 3538 3569 E eglCodecCommon: glUtilsParamSize: unknow param 0x00008caa
04-17 01:25:20.069 3456 3471 I Gecko :
04-17 01:25:20.069 3456 3471 I Gecko : {"action":"log","time":1744853120069,"thread":null,"pid":null,"source":"reftest","level":"DEBUG","message":"[CONTENT] RecordResult fired"}
04-17 01:25:20.071 3456 3471 I Gecko :
04-17 01:25:20.071 3456 3471 I Gecko : {"action":"log","time":1744853120071,"thread":null,"pid":null,"source":"reftest","level":"DEBUG","message":"RecordResult fired"}
04-17 01:25:20.072 3456 3471 I Gecko : REFTEST TEST-LOAD | http://10.0.2.2:8854/tests/layout/reftests/bugs/128896-ref.html | 113 / 2088 (5%)
04-17 01:25:20.072 3456 3471 I Gecko :
04-17 01:25:20.072 3456 3471 I Gecko : {"action":"log","time":1744853120072,"thread":null,"pid":null,"source":"reftest","level":"DEBUG","message":"START http://10.0.2.2:8854/tests/layout/reftests/bugs/128896-ref.html"}
04-17 01:25:20.116 3456 3471 D GeckoViewContent: handleEvent: pagetitlechanged
04-17 01:25:20.130 3456 3471 I Gecko :
04-17 01:25:20.130 3456 3471 I Gecko : {"action":"log","time":1744853120130,"thread":null,"pid":null,"source":"reftest","level":"DEBUG","message":"[CONTENT] OnDocumentLoad triggering AfterOnLoadScripts"}
04-17 01:25:20.146 3538 3569 E eglCodecCommon: glUtilsParamSize: unknow param 0x00008caa
04-17 01:25:20.153 3456 3471 I Gecko :
04-17 01:25:20.153 3456 3471 I Gecko : {"action":"log","time":1744853120153,"thread":null,"pid":null,"source":"reftest","level":"DEBUG","message":"Initializing canvas snapshot"}
04-17 01:25:20.154 3456 3471 I Gecko :
04-17 01:25:20.154 3456 3471 I Gecko : {"action":"log","time":1744853120154,"thread":null,"pid":null,"source":"reftest","level":"DEBUG","message":"DoDrawWindow 0,0,800,1000"}
04-17 01:25:20.230 3538 3569 E eglCodecCommon: glUtilsParamSize: unknow param 0x00008caa
04-17 01:25:20.326 3538 3569 E eglCodecCommon: glUtilsParamSize: unknow param 0x00008caa
04-17 01:25:20.413 3538 3569 E eglCodecCommon: glUtilsParamSize: unknow param 0x00008caa
04-17 01:25:20.497 3538 3569 E eglCodecCommon: glUtilsParamSize: unknow param 0x00000d02
04-17 01:25:20.505 3538 3569 E eglCodecCommon: glUtilsParamSize: unknow param 0x00008caa
04-17 01:25:20.535 3456 3471 I Gecko :
04-17 01:25:20.535 3456 3471 I Gecko : {"action":"log","time":1744853120535,"thread":null,"pid":null,"source":"reftest","level":"DEBUG","message":"[CONTENT] RecordResult fired"}
04-17 01:25:20.536 3456 3471 I Gecko :
04-17 01:25:20.536 3456 3471 I Gecko : {"action":"log","time":1744853120536,"thread":null,"pid":null,"source":"reftest","level":"DEBUG","message":"RecordResult fired"}
04-17 01:25:20.537 3456 3471 I Gecko :
04-17 01:25:20.537 3456 3471 I Gecko : {"action":"test_status","time":1744853120537,"thread":null,"pid":null,"source":"reftest","test":"layout/reftests/bugs/128896.html == layout/reftests/bugs/128896-ref.html","subtest":"image comparison, max difference: 0, number of differing pixels: 0","status":"PASS","extra":{"status_msg":"Pass","modifiers":["==","128896.html","128896-ref.html"]}}
04-17 01:25:20.538 3456 3471 I Gecko :
04-17 01:25:20.538 3456 3471 I Gecko : {"action":"test_end","time":1744853120537,"thread":null,"pid":null,"source":"reftest","test":"layout/reftests/bugs/128896.html == layout/reftests/bugs/128896-ref.html","status":"OK"}
04-17 01:25:20.538 3456 3471 I Gecko :
04-17 01:25:20.538 3456 3471 I Gecko : {"action":"log","time":1744853120538,"thread":null,"pid":null,"source":"reftest","level":"DEBUG","message":"Loading a blank page"}
04-17 01:25:20.561 3488 3504 W Web Content: [JavaScript Warning: "This page is in Quirks Mode. Page layout may be impacted. For Standards Mode use “”." {file: "data:text/html;charset=UTF-8,%3C%21%2D%2DCLEAR%2D%2D%3E" line: 0}]
04-17 01:25:20.567 3456 3471 D GeckoViewContent: handleEvent: pagetitlechanged
04-17 01:25:20.576 3456 3471 I Gecko :
04-17 01:25:20.576 3456 3471 I Gecko : {"action":"assertion_count","time":1744853120576,"thread":null,"pid":null,"source":"reftest","test":"layout/reftests/bugs/128896.html == layout/reftests/bugs/128896-ref.html","min_expected":0,"max_expected":0,"count":0}
04-17 01:25:20.577 3456 3471 I Gecko :
04-17 01:25:20.577 3456 3471 I Gecko : {"action":"test_start","time":1744853120577,"thread":null,"pid":null,"source":"reftest","test":"layout/reftests/bugs/130767-1.html == layout/reftests/bugs/130767-1-ref.html"}
04-17 01:25:20.577 3456 3471 I Gecko : REFTEST TEST-LOAD | http://10.0.2.2:8854/tests/layout/reftests/bugs/130767-1.html | 114 / 2088 (5%)
04-17 01:25:20.577 3456 3471 I Gecko :
04-17 01:25:20.577 3456 3471 I Gecko : {"action":"log","time":1744853120577,"thread":null,"pid":null,"source":"reftest","level":"DEBUG","message":"START http://10.0.2.2:8854/tests/layout/reftests/bugs/130767-1.html"}
04-17 01:25:20.601 3538 3569 E eglCodecCommon: glUtilsParamSize: unknow param 0x00008caa
04-17 01:25:20.634 3456 3471 D GeckoViewContent: handleEvent: pagetitlechanged
04-17 01:25:20.648 3456 3471 I Gecko :
04-17 01:25:20.648 3456 3471 I Gecko : {"action":"log","time":1744853120648,"thread":null,"pid":null,"source":"reftest","level":"DEBUG","message":"[CONTENT] OnDocumentLoad triggering AfterOnLoadScripts"}
04-17 01:25:20.669 3456 3471 I Gecko :
04-17 01:25:20.669 3456 3471 I Gecko : {"action":"log","time":1744853120669,"thread":null,"pid":null,"source":"reftest","level":"DEBUG","message":"Initializing canvas snapshot"}
04-17 01:25:20.670 3456 3471 I Gecko :
04-17 01:25:20.670 3456 3471 I Gecko : {"action":"log","time":1744853120670,"thread":null,"pid":null,"source":"reftest","level":"DEBUG","message":"DoDrawWindow 0,0,800,1000"}
04-17 01:25:20.696 3538 3569 E eglCodecCommon: glUtilsParamSize: unknow param 0x00008caa
04-17 01:25:20.820 3538 3569 E eglCodecCommon: glUtilsParamSize: unknow param 0x00008caa
04-17 01:25:20.906 3538 3569 E eglCodecCommon: glUtilsParamSize: unknow param 0x00008caa
04-17 01:25:20.992 3538 3569 E eglCodecCommon: glUtilsParamSize: unknow param 0x00008caa
04-17 01:25:21.074 3538 3569 E eglCodecCommon: glUtilsParamSize: unknow param 0x00000d02
04-17 01:25:21.082 3538 3569 E eglCodecCommon: glUtilsParamSize: unknow param 0x00008caa
04-17 01:25:21.111 3456 3471 I Gecko :
04-17 01:25:21.111 3456 3471 I Gecko : {"action":"log","time":1744853121111,"thread":null,"pid":null,"source":"reftest","level":"DEBUG","message":"[CONTENT] RecordResult fired"}
04-17 01:25:21.112 3456 3471 I Gecko :
04-17 01:25:21.112 3456 3471 I Gecko : {"action":"log","time":1744853121112,"thread":null,"pid":null,"source":"reftest","level":"DEBUG","message":"RecordResult fired"}
04-17 01:25:21.112 3456 3471 I Gecko : REFTEST TEST-LOAD | http://10.0.2.2:8854/tests/layout/reftests/bugs/130767-1-ref.html | 114 / 2088 (5%)
04-17 01:25:21.112 3456 3471 I Gecko :
04-17 01:25:21.112 3456 3471 I Gecko : {"action":"log","time":1744853121112,"thread":null,"pid":null,"source":"reftest","level":"DEBUG","message":"START http://10.0.2.2:8854/tests/layout/reftests/bugs/130767-1-ref.html"}
04-17 01:25:21.154 3456 3471 D GeckoViewContent: handleEvent: pagetitlechanged
04-17 01:25:21.166 3456 3471 I Gecko :
04-17 01:25:21.166 3456 3471 I Gecko : {"action":"log","time":1744853121166,"thread":null,"pid":null,"source":"reftest","level":"DEBUG","message":"[CONTENT] OnDocumentLoad triggering AfterOnLoadScripts"}
04-17 01:25:21.181 3538 3569 E eglCodecCommon: glUtilsParamSize: unknow param 0x00008caa
04-17 01:25:21.188 3456 3471 I Gecko :
04-17 01:25:21.188 3456 3471 I Gecko : {"action":"log","time":1744853121188,"thread":null,"pid":null,"source":"reftest","level":"DEBUG","message":"Initializing canvas snapshot"}
04-17 01:25:21.188 3456 3471 I Gecko :
04-17 01:25:21.188 3456 3471 I Gecko : {"action":"log","time":1744853121188,"thread":null,"pid":null,"source":"reftest","level":"DEBUG","message":"DoDrawWindow 0,0,800,1000"}
04-17 01:25:21.303 3538 3569 E eglCodecCommon: glUtilsParamSize: unknow param 0x00008caa
04-17 01:25:21.395 3538 3569 E eglCodecCommon: glUtilsParamSize: unknow param 0x00008caa
04-17 01:25:21.481 3538 3569 E eglCodecCommon: glUtilsParamSize: unknow param 0x00008caa
04-17 01:25:21.566 3538 3569 E eglCodecCommon: glUtilsParamSize: unknow param 0x00000d02
04-17 01:25:21.576 3538 3569 E eglCodecCommon: glUtilsParamSize: unknow param 0x00008caa
04-17 01:25:21.603 3456 3471 I Gecko :
04-17 01:25:21.603 3456 3471 I Gecko : {"action":"log","time":1744853121602,"thread":null,"pid":null,"source":"reftest","level":"DEBUG","message":"[CONTENT] RecordResult fired"}
04-17 01:25:21.603 3456 3471 I Gecko :
04-17 01:25:21.603 3456 3471 I Gecko : {"action":"log","time":1744853121603,"thread":null,"pid":null,"source":"reftest","level":"DEBUG","message":"RecordResult fired"}
04-17 01:25:21.605 3456 3471 I Gecko :
04-17 01:25:21.605 3456 3471 I Gecko : {"action":"test_status","time":1744853121604,"thread":null,"pid":null,"source":"reftest","test":"layout/reftests/bugs/130767-1.html == layout/reftests/bugs/130767-1-ref.html","subtest":"image comparison, max difference: 0, number of differing pixels: 0","status":"PASS","extra":{"status_msg":"Pass","modifiers":["==","130767-1.html","130767-1-ref.html"]}}
04-17 01:25:21.605 3456 3471 I Gecko :
04-17 01:25:21.605 3456 3471 I Gecko : {"action":"test_end","time":1744853121605,"thread":null,"pid":null,"source":"reftest","test":"layout/reftests/bugs/130767-1.html == layout/reftests/bugs/130767-1-ref.html","status":"OK"}
04-17 01:25:21.605 3456 3471 I Gecko :
04-17 01:25:21.605 3456 3471 I Gecko : {"action":"log","time":1744853121605,"thread":null,"pid":null,"source":"reftest","level":"DEBUG","message":"Loading a blank page"}
04-17 01:25:21.625 3488 3504 W Web Content: [JavaScript Warning: "This page is in Quirks Mode. Page layout may be impacted. For Standards Mode use “”." {file: "data:text/html;charset=UTF-8,%3C%21%2D%2DCLEAR%2D%2D%3E" line: 0}]
04-17 01:25:21.636 3456 3471 D GeckoViewContent: handleEvent: pagetitlechanged
04-17 01:25:21.643 3456 3471 I Gecko :
04-17 01:25:21.643 3456 3471 I Gecko : {"action":"assertion_count","time":1744853121643,"thread":null,"pid":null,"source":"reftest","test":"layout/reftests/bugs/130767-1.html == layout/reftests/bugs/130767-1-ref.html","min_expected":0,"max_expected":0,"count":0}
04-17 01:25:21.643 3456 3471 I Gecko :
04-17 01:25:21.643 3456 3471 I Gecko : {"action":"test_start","time":1744853121643,"thread":null,"pid":null,"source":"reftest","test":"layout/reftests/bugs/134706-1-left-scrollframe.html == layout/reftests/bugs/134706-1-left-scrollframe-ref.html"}
04-17 01:25:21.644 3456 3471 I Gecko : REFTEST TEST-LOAD | http://10.0.2.2:8854/tests/layout/reftests/bugs/134706-1-left-scrollframe.html | 115 / 2088 (5%)
04-17 01:25:21.644 3456 3471 I Gecko :
04-17 01:25:21.644 3456 3471 I Gecko : {"action":"log","time":1744853121644,"thread":null,"pid":null,"source":"reftest","level":"DEBUG","message":"START http://10.0.2.2:8854/tests/layout/reftests/bugs/134706-1-left-scrollframe.html"}
04-17 01:25:21.673 3538 3569 E eglCodecCommon: glUtilsParamSize: unknow param 0x00008caa
04-17 01:25:21.702 3456 3471 D GeckoViewContent: handleEvent: pagetitlechanged
04-17 01:25:21.716 3456 3471 I Gecko :
04-17 01:25:21.716 3456 3471 I Gecko : {"action":"log","time":1744853121716,"thread":null,"pid":null,"source":"reftest","level":"DEBUG","message":"[CONTENT] OnDocumentLoad triggering AfterOnLoadScripts"}
04-17 01:25:21.738 3456 3471 I Gecko :
04-17 01:25:21.738 3456 3471 I Gecko : {"action":"log","time":1744853121738,"thread":null,"pid":null,"source":"reftest","level":"DEBUG","message":"Initializing canvas snapshot"}
04-17 01:25:21.738 3456 3471 I Gecko :
04-17 01:25:21.738 3456 3471 I Gecko : {"action":"log","time":1744853121738,"thread":null,"pid":null,"source":"reftest","level":"DEBUG","message":"DoDrawWindow 0,0,800,1000"}
04-17 01:25:21.772 3538 3569 E eglCodecCommon: glUtilsParamSize: unknow param 0x00008caa
04-17 01:25:21.888 3538 3569 E eglCodecCommon: glUtilsParamSize: unknow param 0x00008caa
04-17 01:25:21.973 3538 3569 E eglCodecCommon: glUtilsParamSize: unknow param 0x00008caa
04-17 01:25:22.057 3538 3569 E eglCodecCommon: glUtilsParamSize: unknow param 0x00008caa
04-17 01:25:22.139 3538 3569 E eglCodecCommon: glUtilsParamSize: unknow param 0x00000d02
04-17 01:25:22.148 3538 3569 E eglCodecCommon: glUtilsParamSize: unknow param 0x00008caa
04-17 01:25:22.176 3456 3471 I Gecko :
04-17 01:25:22.176 3456 3471 I Gecko : {"action":"log","time":1744853122176,"thread":null,"pid":null,"source":"reftest","level":"DEBUG","message":"[CONTENT] RecordResult fired"}
04-17 01:25:22.177 3456 3471 I Gecko :
04-17 01:25:22.177 3456 3471 I Gecko : {"action":"log","time":1744853122176,"thread":null,"pid":null,"source":"reftest","level":"DEBUG","message":"RecordResult fired"}
04-17 01:25:22.177 3456 3471 I Gecko : REFTEST TEST-LOAD | http://10.0.2.2:8854/tests/layout/reftests/bugs/134706-1-left-scrollframe-ref.html | 115 / 2088 (5%)
04-17 01:25:22.177 3456 3471 I Gecko :
04-17 01:25:22.177 3456 3471 I Gecko : {"action":"log","time":1744853122177,"thread":null,"pid":null,"source":"reftest","level":"DEBUG","message":"START http://10.0.2.2:8854/tests/layout/reftests/bugs/134706-1-left-scrollframe-ref.html"}
04-17 01:25:22.224 3456 3471 D GeckoViewContent: handleEvent: pagetitlechanged
04-17 01:25:22.247 3538 3569 E eglCodecCommon: glUtilsParamSize: unknow param 0x00008caa
04-17 01:25:22.250 3456 3471 I Gecko :
04-17 01:25:22.250 3456 3471 I Gecko : {"action":"log","time":1744853122250,"thread":null,"pid":null,"source":"reftest","level":"DEBUG","message":"[CONTENT] OnDocumentLoad triggering AfterOnLoadScripts"}
04-17 01:25:22.274 3456 3471 I Gecko :
04-17 01:25:22.274 3456 3471 I Gecko : {"action":"log","time":1744853122274,"thread":null,"pid":null,"source":"reftest","level":"DEBUG","message":"Initializing canvas snapshot"}
04-17 01:25:22.274 3456 3471 I Gecko :
04-17 01:25:22.274 3456 3471 I Gecko : {"action":"log","time":1744853122274,"thread":null,"pid":null,"source":"reftest","level":"DEBUG","message":"DoDrawWindow 0,0,800,1000"}
04-17 01:25:22.370 3538 3569 E eglCodecCommon: glUtilsParamSize: unknow param 0x00008caa
04-17 01:25:22.462 3538 3569 E eglCodecCommon: glUtilsParamSize: unknow param 0x00008caa
04-17 01:25:22.555 3538 3569 E eglCodecCommon: glUtilsParamSize: unknow param 0x00008caa
04-17 01:25:22.641 3538 3569 E eglCodecCommon: glUtilsParamSize: unknow param 0x00000d02
04-17 01:25:22.650 3538 3569 E eglCodecCommon: glUtilsParamSize: unknow param 0x00008caa
04-17 01:25:22.677 3456 3471 I Gecko :
04-17 01:25:22.677 3456 3471 I Gecko : {"action":"log","time":1744853122677,"thread":null,"pid":null,"source":"reftest","level":"DEBUG","message":"[CONTENT] RecordResult fired"}
04-17 01:25:22.678 3456 3471 I Gecko :
04-17 01:25:22.678 3456 3471 I Gecko : {"action":"log","time":1744853122678,"thread":null,"pid":null,"source":"reftest","level":"DEBUG","message":"RecordResult fired"}
04-17 01:25:22.679 3456 3471 I Gecko :
04-17 01:25:22.679 3456 3471 I Gecko : {"action":"test_status","time":1744853122679,"thread":null,"pid":null,"source":"reftest","test":"layout/reftests/bugs/134706-1-left-scrollframe.html == layout/reftests/bugs/134706-1-left-scrollframe-ref.html","subtest":"image comparison, max difference: 0, number of differing pixels: 0","status":"PASS","extra":{"status_msg":"Pass","modifiers":["==","134706-1-left-scrollframe.html","134706-1-left-scrollframe-ref.html"]}}
04-17 01:25:22.680 3456 3471 I Gecko :
04-17 01:25:22.680 3456 3471 I Gecko : {"action":"test_end","time":1744853122680,"thread":null,"pid":null,"source":"reftest","test":"layout/reftests/bugs/134706-1-left-scrollframe.html == layout/reftests/bugs/134706-1-left-scrollframe-ref.html","status":"OK"}
04-17 01:25:22.680 3456 3471 I Gecko :
04-17 01:25:22.680 3456 3471 I Gecko : {"action":"log","time":1744853122680,"thread":null,"pid":null,"source":"reftest","level":"DEBUG","message":"Loading a blank page"}
04-17 01:25:22.702 3488 3504 W Web Content: [JavaScript Warning: "This page is in Quirks Mode. Page layout may be impacted. For Standards Mode use “”." {file: "data:text/html;charset=UTF-8,%3C%21%2D%2DCLEAR%2D%2D%3E" line: 0}]
04-17 01:25:22.710 3456 3471 D GeckoViewContent: handleEvent: pagetitlechanged
04-17 01:25:22.719 3456 3471 I Gecko :
04-17 01:25:22.719 3456 3471 I Gecko : {"action":"assertion_count","time":1744853122719,"thread":null,"pid":null,"source":"reftest","test":"layout/reftests/bugs/134706-1-left-scrollframe.html == layout/reftests/bugs/134706-1-left-scrollframe-ref.html","min_expected":0,"max_expected":0,"count":0}
04-17 01:25:22.720 3456 3471 I Gecko :
04-17 01:25:22.720 3456 3471 I Gecko : {"action":"test_start","time":1744853122720,"thread":null,"pid":null,"source":"reftest","test":"layout/reftests/bugs/134706-1-left-table.html == layout/reftests/bugs/134706-1-left-table-ref.html"}
04-17 01:25:22.721 3456 3471 I Gecko : REFTEST TEST-LOAD | http://10.0.2.2:8854/tests/layout/reftests/bugs/134706-1-left-table.html | 116 / 2088 (5%)
04-17 01:25:22.722 3456 3471 I Gecko :
04-17 01:25:22.722 3456 3471 I Gecko : {"action":"log","time":1744853122721,"thread":null,"pid":null,"source":"reftest","level":"DEBUG","message":"START http://10.0.2.2:8854/tests/layout/reftests/bugs/134706-1-left-table.html"}
04-17 01:25:22.743 3538 3569 E eglCodecCommon: glUtilsParamSize: unknow param 0x00008caa
04-17 01:25:22.774 3456 3471 D GeckoViewContent: handleEvent: pagetitlechanged
04-17 01:25:22.787 3456 3471 I Gecko :
04-17 01:25:22.787 3456 3471 I Gecko : {"action":"log","time":1744853122787,"thread":null,"pid":null,"source":"reftest","level":"DEBUG","message":"[CONTENT] OnDocumentLoad triggering AfterOnLoadScripts"}
04-17 01:25:22.825 3456 3471 I Gecko :
04-17 01:25:22.825 3456 3471 I Gecko : {"action":"log","time":1744853122825,"thread":null,"pid":null,"source":"reftest","level":"DEBUG","message":"Initializing canvas snapshot"}
04-17 01:25:22.825 3456 3471 I Gecko :
04-17 01:25:22.825 3456 3471 I Gecko : {"action":"log","time":1744853122825,"thread":null,"pid":null,"source":"reftest","level":"DEBUG","message":"DoDrawWindow 0,0,800,1000"}
04-17 01:25:22.838 3538 3569 E eglCodecCommon: glUtilsParamSize: unknow param 0x00008caa
04-17 01:25:22.970 3538 3569 E eglCodecCommon: glUtilsParamSize: unknow param 0x00008caa
04-17 01:25:23.064 3538 3569 E eglCodecCommon: glUtilsParamSize: unknow param 0x00008caa
04-17 01:25:23.154 3538 3569 E eglCodecCommon: glUtilsParamSize: unknow param 0x00008caa
04-17 01:25:23.237 3538 3569 E eglCodecCommon: glUtilsParamSize: unknow param 0x00000d02
04-17 01:25:23.253 3538 3569 E eglCodecCommon: glUtilsParamSize: unknow param 0x00008caa
04-17 01:25:23.279 3456 3471 I Gecko :
04-17 01:25:23.279 3456 3471 I Gecko : {"action":"log","time":1744853123279,"thread":null,"pid":null,"source":"reftest","level":"DEBUG","message":"[CONTENT] RecordResult fired"}
04-17 01:25:23.280 3456 3471 I Gecko :
04-17 01:25:23.280 3456 3471 I Gecko : {"action":"log","time":1744853123279,"thread":null,"pid":null,"source":"reftest","level":"DEBUG","message":"RecordResult fired"}
04-17 01:25:23.280 3456 3471 I Gecko : REFTEST TEST-LOAD | http://10.0.2.2:8854/tests/layout/reftests/bugs/134706-1-left-table-ref.html | 116 / 2088 (5%)
04-17 01:25:23.280 3456 3471 I Gecko :
04-17 01:25:23.280 3456 3471 I Gecko : {"action":"log","time":1744853123280,"thread":null,"pid":null,"source":"reftest","level":"DEBUG","message":"START http://10.0.2.2:8854/tests/layout/reftests/bugs/134706-1-left-table-ref.html"}
04-17 01:25:23.382 3456 3471 D GeckoViewContent: handleEvent: pagetitlechanged
04-17 01:25:23.394 3456 3471 I Gecko :
04-17 01:25:23.394 3456 3471 I Gecko : {"action":"log","time":1744853123394,"thread":null,"pid":null,"source":"reftest","level":"DEBUG","message":"[CONTENT] OnDocumentLoad triggering AfterOnLoadScripts"}
04-17 01:25:23.413 3538 3569 E eglCodecCommon: glUtilsParamSize: unknow param 0x00008caa
04-17 01:25:23.469 3456 3471 I Gecko :
04-17 01:25:23.469 3456 3471 I Gecko : {"action":"log","time":1744853123469,"thread":null,"pid":null,"source":"reftest","level":"DEBUG","message":"Initializing canvas snapshot"}
04-17 01:25:23.469 3456 3471 I Gecko :
04-17 01:25:23.469 3456 3471 I Gecko : {"action":"log","time":1744853123469,"thread":null,"pid":null,"source":"reftest","level":"DEBUG","message":"DoDrawWindow 0,0,800,1000"}
04-17 01:25:23.527 3538 3569 E eglCodecCommon: glUtilsParamSize: unknow param 0x00008caa
04-17 01:25:23.623 3538 3569 E eglCodecCommon: glUtilsParamSize: unknow param 0x00008caa
04-17 01:25:23.710 3538 3569 E eglCodecCommon: glUtilsParamSize: unknow param 0x00008caa
04-17 01:25:23.790 3538 3569 E eglCodecCommon: glUtilsParamSize: unknow param 0x00000d02
04-17 01:25:23.799 3538 3569 E eglCodecCommon: glUtilsParamSize: unknow param 0x00008caa
04-17 01:25:23.827 3456 3471 I Gecko :
04-17 01:25:23.827 3456 3471 I Gecko : {"action":"log","time":1744853123827,"thread":null,"pid":null,"source":"reftest","level":"DEBUG","message":"[CONTENT] RecordResult fired"}
04-17 01:25:23.828 3456 3471 I Gecko :
04-17 01:25:23.828 3456 3471 I Gecko : {"action":"log","time":1744853123828,"thread":null,"pid":null,"source":"reftest","level":"DEBUG","message":"RecordResult fired"}
04-17 01:25:23.829 3456 3471 I Gecko :
04-17 01:25:23.829 3456 3471 I Gecko : {"action":"test_status","time":1744853123829,"thread":null,"pid":null,"source":"reftest","test":"layout/reftests/bugs/134706-1-left-table.html == layout/reftests/bugs/134706-1-left-table-ref.html","subtest":"image comparison, max difference: 0, number of differing pixels: 0","status":"PASS","extra":{"status_msg":"Pass","modifiers":["==","134706-1-left-table.html","134706-1-left-table-ref.html"]}}
04-17 01:25:23.829 3456 3471 I Gecko :
04-17 01:25:23.829 3456 3471 I Gecko : {"action":"test_end","time":1744853123829,"thread":null,"pid":null,"source":"reftest","test":"layout/reftests/bugs/134706-1-left-table.html == layout/reftests/bugs/134706-1-left-table-ref.html","status":"OK"}
04-17 01:25:23.829 3456 3471 I Gecko :
04-17 01:25:23.829 3456 3471 I Gecko : {"action":"log","time":1744853123829,"thread":null,"pid":null,"source":"reftest","level":"DEBUG","message":"Loading a blank page"}
04-17 01:25:23.850 3488 3504 W Web Content: [JavaScript Warning: "This page is in Quirks Mode. Page layout may be impacted. For Standards Mode use “”." {file: "data:text/html;charset=UTF-8,%3C%21%2D%2DCLEAR%2D%2D%3E" line: 0}]
04-17 01:25:23.856 3456 3471 D GeckoViewContent: handleEvent: pagetitlechanged
04-17 01:25:23.866 3456 3471 I Gecko :
04-17 01:25:23.866 3456 3471 I Gecko : {"action":"assertion_count","time":1744853123866,"thread":null,"pid":null,"source":"reftest","test":"layout/reftests/bugs/134706-1-left-table.html == layout/reftests/bugs/134706-1-left-table-ref.html","min_expected":0,"max_expected":0,"count":0}
04-17 01:25:23.866 3456 3471 I Gecko :
04-17 01:25:23.866 3456 3471 I Gecko : {"action":"test_start","time":1744853123866,"thread":null,"pid":null,"source":"reftest","test":"layout/reftests/bugs/134706-1-right-scrollframe.html == layout/reftests/bugs/134706-1-right-scrollframe-ref.html"}
04-17 01:25:23.867 3456 3471 I Gecko : REFTEST TEST-LOAD | http://10.0.2.2:8854/tests/layout/reftests/bugs/134706-1-right-scrollframe.html | 117 / 2088 (5%)
04-17 01:25:23.867 3456 3471 I Gecko :
04-17 01:25:23.867 3456 3471 I Gecko : {"action":"log","time":1744853123867,"thread":null,"pid":null,"source":"reftest","level":"DEBUG","message":"START http://10.0.2.2:8854/tests/layout/reftests/bugs/134706-1-right-scrollframe.html"}
04-17 01:25:23.908 3538 3569 E eglCodecCommon: glUtilsParamSize: unknow param 0x00008caa
04-17 01:25:23.924 3456 3471 D GeckoViewContent: handleEvent: pagetitlechanged
04-17 01:25:23.940 3456 3471 I Gecko :
04-17 01:25:23.940 3456 3471 I Gecko : {"action":"log","time":1744853123940,"thread":null,"pid":null,"source":"reftest","level":"DEBUG","message":"[CONTENT] OnDocumentLoad triggering AfterOnLoadScripts"}
04-17 01:25:23.972 3456 3471 I Gecko :
04-17 01:25:23.972 3456 3471 I Gecko : {"action":"log","time":1744853123972,"thread":null,"pid":null,"source":"reftest","level":"DEBUG","message":"Initializing canvas snapshot"}
04-17 01:25:23.972 3456 3471 I Gecko :
04-17 01:25:23.972 3456 3471 I Gecko : {"action":"log","time":1744853123972,"thread":null,"pid":null,"source":"reftest","level":"DEBUG","message":"DoDrawWindow 0,0,800,1000"}
04-17 01:25:24.011 3538 3569 E eglCodecCommon: glUtilsParamSize: unknow param 0x00008caa
04-17 01:25:24.136 3538 3569 E eglCodecCommon: glUtilsParamSize: unknow param 0x00008caa
04-17 01:25:24.225 3538 3569 E eglCodecCommon: glUtilsParamSize: unknow param 0x00008caa
04-17 01:25:24.308 3538 3569 E eglCodecCommon: glUtilsParamSize: unknow param 0x00008caa
04-17 01:25:24.387 3538 3569 E eglCodecCommon: glUtilsParamSize: unknow param 0x00000d02
04-17 01:25:24.396 3538 3569 E eglCodecCommon: glUtilsParamSize: unknow param 0x00008caa
04-17 01:25:24.422 3456 3471 I Gecko :
04-17 01:25:24.422 3456 3471 I Gecko : {"action":"log","time":1744853124422,"thread":null,"pid":null,"source":"reftest","level":"DEBUG","message":"[CONTENT] RecordResult fired"}
04-17 01:25:24.423 3456 3471 I Gecko :
04-17 01:25:24.423 3456 3471 I Gecko : {"action":"log","time":1744853124423,"thread":null,"pid":null,"source":"reftest","level":"DEBUG","message":"RecordResult fired"}
04-17 01:25:24.424 3456 3471 I Gecko : REFTEST TEST-LOAD | http://10.0.2.2:8854/tests/layout/reftests/bugs/134706-1-right-scrollframe-ref.html | 117 / 2088 (5%)
04-17 01:25:24.424 3456 3471 I Gecko :
04-17 01:25:24.424 3456 3471 I Gecko : {"action":"log","time":1744853124424,"thread":null,"pid":null,"source":"reftest","level":"DEBUG","message":"START http://10.0.2.2:8854/tests/layout/reftests/bugs/134706-1-right-scrollframe-ref.html"}
04-17 01:25:24.468 3456 3471 D GeckoViewContent: handleEvent: pagetitlechanged
04-17 01:25:24.481 3456 3471 I Gecko :
04-17 01:25:24.481 3456 3471 I Gecko : {"action":"log","time":1744853124481,"thread":null,"pid":null,"source":"reftest","level":"DEBUG","message":"[CONTENT] OnDocumentLoad triggering AfterOnLoadScripts"}
04-17 01:25:24.496 3538 3569 E eglCodecCommon: glUtilsParamSize: unknow param 0x00008caa
04-17 01:25:24.504 3456 3471 I Gecko :
04-17 01:25:24.504 3456 3471 I Gecko : {"action":"log","time":1744853124503,"thread":null,"pid":null,"source":"reftest","level":"DEBUG","message":"Initializing canvas snapshot"}
04-17 01:25:24.504 3456 3471 I Gecko :
04-17 01:25:24.504 3456 3471 I Gecko : {"action":"log","time":1744853124504,"thread":null,"pid":null,"source":"reftest","level":"DEBUG","message":"DoDrawWindow 0,0,800,1000"}
04-17 01:25:24.615 3538 3569 E eglCodecCommon: glUtilsParamSize: unknow param 0x00008caa
04-17 01:25:24.706 3538 3569 E eglCodecCommon: glUtilsParamSize: unknow param 0x00008caa
04-17 01:25:24.795 3538 3569 E eglCodecCommon: glUtilsParamSize: unknow param 0x00008caa
04-17 01:25:24.881 3538 3569 E eglCodecCommon: glUtilsParamSize: unknow param 0x00000d02
04-17 01:25:24.894 3538 3569 E eglCodecCommon: glUtilsParamSize: unknow param 0x00008caa
04-17 01:25:24.920 3456 3471 I Gecko :
04-17 01:25:24.920 3456 3471 I Gecko : {"action":"log","time":1744853124920,"thread":null,"pid":null,"source":"reftest","level":"DEBUG","message":"[CONTENT] RecordResult fired"}
04-17 01:25:24.921 3456 3471 I Gecko :
04-17 01:25:24.921 3456 3471 I Gecko : {"action":"log","time":1744853124921,"thread":null,"pid":null,"source":"reftest","level":"DEBUG","message":"RecordResult fired"}
04-17 01:25:24.922 3456 3471 I Gecko :
04-17 01:25:24.922 3456 3471 I Gecko : {"action":"test_status","time":1744853124922,"thread":null,"pid":null,"source":"reftest","test":"layout/reftests/bugs/134706-1-right-scrollframe.html == layout/reftests/bugs/134706-1-right-scrollframe-ref.html","subtest":"image comparison, max difference: 0, number of differing pixels: 0","status":"PASS","extra":{"status_msg":"Pass","modifiers":["==","134706-1-right-scrollframe.html","134706-1-right-scrollframe-ref.html"]}}
04-17 01:25:24.923 3456 3471 I Gecko :
04-17 01:25:24.923 3456 3471 I Gecko : {"action":"test_end","time":1744853124923,"thread":null,"pid":null,"source":"reftest","test":"layout/reftests/bugs/134706-1-right-scrollframe.html == layout/reftests/bugs/134706-1-right-scrollframe-ref.html","status":"OK"}
04-17 01:25:24.923 3456 3471 I Gecko :
04-17 01:25:24.923 3456 3471 I Gecko : {"action":"log","time":1744853124923,"thread":null,"pid":null,"source":"reftest","level":"DEBUG","message":"Loading a blank page"}
04-17 01:25:24.963 3488 3504 W Web Content: [JavaScript Warning: "This page is in Quirks Mode. Page layout may be impacted. For Standards Mode use “”." {file: "data:text/html;charset=UTF-8,%3C%21%2D%2DCLEAR%2D%2D%3E" line: 0}]
04-17 01:25:24.969 3456 3471 D GeckoViewContent: handleEvent: pagetitlechanged
04-17 01:25:24.980 3456 3471 I Gecko :
04-17 01:25:24.980 3456 3471 I Gecko : {"action":"assertion_count","time":1744853124979,"thread":null,"pid":null,"source":"reftest","test":"layout/reftests/bugs/134706-1-right-scrollframe.html == layout/reftests/bugs/134706-1-right-scrollframe-ref.html","min_expected":0,"max_expected":0,"count":0}
04-17 01:25:24.980 3456 3471 I Gecko :
04-17 01:25:24.980 3456 3471 I Gecko : {"action":"test_start","time":1744853124980,"thread":null,"pid":null,"source":"reftest","test":"layout/reftests/bugs/134706-1-right-table.html == layout/reftests/bugs/134706-1-right-table-ref.html"}
04-17 01:25:24.981 3456 3471 I Gecko : REFTEST TEST-LOAD | http://10.0.2.2:8854/tests/layout/reftests/bugs/134706-1-right-table.html | 118 / 2088 (5%)
04-17 01:25:24.981 3456 3471 I Gecko :
04-17 01:25:24.981 3456 3471 I Gecko : {"action":"log","time":1744853124981,"thread":null,"pid":null,"source":"reftest","level":"DEBUG","message":"START http://10.0.2.2:8854/tests/layout/reftests/bugs/134706-1-right-table.html"}
04-17 01:25:24.997 3538 3569 E eglCodecCommon: glUtilsParamSize: unknow param 0x00008caa
04-17 01:25:25.040 3456 3471 D GeckoViewContent: handleEvent: pagetitlechanged
04-17 01:25:25.055 3456 3471 I Gecko :
04-17 01:25:25.055 3456 3471 I Gecko : {"action":"log","time":1744853125055,"thread":null,"pid":null,"source":"reftest","level":"DEBUG","message":"[CONTENT] OnDocumentLoad triggering AfterOnLoadScripts"}
04-17 01:25:25.091 3538 3569 E eglCodecCommon: glUtilsParamSize: unknow param 0x00008caa
04-17 01:25:25.104 3456 3471 I Gecko :
04-17 01:25:25.104 3456 3471 I Gecko : {"action":"log","time":1744853125104,"thread":null,"pid":null,"source":"reftest","level":"DEBUG","message":"Initializing canvas snapshot"}
04-17 01:25:25.105 3456 3471 I Gecko :
04-17 01:25:25.105 3456 3471 I Gecko : {"action":"log","time":1744853125105,"thread":null,"pid":null,"source":"reftest","level":"DEBUG","message":"DoDrawWindow 0,0,800,1000"}
04-17 01:25:25.220 3538 3569 E eglCodecCommon: glUtilsParamSize: unknow param 0x00008caa
04-17 01:25:25.315 3538 3569 E eglCodecCommon: glUtilsParamSize: unknow param 0x00008caa
04-17 01:25:25.402 3538 3569 E eglCodecCommon: glUtilsParamSize: unknow param 0x00008caa
04-17 01:25:25.485 3538 3569 E eglCodecCommon: glUtilsParamSize: unknow param 0x00000d02
04-17 01:25:25.495 3538 3569 E eglCodecCommon: glUtilsParamSize: unknow param 0x00008caa
04-17 01:25:25.522 3456 3471 I Gecko :
04-17 01:25:25.522 3456 3471 I Gecko : {"action":"log","time":1744853125522,"thread":null,"pid":null,"source":"reftest","level":"DEBUG","message":"[CONTENT] RecordResult fired"}
04-17 01:25:25.523 3456 3471 I Gecko :
04-17 01:25:25.523 3456 3471 I Gecko : {"action":"log","time":1744853125523,"thread":null,"pid":null,"source":"reftest","level":"DEBUG","message":"RecordResult fired"}
04-17 01:25:25.523 3456 3471 I Gecko : REFTEST TEST-LOAD | http://10.0.2.2:8854/tests/layout/reftests/bugs/134706-1-right-table-ref.html | 118 / 2088 (5%)
04-17 01:25:25.524 3456 3471 I Gecko :
04-17 01:25:25.524 3456 3471 I Gecko : {"action":"log","time":1744853125523,"thread":null,"pid":null,"source":"reftest","level":"DEBUG","message":"START http://10.0.2.2:8854/tests/layout/reftests/bugs/134706-1-right-table-ref.html"}
04-17 01:25:25.566 3456 3471 D GeckoViewContent: handleEvent: pagetitlechanged
04-17 01:25:25.580 3456 3471 I Gecko :
04-17 01:25:25.580 3456 3471 I Gecko : {"action":"log","time":1744853125580,"thread":null,"pid":null,"source":"reftest","level":"DEBUG","message":"[CONTENT] OnDocumentLoad triggering AfterOnLoadScripts"}
04-17 01:25:25.598 3538 3569 E eglCodecCommon: glUtilsParamSize: unknow param 0x00008caa
04-17 01:25:25.606 3456 3471 I Gecko :
04-17 01:25:25.606 3456 3471 I Gecko : {"action":"log","time":1744853125606,"thread":null,"pid":null,"source":"reftest","level":"DEBUG","message":"Initializing canvas snapshot"}
04-17 01:25:25.607 3456 3471 I Gecko :
04-17 01:25:25.607 3456 3471 I Gecko : {"action":"log","time":1744853125607,"thread":null,"pid":null,"source":"reftest","level":"DEBUG","message":"DoDrawWindow 0,0,800,1000"}
04-17 01:25:25.719 3538 3569 E eglCodecCommon: glUtilsParamSize: unknow param 0x00008caa
04-17 01:25:25.808 3538 3569 E eglCodecCommon: glUtilsParamSize: unknow param 0x00008caa
04-17 01:25:25.893 3538 3569 E eglCodecCommon: glUtilsParamSize: unknow param 0x00008caa
04-17 01:25:25.973 3538 3569 E eglCodecCommon: glUtilsParamSize: unknow param 0x00000d02
04-17 01:25:25.982 3538 3569 E eglCodecCommon: glUtilsParamSize: unknow param 0x00008caa
04-17 01:25:26.009 3456 3471 I Gecko :
04-17 01:25:26.009 3456 3471 I Gecko : {"action":"log","time":1744853126009,"thread":null,"pid":null,"source":"reftest","level":"DEBUG","message":"[CONTENT] RecordResult fired"}
04-17 01:25:26.011 3456 3471 I Gecko :
04-17 01:25:26.011 3456 3471 I Gecko : {"action":"log","time":1744853126011,"thread":null,"pid":null,"source":"reftest","level":"DEBUG","message":"RecordResult fired"}
04-17 01:25:26.012 3456 3471 I Gecko :
04-17 01:25:26.012 3456 3471 I Gecko : {"action":"test_status","time":1744853126012,"thread":null,"pid":null,"source":"reftest","test":"layout/reftests/bugs/134706-1-right-table.html == layout/reftests/bugs/134706-1-right-table-ref.html","subtest":"image comparison, max difference: 0, number of differing pixels: 0","status":"PASS","extra":{"status_msg":"Pass","modifiers":["==","134706-1-right-table.html","134706-1-right-table-ref.html"]}}
04-17 01:25:26.013 3456 3471 I Gecko :
04-17 01:25:26.013 3456 3471 I Gecko : {"action":"test_end","time":1744853126013,"thread":null,"pid":null,"source":"reftest","test":"layout/reftests/bugs/134706-1-right-table.html == layout/reftests/bugs/134706-1-right-table-ref.html","status":"OK"}
04-17 01:25:26.013 3456 3471 I Gecko :
04-17 01:25:26.013 3456 3471 I Gecko : {"action":"log","time":1744853126013,"thread":null,"pid":null,"source":"reftest","level":"DEBUG","message":"Loading a blank page"}
04-17 01:25:26.036 3488 3504 W Web Content: [JavaScript Warning: "This page is in Quirks Mode. Page layout may be impacted. For Standards Mode use “”." {file: "data:text/html;charset=UTF-8,%3C%21%2D%2DCLEAR%2D%2D%3E" line: 0}]
04-17 01:25:26.042 3456 3471 D GeckoViewContent: handleEvent: pagetitlechanged
04-17 01:25:26.051 3456 3471 I Gecko :
04-17 01:25:26.051 3456 3471 I Gecko : {"action":"assertion_count","time":1744853126051,"thread":null,"pid":null,"source":"reftest","test":"layout/reftests/bugs/134706-1-right-table.html == layout/reftests/bugs/134706-1-right-table-ref.html","min_expected":0,"max_expected":0,"count":0}
04-17 01:25:26.051 3456 3471 I Gecko :
04-17 01:25:26.051 3456 3471 I Gecko : {"action":"test_start","time":1744853126051,"thread":null,"pid":null,"source":"reftest","test":"layout/reftests/bugs/134706-2-left-scrollframe.html == layout/reftests/bugs/134706-2-left-ref.html"}
04-17 01:25:26.052 3456 3471 I Gecko : REFTEST TEST-LOAD | http://10.0.2.2:8854/tests/layout/reftests/bugs/134706-2-left-scrollframe.html | 119 / 2088 (5%)
04-17 01:25:26.052 3456 3471 I Gecko :
04-17 01:25:26.052 3456 3471 I Gecko : {"action":"log","time":1744853126052,"thread":null,"pid":null,"source":"reftest","level":"DEBUG","message":"START http://10.0.2.2:8854/tests/layout/reftests/bugs/134706-2-left-scrollframe.html"}
04-17 01:25:26.086 3538 3569 E eglCodecCommon: glUtilsParamSize: unknow param 0x00008caa
04-17 01:25:26.104 3456 3471 D GeckoViewContent: handleEvent: pagetitlechanged
04-17 01:25:26.117 3456 3471 I Gecko :
04-17 01:25:26.117 3456 3471 I Gecko : {"action":"log","time":1744853126117,"thread":null,"pid":null,"source":"reftest","level":"DEBUG","message":"[CONTENT] OnDocumentLoad triggering AfterOnLoadScripts"}
04-17 01:25:26.144 3456 3471 I Gecko :
04-17 01:25:26.144 3456 3471 I Gecko : {"action":"log","time":1744853126144,"thread":null,"pid":null,"source":"reftest","level":"DEBUG","message":"Initializing canvas snapshot"}
04-17 01:25:26.144 3456 3471 I Gecko :
04-17 01:25:26.144 3456 3471 I Gecko : {"action":"log","time":1744853126144,"thread":null,"pid":null,"source":"reftest","level":"DEBUG","message":"DoDrawWindow 0,0,800,1000"}
04-17 01:25:26.181 3538 3569 E eglCodecCommon: glUtilsParamSize: unknow param 0x00008caa
04-17 01:25:26.304 3538 3569 E eglCodecCommon: glUtilsParamSize: unknow param 0x00008caa
04-17 01:25:26.394 3538 3569 E eglCodecCommon: glUtilsParamSize: unknow param 0x00008caa
04-17 01:25:26.482 3538 3569 E eglCodecCommon: glUtilsParamSize: unknow param 0x00008caa
04-17 01:25:26.561 3538 3569 E eglCodecCommon: glUtilsParamSize: unknow param 0x00000d02
04-17 01:25:26.569 3538 3569 E eglCodecCommon: glUtilsParamSize: unknow param 0x00008caa
04-17 01:25:26.599 3456 3471 I Gecko :
04-17 01:25:26.599 3456 3471 I Gecko : {"action":"log","time":1744853126599,"thread":null,"pid":null,"source":"reftest","level":"DEBUG","message":"[CONTENT] RecordResult fired"}
04-17 01:25:26.600 3456 3471 I Gecko :
04-17 01:25:26.600 3456 3471 I Gecko : {"action":"log","time":1744853126600,"thread":null,"pid":null,"source":"reftest","level":"DEBUG","message":"RecordResult fired"}
04-17 01:25:26.601 3456 3471 I Gecko : REFTEST TEST-LOAD | http://10.0.2.2:8854/tests/layout/reftests/bugs/134706-2-left-ref.html | 119 / 2088 (5%)
04-17 01:25:26.601 3456 3471 I Gecko :
04-17 01:25:26.601 3456 3471 I Gecko : {"action":"log","time":1744853126601,"thread":null,"pid":null,"source":"reftest","level":"DEBUG","message":"START http://10.0.2.2:8854/tests/layout/reftests/bugs/134706-2-left-ref.html"}
04-17 01:25:26.706 3456 3471 D GeckoViewContent: handleEvent: pagetitlechanged
04-17 01:25:26.719 3456 3471 I Gecko :
04-17 01:25:26.719 3456 3471 I Gecko : {"action":"log","time":1744853126719,"thread":null,"pid":null,"source":"reftest","level":"DEBUG","message":"[CONTENT] OnDocumentLoad triggering AfterOnLoadScripts"}
04-17 01:25:26.730 3538 3569 E eglCodecCommon: glUtilsParamSize: unknow param 0x00008caa
04-17 01:25:26.740 3456 3471 I Gecko :
04-17 01:25:26.740 3456 3471 I Gecko : {"action":"log","time":1744853126740,"thread":null,"pid":null,"source":"reftest","level":"DEBUG","message":"Initializing canvas snapshot"}
04-17 01:25:26.740 3456 3471 I Gecko :
04-17 01:25:26.740 3456 3471 I Gecko : {"action":"log","time":1744853126740,"thread":null,"pid":null,"source":"reftest","level":"DEBUG","message":"DoDrawWindow 0,0,800,1000"}
04-17 01:25:26.839 3538 3569 E eglCodecCommon: glUtilsParamSize: unknow param 0x00008caa
04-17 01:25:26.933 3538 3569 E eglCodecCommon: glUtilsParamSize: unknow param 0x00008caa
04-17 01:25:27.019 3538 3569 E eglCodecCommon: glUtilsParamSize: unknow param 0x00008caa
