04-17 01:22:51.302 1343 1343 V EmulatedCamera_CallbackNotifier: CAMERA_MSG_ZOOM
04-17 01:22:51.302 1343 1343 V EmulatedCamera_CallbackNotifier: CAMERA_MSG_PREVIEW_FRAME
04-17 01:22:51.302 1343 1343 V EmulatedCamera_CallbackNotifier: CAMERA_MSG_VIDEO_FRAME
04-17 01:22:51.302 1343 1343 V EmulatedCamera_CallbackNotifier: CAMERA_MSG_POSTVIEW_FRAME
04-17 01:22:51.302 1343 1343 V EmulatedCamera_CallbackNotifier: CAMERA_MSG_RAW_IMAGE
04-17 01:22:51.302 1343 1343 V EmulatedCamera_CallbackNotifier: CAMERA_MSG_COMPRESSED_IMAGE
04-17 01:22:51.302 1343 1343 V EmulatedCamera_CallbackNotifier: CAMERA_MSG_RAW_IMAGE_NOTIFY
04-17 01:22:51.302 1343 1343 V EmulatedCamera_CallbackNotifier: CAMERA_MSG_PREVIEW_METADATA
04-17 01:22:51.302 1343 1343 V EmulatedCamera_CallbackNotifier: **** Currently enabled messages:
04-17 01:22:51.302 1343 1343 V EmulatedCamera_Preview: setPreviewWindow: current: 0x0 -> new: 0x0
04-17 01:22:51.302 1343 1343 V EmulatedCamera_Camera: doStopPreview
04-17 01:22:51.303 1343 1343 V EmulatedCamera_Camera: cancelPicture
04-17 01:22:51.303 1343 1343 V EmulatedCamera_Camera: releaseCamera
04-17 01:22:51.303 1343 1343 V EmulatedCamera_Camera: doStopPreview
04-17 01:22:51.303 2016 2016 D AlarmClock/Events: [Stopwatch] [Reset] [Reboot]
04-17 01:22:51.303 1343 1343 V EmulatedCamera_FakeDevice: disconnectDevice
04-17 01:22:51.303 1343 1343 W EmulatedCamera_Device: Initialize: Emulated camera device is already initialized: mState = 1
04-17 01:22:51.303 1343 1343 D EmulatedCamera_FakeCamera: Initialize: Fake camera is facing back
04-17 01:22:51.303 1343 1343 V EmulatedCamera_Device: initializeWhiteBalanceModes with auto, 1.000000, 1.000000
04-17 01:22:51.303 1343 1343 V EmulatedCamera_Device: initializeWhiteBalanceModes with incandescent, 1.380000, 0.600000
04-17 01:22:51.304 1343 1343 V EmulatedCamera_Device: initializeWhiteBalanceModes with daylight, 1.090000, 0.920000
04-17 01:22:51.304 1343 1343 V EmulatedCamera_Device: initializeWhiteBalanceModes with twilight, 0.920000, 1.220000
04-17 01:22:51.304 1343 1343 V EmulatedCamera_Device: setWhiteBalanceMode with white balance auto
04-17 01:22:51.304 1343 1343 I CameraFlashlight: Destroying camera 0
04-17 01:22:51.304 1343 1343 V EmulatedCamera_Camera: closeCamera
04-17 01:22:51.304 1343 1343 V EmulatedCamera_Camera: doStopPreview
04-17 01:22:51.304 1343 1343 W EmulatedCamera_Device: Initialize: Emulated camera device is already initialized: mState = 1
04-17 01:22:51.304 1343 1343 D EmulatedCamera_FakeCamera: Initialize: Fake camera is facing back
04-17 01:22:51.304 1343 1343 V EmulatedCamera_Device: initializeWhiteBalanceModes with auto, 1.000000, 1.000000
04-17 01:22:51.304 1343 1343 V EmulatedCamera_Device: initializeWhiteBalanceModes with incandescent, 1.380000, 0.600000
04-17 01:22:51.304 1343 1343 V EmulatedCamera_Device: initializeWhiteBalanceModes with daylight, 1.090000, 0.920000
04-17 01:22:51.304 1343 1343 V EmulatedCamera_Device: initializeWhiteBalanceModes with twilight, 0.920000, 1.220000
04-17 01:22:51.304 1343 1343 V EmulatedCamera_Device: setWhiteBalanceMode with white balance auto
04-17 01:22:51.305 1343 1343 I CameraService: disconnect: Disconnected client for camera 0 for PID 1343
04-17 01:22:51.305 1350 1370 D NuPlayerDriver: reset(0xece13420) at state 4
04-17 01:22:51.305 1350 1370 D NuPlayerDriver: notifyListener_l(0xece13420), (8, 0, 0), loop setting(0, 0)
04-17 01:22:51.306 1350 2071 D NuPlayerDriver: notifyResetComplete(0xece13420)
04-17 01:22:51.307 1350 1350 D NuPlayerDriver: reset(0xece13660) at state 4
04-17 01:22:51.307 1350 1350 D NuPlayerDriver: notifyListener_l(0xece13660), (8, 0, 0), loop setting(0, 0)
04-17 01:22:51.308 1350 2073 D NuPlayerDriver: notifyResetComplete(0xece13660)
04-17 01:22:51.309 1350 1805 D NuPlayerDriver: reset(0xece136c0) at state 4
04-17 01:22:51.309 1350 1805 D NuPlayerDriver: notifyListener_l(0xece136c0), (8, 0, 0), loop setting(0, 0)
04-17 01:22:51.309 1350 2075 D NuPlayerDriver: notifyResetComplete(0xece136c0)
04-17 01:22:51.311 1343 1721 V EmulatedCamera_Camera: getCameraInfo
04-17 01:22:51.311 1343 1721 V EmulatedCamera_BaseCamera: getCameraInfo
04-17 01:22:51.312 1343 1343 V EmulatedCamera_Camera: getCameraInfo
04-17 01:22:51.312 1343 1343 V EmulatedCamera_BaseCamera: getCameraInfo
04-17 01:22:51.315 2016 2039 V AlarmClock: AlarmInitReceiver finished
04-17 01:22:51.322 1871 1871 D MccTable: updateMccMncConfiguration mccmnc='310260' fromServiceState=false
04-17 01:22:51.322 1871 1871 D MccTable: updateMccMncConfiguration defaultMccMnc=310260
04-17 01:22:51.323 1871 1871 D MccTable: updateMccMncConfiguration: mcc=310, mnc=260
04-17 01:22:51.323 1871 1871 D MccTable: updateMccMncConfiguration updateConfig config={1.0 310mcc260mnc ?localeList ?layoutDir ?swdp ?wdp ?hdp ?density ?lsize ?long ?orien ?uimode ?night ?touch ?keyb/?/? ?nav/?}
04-17 01:22:51.326 1658 1672 V BackupManagerService: Starting with transport android/com.android.internal.backup.LocalTransport
04-17 01:22:51.326 1658 1672 V BackupManagerService: Found transports: 1
04-17 01:22:51.327 1658 1672 W BackupManagerService: Proposed transport ComponentInfo{android/com.android.internal.backup.LocalTransportService} not whitelisted; ignoring
04-17 01:22:51.327 1658 1672 I BackupManagerService: Found stale backup journal, scheduling
04-17 01:22:51.328 1658 1672 I BackupManagerService: Backup enabled => false
04-17 01:22:51.339 1658 1658 I GnssLocationProvider: WakeLock acquired by sendMessage(12, 0, null)
04-17 01:22:51.347 1658 1672 W VoiceInteractionManagerService: no available voice interaction services found for user 0
04-17 01:22:51.347 1658 1672 W VoiceInteractionManagerService: no available voice recognition services found for user 0
04-17 01:22:51.350 1658 1672 I ActivityManager: Loading recents for user 0 into memory.
04-17 01:22:51.352 1658 1672 D ActivityManager: Sending BOOT_COMPLETE user #0
04-17 01:22:51.362 1890 1890 D FallbackHome: User unlocked and real home found; let's go!
04-17 01:22:51.371 1658 1671 W GnssLocationProvider: Could not open GPS configuration file /etc/gps.conf
04-17 01:22:51.371 1658 1671 E GnssLocationProvider: no AGPS interface in set_agps_server
04-17 01:22:51.371 1658 1671 I GnssLocationProvider: WakeLock released by handleMessage(12, 0, null)
04-17 01:22:51.372 1658 1756 I ActivityManager: START u0 {act=android.intent.action.MAIN cat=[android.intent.category.HOME] flg=0x10000100 cmp=com.android.launcher3/.Launcher} from uid 0 on display 0
04-17 01:22:51.393 2090 2090 W art : Unexpected CPU variant for X86 using defaults: x86_64
04-17 01:22:51.397 1658 1756 I ActivityManager: Start proc 2090:com.android.launcher3/u0a14 for activity com.android.launcher3/.Launcher
04-17 01:22:51.402 1890 1926 D EGL_emulation: eglMakeCurrent: 0x7aae717751c0: ver 3 0 (tinfo 0x7aae66dbc6e0)
04-17 01:22:51.418 1658 2058 I WindowManager: Destroying surface Surface(name=com.android.settings/com.android.settings.FallbackHome) called by com.android.server.wm.WindowStateAnimator.destroySurface:2014 com.android.server.wm.WindowStateAnimator.destroySurfaceLocked:881 com.android.server.wm.WindowState.destroyOrSaveSurface:2073 com.android.server.wm.WindowManagerService.tryStartExitingAnimation:3017 com.android.server.wm.WindowManagerService.relayoutWindow:2897 com.android.server.wm.Session.relayout:215 android.view.IWindowSession$Stub.onTransact:286 com.android.server.wm.Session.onTransact:136
04-17 01:22:51.430 1658 1658 I AccountManagerService: User 0 is unlocked - opening CE database
04-17 01:22:51.434 2106 2106 W art : Unexpected CPU variant for X86 using defaults: x86_64
04-17 01:22:51.436 1658 1671 I ActivityManager: Start proc 2106:com.android.printspooler/u0a50 for service com.android.printspooler/.model.PrintSpoolerService
04-17 01:22:51.459 2090 2090 W System : ClassLoader referenced unknown path: /system/priv-app/Launcher3/lib/x86_64
04-17 01:22:51.468 2125 2125 W art : Unexpected CPU variant for X86 using defaults: x86_64
04-17 01:22:51.472 1658 1718 I ActivityManager: Start proc 2125:com.android.keychain/1000 for service com.android.keychain/.KeyChainService
04-17 01:22:51.489 2141 2141 W art : Unexpected CPU variant for X86 using defaults: x86_64
04-17 01:22:51.491 1658 2058 I ActivityManager: Start proc 2141:android.process.acore/u0a1 for content provider com.android.providers.contacts/.ContactsProvider2
04-17 01:22:51.498 1740 1968 D OpenGLRenderer: profile bars disabled
04-17 01:22:51.498 1740 1968 D OpenGLRenderer: ambientRatio = 1.50
04-17 01:22:51.502 1740 1740 D PhoneStatusBar: disable: < EXPAND* icons alerts system_info BACK* HOME* RECENT* clock SEARCH* quick_settings
> 04-17 01:22:51.515 1658 1658 I GnssLocationProvider: WakeLock acquired by sendMessage(12, 0, null)
04-17 01:22:51.518 1871 1871 D MccTable: updateMccMncConfiguration mccmnc='310260' fromServiceState=false
04-17 01:22:51.519 1871 1871 D MccTable: updateMccMncConfiguration defaultMccMnc=310260
04-17 01:22:51.521 1871 1871 D MccTable: updateMccMncConfiguration: mcc=310, mnc=260
04-17 01:22:51.521 1871 1871 D MccTable: updateMccMncConfiguration updateConfig config={1.0 310mcc260mnc ?localeList ?layoutDir ?swdp ?wdp ?hdp ?density ?lsize ?long ?orien ?uimode ?night ?touch ?keyb/?/? ?nav/?}
04-17 01:22:51.524 2141 2141 W System : ClassLoader referenced unknown path: /system/priv-app/ContactsProvider/lib/x86_64
04-17 01:22:51.531 2125 2125 W System : ClassLoader referenced unknown path: /system/app/KeyChain/lib/x86_64
04-17 01:22:51.535 1658 1658 I GnssLocationProvider: WakeLock acquired by sendMessage(12, 0, null)
04-17 01:22:51.536 1740 1740 D PhoneStatusBar: heads up is enabled
04-17 01:22:51.542 1658 1671 W LocationProviderProxy-network: Odd, no component found for service com.android.location.service.v3.NetworkLocationProvider
04-17 01:22:51.542 1658 1671 W GeocoderProxy: Odd, no component found for service com.android.location.service.GeocodeProvider
04-17 01:22:51.542 1658 1671 W GeofenceProxy: Odd, no component found for service com.android.location.service.GeofenceProvider
04-17 01:22:51.543 1658 1671 W ActivityRecognitionProxy: Odd, no component found for service com.android.location.service.ActivityRecognitionProvider
04-17 01:22:51.556 1658 1671 W GnssLocationProvider: Could not open GPS configuration file /etc/gps.conf
04-17 01:22:51.557 1658 1671 E GnssLocationProvider: no AGPS interface in set_agps_server
04-17 01:22:51.557 1658 1671 I GnssLocationProvider: WakeLock released by handleMessage(12, 0, null)
04-17 01:22:51.558 1658 1671 W GnssLocationProvider: Could not open GPS configuration file /etc/gps.conf
04-17 01:22:51.558 1658 1671 E GnssLocationProvider: no AGPS interface in set_agps_server
04-17 01:22:51.559 1658 1671 I GnssLocationProvider: WakeLock released by handleMessage(12, 0, null)
04-17 01:22:51.559 2090 2090 V Launcher: LauncherAppState inited
04-17 01:22:51.565 1337 1538 D gralloc_ranchu: gralloc_alloc: Creating ashmem region of size 4096000
04-17 01:22:51.566 1658 1671 W GnssLocationProvider: Could not open GPS configuration file /etc/gps.conf
04-17 01:22:51.566 1658 1671 E GnssLocationProvider: no AGPS interface in set_agps_server
04-17 01:22:51.566 1871 1871 D CarrierConfigLoader: update config for phoneId: 0 simState: LOADED
04-17 01:22:51.566 1871 1871 D CarrierSvcBindHelper: update binding for phoneId: 0 simState: LOADED
04-17 01:22:51.623 2090 2090 D Launcher.Model: Old launcher provider: content://com.android.launcher2.settings/favorites?notify=true
04-17 01:22:51.623 2090 2090 D Launcher.Model: Old launcher provider does not exist.
04-17 01:22:51.631 2170 2170 W art : Unexpected CPU variant for X86 using defaults: x86_64
04-17 01:22:51.634 1658 1669 I ActivityManager: Start proc 2170:android.process.media/u0a10 for broadcast com.android.providers.downloads/.DownloadReceiver
04-17 01:22:51.636 1871 1871 D TelephonyProvider: subIdString = 1 subId = 1
04-17 01:22:51.648 1871 1871 D TelephonyProvider: getPreferredApnIdFromApn: for subId 1
04-17 01:22:51.660 1658 1673 W WindowManager: Keyguard drawn timeout. Setting mKeyguardDrawComplete
04-17 01:22:51.661 1658 1756 V KeyguardServiceDelegate: **** SHOWN CALLED ****
04-17 01:22:51.664 1740 1740 I Choreographer: Skipped 34 frames! The application may be doing too much work on its main thread.
04-17 01:22:51.667 1740 1740 D ViewRootImpl[StatusBar]: changeCanvasOpacity: opaque=true
04-17 01:22:51.668 2141 2141 W System : ClassLoader referenced unknown path: /system/priv-app/BlockedNumberProvider/lib/x86_64
04-17 01:22:51.678 2141 2141 W System : ClassLoader referenced unknown path: /system/app/UserDictionaryProvider/lib/x86_64
04-17 01:22:51.692 1658 1679 I WindowManager: Destroying surface Surface(name=KeyguardScrim) called by com.android.server.wm.WindowStateAnimator.destroySurface:2014 com.android.server.wm.WindowStateAnimator.destroySurfaceLocked:881 com.android.server.wm.WindowState.destroyOrSaveSurface:2073 com.android.server.wm.WindowSurfacePlacer.performSurfacePlacementInner:429 com.android.server.wm.WindowSurfacePlacer.performSurfacePlacementLoop:232 com.android.server.wm.WindowSurfacePlacer.performSurfacePlacement:180 com.android.server.wm.WindowManagerService$H.handleMessage:8079 android.os.Handler.dispatchMessage:102
04-17 01:22:51.693 1658 1679 D : HostConnection::get() New Host Connection established 0x7aae6981b300, tid 1679
04-17 01:22:51.711 2170 2170 W System : ClassLoader referenced unknown path: /system/priv-app/DownloadProvider/lib/x86_64
04-17 01:22:51.712 1658 1658 I GnssLocationProvider: WakeLock acquired by sendMessage(12, 0, null)
04-17 01:22:51.713 1658 1671 W GnssLocationProvider: Could not open GPS configuration file /etc/gps.conf
04-17 01:22:51.713 1658 1671 E GnssLocationProvider: no AGPS interface in set_agps_server
04-17 01:22:51.714 1658 1671 I GnssLocationProvider: WakeLock released by handleMessage(12, 0, null)
04-17 01:22:51.725 2170 2170 W System : ClassLoader referenced unknown path: /system/priv-app/MediaProvider/lib/x86_64
04-17 01:22:51.745 1658 1658 I GnssLocationProvider: WakeLock acquired by sendMessage(12, 0, null)
04-17 01:22:51.746 1658 1671 W GnssLocationProvider: Could not open GPS configuration file /etc/gps.conf
04-17 01:22:51.746 1658 1671 E GnssLocationProvider: no AGPS interface in set_agps_server
04-17 01:22:51.746 1658 1671 I GnssLocationProvider: WakeLock released by handleMessage(12, 0, null)
04-17 01:22:51.756 1871 1871 D TelephonyProvider: subIdString = 1 subId = 1
04-17 01:22:51.757 2090 2090 W System : ClassLoader referenced unknown path:
04-17 01:22:51.756 1871 1871 D TelephonyProvider: getPreferredApnIdFromApn: for subId 1
04-17 01:22:51.757 2090 2090 W System : ClassLoader referenced unknown path: /system/app/QuickSearchBox/lib/x86_64
04-17 01:22:51.763 1740 1968 D : HostConnection::get() New Host Connection established 0x7aae58447c00, tid 1968
04-17 01:22:51.776 1740 1968 I OpenGLRenderer: Initialized EGL, version 1.4
04-17 01:22:51.777 1740 1968 D OpenGLRenderer: Swap behavior 1
04-17 01:22:51.777 1740 1968 W OpenGLRenderer: Failed to choose config with EGL_SWAP_BEHAVIOR_PRESERVED, retrying without...
04-17 01:22:51.777 1740 1968 D OpenGLRenderer: Swap behavior 0
04-17 01:22:51.781 1740 1968 D EGL_emulation: eglCreateContext: 0x7aae66df8b20: maj 3 min 0 rcv 3
04-17 01:22:51.785 2141 2166 I ContactLocale: AddressBook Labels [[en_US]]: […, A, B, C, D, E, F, G, H, I, J, K, L, M, N, O, P, Q, R, S, T, U, V, W, X, Y, Z, Α, Β, Γ, Δ, Ε, Ζ, Η, Θ, Ι, Κ, Λ, Μ, Ν, Ξ, Ο, Π, Ρ, Σ, Τ, Υ, Φ, Χ, Ψ, Ω, …, А, Б, В, Г, Д, Ђ, Е, Є, Ж, З, И, І, Й, Ј, К, Л, Љ, М, Н, Њ, О, П, Р, С, Т, Ћ, У, Ф, Х, Ц, Ч, Џ, Ш, Щ, Ю, Я, …, א, ב, ג, ד, ה, ו, ז, ח, ט, י, כ, ל, מ, נ, ס, ע, פ, צ, ק, ר, ש, ת, …, ا, ب, ت, ث, ج, ح, خ, د, ذ, ر, ز, س, ش, ص, ض, ط, ظ, ع, غ, ف, ق, ك, ل, م, ن, ه, و, ي, …, ก, ข, ฃ, ค, ฅ, ฆ, ง, จ, ฉ, ช, ซ, ฌ, ญ, ฎ, ฏ, ฐ, ฑ, ฒ, ณ, ด, ต, ถ, ท, ธ, น, บ, ป, ผ, ฝ, พ, ฟ, ภ, ม, ย, ร, ฤ, ล, ฦ, ว, ศ, ษ, ส, ห, ฬ, อ, ฮ, …, ㄱ, ㄴ, ㄷ, ㄹ, ㅁ, ㅂ, ㅅ, ㅇ, ㅈ, ㅊ, ㅋ, ㅌ, ㅍ, ㅎ, …, あ, か, さ, た, な, は, ま, や, ら, わ, #, …]
04-17 01:22:51.789 1740 1968 D EGL_emulation: eglMakeCurrent: 0x7aae66df8b20: ver 3 0 (tinfo 0x7aae66ded9a0)
04-17 01:22:51.790 1740 1968 E eglCodecCommon: glUtilsParamSize: unknow param 0x00008cdf
04-17 01:22:51.790 1740 1968 E eglCodecCommon: glUtilsParamSize: unknow param 0x00008824
04-17 01:22:51.799 1871 1871 I Telephony: PstnIncomingCallNotifier: Unregistering: Handler (com.android.internal.telephony.GsmCdmaPhone) {7fb045d}
04-17 01:22:51.806 1658 1670 I Telecom : PhoneAccountRegistrar: New phone account registered: [[ ] PhoneAccount: ComponentInfo{com.android.phone/com.android.services.telephony.TelephonyConnectionService}, [e2f7d48dd2b5ca523e7313cf4ba0f6ea830b6281], UserHandle{0} Capabilities: CallProvider MultiUser PlaceEmerg SimSub Schemes: tel voicemail Extras: null]: TSI.rPA@ABY
04-17 01:22:51.808 1658 1670 I Telecom : : Sending phone-account registered intent as user: TSI.rPA@ABY
04-17 01:22:51.809 1871 1871 I Telephony: AccountEntry: Registered phoneAccount: [[ ] PhoneAccount: ComponentInfo{com.android.phone/com.android.services.telephony.TelephonyConnectionService}, [e2f7d48dd2b5ca523e7313cf4ba0f6ea830b6281], UserHandle{0} Capabilities: CallProvider MultiUser PlaceEmerg SimSub Schemes: tel voicemail Extras: null] with handle: ComponentInfo{com.android.phone/com.android.services.telephony.TelephonyConnectionService}, [e2f7d48dd2b5ca523e7313cf4ba0f6ea830b6281], UserHandle{0}
04-17 01:22:51.809 1871 1871 I Telephony: PstnIncomingCallNotifier: Registering: Handler (com.android.internal.telephony.GsmCdmaPhone) {7fb045d}
04-17 01:22:51.810 1658 1705 D WifiService: New client listening to asynchronous messages
04-17 01:22:51.810 1337 1402 E SurfaceFlinger: ro.sf.lcd_density must be defined as a build property
04-17 01:22:51.811 1871 1871 I Telephony: TelecomAccountRegistry: Unregistering phone account ComponentInfo{com.android.phone/com.android.services.telephony.TelephonyConnectionService}, [e0184adedf913b076626646d3f52c3b49c39ad6d], UserHandle{0}.
04-17 01:22:51.812 1658 1828 I Telecom : : Sending phone-account unregistered intent as user: TSI.uPA@ABg
04-17 01:22:51.815 1871 1871 D CarrierSvcBindHelper: Received android.intent.action.USER_UNLOCKED
04-17 01:22:51.816 1871 1871 D CarrierSvcBindHelper: No carrier app for: 0
04-17 01:22:51.816 1871 1871 I Telephony: PstnIncomingCallNotifier: Unregistering: Handler (com.android.internal.telephony.GsmCdmaPhone) {7fb045d}
04-17 01:22:51.818 2090 2090 D : HostConnection::get() New Host Connection established 0x7aae58e5ce60, tid 2090
04-17 01:22:51.828 1658 1985 I Telecom : PhoneAccountRegistrar: [ComponentInfo{com.android.phone/com.android.services.telephony.TelephonyConnectionService}, [e2f7d48dd2b5ca523e7313cf4ba0f6ea830b6281], UserHandle{0}(icon: Icon(typ=BITMAP size=38x48) -> Icon(typ=BITMAP size=38x48))]: TSI.rPA@ABo
04-17 01:22:51.828 1740 1740 W KeyguardUpdateMonitor: invalid subId in handleSimStateChange()
04-17 01:22:51.829 1658 1985 I Telecom : : Sending phone-account registered intent as user: TSI.rPA@ABo
04-17 01:22:51.833 1871 1871 I Telephony: AccountEntry: Registered phoneAccount: [[ ] PhoneAccount: ComponentInfo{com.android.phone/com.android.services.telephony.TelephonyConnectionService}, [e2f7d48dd2b5ca523e7313cf4ba0f6ea830b6281], UserHandle{0} Capabilities: CallProvider MultiUser PlaceEmerg SimSub Schemes: tel voicemail Extras: null] with handle: ComponentInfo{com.android.phone/com.android.services.telephony.TelephonyConnectionService}, [e2f7d48dd2b5ca523e7313cf4ba0f6ea830b6281], UserHandle{0}
04-17 01:22:51.833 1871 1871 I Telephony: PstnIncomingCallNotifier: Registering: Handler (com.android.internal.telephony.GsmCdmaPhone) {7fb045d}
04-17 01:22:51.844 1740 1740 W KeyguardUpdateMonitor: invalid subId in handleServiceStateChange()
04-17 01:22:51.846 2090 2192 D : HostConnection::get() New Host Connection established 0x7aae58e5db80, tid 2192
04-17 01:22:51.859 2090 2192 I OpenGLRenderer: Initialized EGL, version 1.4
04-17 01:22:51.859 2090 2192 D OpenGLRenderer: Swap behavior 1
04-17 01:22:51.859 2090 2192 W OpenGLRenderer: Failed to choose config with EGL_SWAP_BEHAVIOR_PRESERVED, retrying without...
04-17 01:22:51.859 2090 2192 D OpenGLRenderer: Swap behavior 0
04-17 01:22:51.867 2090 2192 D EGL_emulation: eglCreateContext: 0x7aae58e83620: maj 3 min 0 rcv 3
04-17 01:22:51.871 1740 1740 W KeyguardUpdateMonitor: invalid subId in handleServiceStateChange()
04-17 01:22:51.871 1740 1740 W KeyguardUpdateMonitor: invalid subId in handleSimStateChange()
04-17 01:22:51.881 2090 2192 D EGL_emulation: eglMakeCurrent: 0x7aae58e83620: ver 3 0 (tinfo 0x7aae58ecd920)
04-17 01:22:51.882 1740 1968 D EGL_emulation: eglMakeCurrent: 0x7aae66df8b20: ver 3 0 (tinfo 0x7aae66ded9a0)
04-17 01:22:51.882 2090 2192 E eglCodecCommon: glUtilsParamSize: unknow param 0x00008cdf
04-17 01:22:51.882 2090 2192 E eglCodecCommon: glUtilsParamSize: unknow param 0x00008824
04-17 01:22:51.884 1871 1871 I Telephony: PstnIncomingCallNotifier: Unregistering: Handler (com.android.internal.telephony.GsmCdmaPhone) {7fb045d}
04-17 01:22:51.884 2170 2170 D MediaScannerReceiver: action: android.intent.action.MEDIA_MOUNTED path: /storage/emulated/0
04-17 01:22:51.888 1623 1623 E ipv6proxy: Failed to forward Router Advertisement from eth0 to wlan1: Network is unreachable
04-17 01:22:51.895 1658 2059 I Telecom : PhoneAccountRegistrar: [ComponentInfo{com.android.phone/com.android.services.telephony.TelephonyConnectionService}, [e2f7d48dd2b5ca523e7313cf4ba0f6ea830b6281], UserHandle{0}(icon: Icon(typ=BITMAP size=38x48) -> Icon(typ=BITMAP size=38x48))]: TSI.rPA@AB0
04-17 01:22:51.896 1658 2059 I Telecom : : Sending phone-account registered intent as user: TSI.rPA@AB0
04-17 01:22:51.906 2201 2201 W art : Unexpected CPU variant for X86 using defaults: x86_64
04-17 01:22:51.913 1658 2058 I ActivityManager: Start proc 2201:com.android.quicksearchbox/u0a52 for broadcast com.android.quicksearchbox/.SearchWidgetProvider
04-17 01:22:51.914 1871 1871 I Telephony: AccountEntry: Registered phoneAccount: [[ ] PhoneAccount: ComponentInfo{com.android.phone/com.android.services.telephony.TelephonyConnectionService}, [e2f7d48dd2b5ca523e7313cf4ba0f6ea830b6281], UserHandle{0} Capabilities: CallProvider MultiUser PlaceEmerg SimSub Schemes: tel voicemail Extras: null] with handle: ComponentInfo{com.android.phone/com.android.services.telephony.TelephonyConnectionService}, [e2f7d48dd2b5ca523e7313cf4ba0f6ea830b6281], UserHandle{0}
04-17 01:22:51.914 1871 1871 I Telephony: PstnIncomingCallNotifier: Registering: Handler (com.android.internal.telephony.GsmCdmaPhone) {7fb045d}
04-17 01:22:51.916 2090 2192 D EGL_emulation: eglMakeCurrent: 0x7aae58e83620: ver 3 0 (tinfo 0x7aae58ecd920)
04-17 01:22:51.930 1871 1871 I Telephony: PstnIncomingCallNotifier: Unregistering: Handler (com.android.internal.telephony.GsmCdmaPhone) {7fb045d}
04-17 01:22:51.938 1658 1669 I Telecom : PhoneAccountRegistrar: [ComponentInfo{com.android.phone/com.android.services.telephony.TelephonyConnectionService}, [e2f7d48dd2b5ca523e7313cf4ba0f6ea830b6281], UserHandle{0}(icon: Icon(typ=BITMAP size=38x48) -> Icon(typ=BITMAP size=38x48))]: TSI.rPA@ACM
04-17 01:22:51.938 1658 1669 I Telecom : : Sending phone-account registered intent as user: TSI.rPA@ACM
04-17 01:22:51.939 1871 1871 I Telephony: AccountEntry: Registered phoneAccount: [[ ] PhoneAccount: ComponentInfo{com.android.phone/com.android.services.telephony.TelephonyConnectionService}, [e2f7d48dd2b5ca523e7313cf4ba0f6ea830b6281], UserHandle{0} Capabilities: CallProvider MultiUser PlaceEmerg SimSub Schemes: tel voicemail Extras: null] with handle: ComponentInfo{com.android.phone/com.android.services.telephony.TelephonyConnectionService}, [e2f7d48dd2b5ca523e7313cf4ba0f6ea830b6281], UserHandle{0}
04-17 01:22:51.940 1871 1871 I Telephony: PstnIncomingCallNotifier: Registering: Handler (com.android.internal.telephony.GsmCdmaPhone) {7fb045d}
04-17 01:22:51.945 2201 2201 W System : ClassLoader referenced unknown path: /system/app/QuickSearchBox/lib/x86_64
04-17 01:22:51.946 1871 1871 D CarrierConfigLoader: mHandler: 7 phoneId: 0
04-17 01:22:51.951 1871 1871 D CarrierConfigLoader: Loaded config from XML. package=com.android.carrierconfig phoneId=0
04-17 01:22:51.954 1871 1871 D CarrierSvcBindHelper: mHandler: 0
04-17 01:22:51.954 1871 1871 D CarrierSvcBindHelper: Rebinding if necessary for phoneId: 0
04-17 01:22:51.955 1871 1871 D CarrierSvcBindHelper: No carrier app for: 0
04-17 01:22:51.966 2170 2204 V MediaScanner: pruneDeadThumbnailFiles... android.content.ContentProviderClient$CursorWrapperInner@2d10b36
04-17 01:22:51.974 1871 1871 I Telephony: PstnIncomingCallNotifier: Unregistering: Handler (com.android.internal.telephony.GsmCdmaPhone) {7fb045d}
04-17 01:22:51.974 2141 2166 I ContactDirectoryManager: deleted 0 stale rows which don't have any relevant directory
04-17 01:22:51.985 1658 2058 I Telecom : PhoneAccountRegistrar: [ComponentInfo{com.android.phone/com.android.services.telephony.TelephonyConnectionService}, [e2f7d48dd2b5ca523e7313cf4ba0f6ea830b6281], UserHandle{0}(icon: Icon(typ=BITMAP size=38x48) -> Icon(typ=BITMAP size=38x48))]: TSI.rPA@ACY
04-17 01:22:51.986 1658 2058 I Telecom : : Sending phone-account registered intent as user: TSI.rPA@ACY
04-17 01:22:51.988 1871 1871 I Telephony: AccountEntry: Registered phoneAccount: [[ ] PhoneAccount: ComponentInfo{com.android.phone/com.android.services.telephony.TelephonyConnectionService}, [e2f7d48dd2b5ca523e7313cf4ba0f6ea830b6281], UserHandle{0} Capabilities: CallProvider MultiUser PlaceEmerg SimSub Schemes: tel voicemail Extras: null] with handle: ComponentInfo{com.android.phone/com.android.services.telephony.TelephonyConnectionService}, [e2f7d48dd2b5ca523e7313cf4ba0f6ea830b6281], UserHandle{0}
04-17 01:22:51.988 1871 1871 I Telephony: PstnIncomingCallNotifier: Registering: Handler (com.android.internal.telephony.GsmCdmaPhone) {7fb045d}
04-17 01:22:52.008 2170 2204 V MediaScanner: /pruneDeadThumbnailFiles... android.content.ContentProviderClient$CursorWrapperInner@2d10b36
04-17 01:22:52.012 1871 1871 I Telephony: PstnIncomingCallNotifier: Unregistering: Handler (com.android.internal.telephony.GsmCdmaPhone) {7fb045d}
04-17 01:22:52.023 2141 2166 I ContactDirectoryManager: Discovered 0 contact directories in 78ms
04-17 01:22:52.023 1658 2059 I Telecom : PhoneAccountRegistrar: [ComponentInfo{com.android.phone/com.android.services.telephony.TelephonyConnectionService}, [e2f7d48dd2b5ca523e7313cf4ba0f6ea830b6281], UserHandle{0}(icon: Icon(typ=BITMAP size=38x48) -> Icon(typ=BITMAP size=38x48))]: TSI.rPA@ACk
04-17 01:22:52.024 1658 2059 I Telecom : : Sending phone-account registered intent as user: TSI.rPA@ACk
04-17 01:22:52.033 1871 1871 I Telephony: AccountEntry: Registered phoneAccount: [[ ] PhoneAccount: ComponentInfo{com.android.phone/com.android.services.telephony.TelephonyConnectionService}, [e2f7d48dd2b5ca523e7313cf4ba0f6ea830b6281], UserHandle{0} Capabilities: CallProvider MultiUser PlaceEmerg SimSub Schemes: tel voicemail Extras: null] with handle: ComponentInfo{com.android.phone/com.android.services.telephony.TelephonyConnectionService}, [e2f7d48dd2b5ca523e7313cf4ba0f6ea830b6281], UserHandle{0}
04-17 01:22:52.033 1871 1871 I Telephony: PstnIncomingCallNotifier: Registering: Handler (com.android.internal.telephony.GsmCdmaPhone) {7fb045d}
04-17 01:22:52.045 1871 1871 I NotificationMgr: updateMwi(): subId 1 update to false
04-17 01:22:52.049 1658 1669 I Telecom : PhoneAccountRegistrar: [ComponentInfo{com.android.phone/com.android.services.telephony.TelephonyConnectionService}, [e2f7d48dd2b5ca523e7313cf4ba0f6ea830b6281], UserHandle{0}(icon: Icon(typ=BITMAP size=38x48) -> Icon(typ=BITMAP size=38x48))]: TSI.rPA@AC0
04-17 01:22:52.050 1658 1669 I Telecom : : Sending phone-account registered intent as user: TSI.rPA@AC0
04-17 01:22:52.054 1658 1670 I Telecom : PhoneAccountRegistrar: [ComponentInfo{com.android.phone/com.android.services.telephony.TelephonyConnectionService}, [e2f7d48dd2b5ca523e7313cf4ba0f6ea830b6281], UserHandle{0}(icon: Icon(typ=BITMAP size=38x48) -> Icon(typ=BITMAP size=38x48))]: TSI.rPA@AC8
04-17 01:22:52.054 1658 1670 I Telecom : : Sending phone-account registered intent as user: TSI.rPA@AC8
04-17 01:22:52.058 1651 1651 E hostapd : Using interface wlan1 with hwaddr 02:00:00:00:01:00 and ssid "AndroidWifi"
04-17 01:22:52.058 1651 1651 I hostapd : wlan1: interface state COUNTRY_UPDATE->ENABLED
04-17 01:22:52.058 1651 1651 I hostapd : wlan1: AP-ENABLED
04-17 01:22:52.059 1658 1985 I Telecom : PhoneAccountRegistrar: [ComponentInfo{com.android.phone/com.android.services.telephony.TelephonyConnectionService}, [e2f7d48dd2b5ca523e7313cf4ba0f6ea830b6281], UserHandle{0}(icon: Icon(typ=BITMAP size=38x48) -> Icon(typ=BITMAP size=38x48))]: TSI.rPA@ADE
04-17 01:22:52.059 1658 1985 I Telecom : : Sending phone-account registered intent as user: TSI.rPA@ADE
04-17 01:22:52.068 1658 2059 I Telecom : PhoneAccountRegistrar: [ComponentInfo{com.android.phone/com.android.services.telephony.TelephonyConnectionService}, [e2f7d48dd2b5ca523e7313cf4ba0f6ea830b6281], UserHandle{0}(icon: Icon(typ=BITMAP size=38x48) -> Icon(typ=BITMAP size=38x48))]: TSI.rPA@ADM
04-17 01:22:52.068 1658 2059 I Telecom : : Sending phone-account registered intent as user: TSI.rPA@ADM
04-17 01:22:52.069 1871 1871 D CarrierConfigLoader: mHandler: 5 phoneId: 0
04-17 01:22:52.078 1658 1658 I Telecom : PhoneAccountRegistrar: SimCallManager queried, returning: null: TSI.gSCMFU@ADU
04-17 01:22:52.078 1658 1756 I Telecom : PhoneAccountRegistrar: [ComponentInfo{com.android.phone/com.android.services.telephony.TelephonyConnectionService}, [e2f7d48dd2b5ca523e7313cf4ba0f6ea830b6281], UserHandle{0}(icon: Icon(typ=BITMAP size=38x48) -> Icon(typ=BITMAP size=38x48))]: TSI.rPA@ADY
04-17 01:22:52.080 1658 1756 I Telecom : : Sending phone-account registered intent as user: TSI.rPA@ADY
04-17 01:22:52.084 1658 1828 I Telecom : PhoneAccountRegistrar: [ComponentInfo{com.android.phone/com.android.services.telephony.TelephonyConnectionService}, [e2f7d48dd2b5ca523e7313cf4ba0f6ea830b6281], UserHandle{0}(icon: Icon(typ=BITMAP size=38x48) -> Icon(typ=BITMAP size=38x48))]: TSI.rPA@ADg
04-17 01:22:52.085 1658 1828 I Telecom : : Sending phone-account registered intent as user: TSI.rPA@ADg
04-17 01:22:52.089 1871 1871 D TelephonyProvider: subIdString = 1 subId = 1
04-17 01:22:52.089 1871 1871 D TelephonyProvider: getPreferredApnIdFromApn: for subId 1
04-17 01:22:52.099 1658 1679 I ActivityManager: Displayed com.android.launcher3/.Launcher: +720ms
04-17 01:22:52.101 1658 1658 W IInputConnectionWrapper: reportFullscreenMode on inexistent InputConnection
04-17 01:22:52.109 1740 1740 W KeyguardUpdateMonitor: invalid subId in handleSimStateChange()
04-17 01:22:52.136 1658 2059 D ConnectivityService: registerNetworkAgent NetworkAgentInfo{ ni{[type: MOBILE[LTE], state: CONNECTED/CONNECTED, reason: connected, extra: epc.tmobile.com, failover: false, available: true, roaming: false, metered: false]} network{100} nethandle{429513165534} lp{{InterfaceName: radio0 LinkAddresses: [192.168.200.2/24,] Routes: [0.0.0.0/0 -> 192.168.200.1 radio0,] DnsAddresses: [10.0.2.3,] Domains: null MTU: 1500 TcpBufferSizes: 524288,1048576,2097152,262144,524288,1048576}} nc{[ Transports: CELLULAR Capabilities: MMS&SUPL&FOTA&IMS&CBS&IA&INTERNET&NOT_RESTRICTED&TRUSTED&NOT_VPN LinkUpBandwidth>=51200Kbps LinkDnBandwidth>=102400Kbps Specifier: <1>]} Score{10} everValidated{false} lastValidated{false} created{false} lingering{false} explicitlySelected{false} acceptUnvalidated{false} everCaptivePortalDetected{false} lastCaptivePortalDetected{false} }
04-17 01:22:52.137 1658 1710 D ConnectivityService: NetworkAgentInfo [MOBILE (LTE) - 100] EVENT_NETWORK_INFO_CHANGED, going from null to CONNECTED
04-17 01:22:52.138 1658 1710 D ConnectivityService: Adding iface radio0 to network 100
04-17 01:22:52.158 1871 1871 D TelephonyProvider: subIdString = 1 subId = 1
04-17 01:22:52.159 1871 1871 D TelephonyProvider: deletePreferredApn: for subId 1
04-17 01:22:52.160 1871 1871 D TelephonyProvider: subIdString = 1 subId = 1
04-17 01:22:52.171 1658 1710 D ConnectivityService: Setting DNS servers for network 100 to [/10.0.2.3]
04-17 01:22:52.184 1658 1710 D ConnectivityService: Switching to new default network: NetworkAgentInfo{ ni{[type: MOBILE[LTE], state: CONNECTED/CONNECTED, reason: connected, extra: epc.tmobile.com, failover: false, available: true, roaming: false, metered: false]} network{100} nethandle{429513165534} lp{{InterfaceName: radio0 LinkAddresses: [192.168.200.2/24,] Routes: [0.0.0.0/0 -> 192.168.200.1 radio0,] DnsAddresses: [10.0.2.3,] Domains: null MTU: 1500 TcpBufferSizes: 524288,1048576,2097152,262144,524288,1048576}} nc{[ Transports: CELLULAR Capabilities: MMS&SUPL&FOTA&IMS&CBS&IA&INTERNET&NOT_RESTRICTED&TRUSTED&NOT_VPN LinkUpBandwidth>=51200Kbps LinkDnBandwidth>=102400Kbps Specifier: <1>]} Score{10} everValidated{false} lastValidated{false} created{true} lingering{false} explicitlySelected{false} acceptUnvalidated{false} everCaptivePortalDetected{false} lastCaptivePortalDetected{false} }
04-17 01:22:52.184 1740 1740 D PhoneStatusBar: disable: < expand* icons alerts system_info back* home* recent* clock search* quick_settings
> 04-17 01:22:52.190 1890 1890 I art : Starting a blocking GC Explicit
04-17 01:22:52.201 1351 1649 V IdletimerController: runCmd(/system/bin/ip6tables -w -t raw -A idletimer_raw_PREROUTING -i radio0 -j IDLETIMER --timeout 10 --label 0 --send_nl_msg 1) res_ipv4=0, res_ipv6=0
04-17 01:22:52.220 1351 1649 V IdletimerController: runCmd(/system/bin/ip6tables -w -t mangle -A idletimer_mangle_POSTROUTING -o radio0 -j IDLETIMER --timeout 10 --label 0 --send_nl_msg 1) res_ipv4=0, res_ipv6=0
04-17 01:22:52.221 1890 1890 I art : Explicit concurrent mark sweep GC freed 3576(304KB) AllocSpace objects, 0(0B) LOS objects, 24% free, 2MB/3MB, paused 2.020ms total 30.974ms
04-17 01:22:52.224 1658 1710 D ConnectivityService: Sending CONNECTED broadcast for type 0 NetworkAgentInfo [MOBILE (LTE) - 100] isDefaultNetwork=true
04-17 01:22:52.224 1658 1724 I GnssLocationProvider: WakeLock acquired by sendMessage(5, 0, null)
04-17 01:22:52.224 1658 1724 I GnssLocationProvider: WakeLock acquired by sendMessage(6, 0, null)
04-17 01:22:52.225 1658 1671 I GnssLocationProvider: WakeLock acquired by handleInjectNtpTime()
04-17 01:22:52.225 1658 1671 I GnssLocationProvider: WakeLock released by handleMessage(5, 0, null)
04-17 01:22:52.228 1658 1671 I GnssLocationProvider: WakeLock released by handleMessage(6, 0, null)
04-17 01:22:52.229 1890 1890 I art : Starting a blocking GC Explicit
04-17 01:22:52.248 1890 1890 I art : Explicit concurrent mark sweep GC freed 709(34KB) AllocSpace objects, 0(0B) LOS objects, 24% free, 2MB/3MB, paused 1.794ms total 19.249ms
04-17 01:22:52.291 1658 1710 D ConnectivityService: NetworkAgentInfo [MOBILE (LTE) - 100] validation passed
04-17 01:22:52.316 1337 1402 D gralloc_ranchu: gralloc_alloc: Creating ashmem region of size 6365184
04-17 01:22:52.348 1658 1703 D SntpClient: round trip: 30ms, clock offset: 738ms
04-17 01:22:52.349 1658 1953 D SntpClient: round trip: 30ms, clock offset: 738ms
04-17 01:22:52.349 1658 1953 I GnssLocationProvider: WakeLock acquired by sendMessage(10, 0, null)
04-17 01:22:52.350 1658 1671 I GnssLocationProvider: WakeLock released by handleMessage(10, 0, null)
04-17 01:22:52.350 1658 1703 I NetworkPolicy: No policy for subscriber 310260...; generating default policy
04-17 01:22:52.350 1658 1953 I GnssLocationProvider: WakeLock released by handleInjectNtpTime()
04-17 01:22:52.440 1658 2257 I RecoverySystem: No recovery log file
04-17 01:22:52.451 1658 2257 I BootReceiver: Copying audit failures to DropBox
04-17 01:22:52.451 1658 2257 I BootReceiver: Checking for fsck errors
04-17 01:22:52.457 2260 2260 W art : Unexpected CPU variant for X86 using defaults: x86_64
04-17 01:22:52.462 1658 1756 I ActivityManager: Start proc 2260:com.android.dialer/u0a8 for broadcast com.android.dialer/.calllog.CallLogReceiver
04-17 01:22:52.523 2260 2260 W System : ClassLoader referenced unknown path: /system/priv-app/Dialer/lib/x86_64
04-17 01:22:52.570 2260 2260 D ExtensionsFactory: No custom extensions.
04-17 01:22:52.580 2260 2260 D BlockedNumbersAuto: Not attempting auto-migrate: already checked once.
04-17 01:22:52.604 1871 1871 V OtaStartupReceiver: onOtaspChanged: mOtaspMode=3
04-17 01:22:52.605 1658 1706 D WIFI : Registering NetworkFactory
04-17 01:22:52.605 1658 1706 D WIFI_UT : Registering NetworkFactory
04-17 01:22:52.607 1871 1871 D CarrierConfigLoader: mHandler: 13 phoneId: 0
04-17 01:22:52.608 1658 1710 D ConnectivityService: Got NetworkFactory Messenger for WIFI
04-17 01:22:52.608 1658 1710 D ConnectivityService: Got NetworkFactory Messenger for WIFI_UT
04-17 01:22:52.609 1658 1706 D WIFI : got request NetworkRequest [ id=1, legacyType=-1, [ Capabilities: INTERNET&NOT_RESTRICTED&TRUSTED&NOT_VPN] ] with score 50
04-17 01:22:52.609 1658 1706 D WIFI_UT : got request NetworkRequest [ id=1, legacyType=-1, [ Capabilities: INTERNET&NOT_RESTRICTED&TRUSTED&NOT_VPN] ] with score 50
04-17 01:22:52.611 1871 1871 D CarrierConfigLoader: mHandler: 7 phoneId: 0
04-17 01:22:52.615 1871 1871 D CarrierConfigLoader: Loaded config from XML. package=com.android.carrierconfig phoneId=0
04-17 01:22:52.615 1871 1871 D CarrierConfigLoader: mHandler: 5 phoneId: 0
04-17 01:22:52.618 1658 1828 I ActivityManager: Start proc 2309:com.android.calendar/u0a26 for broadcast com.android.calendar/.alerts.AlertReceiver
04-17 01:22:52.618 2309 2309 W art : Unexpected CPU variant for X86 using defaults: x86_64
04-17 01:22:52.621 1658 1658 I Telecom : PhoneAccountRegistrar: SimCallManager queried, returning: null: TSI.gSCMFU@ADo
04-17 01:22:52.621 2260 2306 W CountryDetector: No location permissions, not registering for location updates.
04-17 01:22:52.706 2309 2309 W System : ClassLoader referenced unknown path: /system/app/Calendar/lib/x86_64
04-17 01:22:52.728 2309 2309 D ExtensionsFactory: No custom extensions.
04-17 01:22:52.732 2309 2309 D AlertReceiver: onReceive: a=android.intent.action.BOOT_COMPLETED Intent { act=android.intent.action.BOOT_COMPLETED flg=0x9000010 cmp=com.android.calendar/.alerts.AlertReceiver (has extras) }
04-17 01:22:52.737 2016 2016 I AlarmClock: AlarmInitReceiver android.intent.action.BOOT_COMPLETED
04-17 01:22:52.742 2309 2309 D AlertUtils: Flushing old alerts from shared prefs table
04-17 01:22:52.745 2309 2341 D AlertService: 0 Action = android.intent.action.BOOT_COMPLETED
04-17 01:22:52.747 2309 2341 D AlertService: Scheduling next alarm with AlarmScheduler. sEventReminderReceived: null
04-17 01:22:52.759 2344 2344 W art : Unexpected CPU variant for X86 using defaults: x86_64
04-17 01:22:52.765 1658 1756 I ActivityManager: Start proc 2344:com.android.providers.calendar/u0a2 for content provider com.android.providers.calendar/.CalendarProvider2
04-17 01:22:52.771 2016 2039 V AlarmClock: AlarmInitReceiver finished
04-17 01:22:52.784 2358 2358 W art : Unexpected CPU variant for X86 using defaults: x86_64
04-17 01:22:52.790 1658 1669 I ActivityManager: Start proc 2358:com.android.email/u0a35 for broadcast com.android.email/.service.EmailBroadcastReceiver
04-17 01:22:52.804 2344 2344 W System : ClassLoader referenced unknown path: /system/priv-app/CalendarProvider/lib/x86_64
04-17 01:22:52.830 2358 2358 W System : ClassLoader referenced unknown path: /system/app/Email/lib/x86_64
04-17 01:22:52.831 2344 2344 I CalendarProvider2: Created com.android.providers.calendar.CalendarAlarmManager@99e0ae3(com.android.providers.calendar.CalendarProvider2@e2dfce0)
04-17 01:22:52.850 2309 2341 D AlarmScheduler: No events found starting within 1 week.
04-17 01:22:52.914 1658 2059 W ActivityManager: Unable to start service Intent { act=com.android.email.EXCHANGE_INTENT pkg=com.android.exchange } U=0: not found
04-17 01:22:52.922 2358 2375 D ActivityThread: Loading provider com.android.email.provider;com.android.email.notifier: com.android.email.provider.EmailProvider
04-17 01:22:52.924 1658 2058 W ActivityManager: Unable to start service Intent { act=com.android.email.EXCHANGE_INTENT pkg=com.android.exchange } U=0: not found
04-17 01:22:52.928 2358 2378 D ActivityThread: Loading provider com.android.email.provider;com.android.email.notifier: com.android.email.provider.EmailProvider
04-17 01:22:52.929 1658 2058 W ActivityManager: Unable to start service Intent { act=com.android.email.EXCHANGE_INTENT pkg=com.android.exchange } U=0: not found
04-17 01:22:52.930 2358 2376 D ActivityThread: Loading provider com.android.email.provider;com.android.email.notifier: com.android.email.provider.EmailProvider
04-17 01:22:52.931 1658 1985 W ActivityManager: Unable to start service Intent { act=com.android.email.EXCHANGE_INTENT pkg=com.android.exchange } U=0: not found
04-17 01:22:52.997 1727 1727 I SystemBroadcastReceiver: Boot has been completed
04-17 01:22:52.997 1727 1727 I SystemBroadcastReceiver: toggleAppIcon() : FLAG_SYSTEM = true
04-17 01:22:53.001 1658 1669 W ActivityManager: Unable to start service Intent { cmp=com.android.email/.service.AttachmentService } U=0: not found
04-17 01:22:53.001 1658 1670 W ActivityManager: Unable to start service Intent { act=com.android.email.EXCHANGE_INTENT pkg=com.android.exchange } U=0: not found
04-17 01:22:53.002 1658 2058 W ActivityManager: Unable to start service Intent { cmp=com.android.email/.service.AttachmentService } U=0: not found
04-17 01:22:53.015 2383 2383 W art : Unexpected CPU variant for X86 using defaults: x86_64
04-17 01:22:53.020 1658 2059 I ActivityManager: Start proc 2383:com.android.managedprovisioning/u0a15 for broadcast com.android.managedprovisioning/.BootReminder
04-17 01:22:53.022 1658 2058 W ActivityManager: Unable to start service Intent { cmp=com.android.email/.service.AttachmentService } U=0: not found
04-17 01:22:53.022 2358 2382 I Email : Observing account changes for notifications
04-17 01:22:53.022 1658 2059 W ActivityManager: Unable to start service Intent { act=com.android.email.EXCHANGE_INTENT pkg=com.android.exchange } U=0: not found
04-17 01:22:53.024 1658 1669 W ActivityManager: Unable to start service Intent { cmp=com.android.email/.service.AttachmentService } U=0: not found
04-17 01:22:53.026 1658 1670 W ActivityManager: Unable to start service Intent { act=com.android.email.EXCHANGE_INTENT pkg=com.android.exchange } U=0: not found
04-17 01:22:53.029 1658 1985 W ActivityManager: Unable to start service Intent { act=com.android.email.EXCHANGE_INTENT pkg=com.android.exchange } U=0: not found
04-17 01:22:53.029 1658 2058 W ActivityManager: Unable to start service Intent { act=com.android.email.EXCHANGE_INTENT pkg=com.android.exchange } U=0: not found
04-17 01:22:53.031 2358 2358 E ActivityThread: Service com.android.email.service.EmailBroadcastProcessorService has leaked ServiceConnection com.android.emailcommon.service.ServiceProxy$ProxyConnection@5246441 that was originally bound here
04-17 01:22:53.031 2358 2358 E ActivityThread: android.app.ServiceConnectionLeaked: Service com.android.email.service.EmailBroadcastProcessorService has leaked ServiceConnection com.android.emailcommon.service.ServiceProxy$ProxyConnection@5246441 that was originally bound here
04-17 01:22:53.031 2358 2358 E ActivityThread: at android.app.LoadedApk$ServiceDispatcher.(LoadedApk.java:1336)
04-17 01:22:53.031 2358 2358 E ActivityThread: at android.app.LoadedApk.getServiceDispatcher(LoadedApk.java:1231)
04-17 01:22:53.031 2358 2358 E ActivityThread: at android.app.ContextImpl.bindServiceCommon(ContextImpl.java:1478)
04-17 01:22:53.031 2358 2358 E ActivityThread: at android.app.ContextImpl.bindService(ContextImpl.java:1450)
04-17 01:22:53.031 2358 2358 E ActivityThread: at android.content.ContextWrapper.bindService(ContextWrapper.java:636)
04-17 01:22:53.031 2358 2358 E ActivityThread: at com.android.emailcommon.service.ServiceProxy.setTask(ServiceProxy.java:181)
04-17 01:22:53.031 2358 2358 E ActivityThread: at com.android.emailcommon.service.ServiceProxy.test(ServiceProxy.java:224)
04-17 01:22:53.031 2358 2358 E ActivityThread: at com.android.email.service.EmailServiceUtils.isServiceAvailable(EmailServiceUtils.java:160)
04-17 01:22:53.031 2358 2358 E ActivityThread: at com.android.email.provider.AccountReconciler.reconcileAccountsInternal(AccountReconciler.java:171)
04-17 01:22:53.031 2358 2358 E ActivityThread: at com.android.email.provider.AccountReconciler.reconcileAccounts(AccountReconciler.java:115)
04-17 01:22:53.031 2358 2358 E ActivityThread: at com.android.email.service.EmailBroadcastProcessorService.reconcileAndStartServices(EmailBroadcastProcessorService.java:305)
04-17 01:22:53.031 2358 2358 E ActivityThread: at com.android.email.service.EmailBroadcastProcessorService.onBootCompleted(EmailBroadcastProcessorService.java:295)
04-17 01:22:53.031 2358 2358 E ActivityThread: at com.android.email.service.EmailBroadcastProcessorService.onHandleIntent(EmailBroadcastProcessorService.java:130)
04-17 01:22:53.031 2358 2358 E ActivityThread: at android.app.IntentService$ServiceHandler.handleMessage(IntentService.java:68)
04-17 01:22:53.031 2358 2358 E ActivityThread: at android.os.Handler.dispatchMessage(Handler.java:102)
04-17 01:22:53.031 2358 2358 E ActivityThread: at android.os.Looper.loop(Looper.java:154)
04-17 01:22:53.031 2358 2358 E ActivityThread: at android.os.HandlerThread.run(HandlerThread.java:61)
04-17 01:22:53.032 1658 1828 W ActivityManager: Unbind failed: could not find connection for android.os.BinderProxy@94167e9
04-17 01:22:53.033 1658 1670 W ActivityManager: Unable to start service Intent { act=com.android.email.EXCHANGE_INTENT pkg=com.android.exchange } U=0: not found
04-17 01:22:53.048 2383 2383 W System : ClassLoader referenced unknown path: /system/priv-app/ManagedProvisioning/lib/x86_64
04-17 01:22:53.077 2397 2397 W art : Unexpected CPU variant for X86 using defaults: x86_64
04-17 01:22:53.081 1658 2059 I ActivityManager: Start proc 2397:com.android.messaging/u0a53 for broadcast com.android.messaging/.receiver.BootAndPackageReplacedReceiver
04-17 01:22:53.113 2397 2397 W System : ClassLoader referenced unknown path: /system/app/messaging/lib/x86_64
04-17 01:22:53.209 1871 1871 V OmtpBootCompletedRcvr: processing deferred subId list
04-17 01:22:53.215 2397 2397 I MessagingApp: Carrier config changed. Reloading MMS config.
04-17 01:22:53.229 2397 2414 I MessagingAppDataModel: Fixup: Send failed - 0 Download failed - 0
04-17 01:22:53.241 2397 2413 W MessagingApp: canonicalizeMccMnc: invalid mccmnc:null ,null
04-17 01:22:53.248 1658 2058 D MmsServiceBroker: getCarrierConfigValues() by com.android.messaging
04-17 01:22:53.248 1658 2058 W MmsServiceBroker: MmsService not connected. Try connecting...
04-17 01:22:53.248 1658 1658 I MmsServiceBroker: Connecting to MmsService
04-17 01:22:53.248 1658 1658 W ContextImpl: Calling a method in the system process without a qualified user: android.app.ContextImpl.bindService:1449 com.android.server.MmsServiceBroker.tryConnecting:241 com.android.server.MmsServiceBroker.-wrap3:-1 com.android.server.MmsServiceBroker$1.handleMessage:83 android.os.Handler.dispatchMessage:102
04-17 01:22:53.253 1871 1871 W System : ClassLoader referenced unknown path: /system/priv-app/MmsService/lib/x86_64
04-17 01:22:53.256 1871 1871 D MmsService: onCreate
04-17 01:22:53.259 1658 1658 I MmsServiceBroker: MmsService connected
04-17 01:22:53.259 1871 1871 I MmsService: MmsConfigManager receiver action: android.intent.action.SIM_STATE_CHANGED
04-17 01:22:53.259 1871 2159 D MmsService: getCarrierConfigValues
04-17 01:22:53.259 1871 2159 I MmsService: mms config for sub 1: null
04-17 01:22:53.259 1871 1871 I MmsService: MmsConfigManager receiver action: android.telephony.action.CARRIER_CONFIG_CHANGED
04-17 01:22:53.259 2397 2413 I MessagingApp: Carrier configs loaded: Bundle[{maxImageHeight=1944, maxMessageSize=1048576, maxImageWidth=2592}] from resources+system for subId=1
04-17 01:22:53.260 1871 2420 I MmsService: MmsConfigManager loads in background mcc/mnc: 310/260
04-17 01:22:53.261 1871 2421 I MmsService: MmsConfigManager loads in background mcc/mnc: 310/260
04-17 01:22:53.262 1871 2422 I MmsService: MmsConfigManager loads in background mcc/mnc: 310/260
04-17 01:22:53.267 1727 1727 I LatinIME: Timeout waiting for dictionary load
04-17 01:22:53.276 2397 2415 W MessagingApp: canonicalizeMccMnc: invalid mccmnc:null ,null
04-17 01:22:53.281 1658 1828 D MmsServiceBroker: getCarrierConfigValues() by com.android.messaging
04-17 01:22:53.281 1871 2104 D MmsService: getCarrierConfigValues
04-17 01:22:53.281 1871 2104 I MmsService: mms config for sub 1: Bundle[{httpSocketTimeout=60000, aliasMinChars=2, smsToMmsTextThreshold=-1, enableSMSDeliveryReports=true, maxMessageTextSize=-1, supportMmsContentDisposition=true, enabledTransID=false, aliasEnabled=false, supportHttpCharsetHeader=false, allowAttachAudio=true, smsToMmsTextLengthThreshold=-1, recipientLimit=2147483647, uaProfTagName=x-wap-profile, aliasMaxChars=48, maxImageHeight=1944, enableMMSDeliveryReports=false, userAgent=, config_cellBroadcastAppLinks=true, maxSubjectLength=40, httpParams=, enableGroupMms=true, emailGatewayNumber=, maxMessageSize=1048576, naiSuffix=, enableMMSReadReports=false, maxImageWidth=2592, uaProfUrl=, enabledMMS=false, enabledNotifyWapMMSC=false, sendMultipartSmsAsSeparateMessages=false, enableMultipartSMS=true}]
