04-17 01:26:29.618 3456 3471 I Gecko : {"action":"test_status","time":1744853189618,"thread":null,"pid":null,"source":"reftest","test":"layout/reftests/bugs/200774-1.html != about:blank","subtest":"image comparison, max difference: 255, number of differing pixels: 391660","status":"PASS","extra":{"status_msg":"Pass","modifiers":["!=","200774-1.html","about:blank"]}}
04-17 01:26:29.619 3456 3471 I Gecko :
04-17 01:26:29.619 3456 3471 I Gecko : {"action":"test_end","time":1744853189618,"thread":null,"pid":null,"source":"reftest","test":"layout/reftests/bugs/200774-1.html != about:blank","status":"OK"}
04-17 01:26:29.619 3456 3471 I Gecko :
04-17 01:26:29.619 3456 3471 I Gecko : {"action":"log","time":1744853189619,"thread":null,"pid":null,"source":"reftest","level":"DEBUG","message":"Loading a blank page"}
04-17 01:26:29.639 3488 3504 W Web Content: [JavaScript Warning: "This page is in Quirks Mode. Page layout may be impacted. For Standards Mode use “”." {file: "data:text/html;charset=UTF-8,%3C%21%2D%2DCLEAR%2D%2D%3E" line: 0}]
04-17 01:26:29.646 3456 3471 D GeckoViewContent: handleEvent: pagetitlechanged
04-17 01:26:29.656 3456 3471 I Gecko :
04-17 01:26:29.656 3456 3471 I Gecko : {"action":"assertion_count","time":1744853189656,"thread":null,"pid":null,"source":"reftest","test":"layout/reftests/bugs/200774-1.html != about:blank","min_expected":0,"max_expected":0,"count":0}
04-17 01:26:29.657 3456 3471 I Gecko :
04-17 01:26:29.657 3456 3471 I Gecko : {"action":"test_start","time":1744853189656,"thread":null,"pid":null,"source":"reftest","test":"layout/reftests/bugs/201215-1.html == layout/reftests/bugs/201215-1-ref.html"}
04-17 01:26:29.657 3456 3471 I Gecko : REFTEST TEST-LOAD | http://10.0.2.2:8854/tests/layout/reftests/bugs/201215-1.html | 185 / 2088 (8%)
04-17 01:26:29.657 3456 3471 I Gecko :
04-17 01:26:29.657 3456 3471 I Gecko : {"action":"log","time":1744853189657,"thread":null,"pid":null,"source":"reftest","level":"DEBUG","message":"START http://10.0.2.2:8854/tests/layout/reftests/bugs/201215-1.html"}
04-17 01:26:29.687 3538 3569 E eglCodecCommon: glUtilsParamSize: unknow param 0x00008caa
04-17 01:26:29.727 3456 3471 D GeckoViewContent: handleEvent: pagetitlechanged
04-17 01:26:29.737 3456 3471 I Gecko :
04-17 01:26:29.737 3456 3471 I Gecko : {"action":"log","time":1744853189737,"thread":null,"pid":null,"source":"reftest","level":"DEBUG","message":"[CONTENT] OnDocumentLoad triggering AfterOnLoadScripts"}
04-17 01:26:29.782 3538 3569 E eglCodecCommon: glUtilsParamSize: unknow param 0x00008caa
04-17 01:26:29.930 3538 3569 E eglCodecCommon: glUtilsParamSize: unknow param 0x00008caa
04-17 01:26:29.943 3456 3471 I Gecko :
04-17 01:26:29.943 3456 3471 I Gecko : {"action":"log","time":1744853189943,"thread":null,"pid":null,"source":"reftest","level":"DEBUG","message":"Initializing canvas snapshot"}
04-17 01:26:29.943 3456 3471 I Gecko :
04-17 01:26:29.943 3456 3471 I Gecko : {"action":"log","time":1744853189943,"thread":null,"pid":null,"source":"reftest","level":"DEBUG","message":"DoDrawWindow 0,0,800,1000"}
04-17 01:26:30.075 3538 3569 E eglCodecCommon: glUtilsParamSize: unknow param 0x00008caa
04-17 01:26:30.166 3538 3569 E eglCodecCommon: glUtilsParamSize: unknow param 0x00008caa
04-17 01:26:30.253 3538 3569 E eglCodecCommon: glUtilsParamSize: unknow param 0x00008caa
04-17 01:26:30.337 3538 3569 E eglCodecCommon: glUtilsParamSize: unknow param 0x00008caa
04-17 01:26:30.422 3538 3569 E eglCodecCommon: glUtilsParamSize: unknow param 0x00000d02
04-17 01:26:30.431 3538 3569 E eglCodecCommon: glUtilsParamSize: unknow param 0x00008caa
04-17 01:26:30.462 3456 3471 I Gecko :
04-17 01:26:30.462 3456 3471 I Gecko : {"action":"log","time":1744853190462,"thread":null,"pid":null,"source":"reftest","level":"DEBUG","message":"[CONTENT] RecordResult fired"}
04-17 01:26:30.463 3456 3471 I Gecko :
04-17 01:26:30.463 3456 3471 I Gecko : {"action":"log","time":1744853190463,"thread":null,"pid":null,"source":"reftest","level":"DEBUG","message":"RecordResult fired"}
04-17 01:26:30.464 3456 3471 I Gecko : REFTEST TEST-LOAD | http://10.0.2.2:8854/tests/layout/reftests/bugs/201215-1-ref.html | 185 / 2088 (8%)
04-17 01:26:30.464 3456 3471 I Gecko :
04-17 01:26:30.464 3456 3471 I Gecko : {"action":"log","time":1744853190464,"thread":null,"pid":null,"source":"reftest","level":"DEBUG","message":"START http://10.0.2.2:8854/tests/layout/reftests/bugs/201215-1-ref.html"}
04-17 01:26:30.509 3456 3471 D GeckoViewContent: handleEvent: pagetitlechanged
04-17 01:26:30.522 3456 3471 I Gecko :
04-17 01:26:30.522 3456 3471 I Gecko : {"action":"log","time":1744853190522,"thread":null,"pid":null,"source":"reftest","level":"DEBUG","message":"[CONTENT] OnDocumentLoad triggering AfterOnLoadScripts"}
04-17 01:26:30.531 3538 3569 E eglCodecCommon: glUtilsParamSize: unknow param 0x00008caa
04-17 01:26:30.559 3456 3471 I Gecko :
04-17 01:26:30.559 3456 3471 I Gecko : {"action":"log","time":1744853190558,"thread":null,"pid":null,"source":"reftest","level":"DEBUG","message":"Initializing canvas snapshot"}
04-17 01:26:30.559 3456 3471 I Gecko :
04-17 01:26:30.559 3456 3471 I Gecko : {"action":"log","time":1744853190559,"thread":null,"pid":null,"source":"reftest","level":"DEBUG","message":"DoDrawWindow 0,0,800,1000"}
04-17 01:26:30.625 3538 3569 E eglCodecCommon: glUtilsParamSize: unknow param 0x00008caa
04-17 01:26:30.757 3538 3569 E eglCodecCommon: glUtilsParamSize: unknow param 0x00008caa
04-17 01:26:30.846 3538 3569 E eglCodecCommon: glUtilsParamSize: unknow param 0x00008caa
04-17 01:26:30.930 3538 3569 E eglCodecCommon: glUtilsParamSize: unknow param 0x00008caa
04-17 01:26:31.010 3538 3569 E eglCodecCommon: glUtilsParamSize: unknow param 0x00000d02
04-17 01:26:31.018 3538 3569 E eglCodecCommon: glUtilsParamSize: unknow param 0x00008caa
04-17 01:26:31.047 3456 3471 I Gecko :
04-17 01:26:31.047 3456 3471 I Gecko : {"action":"log","time":1744853191047,"thread":null,"pid":null,"source":"reftest","level":"DEBUG","message":"[CONTENT] RecordResult fired"}
04-17 01:26:31.048 3456 3471 I Gecko :
04-17 01:26:31.048 3456 3471 I Gecko : {"action":"log","time":1744853191048,"thread":null,"pid":null,"source":"reftest","level":"DEBUG","message":"RecordResult fired"}
04-17 01:26:31.049 3456 3471 I Gecko :
04-17 01:26:31.049 3456 3471 I Gecko : {"action":"test_status","time":1744853191049,"thread":null,"pid":null,"source":"reftest","test":"layout/reftests/bugs/201215-1.html == layout/reftests/bugs/201215-1-ref.html","subtest":"image comparison, max difference: 0, number of differing pixels: 0","status":"PASS","extra":{"status_msg":"Pass","modifiers":["==","201215-1.html","201215-1-ref.html"]}}
04-17 01:26:31.049 3456 3471 I Gecko :
04-17 01:26:31.049 3456 3471 I Gecko : {"action":"test_end","time":1744853191049,"thread":null,"pid":null,"source":"reftest","test":"layout/reftests/bugs/201215-1.html == layout/reftests/bugs/201215-1-ref.html","status":"OK"}
04-17 01:26:31.050 3456 3471 I Gecko :
04-17 01:26:31.050 3456 3471 I Gecko : {"action":"log","time":1744853191049,"thread":null,"pid":null,"source":"reftest","level":"DEBUG","message":"Loading a blank page"}
04-17 01:26:31.071 3488 3504 W Web Content: [JavaScript Warning: "This page is in Quirks Mode. Page layout may be impacted. For Standards Mode use “”." {file: "data:text/html;charset=UTF-8,%3C%21%2D%2DCLEAR%2D%2D%3E" line: 0}]
04-17 01:26:31.081 3456 3471 D GeckoViewContent: handleEvent: pagetitlechanged
04-17 01:26:31.090 3456 3471 I Gecko :
04-17 01:26:31.090 3456 3471 I Gecko : {"action":"assertion_count","time":1744853191090,"thread":null,"pid":null,"source":"reftest","test":"layout/reftests/bugs/201215-1.html == layout/reftests/bugs/201215-1-ref.html","min_expected":0,"max_expected":0,"count":0}
04-17 01:26:31.090 3456 3471 I Gecko :
04-17 01:26:31.090 3456 3471 I Gecko : {"action":"test_start","time":1744853191090,"thread":null,"pid":null,"source":"reftest","test":"layout/reftests/bugs/201293-1a.html == layout/reftests/bugs/201293-1-ref.html"}
04-17 01:26:31.091 3456 3471 I Gecko : REFTEST TEST-LOAD | http://10.0.2.2:8854/tests/layout/reftests/bugs/201293-1a.html | 186 / 2088 (8%)
04-17 01:26:31.091 3456 3471 I Gecko :
04-17 01:26:31.091 3456 3471 I Gecko : {"action":"log","time":1744853191091,"thread":null,"pid":null,"source":"reftest","level":"DEBUG","message":"START http://10.0.2.2:8854/tests/layout/reftests/bugs/201293-1a.html"}
04-17 01:26:31.115 3538 3569 E eglCodecCommon: glUtilsParamSize: unknow param 0x00008caa
04-17 01:26:31.149 3456 3471 D GeckoViewContent: handleEvent: pagetitlechanged
04-17 01:26:31.163 3456 3471 I Gecko :
04-17 01:26:31.163 3456 3471 I Gecko : {"action":"log","time":1744853191163,"thread":null,"pid":null,"source":"reftest","level":"DEBUG","message":"[CONTENT] OnDocumentLoad triggering AfterOnLoadScripts"}
04-17 01:26:31.189 3456 3471 I Gecko :
04-17 01:26:31.189 3456 3471 I Gecko : {"action":"log","time":1744853191189,"thread":null,"pid":null,"source":"reftest","level":"DEBUG","message":"Initializing canvas snapshot"}
04-17 01:26:31.189 3456 3471 I Gecko :
04-17 01:26:31.189 3456 3471 I Gecko : {"action":"log","time":1744853191189,"thread":null,"pid":null,"source":"reftest","level":"DEBUG","message":"DoDrawWindow 0,0,800,1000"}
04-17 01:26:31.217 3538 3569 E eglCodecCommon: glUtilsParamSize: unknow param 0x00008caa
04-17 01:26:31.416 3538 3569 E eglCodecCommon: glUtilsParamSize: unknow param 0x00008caa
04-17 01:26:31.502 3538 3569 E eglCodecCommon: glUtilsParamSize: unknow param 0x00008caa
04-17 01:26:31.590 3538 3569 E eglCodecCommon: glUtilsParamSize: unknow param 0x00008caa
04-17 01:26:31.669 3538 3569 E eglCodecCommon: glUtilsParamSize: unknow param 0x00000d02
04-17 01:26:31.678 3538 3569 E eglCodecCommon: glUtilsParamSize: unknow param 0x00008caa
04-17 01:26:31.746 3456 3471 I Gecko :
04-17 01:26:31.746 3456 3471 I Gecko : {"action":"log","time":1744853191746,"thread":null,"pid":null,"source":"reftest","level":"DEBUG","message":"[CONTENT] RecordResult fired"}
04-17 01:26:31.747 3456 3471 I Gecko :
04-17 01:26:31.747 3456 3471 I Gecko : {"action":"log","time":1744853191747,"thread":null,"pid":null,"source":"reftest","level":"DEBUG","message":"RecordResult fired"}
04-17 01:26:31.748 3456 3471 I Gecko : REFTEST TEST-LOAD | http://10.0.2.2:8854/tests/layout/reftests/bugs/201293-1-ref.html | 186 / 2088 (8%)
04-17 01:26:31.748 3456 3471 I Gecko :
04-17 01:26:31.748 3456 3471 I Gecko : {"action":"log","time":1744853191748,"thread":null,"pid":null,"source":"reftest","level":"DEBUG","message":"START http://10.0.2.2:8854/tests/layout/reftests/bugs/201293-1-ref.html"}
04-17 01:26:31.802 3456 3471 D GeckoViewContent: handleEvent: pagetitlechanged
04-17 01:26:31.814 3456 3471 I Gecko :
04-17 01:26:31.814 3456 3471 I Gecko : {"action":"log","time":1744853191814,"thread":null,"pid":null,"source":"reftest","level":"DEBUG","message":"[CONTENT] OnDocumentLoad triggering AfterOnLoadScripts"}
04-17 01:26:31.829 3538 3569 E eglCodecCommon: glUtilsParamSize: unknow param 0x00008caa
04-17 01:26:31.836 3456 3471 I Gecko :
04-17 01:26:31.836 3456 3471 I Gecko : {"action":"log","time":1744853191836,"thread":null,"pid":null,"source":"reftest","level":"DEBUG","message":"Initializing canvas snapshot"}
04-17 01:26:31.837 3456 3471 I Gecko :
04-17 01:26:31.837 3456 3471 I Gecko : {"action":"log","time":1744853191837,"thread":null,"pid":null,"source":"reftest","level":"DEBUG","message":"DoDrawWindow 0,0,800,1000"}
04-17 01:26:31.910 3538 3569 E eglCodecCommon: glUtilsParamSize: unknow param 0x00008caa
04-17 01:26:31.996 3538 3569 E eglCodecCommon: glUtilsParamSize: unknow param 0x00008caa
04-17 01:26:32.082 3538 3569 E eglCodecCommon: glUtilsParamSize: unknow param 0x00008caa
04-17 01:26:32.159 3538 3569 E eglCodecCommon: glUtilsParamSize: unknow param 0x00000d02
04-17 01:26:32.168 3538 3569 E eglCodecCommon: glUtilsParamSize: unknow param 0x00008caa
04-17 01:26:32.195 3456 3471 I Gecko :
04-17 01:26:32.195 3456 3471 I Gecko : {"action":"log","time":1744853192195,"thread":null,"pid":null,"source":"reftest","level":"DEBUG","message":"[CONTENT] RecordResult fired"}
04-17 01:26:32.196 3456 3471 I Gecko :
04-17 01:26:32.196 3456 3471 I Gecko : {"action":"log","time":1744853192196,"thread":null,"pid":null,"source":"reftest","level":"DEBUG","message":"RecordResult fired"}
04-17 01:26:32.198 3456 3471 I Gecko :
04-17 01:26:32.198 3456 3471 I Gecko : {"action":"test_status","time":1744853192197,"thread":null,"pid":null,"source":"reftest","test":"layout/reftests/bugs/201293-1a.html == layout/reftests/bugs/201293-1-ref.html","subtest":"image comparison, max difference: 0, number of differing pixels: 0","status":"PASS","extra":{"status_msg":"Pass","modifiers":["==","201293-1a.html","201293-1-ref.html"]}}
04-17 01:26:32.198 3456 3471 I Gecko :
04-17 01:26:32.198 3456 3471 I Gecko : {"action":"test_end","time":1744853192198,"thread":null,"pid":null,"source":"reftest","test":"layout/reftests/bugs/201293-1a.html == layout/reftests/bugs/201293-1-ref.html","status":"OK"}
04-17 01:26:32.198 3456 3471 I Gecko :
04-17 01:26:32.198 3456 3471 I Gecko : {"action":"log","time":1744853192198,"thread":null,"pid":null,"source":"reftest","level":"DEBUG","message":"Loading a blank page"}
04-17 01:26:32.217 3488 3504 W Web Content: [JavaScript Warning: "This page is in Quirks Mode. Page layout may be impacted. For Standards Mode use “”." {file: "data:text/html;charset=UTF-8,%3C%21%2D%2DCLEAR%2D%2D%3E" line: 0}]
04-17 01:26:32.223 3456 3471 D GeckoViewContent: handleEvent: pagetitlechanged
04-17 01:26:32.233 3456 3471 I Gecko :
04-17 01:26:32.233 3456 3471 I Gecko : {"action":"assertion_count","time":1744853192233,"thread":null,"pid":null,"source":"reftest","test":"layout/reftests/bugs/201293-1a.html == layout/reftests/bugs/201293-1-ref.html","min_expected":0,"max_expected":0,"count":0}
04-17 01:26:32.233 3456 3471 I Gecko :
04-17 01:26:32.233 3456 3471 I Gecko : {"action":"test_start","time":1744853192233,"thread":null,"pid":null,"source":"reftest","test":"layout/reftests/bugs/201293-1b.html == layout/reftests/bugs/201293-1-ref.html"}
04-17 01:26:32.234 3456 3471 I Gecko : REFTEST TEST-LOAD | http://10.0.2.2:8854/tests/layout/reftests/bugs/201293-1b.html | 187 / 2088 (8%)
04-17 01:26:32.234 3456 3471 I Gecko :
04-17 01:26:32.234 3456 3471 I Gecko : {"action":"log","time":1744853192234,"thread":null,"pid":null,"source":"reftest","level":"DEBUG","message":"START http://10.0.2.2:8854/tests/layout/reftests/bugs/201293-1b.html"}
04-17 01:26:32.266 3538 3569 E eglCodecCommon: glUtilsParamSize: unknow param 0x00008caa
04-17 01:26:32.288 3456 3471 D GeckoViewContent: handleEvent: pagetitlechanged
04-17 01:26:32.303 3456 3471 I Gecko :
04-17 01:26:32.303 3456 3471 I Gecko : {"action":"log","time":1744853192303,"thread":null,"pid":null,"source":"reftest","level":"DEBUG","message":"[CONTENT] OnDocumentLoad triggering AfterOnLoadScripts"}
04-17 01:26:32.322 3456 3471 I Gecko :
04-17 01:26:32.322 3456 3471 I Gecko : {"action":"log","time":1744853192322,"thread":null,"pid":null,"source":"reftest","level":"DEBUG","message":"Initializing canvas snapshot"}
04-17 01:26:32.322 3456 3471 I Gecko :
04-17 01:26:32.322 3456 3471 I Gecko : {"action":"log","time":1744853192322,"thread":null,"pid":null,"source":"reftest","level":"DEBUG","message":"DoDrawWindow 0,0,800,1000"}
04-17 01:26:32.357 3538 3569 E eglCodecCommon: glUtilsParamSize: unknow param 0x00008caa
04-17 01:26:32.498 3538 3569 E eglCodecCommon: glUtilsParamSize: unknow param 0x00008caa
04-17 01:26:32.580 3538 3569 E eglCodecCommon: glUtilsParamSize: unknow param 0x00008caa
04-17 01:26:32.669 3538 3569 E eglCodecCommon: glUtilsParamSize: unknow param 0x00008caa
04-17 01:26:32.752 3538 3569 E eglCodecCommon: glUtilsParamSize: unknow param 0x00000d02
04-17 01:26:32.759 3538 3569 E eglCodecCommon: glUtilsParamSize: unknow param 0x00008caa
04-17 01:26:32.787 3456 3471 I Gecko :
04-17 01:26:32.787 3456 3471 I Gecko : {"action":"log","time":1744853192787,"thread":null,"pid":null,"source":"reftest","level":"DEBUG","message":"[CONTENT] RecordResult fired"}
04-17 01:26:32.788 3456 3471 I Gecko :
04-17 01:26:32.788 3456 3471 I Gecko : {"action":"log","time":1744853192788,"thread":null,"pid":null,"source":"reftest","level":"DEBUG","message":"RecordResult fired"}
04-17 01:26:32.790 3456 3471 I Gecko :
04-17 01:26:32.790 3456 3471 I Gecko : {"action":"log","time":1744853192789,"thread":null,"pid":null,"source":"reftest","level":"DEBUG","message":"RecordResult fired"}
04-17 01:26:32.791 3456 3471 I Gecko :
04-17 01:26:32.791 3456 3471 I Gecko : {"action":"test_status","time":1744853192791,"thread":null,"pid":null,"source":"reftest","test":"layout/reftests/bugs/201293-1b.html == layout/reftests/bugs/201293-1-ref.html","subtest":"image comparison, max difference: 0, number of differing pixels: 0","status":"PASS","extra":{"status_msg":"Pass","modifiers":["==","201293-1b.html","201293-1-ref.html"]}}
04-17 01:26:32.791 3456 3471 I Gecko :
04-17 01:26:32.791 3456 3471 I Gecko : {"action":"test_end","time":1744853192791,"thread":null,"pid":null,"source":"reftest","test":"layout/reftests/bugs/201293-1b.html == layout/reftests/bugs/201293-1-ref.html","status":"OK"}
04-17 01:26:32.791 3456 3471 I Gecko :
04-17 01:26:32.791 3456 3471 I Gecko : {"action":"log","time":1744853192791,"thread":null,"pid":null,"source":"reftest","level":"DEBUG","message":"Loading a blank page"}
04-17 01:26:32.814 3488 3504 W Web Content: [JavaScript Warning: "This page is in Quirks Mode. Page layout may be impacted. For Standards Mode use “”." {file: "data:text/html;charset=UTF-8,%3C%21%2D%2DCLEAR%2D%2D%3E" line: 0}]
04-17 01:26:32.820 3456 3471 D GeckoViewContent: handleEvent: pagetitlechanged
04-17 01:26:32.830 3456 3471 I Gecko :
04-17 01:26:32.830 3456 3471 I Gecko : {"action":"assertion_count","time":1744853192830,"thread":null,"pid":null,"source":"reftest","test":"layout/reftests/bugs/201293-1b.html == layout/reftests/bugs/201293-1-ref.html","min_expected":0,"max_expected":0,"count":0}
04-17 01:26:32.830 3456 3471 I Gecko :
04-17 01:26:32.830 3456 3471 I Gecko : {"action":"test_start","time":1744853192830,"thread":null,"pid":null,"source":"reftest","test":"layout/reftests/bugs/201293-1c.html == layout/reftests/bugs/201293-1-ref.html"}
04-17 01:26:32.830 3456 3471 I Gecko : REFTEST TEST-LOAD | http://10.0.2.2:8854/tests/layout/reftests/bugs/201293-1c.html | 188 / 2088 (9%)
04-17 01:26:32.831 3456 3471 I Gecko :
04-17 01:26:32.831 3456 3471 I Gecko : {"action":"log","time":1744853192831,"thread":null,"pid":null,"source":"reftest","level":"DEBUG","message":"START http://10.0.2.2:8854/tests/layout/reftests/bugs/201293-1c.html"}
04-17 01:26:32.856 3538 3569 E eglCodecCommon: glUtilsParamSize: unknow param 0x00008caa
04-17 01:26:32.884 3456 3471 D GeckoViewContent: handleEvent: pagetitlechanged
04-17 01:26:32.899 3456 3471 I Gecko :
04-17 01:26:32.899 3456 3471 I Gecko : {"action":"log","time":1744853192899,"thread":null,"pid":null,"source":"reftest","level":"DEBUG","message":"[CONTENT] OnDocumentLoad triggering AfterOnLoadScripts"}
04-17 01:26:32.923 3456 3471 I Gecko :
04-17 01:26:32.923 3456 3471 I Gecko : {"action":"log","time":1744853192923,"thread":null,"pid":null,"source":"reftest","level":"DEBUG","message":"Initializing canvas snapshot"}
04-17 01:26:32.923 3456 3471 I Gecko :
04-17 01:26:32.923 3456 3471 I Gecko : {"action":"log","time":1744853192923,"thread":null,"pid":null,"source":"reftest","level":"DEBUG","message":"DoDrawWindow 0,0,800,1000"}
04-17 01:26:32.941 3538 3569 E eglCodecCommon: glUtilsParamSize: unknow param 0x00008caa
04-17 01:26:33.081 3538 3569 E eglCodecCommon: glUtilsParamSize: unknow param 0x00008caa
04-17 01:26:33.176 3538 3569 E eglCodecCommon: glUtilsParamSize: unknow param 0x00008caa
04-17 01:26:33.268 3538 3569 E eglCodecCommon: glUtilsParamSize: unknow param 0x00008caa
04-17 01:26:33.349 3538 3569 E eglCodecCommon: glUtilsParamSize: unknow param 0x00000d02
04-17 01:26:33.359 3538 3569 E eglCodecCommon: glUtilsParamSize: unknow param 0x00008caa
04-17 01:26:33.390 3456 3471 I Gecko :
04-17 01:26:33.390 3456 3471 I Gecko : {"action":"log","time":1744853193390,"thread":null,"pid":null,"source":"reftest","level":"DEBUG","message":"[CONTENT] RecordResult fired"}
04-17 01:26:33.391 3456 3471 I Gecko :
04-17 01:26:33.391 3456 3471 I Gecko : {"action":"log","time":1744853193391,"thread":null,"pid":null,"source":"reftest","level":"DEBUG","message":"RecordResult fired"}
04-17 01:26:33.393 3456 3471 I Gecko :
04-17 01:26:33.393 3456 3471 I Gecko : {"action":"log","time":1744853193393,"thread":null,"pid":null,"source":"reftest","level":"DEBUG","message":"RecordResult fired"}
04-17 01:26:33.394 3456 3471 I Gecko :
04-17 01:26:33.394 3456 3471 I Gecko : {"action":"test_status","time":1744853193394,"thread":null,"pid":null,"source":"reftest","test":"layout/reftests/bugs/201293-1c.html == layout/reftests/bugs/201293-1-ref.html","subtest":"image comparison, max difference: 0, number of differing pixels: 0","status":"PASS","extra":{"status_msg":"Pass","modifiers":["==","201293-1c.html","201293-1-ref.html"]}}
04-17 01:26:33.394 3456 3471 I Gecko :
04-17 01:26:33.394 3456 3471 I Gecko : {"action":"test_end","time":1744853193394,"thread":null,"pid":null,"source":"reftest","test":"layout/reftests/bugs/201293-1c.html == layout/reftests/bugs/201293-1-ref.html","status":"OK"}
04-17 01:26:33.394 3456 3471 I Gecko :
04-17 01:26:33.394 3456 3471 I Gecko : {"action":"log","time":1744853193394,"thread":null,"pid":null,"source":"reftest","level":"DEBUG","message":"Loading a blank page"}
04-17 01:26:33.419 3488 3504 W Web Content: [JavaScript Warning: "This page is in Quirks Mode. Page layout may be impacted. For Standards Mode use “”." {file: "data:text/html;charset=UTF-8,%3C%21%2D%2DCLEAR%2D%2D%3E" line: 0}]
04-17 01:26:33.425 3456 3471 D GeckoViewContent: handleEvent: pagetitlechanged
04-17 01:26:33.437 3456 3471 I Gecko :
04-17 01:26:33.437 3456 3471 I Gecko : {"action":"assertion_count","time":1744853193437,"thread":null,"pid":null,"source":"reftest","test":"layout/reftests/bugs/201293-1c.html == layout/reftests/bugs/201293-1-ref.html","min_expected":0,"max_expected":0,"count":0}
04-17 01:26:33.438 3456 3471 I Gecko :
04-17 01:26:33.438 3456 3471 I Gecko : {"action":"test_start","time":1744853193438,"thread":null,"pid":null,"source":"reftest","test":"layout/reftests/bugs/201293-1d.html == layout/reftests/bugs/201293-1-ref.html"}
04-17 01:26:33.438 3456 3471 I Gecko : REFTEST TEST-LOAD | http://10.0.2.2:8854/tests/layout/reftests/bugs/201293-1d.html | 189 / 2088 (9%)
04-17 01:26:33.438 3456 3471 I Gecko :
04-17 01:26:33.438 3456 3471 I Gecko : {"action":"log","time":1744853193438,"thread":null,"pid":null,"source":"reftest","level":"DEBUG","message":"START http://10.0.2.2:8854/tests/layout/reftests/bugs/201293-1d.html"}
04-17 01:26:33.463 3538 3569 E eglCodecCommon: glUtilsParamSize: unknow param 0x00008caa
04-17 01:26:33.501 3456 3471 D GeckoViewContent: handleEvent: pagetitlechanged
04-17 01:26:33.514 3456 3471 I Gecko :
04-17 01:26:33.514 3456 3471 I Gecko : {"action":"log","time":1744853193514,"thread":null,"pid":null,"source":"reftest","level":"DEBUG","message":"[CONTENT] OnDocumentLoad triggering AfterOnLoadScripts"}
04-17 01:26:33.538 3456 3471 I Gecko :
04-17 01:26:33.538 3456 3471 I Gecko : {"action":"log","time":1744853193538,"thread":null,"pid":null,"source":"reftest","level":"DEBUG","message":"Initializing canvas snapshot"}
04-17 01:26:33.538 3456 3471 I Gecko :
04-17 01:26:33.538 3456 3471 I Gecko : {"action":"log","time":1744853193538,"thread":null,"pid":null,"source":"reftest","level":"DEBUG","message":"DoDrawWindow 0,0,800,1000"}
04-17 01:26:33.562 3538 3569 E eglCodecCommon: glUtilsParamSize: unknow param 0x00008caa
04-17 01:26:33.702 3538 3569 E eglCodecCommon: glUtilsParamSize: unknow param 0x00008caa
04-17 01:26:33.789 3538 3569 E eglCodecCommon: glUtilsParamSize: unknow param 0x00008caa
04-17 01:26:33.874 3538 3569 E eglCodecCommon: glUtilsParamSize: unknow param 0x00008caa
04-17 01:26:33.954 3538 3569 E eglCodecCommon: glUtilsParamSize: unknow param 0x00000d02
04-17 01:26:33.964 3538 3569 E eglCodecCommon: glUtilsParamSize: unknow param 0x00008caa
04-17 01:26:34.004 3456 3471 I Gecko :
04-17 01:26:34.004 3456 3471 I Gecko : {"action":"log","time":1744853194003,"thread":null,"pid":null,"source":"reftest","level":"DEBUG","message":"[CONTENT] RecordResult fired"}
04-17 01:26:34.004 3456 3471 I Gecko :
04-17 01:26:34.004 3456 3471 I Gecko : {"action":"log","time":1744853194004,"thread":null,"pid":null,"source":"reftest","level":"DEBUG","message":"RecordResult fired"}
04-17 01:26:34.007 3456 3471 I Gecko :
04-17 01:26:34.007 3456 3471 I Gecko : {"action":"log","time":1744853194006,"thread":null,"pid":null,"source":"reftest","level":"DEBUG","message":"RecordResult fired"}
04-17 01:26:34.008 3456 3471 I Gecko :
04-17 01:26:34.008 3456 3471 I Gecko : {"action":"test_status","time":1744853194008,"thread":null,"pid":null,"source":"reftest","test":"layout/reftests/bugs/201293-1d.html == layout/reftests/bugs/201293-1-ref.html","subtest":"image comparison, max difference: 0, number of differing pixels: 0","status":"PASS","extra":{"status_msg":"Pass","modifiers":["==","201293-1d.html","201293-1-ref.html"]}}
04-17 01:26:34.008 3456 3471 I Gecko :
04-17 01:26:34.008 3456 3471 I Gecko : {"action":"test_end","time":1744853194008,"thread":null,"pid":null,"source":"reftest","test":"layout/reftests/bugs/201293-1d.html == layout/reftests/bugs/201293-1-ref.html","status":"OK"}
04-17 01:26:34.008 3456 3471 I Gecko :
04-17 01:26:34.008 3456 3471 I Gecko : {"action":"log","time":1744853194008,"thread":null,"pid":null,"source":"reftest","level":"DEBUG","message":"Loading a blank page"}
04-17 01:26:34.033 3488 3504 W Web Content: [JavaScript Warning: "This page is in Quirks Mode. Page layout may be impacted. For Standards Mode use “”." {file: "data:text/html;charset=UTF-8,%3C%21%2D%2DCLEAR%2D%2D%3E" line: 0}]
04-17 01:26:34.042 3456 3471 D GeckoViewContent: handleEvent: pagetitlechanged
04-17 01:26:34.052 3456 3471 I Gecko :
04-17 01:26:34.052 3456 3471 I Gecko : {"action":"assertion_count","time":1744853194051,"thread":null,"pid":null,"source":"reftest","test":"layout/reftests/bugs/201293-1d.html == layout/reftests/bugs/201293-1-ref.html","min_expected":0,"max_expected":0,"count":0}
04-17 01:26:34.052 3456 3471 I Gecko :
04-17 01:26:34.052 3456 3471 I Gecko : {"action":"test_start","time":1744853194052,"thread":null,"pid":null,"source":"reftest","test":"layout/reftests/bugs/203727.html == layout/reftests/bugs/203727-ref.html"}
04-17 01:26:34.052 3456 3471 I Gecko : REFTEST TEST-LOAD | http://10.0.2.2:8854/tests/layout/reftests/bugs/203727.html | 190 / 2088 (9%)
04-17 01:26:34.053 3456 3471 I Gecko :
04-17 01:26:34.053 3456 3471 I Gecko : {"action":"log","time":1744853194052,"thread":null,"pid":null,"source":"reftest","level":"DEBUG","message":"START http://10.0.2.2:8854/tests/layout/reftests/bugs/203727.html"}
04-17 01:26:34.063 3538 3569 E eglCodecCommon: glUtilsParamSize: unknow param 0x00008caa
04-17 01:26:34.116 3456 3471 D GeckoViewContent: handleEvent: pagetitlechanged
04-17 01:26:34.128 3456 3471 I Gecko :
04-17 01:26:34.128 3456 3471 I Gecko : {"action":"log","time":1744853194127,"thread":null,"pid":null,"source":"reftest","level":"DEBUG","message":"[CONTENT] OnDocumentLoad triggering AfterOnLoadScripts"}
04-17 01:26:34.154 3456 3471 I Gecko :
04-17 01:26:34.154 3456 3471 I Gecko : {"action":"log","time":1744853194154,"thread":null,"pid":null,"source":"reftest","level":"DEBUG","message":"Initializing canvas snapshot"}
04-17 01:26:34.155 3456 3471 I Gecko :
04-17 01:26:34.155 3456 3471 I Gecko : {"action":"log","time":1744853194155,"thread":null,"pid":null,"source":"reftest","level":"DEBUG","message":"DoDrawWindow 0,0,800,1000"}
04-17 01:26:34.165 3538 3569 E eglCodecCommon: glUtilsParamSize: unknow param 0x00008caa
04-17 01:26:34.307 3538 3569 E eglCodecCommon: glUtilsParamSize: unknow param 0x00008caa
04-17 01:26:34.399 3538 3569 E eglCodecCommon: glUtilsParamSize: unknow param 0x00008caa
04-17 01:26:34.483 3538 3569 E eglCodecCommon: glUtilsParamSize: unknow param 0x00008caa
04-17 01:26:34.560 3538 3569 E eglCodecCommon: glUtilsParamSize: unknow param 0x00000d02
04-17 01:26:34.568 3538 3569 E eglCodecCommon: glUtilsParamSize: unknow param 0x00008caa
04-17 01:26:34.595 3456 3471 I Gecko :
04-17 01:26:34.595 3456 3471 I Gecko : {"action":"log","time":1744853194595,"thread":null,"pid":null,"source":"reftest","level":"DEBUG","message":"[CONTENT] RecordResult fired"}
04-17 01:26:34.596 3456 3471 I Gecko :
04-17 01:26:34.596 3456 3471 I Gecko : {"action":"log","time":1744853194596,"thread":null,"pid":null,"source":"reftest","level":"DEBUG","message":"RecordResult fired"}
04-17 01:26:34.596 3456 3471 I Gecko : REFTEST TEST-LOAD | http://10.0.2.2:8854/tests/layout/reftests/bugs/203727-ref.html | 190 / 2088 (9%)
04-17 01:26:34.596 3456 3471 I Gecko :
04-17 01:26:34.596 3456 3471 I Gecko : {"action":"log","time":1744853194596,"thread":null,"pid":null,"source":"reftest","level":"DEBUG","message":"START http://10.0.2.2:8854/tests/layout/reftests/bugs/203727-ref.html"}
04-17 01:26:34.638 3456 3471 D GeckoViewContent: handleEvent: pagetitlechanged
04-17 01:26:34.652 3456 3471 I Gecko :
04-17 01:26:34.652 3456 3471 I Gecko : {"action":"log","time":1744853194652,"thread":null,"pid":null,"source":"reftest","level":"DEBUG","message":"[CONTENT] OnDocumentLoad triggering AfterOnLoadScripts"}
04-17 01:26:34.664 3538 3569 E eglCodecCommon: glUtilsParamSize: unknow param 0x00008caa
04-17 01:26:34.671 3456 3471 I Gecko :
04-17 01:26:34.671 3456 3471 I Gecko : {"action":"log","time":1744853194671,"thread":null,"pid":null,"source":"reftest","level":"DEBUG","message":"Initializing canvas snapshot"}
04-17 01:26:34.671 3456 3471 I Gecko :
04-17 01:26:34.671 3456 3471 I Gecko : {"action":"log","time":1744853194671,"thread":null,"pid":null,"source":"reftest","level":"DEBUG","message":"DoDrawWindow 0,0,800,1000"}
04-17 01:26:34.752 3538 3569 E eglCodecCommon: glUtilsParamSize: unknow param 0x00008caa
04-17 01:26:34.845 3538 3569 E eglCodecCommon: glUtilsParamSize: unknow param 0x00008caa
04-17 01:26:34.934 3538 3569 E eglCodecCommon: glUtilsParamSize: unknow param 0x00008caa
04-17 01:26:35.014 3538 3569 E eglCodecCommon: glUtilsParamSize: unknow param 0x00000d02
04-17 01:26:35.023 3538 3569 E eglCodecCommon: glUtilsParamSize: unknow param 0x00008caa
04-17 01:26:35.053 3456 3471 I Gecko :
04-17 01:26:35.053 3456 3471 I Gecko : {"action":"log","time":1744853195053,"thread":null,"pid":null,"source":"reftest","level":"DEBUG","message":"[CONTENT] RecordResult fired"}
04-17 01:26:35.054 3456 3471 I Gecko :
04-17 01:26:35.054 3456 3471 I Gecko : {"action":"log","time":1744853195054,"thread":null,"pid":null,"source":"reftest","level":"DEBUG","message":"RecordResult fired"}
04-17 01:26:35.055 3456 3471 I Gecko :
04-17 01:26:35.055 3456 3471 I Gecko : {"action":"test_status","time":1744853195055,"thread":null,"pid":null,"source":"reftest","test":"layout/reftests/bugs/203727.html == layout/reftests/bugs/203727-ref.html","subtest":"image comparison, max difference: 0, number of differing pixels: 0","status":"PASS","extra":{"status_msg":"Pass","modifiers":["==","203727.html","203727-ref.html"]}}
04-17 01:26:35.055 3456 3471 I Gecko :
04-17 01:26:35.055 3456 3471 I Gecko : {"action":"test_end","time":1744853195055,"thread":null,"pid":null,"source":"reftest","test":"layout/reftests/bugs/203727.html == layout/reftests/bugs/203727-ref.html","status":"OK"}
04-17 01:26:35.055 3456 3471 I Gecko :
04-17 01:26:35.055 3456 3471 I Gecko : {"action":"log","time":1744853195055,"thread":null,"pid":null,"source":"reftest","level":"DEBUG","message":"Loading a blank page"}
04-17 01:26:35.077 3488 3504 W Web Content: [JavaScript Warning: "This page is in Quirks Mode. Page layout may be impacted. For Standards Mode use “”." {file: "data:text/html;charset=UTF-8,%3C%21%2D%2DCLEAR%2D%2D%3E" line: 0}]
04-17 01:26:35.083 3456 3471 D GeckoViewContent: handleEvent: pagetitlechanged
04-17 01:26:35.093 3456 3471 I Gecko :
04-17 01:26:35.093 3456 3471 I Gecko : {"action":"assertion_count","time":1744853195093,"thread":null,"pid":null,"source":"reftest","test":"layout/reftests/bugs/203727.html == layout/reftests/bugs/203727-ref.html","min_expected":0,"max_expected":0,"count":0}
04-17 01:26:35.093 3456 3471 I Gecko :
04-17 01:26:35.093 3456 3471 I Gecko : {"action":"test_start","time":1744853195093,"thread":null,"pid":null,"source":"reftest","test":"layout/reftests/bugs/206516-1.html == layout/reftests/bugs/206516-1-ref.html"}
04-17 01:26:35.093 3456 3471 I Gecko : REFTEST TEST-LOAD | http://10.0.2.2:8854/tests/layout/reftests/bugs/206516-1.html | 191 / 2088 (9%)
04-17 01:26:35.094 3456 3471 I Gecko :
04-17 01:26:35.094 3456 3471 I Gecko : {"action":"log","time":1744853195094,"thread":null,"pid":null,"source":"reftest","level":"DEBUG","message":"START http://10.0.2.2:8854/tests/layout/reftests/bugs/206516-1.html"}
04-17 01:26:35.118 3538 3569 E eglCodecCommon: glUtilsParamSize: unknow param 0x00008caa
04-17 01:26:35.154 3456 3471 D GeckoViewContent: handleEvent: pagetitlechanged
04-17 01:26:35.175 3456 3471 I Gecko :
04-17 01:26:35.175 3456 3471 I Gecko : {"action":"log","time":1744853195175,"thread":null,"pid":null,"source":"reftest","level":"DEBUG","message":"[CONTENT] OnDocumentLoad triggering AfterOnLoadScripts"}
04-17 01:26:35.206 3456 3471 I Gecko :
04-17 01:26:35.206 3456 3471 I Gecko : {"action":"log","time":1744853195206,"thread":null,"pid":null,"source":"reftest","level":"DEBUG","message":"Initializing canvas snapshot"}
04-17 01:26:35.206 3456 3471 I Gecko :
04-17 01:26:35.206 3456 3471 I Gecko : {"action":"log","time":1744853195206,"thread":null,"pid":null,"source":"reftest","level":"DEBUG","message":"DoDrawWindow 0,0,800,1000"}
04-17 01:26:35.218 3538 3569 E eglCodecCommon: glUtilsParamSize: unknow param 0x00008caa
04-17 01:26:35.355 3538 3569 E eglCodecCommon: glUtilsParamSize: unknow param 0x00008caa
04-17 01:26:35.437 3538 3569 E eglCodecCommon: glUtilsParamSize: unknow param 0x00008caa
04-17 01:26:35.518 3538 3569 E eglCodecCommon: glUtilsParamSize: unknow param 0x00008caa
04-17 01:26:35.600 3538 3569 E eglCodecCommon: glUtilsParamSize: unknow param 0x00000d02
04-17 01:26:35.611 3538 3569 E eglCodecCommon: glUtilsParamSize: unknow param 0x00008caa
04-17 01:26:35.637 3456 3471 I Gecko :
04-17 01:26:35.637 3456 3471 I Gecko : {"action":"log","time":1744853195637,"thread":null,"pid":null,"source":"reftest","level":"DEBUG","message":"[CONTENT] RecordResult fired"}
04-17 01:26:35.638 3456 3471 I Gecko :
04-17 01:26:35.638 3456 3471 I Gecko : {"action":"log","time":1744853195638,"thread":null,"pid":null,"source":"reftest","level":"DEBUG","message":"RecordResult fired"}
04-17 01:26:35.638 3456 3471 I Gecko : REFTEST TEST-LOAD | http://10.0.2.2:8854/tests/layout/reftests/bugs/206516-1-ref.html | 191 / 2088 (9%)
04-17 01:26:35.638 3456 3471 I Gecko :
04-17 01:26:35.638 3456 3471 I Gecko : {"action":"log","time":1744853195638,"thread":null,"pid":null,"source":"reftest","level":"DEBUG","message":"START http://10.0.2.2:8854/tests/layout/reftests/bugs/206516-1-ref.html"}
04-17 01:26:35.682 3456 3471 D GeckoViewContent: handleEvent: pagetitlechanged
04-17 01:26:35.697 3456 3471 I Gecko :
04-17 01:26:35.697 3456 3471 I Gecko : {"action":"log","time":1744853195697,"thread":null,"pid":null,"source":"reftest","level":"DEBUG","message":"[CONTENT] OnDocumentLoad triggering AfterOnLoadScripts"}
04-17 01:26:35.715 3538 3569 E eglCodecCommon: glUtilsParamSize: unknow param 0x00008caa
04-17 01:26:35.722 3456 3471 I Gecko :
04-17 01:26:35.722 3456 3471 I Gecko : {"action":"log","time":1744853195722,"thread":null,"pid":null,"source":"reftest","level":"DEBUG","message":"Initializing canvas snapshot"}
04-17 01:26:35.722 3456 3471 I Gecko :
04-17 01:26:35.722 3456 3471 I Gecko : {"action":"log","time":1744853195722,"thread":null,"pid":null,"source":"reftest","level":"DEBUG","message":"DoDrawWindow 0,0,800,1000"}
04-17 01:26:35.844 3538 3569 E eglCodecCommon: glUtilsParamSize: unknow param 0x00008caa
04-17 01:26:35.932 3538 3569 E eglCodecCommon: glUtilsParamSize: unknow param 0x00008caa
04-17 01:26:36.019 3538 3569 E eglCodecCommon: glUtilsParamSize: unknow param 0x00008caa
04-17 01:26:36.097 3538 3569 E eglCodecCommon: glUtilsParamSize: unknow param 0x00000d02
04-17 01:26:36.106 3538 3569 E eglCodecCommon: glUtilsParamSize: unknow param 0x00008caa
04-17 01:26:36.146 3456 3471 I Gecko :
04-17 01:26:36.146 3456 3471 I Gecko : {"action":"log","time":1744853196146,"thread":null,"pid":null,"source":"reftest","level":"DEBUG","message":"[CONTENT] RecordResult fired"}
04-17 01:26:36.146 3456 3471 I Gecko :
04-17 01:26:36.146 3456 3471 I Gecko : {"action":"log","time":1744853196146,"thread":null,"pid":null,"source":"reftest","level":"DEBUG","message":"RecordResult fired"}
04-17 01:26:36.147 3456 3471 I Gecko :
04-17 01:26:36.147 3456 3471 I Gecko : {"action":"test_status","time":1744853196147,"thread":null,"pid":null,"source":"reftest","test":"layout/reftests/bugs/206516-1.html == layout/reftests/bugs/206516-1-ref.html","subtest":"image comparison, max difference: 0, number of differing pixels: 0","status":"PASS","extra":{"status_msg":"Pass","modifiers":["==","206516-1.html","206516-1-ref.html"]}}
04-17 01:26:36.148 3456 3471 I Gecko :
04-17 01:26:36.148 3456 3471 I Gecko : {"action":"test_end","time":1744853196148,"thread":null,"pid":null,"source":"reftest","test":"layout/reftests/bugs/206516-1.html == layout/reftests/bugs/206516-1-ref.html","status":"OK"}
04-17 01:26:36.148 3456 3471 I Gecko :
04-17 01:26:36.148 3456 3471 I Gecko : {"action":"log","time":1744853196148,"thread":null,"pid":null,"source":"reftest","level":"DEBUG","message":"Loading a blank page"}
04-17 01:26:36.170 3488 3504 W Web Content: [JavaScript Warning: "This page is in Quirks Mode. Page layout may be impacted. For Standards Mode use “”." {file: "data:text/html;charset=UTF-8,%3C%21%2D%2DCLEAR%2D%2D%3E" line: 0}]
04-17 01:26:36.178 3456 3471 D GeckoViewContent: handleEvent: pagetitlechanged
04-17 01:26:36.186 3456 3471 I Gecko :
04-17 01:26:36.186 3456 3471 I Gecko : {"action":"assertion_count","time":1744853196186,"thread":null,"pid":null,"source":"reftest","test":"layout/reftests/bugs/206516-1.html == layout/reftests/bugs/206516-1-ref.html","min_expected":0,"max_expected":0,"count":0}
04-17 01:26:36.186 3456 3471 I Gecko :
04-17 01:26:36.186 3456 3471 I Gecko : {"action":"test_start","time":1744853196186,"thread":null,"pid":null,"source":"reftest","test":"layout/reftests/bugs/206631-1.html == layout/reftests/bugs/206631-1-ref.html"}
04-17 01:26:36.187 3456 3471 I Gecko : REFTEST TEST-LOAD | http://10.0.2.2:8854/tests/layout/reftests/bugs/206631-1.html | 192 / 2088 (9%)
04-17 01:26:36.187 3456 3471 I Gecko :
04-17 01:26:36.187 3456 3471 I Gecko : {"action":"log","time":1744853196187,"thread":null,"pid":null,"source":"reftest","level":"DEBUG","message":"START http://10.0.2.2:8854/tests/layout/reftests/bugs/206631-1.html"}
04-17 01:26:36.214 3538 3569 E eglCodecCommon: glUtilsParamSize: unknow param 0x00008caa
04-17 01:26:36.248 3456 3471 D GeckoViewContent: handleEvent: pagetitlechanged
04-17 01:26:36.260 3456 3471 I Gecko :
04-17 01:26:36.260 3456 3471 I Gecko : {"action":"log","time":1744853196260,"thread":null,"pid":null,"source":"reftest","level":"DEBUG","message":"[CONTENT] OnDocumentLoad triggering AfterOnLoadScripts"}
04-17 01:26:36.296 3456 3471 I Gecko :
04-17 01:26:36.296 3456 3471 I Gecko : {"action":"log","time":1744853196296,"thread":null,"pid":null,"source":"reftest","level":"DEBUG","message":"Initializing canvas snapshot"}
04-17 01:26:36.297 3456 3471 I Gecko :
04-17 01:26:36.297 3456 3471 I Gecko : {"action":"log","time":1744853196297,"thread":null,"pid":null,"source":"reftest","level":"DEBUG","message":"DoDrawWindow 0,0,800,1000"}
04-17 01:26:36.316 3538 3569 E eglCodecCommon: glUtilsParamSize: unknow param 0x00008caa
04-17 01:26:36.505 3538 3569 E eglCodecCommon: glUtilsParamSize: unknow param 0x00008caa
04-17 01:26:36.594 3538 3569 E eglCodecCommon: glUtilsParamSize: unknow param 0x00008caa
04-17 01:26:36.684 3538 3569 E eglCodecCommon: glUtilsParamSize: unknow param 0x00008caa
04-17 01:26:36.769 3538 3569 E eglCodecCommon: glUtilsParamSize: unknow param 0x00000d02
04-17 01:26:36.780 3538 3569 E eglCodecCommon: glUtilsParamSize: unknow param 0x00008caa
04-17 01:26:36.810 3456 3471 I Gecko :
04-17 01:26:36.810 3456 3471 I Gecko : {"action":"log","time":1744853196810,"thread":null,"pid":null,"source":"reftest","level":"DEBUG","message":"[CONTENT] RecordResult fired"}
04-17 01:26:36.811 3456 3471 I Gecko :
04-17 01:26:36.811 3456 3471 I Gecko : {"action":"log","time":1744853196811,"thread":null,"pid":null,"source":"reftest","level":"DEBUG","message":"RecordResult fired"}
04-17 01:26:36.812 3456 3471 I Gecko : REFTEST TEST-LOAD | http://10.0.2.2:8854/tests/layout/reftests/bugs/206631-1-ref.html | 192 / 2088 (9%)
04-17 01:26:36.812 3456 3471 I Gecko :
04-17 01:26:36.812 3456 3471 I Gecko : {"action":"log","time":1744853196812,"thread":null,"pid":null,"source":"reftest","level":"DEBUG","message":"START http://10.0.2.2:8854/tests/layout/reftests/bugs/206631-1-ref.html"}
04-17 01:26:36.858 3456 3471 D GeckoViewContent: handleEvent: pagetitlechanged
04-17 01:26:36.873 3456 3471 I Gecko :
04-17 01:26:36.873 3456 3471 I Gecko : {"action":"log","time":1744853196873,"thread":null,"pid":null,"source":"reftest","level":"DEBUG","message":"[CONTENT] OnDocumentLoad triggering AfterOnLoadScripts"}
04-17 01:26:36.883 3538 3569 E eglCodecCommon: glUtilsParamSize: unknow param 0x00008caa
04-17 01:26:36.905 3456 3471 I Gecko :
04-17 01:26:36.905 3456 3471 I Gecko : {"action":"log","time":1744853196905,"thread":null,"pid":null,"source":"reftest","level":"DEBUG","message":"Initializing canvas snapshot"}
04-17 01:26:36.906 3456 3471 I Gecko :
04-17 01:26:36.906 3456 3471 I Gecko : {"action":"log","time":1744853196906,"thread":null,"pid":null,"source":"reftest","level":"DEBUG","message":"DoDrawWindow 0,0,800,1000"}
04-17 01:26:36.970 3538 3569 E eglCodecCommon: glUtilsParamSize: unknow param 0x00008caa
04-17 01:26:37.059 3538 3569 E eglCodecCommon: glUtilsParamSize: unknow param 0x00008caa
04-17 01:26:37.143 3538 3569 E eglCodecCommon: glUtilsParamSize: unknow param 0x00008caa
04-17 01:26:37.222 3538 3569 E eglCodecCommon: glUtilsParamSize: unknow param 0x00000d02
04-17 01:26:37.231 3538 3569 E eglCodecCommon: glUtilsParamSize: unknow param 0x00008caa
04-17 01:26:37.256 3456 3471 I Gecko :
04-17 01:26:37.256 3456 3471 I Gecko : {"action":"log","time":1744853197256,"thread":null,"pid":null,"source":"reftest","level":"DEBUG","message":"[CONTENT] RecordResult fired"}
04-17 01:26:37.257 3456 3471 I Gecko :
04-17 01:26:37.257 3456 3471 I Gecko : {"action":"log","time":1744853197257,"thread":null,"pid":null,"source":"reftest","level":"DEBUG","message":"RecordResult fired"}
04-17 01:26:37.259 3456 3471 I Gecko :
04-17 01:26:37.259 3456 3471 I Gecko : {"action":"test_status","time":1744853197259,"thread":null,"pid":null,"source":"reftest","test":"layout/reftests/bugs/206631-1.html == layout/reftests/bugs/206631-1-ref.html","subtest":"image comparison, max difference: 0, number of differing pixels: 0","status":"PASS","extra":{"status_msg":"Pass","modifiers":["==","206631-1.html","206631-1-ref.html"]}}
04-17 01:26:37.259 3456 3471 I Gecko :
04-17 01:26:37.259 3456 3471 I Gecko : {"action":"test_end","time":1744853197259,"thread":null,"pid":null,"source":"reftest","test":"layout/reftests/bugs/206631-1.html == layout/reftests/bugs/206631-1-ref.html","status":"OK"}
04-17 01:26:37.260 3456 3471 I Gecko :
04-17 01:26:37.260 3456 3471 I Gecko : {"action":"log","time":1744853197260,"thread":null,"pid":null,"source":"reftest","level":"DEBUG","message":"Loading a blank page"}
04-17 01:26:37.279 3488 3504 W Web Content: [JavaScript Warning: "This page is in Quirks Mode. Page layout may be impacted. For Standards Mode use “”." {file: "data:text/html;charset=UTF-8,%3C%21%2D%2DCLEAR%2D%2D%3E" line: 0}]
04-17 01:26:37.285 3456 3471 D GeckoViewContent: handleEvent: pagetitlechanged
04-17 01:26:37.293 3456 3471 I Gecko :
04-17 01:26:37.293 3456 3471 I Gecko : {"action":"assertion_count","time":1744853197293,"thread":null,"pid":null,"source":"reftest","test":"layout/reftests/bugs/206631-1.html == layout/reftests/bugs/206631-1-ref.html","min_expected":0,"max_expected":0,"count":0}
04-17 01:26:37.294 3456 3471 I Gecko :
04-17 01:26:37.294 3456 3471 I Gecko : {"action":"test_start","time":1744853197294,"thread":null,"pid":null,"source":"reftest","test":"layout/reftests/bugs/206802.html == layout/reftests/bugs/206802-ref.html"}
04-17 01:26:37.296 3456 3471 I Gecko : REFTEST TEST-LOAD | http://10.0.2.2:8854/tests/layout/reftests/bugs/206802.html | 193 / 2088 (9%)
04-17 01:26:37.296 3456 3471 I Gecko :
04-17 01:26:37.296 3456 3471 I Gecko : {"action":"log","time":1744853197296,"thread":null,"pid":null,"source":"reftest","level":"DEBUG","message":"START http://10.0.2.2:8854/tests/layout/reftests/bugs/206802.html"}
04-17 01:26:37.322 3538 3569 E eglCodecCommon: glUtilsParamSize: unknow param 0x00008caa
04-17 01:26:37.337 3488 3504 W Web Content: [JavaScript Warning: "This page is in Quirks Mode. Page layout may be impacted. For Standards Mode use “”." {file: "http://10.0.2.2:8854/tests/layout/reftests/bugs/206802.html" line: 0}]
04-17 01:26:37.358 3456 3471 D GeckoViewContent: handleEvent: pagetitlechanged
04-17 01:26:37.371 3456 3471 I Gecko :
04-17 01:26:37.371 3456 3471 I Gecko : {"action":"log","time":1744853197371,"thread":null,"pid":null,"source":"reftest","level":"DEBUG","message":"[CONTENT] OnDocumentLoad triggering AfterOnLoadScripts"}
04-17 01:26:37.407 3456 3471 I Gecko :
04-17 01:26:37.407 3456 3471 I Gecko : {"action":"log","time":1744853197407,"thread":null,"pid":null,"source":"reftest","level":"DEBUG","message":"Initializing canvas snapshot"}
04-17 01:26:37.409 3456 3471 I Gecko :
04-17 01:26:37.409 3456 3471 I Gecko : {"action":"log","time":1744853197409,"thread":null,"pid":null,"source":"reftest","level":"DEBUG","message":"DoDrawWindow 0,0,800,1000"}
04-17 01:26:37.418 3538 3569 E eglCodecCommon: glUtilsParamSize: unknow param 0x00008caa
04-17 01:26:37.562 3538 3569 E eglCodecCommon: glUtilsParamSize: unknow param 0x00008caa
04-17 01:26:37.657 3538 3569 E eglCodecCommon: glUtilsParamSize: unknow param 0x00008caa
04-17 01:26:37.743 3538 3569 E eglCodecCommon: glUtilsParamSize: unknow param 0x00008caa
04-17 01:26:37.826 3538 3569 E eglCodecCommon: glUtilsParamSize: unknow param 0x00000d02
04-17 01:26:37.835 3538 3569 E eglCodecCommon: glUtilsParamSize: unknow param 0x00008caa
04-17 01:26:37.877 3456 3471 I Gecko :
04-17 01:26:37.877 3456 3471 I Gecko : {"action":"log","time":1744853197877,"thread":null,"pid":null,"source":"reftest","level":"DEBUG","message":"[CONTENT] RecordResult fired"}
04-17 01:26:37.878 3456 3471 I Gecko :
04-17 01:26:37.878 3456 3471 I Gecko : {"action":"log","time":1744853197878,"thread":null,"pid":null,"source":"reftest","level":"DEBUG","message":"RecordResult fired"}
04-17 01:26:37.879 3456 3471 I Gecko : REFTEST TEST-LOAD | http://10.0.2.2:8854/tests/layout/reftests/bugs/206802-ref.html | 193 / 2088 (9%)
04-17 01:26:37.879 3456 3471 I Gecko :
04-17 01:26:37.879 3456 3471 I Gecko : {"action":"log","time":1744853197879,"thread":null,"pid":null,"source":"reftest","level":"DEBUG","message":"START http://10.0.2.2:8854/tests/layout/reftests/bugs/206802-ref.html"}
04-17 01:26:37.920 3488 3504 W Web Content: [JavaScript Warning: "This page is in Quirks Mode. Page layout may be impacted. For Standards Mode use “”." {file: "http://10.0.2.2:8854/tests/layout/reftests/bugs/206802-ref.html" line: 0}]
04-17 01:26:37.932 3456 3471 D GeckoViewContent: handleEvent: pagetitlechanged
04-17 01:26:37.945 3456 3471 I Gecko :
04-17 01:26:37.945 3456 3471 I Gecko : {"action":"log","time":1744853197945,"thread":null,"pid":null,"source":"reftest","level":"DEBUG","message":"[CONTENT] OnDocumentLoad triggering AfterOnLoadScripts"}
04-17 01:26:37.963 3538 3569 E eglCodecCommon: glUtilsParamSize: unknow param 0x00008caa
04-17 01:26:37.975 3456 3471 I Gecko :
04-17 01:26:37.975 3456 3471 I Gecko : {"action":"log","time":1744853197974,"thread":null,"pid":null,"source":"reftest","level":"DEBUG","message":"Initializing canvas snapshot"}
04-17 01:26:37.980 3456 3471 I Gecko :
04-17 01:26:37.980 3456 3471 I Gecko : {"action":"log","time":1744853197980,"thread":null,"pid":null,"source":"reftest","level":"DEBUG","message":"DoDrawWindow 0,0,800,1000"}
04-17 01:26:38.045 3538 3569 E eglCodecCommon: glUtilsParamSize: unknow param 0x00008caa
04-17 01:26:38.130 3538 3569 E eglCodecCommon: glUtilsParamSize: unknow param 0x00008caa
04-17 01:26:38.217 3538 3569 E eglCodecCommon: glUtilsParamSize: unknow param 0x00008caa
04-17 01:26:38.299 3538 3569 E eglCodecCommon: glUtilsParamSize: unknow param 0x00000d02
04-17 01:26:38.308 3538 3569 E eglCodecCommon: glUtilsParamSize: unknow param 0x00008caa
04-17 01:26:38.347 3456 3471 I Gecko :
04-17 01:26:38.347 3456 3471 I Gecko : {"action":"log","time":1744853198347,"thread":null,"pid":null,"source":"reftest","level":"DEBUG","message":"[CONTENT] RecordResult fired"}
04-17 01:26:38.348 3456 3471 I Gecko :
04-17 01:26:38.348 3456 3471 I Gecko : {"action":"log","time":1744853198348,"thread":null,"pid":null,"source":"reftest","level":"DEBUG","message":"RecordResult fired"}
04-17 01:26:38.349 3456 3471 I Gecko :
