04-17 01:24:03.465 3456 3471 I Gecko : {"action":"assertion_count","time":1744853043465,"thread":null,"pid":null,"source":"reftest","test":"layout/reftests/bugs/18217-width-2b.html == layout/reftests/bugs/18217-width-2-ref.html","min_expected":0,"max_expected":0,"count":0}
04-17 01:24:03.465 3456 3471 I Gecko :
04-17 01:24:03.465 3456 3471 I Gecko : {"action":"test_start","time":1744853043465,"thread":null,"pid":null,"source":"reftest","test":"layout/reftests/bugs/18217-zorder-1.html == layout/reftests/bugs/18217-zorder-ref.html"}
04-17 01:24:03.465 3456 3471 I Gecko : REFTEST TEST-LOAD | http://10.0.2.2:8854/tests/layout/reftests/bugs/18217-zorder-1.html | 30 / 2088 (1%)
04-17 01:24:03.465 3456 3471 I Gecko :
04-17 01:24:03.465 3456 3471 I Gecko : {"action":"log","time":1744853043465,"thread":null,"pid":null,"source":"reftest","level":"DEBUG","message":"START http://10.0.2.2:8854/tests/layout/reftests/bugs/18217-zorder-1.html"}
04-17 01:24:03.491 3538 3569 E eglCodecCommon: glUtilsParamSize: unknow param 0x00008caa
04-17 01:24:03.517 3456 3471 D GeckoViewContent: handleEvent: pagetitlechanged
04-17 01:24:03.533 3456 3471 I Gecko :
04-17 01:24:03.533 3456 3471 I Gecko : {"action":"log","time":1744853043533,"thread":null,"pid":null,"source":"reftest","level":"DEBUG","message":"[CONTENT] OnDocumentLoad triggering AfterOnLoadScripts"}
04-17 01:24:03.555 3456 3471 I Gecko :
04-17 01:24:03.555 3456 3471 I Gecko : {"action":"log","time":1744853043555,"thread":null,"pid":null,"source":"reftest","level":"DEBUG","message":"Initializing canvas snapshot"}
04-17 01:24:03.555 3456 3471 I Gecko :
04-17 01:24:03.555 3456 3471 I Gecko : {"action":"log","time":1744853043555,"thread":null,"pid":null,"source":"reftest","level":"DEBUG","message":"DoDrawWindow 0,0,800,1000"}
04-17 01:24:03.584 3538 3569 E eglCodecCommon: glUtilsParamSize: unknow param 0x00008caa
04-17 01:24:03.711 3538 3569 E eglCodecCommon: glUtilsParamSize: unknow param 0x00008caa
04-17 01:24:03.794 3538 3569 E eglCodecCommon: glUtilsParamSize: unknow param 0x00008caa
04-17 01:24:03.881 3538 3569 E eglCodecCommon: glUtilsParamSize: unknow param 0x00008caa
04-17 01:24:03.962 3538 3569 E eglCodecCommon: glUtilsParamSize: unknow param 0x00000d02
04-17 01:24:03.970 3538 3569 E eglCodecCommon: glUtilsParamSize: unknow param 0x00008caa
04-17 01:24:04.048 3456 3471 I Gecko :
04-17 01:24:04.048 3456 3471 I Gecko : {"action":"log","time":1744853044048,"thread":null,"pid":null,"source":"reftest","level":"DEBUG","message":"[CONTENT] RecordResult fired"}
04-17 01:24:04.049 3456 3471 I Gecko :
04-17 01:24:04.049 3456 3471 I Gecko : {"action":"log","time":1744853044049,"thread":null,"pid":null,"source":"reftest","level":"DEBUG","message":"RecordResult fired"}
04-17 01:24:04.049 3456 3471 I Gecko : REFTEST TEST-LOAD | http://10.0.2.2:8854/tests/layout/reftests/bugs/18217-zorder-ref.html | 30 / 2088 (1%)
04-17 01:24:04.049 3456 3471 I Gecko :
04-17 01:24:04.049 3456 3471 I Gecko : {"action":"log","time":1744853044049,"thread":null,"pid":null,"source":"reftest","level":"DEBUG","message":"START http://10.0.2.2:8854/tests/layout/reftests/bugs/18217-zorder-ref.html"}
04-17 01:24:04.114 3456 3471 D GeckoViewContent: handleEvent: pagetitlechanged
04-17 01:24:04.127 3456 3471 I Gecko :
04-17 01:24:04.127 3456 3471 I Gecko : {"action":"log","time":1744853044127,"thread":null,"pid":null,"source":"reftest","level":"DEBUG","message":"[CONTENT] OnDocumentLoad triggering AfterOnLoadScripts"}
04-17 01:24:04.147 3538 3569 E eglCodecCommon: glUtilsParamSize: unknow param 0x00008caa
04-17 01:24:04.154 3456 3471 I Gecko :
04-17 01:24:04.154 3456 3471 I Gecko : {"action":"log","time":1744853044154,"thread":null,"pid":null,"source":"reftest","level":"DEBUG","message":"Initializing canvas snapshot"}
04-17 01:24:04.154 3456 3471 I Gecko :
04-17 01:24:04.154 3456 3471 I Gecko : {"action":"log","time":1744853044154,"thread":null,"pid":null,"source":"reftest","level":"DEBUG","message":"DoDrawWindow 0,0,800,1000"}
04-17 01:24:04.262 3538 3569 E eglCodecCommon: glUtilsParamSize: unknow param 0x00008caa
04-17 01:24:04.349 3538 3569 E eglCodecCommon: glUtilsParamSize: unknow param 0x00008caa
04-17 01:24:04.436 3538 3569 E eglCodecCommon: glUtilsParamSize: unknow param 0x00008caa
04-17 01:24:04.519 3538 3569 E eglCodecCommon: glUtilsParamSize: unknow param 0x00000d02
04-17 01:24:04.527 3538 3569 E eglCodecCommon: glUtilsParamSize: unknow param 0x00008caa
04-17 01:24:04.556 3456 3471 I Gecko :
04-17 01:24:04.556 3456 3471 I Gecko : {"action":"log","time":1744853044556,"thread":null,"pid":null,"source":"reftest","level":"DEBUG","message":"[CONTENT] RecordResult fired"}
04-17 01:24:04.557 3456 3471 I Gecko :
04-17 01:24:04.557 3456 3471 I Gecko : {"action":"log","time":1744853044557,"thread":null,"pid":null,"source":"reftest","level":"DEBUG","message":"RecordResult fired"}
04-17 01:24:04.558 3456 3471 I Gecko :
04-17 01:24:04.558 3456 3471 I Gecko : {"action":"test_status","time":1744853044558,"thread":null,"pid":null,"source":"reftest","test":"layout/reftests/bugs/18217-zorder-1.html == layout/reftests/bugs/18217-zorder-ref.html","subtest":"image comparison, max difference: 0, number of differing pixels: 0","status":"PASS","extra":{"status_msg":"Pass","modifiers":["==","18217-zorder-1.html","18217-zorder-ref.html"]}}
04-17 01:24:04.559 3456 3471 I Gecko :
04-17 01:24:04.559 3456 3471 I Gecko : {"action":"test_end","time":1744853044559,"thread":null,"pid":null,"source":"reftest","test":"layout/reftests/bugs/18217-zorder-1.html == layout/reftests/bugs/18217-zorder-ref.html","status":"OK"}
04-17 01:24:04.559 3456 3471 I Gecko :
04-17 01:24:04.559 3456 3471 I Gecko : {"action":"log","time":1744853044559,"thread":null,"pid":null,"source":"reftest","level":"DEBUG","message":"Loading a blank page"}
04-17 01:24:04.580 3488 3504 W Web Content: [JavaScript Warning: "This page is in Quirks Mode. Page layout may be impacted. For Standards Mode use “”." {file: "data:text/html;charset=UTF-8,%3C%21%2D%2DCLEAR%2D%2D%3E" line: 0}]
04-17 01:24:04.586 3456 3471 D GeckoViewContent: handleEvent: pagetitlechanged
04-17 01:24:04.595 3456 3471 I Gecko :
04-17 01:24:04.595 3456 3471 I Gecko : {"action":"assertion_count","time":1744853044595,"thread":null,"pid":null,"source":"reftest","test":"layout/reftests/bugs/18217-zorder-1.html == layout/reftests/bugs/18217-zorder-ref.html","min_expected":0,"max_expected":0,"count":0}
04-17 01:24:04.595 3456 3471 I Gecko :
04-17 01:24:04.595 3456 3471 I Gecko : {"action":"test_start","time":1744853044595,"thread":null,"pid":null,"source":"reftest","test":"layout/reftests/bugs/18217-zorder-2.html == layout/reftests/bugs/18217-zorder-ref.html"}
04-17 01:24:04.596 3456 3471 I Gecko : REFTEST TEST-LOAD | http://10.0.2.2:8854/tests/layout/reftests/bugs/18217-zorder-2.html | 31 / 2088 (1%)
04-17 01:24:04.596 3456 3471 I Gecko :
04-17 01:24:04.596 3456 3471 I Gecko : {"action":"log","time":1744853044596,"thread":null,"pid":null,"source":"reftest","level":"DEBUG","message":"START http://10.0.2.2:8854/tests/layout/reftests/bugs/18217-zorder-2.html"}
04-17 01:24:04.621 3538 3569 E eglCodecCommon: glUtilsParamSize: unknow param 0x00008caa
04-17 01:24:04.663 3456 3471 D GeckoViewContent: handleEvent: pagetitlechanged
04-17 01:24:04.678 3456 3471 I Gecko :
04-17 01:24:04.678 3456 3471 I Gecko : {"action":"log","time":1744853044677,"thread":null,"pid":null,"source":"reftest","level":"DEBUG","message":"[CONTENT] OnDocumentLoad triggering AfterOnLoadScripts"}
04-17 01:24:04.705 3456 3471 I Gecko :
04-17 01:24:04.705 3456 3471 I Gecko : {"action":"log","time":1744853044704,"thread":null,"pid":null,"source":"reftest","level":"DEBUG","message":"Initializing canvas snapshot"}
04-17 01:24:04.705 3456 3471 I Gecko :
04-17 01:24:04.705 3456 3471 I Gecko : {"action":"log","time":1744853044705,"thread":null,"pid":null,"source":"reftest","level":"DEBUG","message":"DoDrawWindow 0,0,800,1000"}
04-17 01:24:04.723 3538 3569 E eglCodecCommon: glUtilsParamSize: unknow param 0x00008caa
04-17 01:24:04.852 3538 3569 E eglCodecCommon: glUtilsParamSize: unknow param 0x00008caa
04-17 01:24:04.941 3538 3569 E eglCodecCommon: glUtilsParamSize: unknow param 0x00008caa
04-17 01:24:05.026 3538 3569 E eglCodecCommon: glUtilsParamSize: unknow param 0x00008caa
04-17 01:24:05.104 3538 3569 E eglCodecCommon: glUtilsParamSize: unknow param 0x00000d02
04-17 01:24:05.114 3538 3569 E eglCodecCommon: glUtilsParamSize: unknow param 0x00008caa
04-17 01:24:05.144 3456 3471 I Gecko :
04-17 01:24:05.144 3456 3471 I Gecko : {"action":"log","time":1744853045144,"thread":null,"pid":null,"source":"reftest","level":"DEBUG","message":"[CONTENT] RecordResult fired"}
04-17 01:24:05.145 3456 3471 I Gecko :
04-17 01:24:05.145 3456 3471 I Gecko : {"action":"log","time":1744853045145,"thread":null,"pid":null,"source":"reftest","level":"DEBUG","message":"RecordResult fired"}
04-17 01:24:05.146 3456 3471 I Gecko :
04-17 01:24:05.146 3456 3471 I Gecko : {"action":"log","time":1744853045146,"thread":null,"pid":null,"source":"reftest","level":"DEBUG","message":"RecordResult fired"}
04-17 01:24:05.148 3456 3471 I Gecko :
04-17 01:24:05.148 3456 3471 I Gecko : {"action":"test_status","time":1744853045148,"thread":null,"pid":null,"source":"reftest","test":"layout/reftests/bugs/18217-zorder-2.html == layout/reftests/bugs/18217-zorder-ref.html","subtest":"image comparison, max difference: 0, number of differing pixels: 0","status":"PASS","extra":{"status_msg":"Pass","modifiers":["==","18217-zorder-2.html","18217-zorder-ref.html"]}}
04-17 01:24:05.148 3456 3471 I Gecko :
04-17 01:24:05.148 3456 3471 I Gecko : {"action":"test_end","time":1744853045148,"thread":null,"pid":null,"source":"reftest","test":"layout/reftests/bugs/18217-zorder-2.html == layout/reftests/bugs/18217-zorder-ref.html","status":"OK"}
04-17 01:24:05.148 3456 3471 I Gecko :
04-17 01:24:05.148 3456 3471 I Gecko : {"action":"log","time":1744853045148,"thread":null,"pid":null,"source":"reftest","level":"DEBUG","message":"Loading a blank page"}
04-17 01:24:05.169 3488 3504 W Web Content: [JavaScript Warning: "This page is in Quirks Mode. Page layout may be impacted. For Standards Mode use “”." {file: "data:text/html;charset=UTF-8,%3C%21%2D%2DCLEAR%2D%2D%3E" line: 0}]
04-17 01:24:05.176 3456 3471 D GeckoViewContent: handleEvent: pagetitlechanged
04-17 01:24:05.186 3456 3471 I Gecko :
04-17 01:24:05.186 3456 3471 I Gecko : {"action":"assertion_count","time":1744853045186,"thread":null,"pid":null,"source":"reftest","test":"layout/reftests/bugs/18217-zorder-2.html == layout/reftests/bugs/18217-zorder-ref.html","min_expected":0,"max_expected":0,"count":0}
04-17 01:24:05.186 3456 3471 I Gecko :
04-17 01:24:05.186 3456 3471 I Gecko : {"action":"test_start","time":1744853045186,"thread":null,"pid":null,"source":"reftest","test":"layout/reftests/bugs/18217-zorder-3.html == layout/reftests/bugs/18217-zorder-ref-inline.html"}
04-17 01:24:05.187 3456 3471 I Gecko : REFTEST TEST-LOAD | http://10.0.2.2:8854/tests/layout/reftests/bugs/18217-zorder-3.html | 32 / 2088 (1%)
04-17 01:24:05.187 3456 3471 I Gecko :
04-17 01:24:05.187 3456 3471 I Gecko : {"action":"log","time":1744853045187,"thread":null,"pid":null,"source":"reftest","level":"DEBUG","message":"START http://10.0.2.2:8854/tests/layout/reftests/bugs/18217-zorder-3.html"}
04-17 01:24:05.212 3538 3569 E eglCodecCommon: glUtilsParamSize: unknow param 0x00008caa
04-17 01:24:05.239 3456 3471 D GeckoViewContent: handleEvent: pagetitlechanged
04-17 01:24:05.253 3456 3471 I Gecko :
04-17 01:24:05.253 3456 3471 I Gecko : {"action":"log","time":1744853045253,"thread":null,"pid":null,"source":"reftest","level":"DEBUG","message":"[CONTENT] OnDocumentLoad triggering AfterOnLoadScripts"}
04-17 01:24:05.273 3456 3471 I Gecko :
04-17 01:24:05.273 3456 3471 I Gecko : {"action":"log","time":1744853045272,"thread":null,"pid":null,"source":"reftest","level":"DEBUG","message":"Initializing canvas snapshot"}
04-17 01:24:05.273 3456 3471 I Gecko :
04-17 01:24:05.273 3456 3471 I Gecko : {"action":"log","time":1744853045273,"thread":null,"pid":null,"source":"reftest","level":"DEBUG","message":"DoDrawWindow 0,0,800,1000"}
04-17 01:24:05.312 3538 3569 E eglCodecCommon: glUtilsParamSize: unknow param 0x00008caa
04-17 01:24:05.465 3538 3569 E eglCodecCommon: glUtilsParamSize: unknow param 0x00008caa
04-17 01:24:05.553 3538 3569 E eglCodecCommon: glUtilsParamSize: unknow param 0x00008caa
04-17 01:24:05.637 3538 3569 E eglCodecCommon: glUtilsParamSize: unknow param 0x00008caa
04-17 01:24:05.717 3538 3569 E eglCodecCommon: glUtilsParamSize: unknow param 0x00000d02
04-17 01:24:05.725 3538 3569 E eglCodecCommon: glUtilsParamSize: unknow param 0x00008caa
04-17 01:24:05.754 3456 3471 I Gecko :
04-17 01:24:05.754 3456 3471 I Gecko : {"action":"log","time":1744853045754,"thread":null,"pid":null,"source":"reftest","level":"DEBUG","message":"[CONTENT] RecordResult fired"}
04-17 01:24:05.755 3456 3471 I Gecko :
04-17 01:24:05.755 3456 3471 I Gecko : {"action":"log","time":1744853045755,"thread":null,"pid":null,"source":"reftest","level":"DEBUG","message":"RecordResult fired"}
04-17 01:24:05.756 3456 3471 I Gecko : REFTEST TEST-LOAD | http://10.0.2.2:8854/tests/layout/reftests/bugs/18217-zorder-ref-inline.html | 32 / 2088 (1%)
04-17 01:24:05.756 3456 3471 I Gecko :
04-17 01:24:05.756 3456 3471 I Gecko : {"action":"log","time":1744853045756,"thread":null,"pid":null,"source":"reftest","level":"DEBUG","message":"START http://10.0.2.2:8854/tests/layout/reftests/bugs/18217-zorder-ref-inline.html"}
04-17 01:24:05.812 3456 3471 D GeckoViewContent: handleEvent: pagetitlechanged
04-17 01:24:05.826 3456 3471 I Gecko :
04-17 01:24:05.826 3456 3471 I Gecko : {"action":"log","time":1744853045826,"thread":null,"pid":null,"source":"reftest","level":"DEBUG","message":"[CONTENT] OnDocumentLoad triggering AfterOnLoadScripts"}
04-17 01:24:05.850 3538 3569 E eglCodecCommon: glUtilsParamSize: unknow param 0x00008caa
04-17 01:24:05.859 3456 3471 I Gecko :
04-17 01:24:05.859 3456 3471 I Gecko : {"action":"log","time":1744853045859,"thread":null,"pid":null,"source":"reftest","level":"DEBUG","message":"Initializing canvas snapshot"}
04-17 01:24:05.860 3456 3471 I Gecko :
04-17 01:24:05.860 3456 3471 I Gecko : {"action":"log","time":1744853045860,"thread":null,"pid":null,"source":"reftest","level":"DEBUG","message":"DoDrawWindow 0,0,800,1000"}
04-17 01:24:05.988 3538 3569 E eglCodecCommon: glUtilsParamSize: unknow param 0x00008caa
04-17 01:24:06.070 3538 3569 E eglCodecCommon: glUtilsParamSize: unknow param 0x00008caa
04-17 01:24:06.153 3538 3569 E eglCodecCommon: glUtilsParamSize: unknow param 0x00008caa
04-17 01:24:06.237 3538 3569 E eglCodecCommon: glUtilsParamSize: unknow param 0x00000d02
04-17 01:24:06.249 3538 3569 E eglCodecCommon: glUtilsParamSize: unknow param 0x00008caa
04-17 01:24:06.283 3456 3471 I Gecko :
04-17 01:24:06.283 3456 3471 I Gecko : {"action":"log","time":1744853046282,"thread":null,"pid":null,"source":"reftest","level":"DEBUG","message":"[CONTENT] RecordResult fired"}
04-17 01:24:06.283 3456 3471 I Gecko :
04-17 01:24:06.283 3456 3471 I Gecko : {"action":"log","time":1744853046283,"thread":null,"pid":null,"source":"reftest","level":"DEBUG","message":"RecordResult fired"}
04-17 01:24:06.285 3456 3471 I Gecko :
04-17 01:24:06.285 3456 3471 I Gecko : {"action":"test_status","time":1744853046285,"thread":null,"pid":null,"source":"reftest","test":"layout/reftests/bugs/18217-zorder-3.html == layout/reftests/bugs/18217-zorder-ref-inline.html","subtest":"image comparison, max difference: 0, number of differing pixels: 0","status":"PASS","extra":{"status_msg":"Pass","modifiers":["==","18217-zorder-3.html","18217-zorder-ref-inline.html"]}}
04-17 01:24:06.285 3456 3471 I Gecko :
04-17 01:24:06.285 3456 3471 I Gecko : {"action":"test_end","time":1744853046285,"thread":null,"pid":null,"source":"reftest","test":"layout/reftests/bugs/18217-zorder-3.html == layout/reftests/bugs/18217-zorder-ref-inline.html","status":"OK"}
04-17 01:24:06.285 3456 3471 I Gecko :
04-17 01:24:06.285 3456 3471 I Gecko : {"action":"log","time":1744853046285,"thread":null,"pid":null,"source":"reftest","level":"DEBUG","message":"Loading a blank page"}
04-17 01:24:06.304 3488 3504 W Web Content: [JavaScript Warning: "This page is in Quirks Mode. Page layout may be impacted. For Standards Mode use “”." {file: "data:text/html;charset=UTF-8,%3C%21%2D%2DCLEAR%2D%2D%3E" line: 0}]
04-17 01:24:06.312 3456 3471 D GeckoViewContent: handleEvent: pagetitlechanged
04-17 01:24:06.320 3456 3471 I Gecko :
04-17 01:24:06.320 3456 3471 I Gecko : {"action":"assertion_count","time":1744853046320,"thread":null,"pid":null,"source":"reftest","test":"layout/reftests/bugs/18217-zorder-3.html == layout/reftests/bugs/18217-zorder-ref-inline.html","min_expected":0,"max_expected":0,"count":0}
04-17 01:24:06.321 3456 3471 I Gecko :
04-17 01:24:06.321 3456 3471 I Gecko : {"action":"test_start","time":1744853046321,"thread":null,"pid":null,"source":"reftest","test":"layout/reftests/bugs/18217-zorder-4.html == layout/reftests/bugs/18217-zorder-ref-inline-table.html"}
04-17 01:24:06.321 3456 3471 I Gecko : REFTEST TEST-LOAD | http://10.0.2.2:8854/tests/layout/reftests/bugs/18217-zorder-4.html | 33 / 2088 (1%)
04-17 01:24:06.322 3456 3471 I Gecko :
04-17 01:24:06.322 3456 3471 I Gecko : {"action":"log","time":1744853046322,"thread":null,"pid":null,"source":"reftest","level":"DEBUG","message":"START http://10.0.2.2:8854/tests/layout/reftests/bugs/18217-zorder-4.html"}
04-17 01:24:06.347 3538 3569 E eglCodecCommon: glUtilsParamSize: unknow param 0x00008caa
04-17 01:24:06.375 3456 3471 D GeckoViewContent: handleEvent: pagetitlechanged
04-17 01:24:06.391 3456 3471 I Gecko :
04-17 01:24:06.391 3456 3471 I Gecko : {"action":"log","time":1744853046390,"thread":null,"pid":null,"source":"reftest","level":"DEBUG","message":"[CONTENT] OnDocumentLoad triggering AfterOnLoadScripts"}
04-17 01:24:06.421 3456 3471 I Gecko :
04-17 01:24:06.421 3456 3471 I Gecko : {"action":"log","time":1744853046421,"thread":null,"pid":null,"source":"reftest","level":"DEBUG","message":"Initializing canvas snapshot"}
04-17 01:24:06.421 3456 3471 I Gecko :
04-17 01:24:06.421 3456 3471 I Gecko : {"action":"log","time":1744853046421,"thread":null,"pid":null,"source":"reftest","level":"DEBUG","message":"DoDrawWindow 0,0,800,1000"}
04-17 01:24:06.436 3538 3569 E eglCodecCommon: glUtilsParamSize: unknow param 0x00008caa
04-17 01:24:06.569 3538 3569 E eglCodecCommon: glUtilsParamSize: unknow param 0x00008caa
04-17 01:24:06.654 3538 3569 E eglCodecCommon: glUtilsParamSize: unknow param 0x00008caa
04-17 01:24:06.742 3538 3569 E eglCodecCommon: glUtilsParamSize: unknow param 0x00008caa
04-17 01:24:06.822 3538 3569 E eglCodecCommon: glUtilsParamSize: unknow param 0x00000d02
04-17 01:24:06.831 3538 3569 E eglCodecCommon: glUtilsParamSize: unknow param 0x00008caa
04-17 01:24:06.860 3456 3471 I Gecko :
04-17 01:24:06.860 3456 3471 I Gecko : {"action":"log","time":1744853046860,"thread":null,"pid":null,"source":"reftest","level":"DEBUG","message":"[CONTENT] RecordResult fired"}
04-17 01:24:06.862 3456 3471 I Gecko :
04-17 01:24:06.862 3456 3471 I Gecko : {"action":"log","time":1744853046862,"thread":null,"pid":null,"source":"reftest","level":"DEBUG","message":"RecordResult fired"}
04-17 01:24:06.863 3456 3471 I Gecko : REFTEST TEST-LOAD | http://10.0.2.2:8854/tests/layout/reftests/bugs/18217-zorder-ref-inline-table.html | 33 / 2088 (1%)
04-17 01:24:06.863 3456 3471 I Gecko :
04-17 01:24:06.863 3456 3471 I Gecko : {"action":"log","time":1744853046863,"thread":null,"pid":null,"source":"reftest","level":"DEBUG","message":"START http://10.0.2.2:8854/tests/layout/reftests/bugs/18217-zorder-ref-inline-table.html"}
04-17 01:24:06.906 3456 3471 D GeckoViewContent: handleEvent: pagetitlechanged
04-17 01:24:06.921 3456 3471 I Gecko :
04-17 01:24:06.921 3456 3471 I Gecko : {"action":"log","time":1744853046920,"thread":null,"pid":null,"source":"reftest","level":"DEBUG","message":"[CONTENT] OnDocumentLoad triggering AfterOnLoadScripts"}
04-17 01:24:06.935 3538 3569 E eglCodecCommon: glUtilsParamSize: unknow param 0x00008caa
04-17 01:24:06.956 3456 3471 I Gecko :
04-17 01:24:06.956 3456 3471 I Gecko : {"action":"log","time":1744853046956,"thread":null,"pid":null,"source":"reftest","level":"DEBUG","message":"Initializing canvas snapshot"}
04-17 01:24:06.957 3456 3471 I Gecko :
04-17 01:24:06.957 3456 3471 I Gecko : {"action":"log","time":1744853046957,"thread":null,"pid":null,"source":"reftest","level":"DEBUG","message":"DoDrawWindow 0,0,800,1000"}
04-17 01:24:07.079 3538 3569 E eglCodecCommon: glUtilsParamSize: unknow param 0x00008caa
04-17 01:24:07.166 3538 3569 E eglCodecCommon: glUtilsParamSize: unknow param 0x00008caa
04-17 01:24:07.252 3538 3569 E eglCodecCommon: glUtilsParamSize: unknow param 0x00008caa
04-17 01:24:07.336 3538 3569 E eglCodecCommon: glUtilsParamSize: unknow param 0x00000d02
04-17 01:24:07.345 3538 3569 E eglCodecCommon: glUtilsParamSize: unknow param 0x00008caa
04-17 01:24:07.372 3456 3471 I Gecko :
04-17 01:24:07.372 3456 3471 I Gecko : {"action":"log","time":1744853047372,"thread":null,"pid":null,"source":"reftest","level":"DEBUG","message":"[CONTENT] RecordResult fired"}
04-17 01:24:07.373 3456 3471 I Gecko :
04-17 01:24:07.373 3456 3471 I Gecko : {"action":"log","time":1744853047373,"thread":null,"pid":null,"source":"reftest","level":"DEBUG","message":"RecordResult fired"}
04-17 01:24:07.374 3456 3471 I Gecko :
04-17 01:24:07.374 3456 3471 I Gecko : {"action":"test_status","time":1744853047374,"thread":null,"pid":null,"source":"reftest","test":"layout/reftests/bugs/18217-zorder-4.html == layout/reftests/bugs/18217-zorder-ref-inline-table.html","subtest":"image comparison, max difference: 0, number of differing pixels: 0","status":"PASS","extra":{"status_msg":"Pass","modifiers":["==","18217-zorder-4.html","18217-zorder-ref-inline-table.html"]}}
04-17 01:24:07.374 3456 3471 I Gecko :
04-17 01:24:07.374 3456 3471 I Gecko : {"action":"test_end","time":1744853047374,"thread":null,"pid":null,"source":"reftest","test":"layout/reftests/bugs/18217-zorder-4.html == layout/reftests/bugs/18217-zorder-ref-inline-table.html","status":"OK"}
04-17 01:24:07.374 3456 3471 I Gecko :
04-17 01:24:07.374 3456 3471 I Gecko : {"action":"log","time":1744853047374,"thread":null,"pid":null,"source":"reftest","level":"DEBUG","message":"Loading a blank page"}
04-17 01:24:07.397 3488 3504 W Web Content: [JavaScript Warning: "This page is in Quirks Mode. Page layout may be impacted. For Standards Mode use “”." {file: "data:text/html;charset=UTF-8,%3C%21%2D%2DCLEAR%2D%2D%3E" line: 0}]
04-17 01:24:07.402 3456 3471 D GeckoViewContent: handleEvent: pagetitlechanged
04-17 01:24:07.418 3456 3471 I Gecko :
04-17 01:24:07.418 3456 3471 I Gecko : {"action":"assertion_count","time":1744853047418,"thread":null,"pid":null,"source":"reftest","test":"layout/reftests/bugs/18217-zorder-4.html == layout/reftests/bugs/18217-zorder-ref-inline-table.html","min_expected":0,"max_expected":0,"count":0}
04-17 01:24:07.419 3456 3471 I Gecko :
04-17 01:24:07.419 3456 3471 I Gecko : {"action":"test_start","time":1744853047419,"thread":null,"pid":null,"source":"reftest","test":"layout/reftests/bugs/18217-zorder-5.html == layout/reftests/bugs/18217-zorder-ref-inline-table.html"}
04-17 01:24:07.419 3456 3471 I Gecko : REFTEST TEST-LOAD | http://10.0.2.2:8854/tests/layout/reftests/bugs/18217-zorder-5.html | 34 / 2088 (1%)
04-17 01:24:07.420 3456 3471 I Gecko :
04-17 01:24:07.420 3456 3471 I Gecko : {"action":"log","time":1744853047419,"thread":null,"pid":null,"source":"reftest","level":"DEBUG","message":"START http://10.0.2.2:8854/tests/layout/reftests/bugs/18217-zorder-5.html"}
04-17 01:24:07.445 3538 3569 E eglCodecCommon: glUtilsParamSize: unknow param 0x00008caa
04-17 01:24:07.482 3456 3471 D GeckoViewContent: handleEvent: pagetitlechanged
04-17 01:24:07.496 3456 3471 I Gecko :
04-17 01:24:07.496 3456 3471 I Gecko : {"action":"log","time":1744853047496,"thread":null,"pid":null,"source":"reftest","level":"DEBUG","message":"[CONTENT] OnDocumentLoad triggering AfterOnLoadScripts"}
04-17 01:24:07.526 3456 3471 I Gecko :
04-17 01:24:07.526 3456 3471 I Gecko : {"action":"log","time":1744853047526,"thread":null,"pid":null,"source":"reftest","level":"DEBUG","message":"Initializing canvas snapshot"}
04-17 01:24:07.527 3456 3471 I Gecko :
04-17 01:24:07.527 3456 3471 I Gecko : {"action":"log","time":1744853047527,"thread":null,"pid":null,"source":"reftest","level":"DEBUG","message":"DoDrawWindow 0,0,800,1000"}
04-17 01:24:07.551 3538 3569 E eglCodecCommon: glUtilsParamSize: unknow param 0x00008caa
04-17 01:24:07.695 3538 3569 E eglCodecCommon: glUtilsParamSize: unknow param 0x00008caa
04-17 01:24:07.780 3538 3569 E eglCodecCommon: glUtilsParamSize: unknow param 0x00008caa
04-17 01:24:07.866 3538 3569 E eglCodecCommon: glUtilsParamSize: unknow param 0x00008caa
04-17 01:24:07.947 3538 3569 E eglCodecCommon: glUtilsParamSize: unknow param 0x00000d02
04-17 01:24:07.956 3538 3569 E eglCodecCommon: glUtilsParamSize: unknow param 0x00008caa
04-17 01:24:07.984 3456 3471 I Gecko :
04-17 01:24:07.984 3456 3471 I Gecko : {"action":"log","time":1744853047984,"thread":null,"pid":null,"source":"reftest","level":"DEBUG","message":"[CONTENT] RecordResult fired"}
04-17 01:24:07.985 3456 3471 I Gecko :
04-17 01:24:07.985 3456 3471 I Gecko : {"action":"log","time":1744853047985,"thread":null,"pid":null,"source":"reftest","level":"DEBUG","message":"RecordResult fired"}
04-17 01:24:07.986 3456 3471 I Gecko :
04-17 01:24:07.986 3456 3471 I Gecko : {"action":"log","time":1744853047986,"thread":null,"pid":null,"source":"reftest","level":"DEBUG","message":"RecordResult fired"}
04-17 01:24:07.987 3456 3471 I Gecko :
04-17 01:24:07.987 3456 3471 I Gecko : {"action":"test_status","time":1744853047987,"thread":null,"pid":null,"source":"reftest","test":"layout/reftests/bugs/18217-zorder-5.html == layout/reftests/bugs/18217-zorder-ref-inline-table.html","subtest":"image comparison, max difference: 0, number of differing pixels: 0","status":"PASS","extra":{"status_msg":"Pass","modifiers":["==","18217-zorder-5.html","18217-zorder-ref-inline-table.html"]}}
04-17 01:24:07.987 3456 3471 I Gecko :
04-17 01:24:07.987 3456 3471 I Gecko : {"action":"test_end","time":1744853047987,"thread":null,"pid":null,"source":"reftest","test":"layout/reftests/bugs/18217-zorder-5.html == layout/reftests/bugs/18217-zorder-ref-inline-table.html","status":"OK"}
04-17 01:24:07.988 3456 3471 I Gecko :
04-17 01:24:07.988 3456 3471 I Gecko : {"action":"log","time":1744853047987,"thread":null,"pid":null,"source":"reftest","level":"DEBUG","message":"Loading a blank page"}
04-17 01:24:08.006 3488 3504 W Web Content: [JavaScript Warning: "This page is in Quirks Mode. Page layout may be impacted. For Standards Mode use “”." {file: "data:text/html;charset=UTF-8,%3C%21%2D%2DCLEAR%2D%2D%3E" line: 0}]
04-17 01:24:08.013 3456 3471 D GeckoViewContent: handleEvent: pagetitlechanged
04-17 01:24:08.022 3456 3471 I Gecko :
04-17 01:24:08.022 3456 3471 I Gecko : {"action":"assertion_count","time":1744853048022,"thread":null,"pid":null,"source":"reftest","test":"layout/reftests/bugs/18217-zorder-5.html == layout/reftests/bugs/18217-zorder-ref-inline-table.html","min_expected":0,"max_expected":0,"count":0}
04-17 01:24:08.022 3456 3471 I Gecko :
04-17 01:24:08.022 3456 3471 I Gecko : {"action":"test_start","time":1744853048022,"thread":null,"pid":null,"source":"reftest","test":"layout/reftests/bugs/23604-1.html == layout/reftests/bugs/23604-1-ref.html"}
04-17 01:24:08.023 3456 3471 I Gecko : REFTEST TEST-LOAD | http://10.0.2.2:8854/tests/layout/reftests/bugs/23604-1.html | 35 / 2088 (1%)
04-17 01:24:08.023 3456 3471 I Gecko :
04-17 01:24:08.023 3456 3471 I Gecko : {"action":"log","time":1744853048023,"thread":null,"pid":null,"source":"reftest","level":"DEBUG","message":"START http://10.0.2.2:8854/tests/layout/reftests/bugs/23604-1.html"}
04-17 01:24:08.063 3538 3569 E eglCodecCommon: glUtilsParamSize: unknow param 0x00008caa
04-17 01:24:08.064 3488 3504 W Web Content: [JavaScript Warning: "This page is in Quirks Mode. Page layout may be impacted. For Standards Mode use “”." {file: "http://10.0.2.2:8854/tests/layout/reftests/bugs/23604-1.html" line: 0}]
04-17 01:24:08.086 3456 3471 D GeckoViewContent: handleEvent: pagetitlechanged
04-17 01:24:08.103 3456 3471 I Gecko :
04-17 01:24:08.103 3456 3471 I Gecko : {"action":"log","time":1744853048103,"thread":null,"pid":null,"source":"reftest","level":"DEBUG","message":"[CONTENT] OnDocumentLoad triggering AfterOnLoadScripts"}
04-17 01:24:08.120 3456 3471 I Gecko :
04-17 01:24:08.120 3456 3471 I Gecko : {"action":"log","time":1744853048120,"thread":null,"pid":null,"source":"reftest","level":"DEBUG","message":"Initializing canvas snapshot"}
04-17 01:24:08.121 3456 3471 I Gecko :
04-17 01:24:08.121 3456 3471 I Gecko : {"action":"log","time":1744853048120,"thread":null,"pid":null,"source":"reftest","level":"DEBUG","message":"DoDrawWindow 0,0,800,1000"}
04-17 01:24:08.156 3538 3569 E eglCodecCommon: glUtilsParamSize: unknow param 0x00008caa
04-17 01:24:08.383 3538 3569 E eglCodecCommon: glUtilsParamSize: unknow param 0x00008caa
04-17 01:24:08.469 3538 3569 E eglCodecCommon: glUtilsParamSize: unknow param 0x00008caa
04-17 01:24:08.555 3538 3569 E eglCodecCommon: glUtilsParamSize: unknow param 0x00008caa
04-17 01:24:08.643 3538 3569 E eglCodecCommon: glUtilsParamSize: unknow param 0x00000d02
04-17 01:24:08.653 3538 3569 E eglCodecCommon: glUtilsParamSize: unknow param 0x00008caa
04-17 01:24:08.682 3456 3471 I Gecko :
04-17 01:24:08.682 3456 3471 I Gecko : {"action":"log","time":1744853048682,"thread":null,"pid":null,"source":"reftest","level":"DEBUG","message":"[CONTENT] RecordResult fired"}
04-17 01:24:08.682 3456 3471 I Gecko :
04-17 01:24:08.682 3456 3471 I Gecko : {"action":"log","time":1744853048682,"thread":null,"pid":null,"source":"reftest","level":"DEBUG","message":"RecordResult fired"}
04-17 01:24:08.683 3456 3471 I Gecko : REFTEST TEST-LOAD | http://10.0.2.2:8854/tests/layout/reftests/bugs/23604-1-ref.html | 35 / 2088 (1%)
04-17 01:24:08.683 3456 3471 I Gecko :
04-17 01:24:08.683 3456 3471 I Gecko : {"action":"log","time":1744853048683,"thread":null,"pid":null,"source":"reftest","level":"DEBUG","message":"START http://10.0.2.2:8854/tests/layout/reftests/bugs/23604-1-ref.html"}
04-17 01:24:08.719 3488 3504 W Web Content: [JavaScript Warning: "This page is in Quirks Mode. Page layout may be impacted. For Standards Mode use “”." {file: "http://10.0.2.2:8854/tests/layout/reftests/bugs/23604-1-ref.html" line: 0}]
04-17 01:24:08.735 3456 3471 D GeckoViewContent: handleEvent: pagetitlechanged
04-17 01:24:08.748 3456 3471 I Gecko :
04-17 01:24:08.748 3456 3471 I Gecko : {"action":"log","time":1744853048748,"thread":null,"pid":null,"source":"reftest","level":"DEBUG","message":"[CONTENT] OnDocumentLoad triggering AfterOnLoadScripts"}
04-17 01:24:08.766 3538 3569 E eglCodecCommon: glUtilsParamSize: unknow param 0x00008caa
04-17 01:24:08.772 3456 3471 I Gecko :
04-17 01:24:08.772 3456 3471 I Gecko : {"action":"log","time":1744853048772,"thread":null,"pid":null,"source":"reftest","level":"DEBUG","message":"Initializing canvas snapshot"}
04-17 01:24:08.772 3456 3471 I Gecko :
04-17 01:24:08.772 3456 3471 I Gecko : {"action":"log","time":1744853048772,"thread":null,"pid":null,"source":"reftest","level":"DEBUG","message":"DoDrawWindow 0,0,800,1000"}
04-17 01:24:08.853 3538 3569 E eglCodecCommon: glUtilsParamSize: unknow param 0x00008caa
04-17 01:24:08.944 3538 3569 E eglCodecCommon: glUtilsParamSize: unknow param 0x00008caa
04-17 01:24:09.030 3538 3569 E eglCodecCommon: glUtilsParamSize: unknow param 0x00008caa
04-17 01:24:09.113 3538 3569 E eglCodecCommon: glUtilsParamSize: unknow param 0x00000d02
04-17 01:24:09.123 3538 3569 E eglCodecCommon: glUtilsParamSize: unknow param 0x00008caa
04-17 01:24:09.152 3456 3471 I Gecko :
04-17 01:24:09.152 3456 3471 I Gecko : {"action":"log","time":1744853049151,"thread":null,"pid":null,"source":"reftest","level":"DEBUG","message":"[CONTENT] RecordResult fired"}
04-17 01:24:09.153 3456 3471 I Gecko :
04-17 01:24:09.153 3456 3471 I Gecko : {"action":"log","time":1744853049152,"thread":null,"pid":null,"source":"reftest","level":"DEBUG","message":"RecordResult fired"}
04-17 01:24:09.154 3456 3471 I Gecko :
04-17 01:24:09.154 3456 3471 I Gecko : {"action":"test_status","time":1744853049154,"thread":null,"pid":null,"source":"reftest","test":"layout/reftests/bugs/23604-1.html == layout/reftests/bugs/23604-1-ref.html","subtest":"image comparison, max difference: 0, number of differing pixels: 0","status":"PASS","extra":{"status_msg":"Pass","modifiers":["==","23604-1.html","23604-1-ref.html"]}}
04-17 01:24:09.154 3456 3471 I Gecko :
04-17 01:24:09.154 3456 3471 I Gecko : {"action":"test_end","time":1744853049154,"thread":null,"pid":null,"source":"reftest","test":"layout/reftests/bugs/23604-1.html == layout/reftests/bugs/23604-1-ref.html","status":"OK"}
04-17 01:24:09.154 3456 3471 I Gecko :
04-17 01:24:09.154 3456 3471 I Gecko : {"action":"log","time":1744853049154,"thread":null,"pid":null,"source":"reftest","level":"DEBUG","message":"Loading a blank page"}
04-17 01:24:09.176 3488 3504 W Web Content: [JavaScript Warning: "This page is in Quirks Mode. Page layout may be impacted. For Standards Mode use “”." {file: "data:text/html;charset=UTF-8,%3C%21%2D%2DCLEAR%2D%2D%3E" line: 0}]
04-17 01:24:09.182 3456 3471 D GeckoViewContent: handleEvent: pagetitlechanged
04-17 01:24:09.190 3456 3471 I Gecko :
04-17 01:24:09.190 3456 3471 I Gecko : {"action":"assertion_count","time":1744853049190,"thread":null,"pid":null,"source":"reftest","test":"layout/reftests/bugs/23604-1.html == layout/reftests/bugs/23604-1-ref.html","min_expected":0,"max_expected":0,"count":0}
04-17 01:24:09.190 3456 3471 I Gecko :
04-17 01:24:09.190 3456 3471 I Gecko : {"action":"test_start","time":1744853049190,"thread":null,"pid":null,"source":"reftest","test":"layout/reftests/bugs/23604-2.html == layout/reftests/bugs/23604-2-ref.html"}
04-17 01:24:09.191 3456 3471 I Gecko : REFTEST TEST-LOAD | http://10.0.2.2:8854/tests/layout/reftests/bugs/23604-2.html | 36 / 2088 (1%)
04-17 01:24:09.191 3456 3471 I Gecko :
04-17 01:24:09.191 3456 3471 I Gecko : {"action":"log","time":1744853049191,"thread":null,"pid":null,"source":"reftest","level":"DEBUG","message":"START http://10.0.2.2:8854/tests/layout/reftests/bugs/23604-2.html"}
04-17 01:24:09.225 3538 3569 E eglCodecCommon: glUtilsParamSize: unknow param 0x00008caa
04-17 01:24:09.232 3488 3504 W Web Content: [JavaScript Warning: "This page is in Quirks Mode. Page layout may be impacted. For Standards Mode use “”." {file: "http://10.0.2.2:8854/tests/layout/reftests/bugs/23604-2.html" line: 0}]
04-17 01:24:09.262 3456 3471 D GeckoViewContent: handleEvent: pagetitlechanged
04-17 01:24:09.279 3456 3471 I Gecko :
04-17 01:24:09.279 3456 3471 I Gecko : {"action":"log","time":1744853049279,"thread":null,"pid":null,"source":"reftest","level":"DEBUG","message":"[CONTENT] OnDocumentLoad triggering AfterOnLoadScripts"}
04-17 01:24:09.309 3456 3471 I Gecko :
04-17 01:24:09.309 3456 3471 I Gecko : {"action":"log","time":1744853049309,"thread":null,"pid":null,"source":"reftest","level":"DEBUG","message":"Initializing canvas snapshot"}
04-17 01:24:09.309 3456 3471 I Gecko :
04-17 01:24:09.309 3456 3471 I Gecko : {"action":"log","time":1744853049309,"thread":null,"pid":null,"source":"reftest","level":"DEBUG","message":"DoDrawWindow 0,0,800,1000"}
04-17 01:24:09.330 3538 3569 E eglCodecCommon: glUtilsParamSize: unknow param 0x00008caa
04-17 01:24:09.487 3538 3569 E eglCodecCommon: glUtilsParamSize: unknow param 0x00008741
04-17 01:24:09.623 3538 3569 E eglCodecCommon: glUtilsParamSize: unknow param 0x00008caa
04-17 01:24:09.712 3538 3569 E eglCodecCommon: glUtilsParamSize: unknow param 0x00008caa
04-17 01:24:09.803 3538 3569 E eglCodecCommon: glUtilsParamSize: unknow param 0x00008caa
04-17 01:24:09.893 3538 3569 E eglCodecCommon: glUtilsParamSize: unknow param 0x00000d02
04-17 01:24:09.903 3538 3569 E eglCodecCommon: glUtilsParamSize: unknow param 0x00008caa
04-17 01:24:09.934 3456 3471 I Gecko :
04-17 01:24:09.934 3456 3471 I Gecko : {"action":"log","time":1744853049934,"thread":null,"pid":null,"source":"reftest","level":"DEBUG","message":"[CONTENT] RecordResult fired"}
04-17 01:24:09.935 3456 3471 I Gecko :
04-17 01:24:09.935 3456 3471 I Gecko : {"action":"log","time":1744853049935,"thread":null,"pid":null,"source":"reftest","level":"DEBUG","message":"RecordResult fired"}
04-17 01:24:09.935 3456 3471 I Gecko : REFTEST TEST-LOAD | http://10.0.2.2:8854/tests/layout/reftests/bugs/23604-2-ref.html | 36 / 2088 (1%)
04-17 01:24:09.935 3456 3471 I Gecko :
04-17 01:24:09.935 3456 3471 I Gecko : {"action":"log","time":1744853049935,"thread":null,"pid":null,"source":"reftest","level":"DEBUG","message":"START http://10.0.2.2:8854/tests/layout/reftests/bugs/23604-2-ref.html"}
04-17 01:24:09.979 3488 3504 W Web Content: [JavaScript Warning: "This page is in Quirks Mode. Page layout may be impacted. For Standards Mode use “”." {file: "http://10.0.2.2:8854/tests/layout/reftests/bugs/23604-2-ref.html" line: 0}]
04-17 01:24:09.989 3456 3471 D GeckoViewContent: handleEvent: pagetitlechanged
04-17 01:24:10.002 3456 3471 I Gecko :
04-17 01:24:10.002 3456 3471 I Gecko : {"action":"log","time":1744853050002,"thread":null,"pid":null,"source":"reftest","level":"DEBUG","message":"[CONTENT] OnDocumentLoad triggering AfterOnLoadScripts"}
04-17 01:24:10.017 3538 3569 E eglCodecCommon: glUtilsParamSize: unknow param 0x00008caa
04-17 01:24:10.031 3456 3471 I Gecko :
04-17 01:24:10.031 3456 3471 I Gecko : {"action":"log","time":1744853050031,"thread":null,"pid":null,"source":"reftest","level":"DEBUG","message":"Initializing canvas snapshot"}
04-17 01:24:10.032 3456 3471 I Gecko :
04-17 01:24:10.032 3456 3471 I Gecko : {"action":"log","time":1744853050031,"thread":null,"pid":null,"source":"reftest","level":"DEBUG","message":"DoDrawWindow 0,0,800,1000"}
04-17 01:24:10.112 3538 3569 E eglCodecCommon: glUtilsParamSize: unknow param 0x00008caa
04-17 01:24:10.203 3538 3569 E eglCodecCommon: glUtilsParamSize: unknow param 0x00008caa
04-17 01:24:10.295 3538 3569 E eglCodecCommon: glUtilsParamSize: unknow param 0x00008caa
04-17 01:24:10.380 3538 3569 E eglCodecCommon: glUtilsParamSize: unknow param 0x00000d02
04-17 01:24:10.389 3538 3569 E eglCodecCommon: glUtilsParamSize: unknow param 0x00008caa
04-17 01:24:10.418 3456 3471 I Gecko :
04-17 01:24:10.418 3456 3471 I Gecko : {"action":"log","time":1744853050418,"thread":null,"pid":null,"source":"reftest","level":"DEBUG","message":"[CONTENT] RecordResult fired"}
04-17 01:24:10.419 3456 3471 I Gecko :
04-17 01:24:10.419 3456 3471 I Gecko : {"action":"log","time":1744853050419,"thread":null,"pid":null,"source":"reftest","level":"DEBUG","message":"RecordResult fired"}
04-17 01:24:10.420 3456 3471 I Gecko :
04-17 01:24:10.420 3456 3471 I Gecko : {"action":"test_status","time":1744853050420,"thread":null,"pid":null,"source":"reftest","test":"layout/reftests/bugs/23604-2.html == layout/reftests/bugs/23604-2-ref.html","subtest":"image comparison, max difference: 0, number of differing pixels: 0","status":"PASS","extra":{"status_msg":"Pass","modifiers":["==","23604-2.html","23604-2-ref.html"]}}
04-17 01:24:10.420 3456 3471 I Gecko :
04-17 01:24:10.420 3456 3471 I Gecko : {"action":"test_end","time":1744853050420,"thread":null,"pid":null,"source":"reftest","test":"layout/reftests/bugs/23604-2.html == layout/reftests/bugs/23604-2-ref.html","status":"OK"}
04-17 01:24:10.420 3456 3471 I Gecko :
04-17 01:24:10.420 3456 3471 I Gecko : {"action":"log","time":1744853050420,"thread":null,"pid":null,"source":"reftest","level":"DEBUG","message":"Loading a blank page"}
04-17 01:24:10.443 3488 3504 W Web Content: [JavaScript Warning: "This page is in Quirks Mode. Page layout may be impacted. For Standards Mode use “”." {file: "data:text/html;charset=UTF-8,%3C%21%2D%2DCLEAR%2D%2D%3E" line: 0}]
04-17 01:24:10.449 3456 3471 D GeckoViewContent: handleEvent: pagetitlechanged
04-17 01:24:10.459 3456 3471 I Gecko :
04-17 01:24:10.459 3456 3471 I Gecko : {"action":"assertion_count","time":1744853050458,"thread":null,"pid":null,"source":"reftest","test":"layout/reftests/bugs/23604-2.html == layout/reftests/bugs/23604-2-ref.html","min_expected":0,"max_expected":0,"count":0}
04-17 01:24:10.459 3456 3471 I Gecko :
04-17 01:24:10.459 3456 3471 I Gecko : {"action":"test_start","time":1744853050459,"thread":null,"pid":null,"source":"reftest","test":"layout/reftests/bugs/24998-1.html != layout/reftests/bugs/24998-1-ref.html"}
04-17 01:24:10.460 3456 3471 I Gecko : REFTEST TEST-LOAD | http://10.0.2.2:8854/tests/layout/reftests/bugs/24998-1.html | 37 / 2088 (1%)
04-17 01:24:10.460 3456 3471 I Gecko :
04-17 01:24:10.460 3456 3471 I Gecko : {"action":"log","time":1744853050460,"thread":null,"pid":null,"source":"reftest","level":"DEBUG","message":"START http://10.0.2.2:8854/tests/layout/reftests/bugs/24998-1.html"}
04-17 01:24:10.492 3538 3569 E eglCodecCommon: glUtilsParamSize: unknow param 0x00008caa
04-17 01:24:10.517 3456 3471 D GeckoViewContent: handleEvent: pagetitlechanged
04-17 01:24:10.530 3456 3471 I Gecko :
04-17 01:24:10.530 3456 3471 I Gecko : {"action":"log","time":1744853050530,"thread":null,"pid":null,"source":"reftest","level":"DEBUG","message":"[CONTENT] OnDocumentLoad triggering AfterOnLoadScripts"}
04-17 01:24:10.560 3456 3471 I Gecko :
04-17 01:24:10.560 3456 3471 I Gecko : {"action":"log","time":1744853050560,"thread":null,"pid":null,"source":"reftest","level":"DEBUG","message":"Initializing canvas snapshot"}
04-17 01:24:10.561 3456 3471 I Gecko :
04-17 01:24:10.561 3456 3471 I Gecko : {"action":"log","time":1744853050561,"thread":null,"pid":null,"source":"reftest","level":"DEBUG","message":"DoDrawWindow 0,0,800,1000"}
04-17 01:24:10.598 3538 3569 E eglCodecCommon: glUtilsParamSize: unknow param 0x00008caa
04-17 01:24:10.713 3538 3569 E eglCodecCommon: glUtilsParamSize: unknow param 0x00008741
04-17 01:24:10.821 3538 3569 E eglCodecCommon: glUtilsParamSize: unknow param 0x00008741
04-17 01:24:11.007 3538 3569 E eglCodecCommon: glUtilsParamSize: unknow param 0x00008caa
04-17 01:24:11.097 3538 3569 E eglCodecCommon: glUtilsParamSize: unknow param 0x00008caa
04-17 01:24:11.189 3538 3569 E eglCodecCommon: glUtilsParamSize: unknow param 0x00008caa
04-17 01:24:11.275 3538 3569 E eglCodecCommon: glUtilsParamSize: unknow param 0x00000d02
04-17 01:24:11.284 3538 3569 E eglCodecCommon: glUtilsParamSize: unknow param 0x00008caa
04-17 01:24:11.315 3456 3471 I Gecko :
04-17 01:24:11.315 3456 3471 I Gecko : {"action":"log","time":1744853051315,"thread":null,"pid":null,"source":"reftest","level":"DEBUG","message":"[CONTENT] RecordResult fired"}
04-17 01:24:11.316 3456 3471 I Gecko :
04-17 01:24:11.316 3456 3471 I Gecko : {"action":"log","time":1744853051316,"thread":null,"pid":null,"source":"reftest","level":"DEBUG","message":"RecordResult fired"}
04-17 01:24:11.317 3456 3471 I Gecko : REFTEST TEST-LOAD | http://10.0.2.2:8854/tests/layout/reftests/bugs/24998-1-ref.html | 37 / 2088 (1%)
04-17 01:24:11.317 3456 3471 I Gecko :
04-17 01:24:11.317 3456 3471 I Gecko : {"action":"log","time":1744853051317,"thread":null,"pid":null,"source":"reftest","level":"DEBUG","message":"START http://10.0.2.2:8854/tests/layout/reftests/bugs/24998-1-ref.html"}
04-17 01:24:11.332 3456 3456 I org.mozilla.geckoview.test_runner: type=1400 audit(0.0:22): avc: denied { create } for comm=43616368653220492F4F name="EFD26AF5241BBC13AE99BEF0FD8FB91C3A301718" scontext=u:r:untrusted_app:s0:c512,c768 tcontext=u:object_r:shell_data_file:s0:c512,c768 tclass=file permissive=1
04-17 01:24:11.371 3456 3471 D GeckoViewContent: handleEvent: pagetitlechanged
04-17 01:24:11.384 3456 3471 I Gecko :
04-17 01:24:11.384 3456 3471 I Gecko : {"action":"log","time":1744853051384,"thread":null,"pid":null,"source":"reftest","level":"DEBUG","message":"[CONTENT] OnDocumentLoad triggering AfterOnLoadScripts"}
04-17 01:24:11.400 3538 3569 E eglCodecCommon: glUtilsParamSize: unknow param 0x00008caa
04-17 01:24:11.414 3456 3471 I Gecko :
04-17 01:24:11.414 3456 3471 I Gecko : {"action":"log","time":1744853051414,"thread":null,"pid":null,"source":"reftest","level":"DEBUG","message":"Initializing canvas snapshot"}
04-17 01:24:11.414 3456 3471 I Gecko :
04-17 01:24:11.414 3456 3471 I Gecko : {"action":"log","time":1744853051414,"thread":null,"pid":null,"source":"reftest","level":"DEBUG","message":"DoDrawWindow 0,0,800,1000"}
04-17 01:24:11.516 3538 3569 E eglCodecCommon: glUtilsParamSize: unknow param 0x00008caa
04-17 01:24:11.603 3538 3569 E eglCodecCommon: glUtilsParamSize: unknow param 0x00008caa
04-17 01:24:11.691 3538 3569 E eglCodecCommon: glUtilsParamSize: unknow param 0x00008caa
04-17 01:24:11.771 3538 3569 E eglCodecCommon: glUtilsParamSize: unknow param 0x00000d02
04-17 01:24:11.780 3538 3569 E eglCodecCommon: glUtilsParamSize: unknow param 0x00008caa
04-17 01:24:11.812 3456 3471 I Gecko :
04-17 01:24:11.812 3456 3471 I Gecko : {"action":"log","time":1744853051812,"thread":null,"pid":null,"source":"reftest","level":"DEBUG","message":"[CONTENT] RecordResult fired"}
04-17 01:24:11.812 3456 3471 I Gecko :
04-17 01:24:11.812 3456 3471 I Gecko : {"action":"log","time":1744853051812,"thread":null,"pid":null,"source":"reftest","level":"DEBUG","message":"RecordResult fired"}
04-17 01:24:11.813 3456 3471 I Gecko :
04-17 01:24:11.813 3456 3471 I Gecko : {"action":"test_status","time":1744853051813,"thread":null,"pid":null,"source":"reftest","test":"layout/reftests/bugs/24998-1.html != layout/reftests/bugs/24998-1-ref.html","subtest":"image comparison, max difference: 255, number of differing pixels: 2332","status":"PASS","extra":{"status_msg":"Pass","modifiers":["!=","24998-1.html","24998-1-ref.html"]}}
04-17 01:24:11.814 3456 3471 I Gecko :
04-17 01:24:11.814 3456 3471 I Gecko : {"action":"test_end","time":1744853051814,"thread":null,"pid":null,"source":"reftest","test":"layout/reftests/bugs/24998-1.html != layout/reftests/bugs/24998-1-ref.html","status":"OK"}
04-17 01:24:11.814 3456 3471 I Gecko :
04-17 01:24:11.814 3456 3471 I Gecko : {"action":"log","time":1744853051814,"thread":null,"pid":null,"source":"reftest","level":"DEBUG","message":"Loading a blank page"}
04-17 01:24:11.833 3488 3504 W Web Content: [JavaScript Warning: "This page is in Quirks Mode. Page layout may be impacted. For Standards Mode use “”." {file: "data:text/html;charset=UTF-8,%3C%21%2D%2DCLEAR%2D%2D%3E" line: 0}]
04-17 01:24:11.839 3456 3471 D GeckoViewContent: handleEvent: pagetitlechanged
04-17 01:24:11.849 3456 3471 I Gecko :
04-17 01:24:11.849 3456 3471 I Gecko : {"action":"assertion_count","time":1744853051849,"thread":null,"pid":null,"source":"reftest","test":"layout/reftests/bugs/24998-1.html != layout/reftests/bugs/24998-1-ref.html","min_expected":0,"max_expected":0,"count":0}
04-17 01:24:11.849 3456 3471 I Gecko :
04-17 01:24:11.849 3456 3471 I Gecko : {"action":"test_start","time":1744853051849,"thread":null,"pid":null,"source":"reftest","test":"layout/reftests/bugs/256180-1.html == layout/reftests/bugs/256180-1-ref.html"}
04-17 01:24:11.849 3456 3471 I Gecko :
04-17 01:24:11.849 3456 3471 I Gecko : {"action":"test_end","time":1744853051849,"thread":null,"pid":null,"source":"reftest","test":"layout/reftests/bugs/256180-1.html == layout/reftests/bugs/256180-1-ref.html","status":"SKIP"}
04-17 01:24:11.850 3456 3471 I Gecko :
04-17 01:24:11.850 3456 3471 I Gecko : {"action":"test_start","time":1744853051850,"thread":null,"pid":null,"source":"reftest","test":"layout/reftests/bugs/256180-2.html == layout/reftests/bugs/256180-2-ref.html"}
04-17 01:24:11.850 3456 3471 I Gecko :
04-17 01:24:11.850 3456 3471 I Gecko : {"action":"test_end","time":1744853051850,"thread":null,"pid":null,"source":"reftest","test":"layout/reftests/bugs/256180-2.html == layout/reftests/bugs/256180-2-ref.html","status":"SKIP"}
04-17 01:24:11.850 3456 3471 I Gecko :
04-17 01:24:11.850 3456 3471 I Gecko : {"action":"test_start","time":1744853051850,"thread":null,"pid":null,"source":"reftest","test":"layout/reftests/bugs/256180-3.html == layout/reftests/bugs/256180-3-ref.html"}
04-17 01:24:11.850 3456 3471 I Gecko :
04-17 01:24:11.850 3456 3471 I Gecko : {"action":"test_end","time":1744853051850,"thread":null,"pid":null,"source":"reftest","test":"layout/reftests/bugs/256180-3.html == layout/reftests/bugs/256180-3-ref.html","status":"SKIP"}
04-17 01:24:11.851 3456 3471 I Gecko :
04-17 01:24:11.851 3456 3471 I Gecko : {"action":"test_start","time":1744853051850,"thread":null,"pid":null,"source":"reftest","test":"layout/reftests/bugs/256180-4.html == layout/reftests/bugs/256180-4-ref.html"}
04-17 01:24:11.851 3456 3471 I Gecko :
04-17 01:24:11.851 3456 3471 I Gecko : {"action":"test_end","time":1744853051851,"thread":null,"pid":null,"source":"reftest","test":"layout/reftests/bugs/256180-4.html == layout/reftests/bugs/256180-4-ref.html","status":"SKIP"}
04-17 01:24:11.852 3456 3471 I Gecko :
04-17 01:24:11.852 3456 3471 I Gecko : {"action":"test_start","time":1744853051851,"thread":null,"pid":null,"source":"reftest","test":"layout/reftests/bugs/256180-6.html == layout/reftests/bugs/256180-6-ref.html"}
04-17 01:24:11.852 3456 3471 I Gecko :
04-17 01:24:11.852 3456 3471 I Gecko : {"action":"test_end","time":1744853051852,"thread":null,"pid":null,"source":"reftest","test":"layout/reftests/bugs/256180-6.html == layout/reftests/bugs/256180-6-ref.html","status":"SKIP"}
04-17 01:24:11.852 3456 3471 I Gecko :
04-17 01:24:11.852 3456 3471 I Gecko : {"action":"test_start","time":1744853051852,"thread":null,"pid":null,"source":"reftest","test":"layout/reftests/bugs/256180-5.html == layout/reftests/bugs/256180-5-ref.html"}
04-17 01:24:11.852 3456 3471 I Gecko :
