04-17 01:23:30.919 3611 3626 D GeckoThread: env var: R_LOG_DESTINATION=stderr
04-17 01:23:30.920 3611 3626 D GeckoThread: env var: R_LOG_VERBOSE=1
04-17 01:23:30.920 3611 3626 D GeckoThread: env var: XPCOM_DEBUG_BREAK=stack
04-17 01:23:30.920 3611 3626 D GeckoThread: env var: GTK_THEME=Adwaita
04-17 01:23:30.920 3611 3626 D GeckoThread: env var: MOZ_ACCELERATED=1
04-17 01:23:30.920 3538 3569 E eglCodecCommon: glUtilsParamSize: unknow param 0x00008caa
04-17 01:23:30.921 3611 3626 W linker : /data/app/org.mozilla.geckoview.test_runner-1/lib/x86_64/libmozglue.so: unused DT entry: type 0x24 arg 0x3ded0
04-17 01:23:30.921 3611 3626 W linker : /data/app/org.mozilla.geckoview.test_runner-1/lib/x86_64/libmozglue.so: unused DT entry: type 0x23 arg 0x200
04-17 01:23:30.921 3611 3626 W linker : /data/app/org.mozilla.geckoview.test_runner-1/lib/x86_64/libmozglue.so: unused DT entry: type 0x25 arg 0x8
04-17 01:23:30.923 3456 3486 D ServiceAllocator: org.mozilla.gecko.process.GeckoChildProcessServices$tab29 updateBindings: FOREGROUND priority, 2 importance, 0 successful binds, 0 failed binds, 0 successful unbinds
04-17 01:23:30.924 3611 3626 D GeckoThread: State changed to MOZGLUE_READY
04-17 01:23:30.927 3456 3471 D GeckoViewModule: registerListener ["GeckoViewContent:ExitFullScreen","GeckoView:ClearMatches","GeckoView:DisplayMatches","GeckoView:FindInPage","GeckoView:HasCookieBannerRuleForBrowsingContextTree","GeckoView:RestoreState","GeckoView:ContainsFormData","GeckoView:RequestCreateAnalysis","GeckoView:RequestAnalysisStatus","GeckoView:RequestAnalysisCreationStatus","GeckoView:PollForAnalysisCompleted","GeckoView:SendClickAttributionEvent","GeckoView:SendImpressionAttributionEvent","GeckoView:SendPlacementAttributionEvent","GeckoView:RequestAnalysis","GeckoView:RequestRecommendations","GeckoView:ReportBackInStock","GeckoView:ScrollBy","GeckoView:ScrollTo","GeckoView:SetActive","GeckoView:SetFocused","GeckoView:SetPriorityHint","GeckoView:UpdateInitData","GeckoView:ZoomToInput","GeckoView:IsPdfJs","GeckoView:GetWebCompatInfo","GeckoView:SendMoreWebCompatInfo"]
04-17 01:23:30.929 3456 3471 D GeckoViewNavigation: onInit
04-17 01:23:30.929 3456 3471 D GeckoViewModule: registerListener ["GeckoView:GoBack","GeckoView:GoForward","GeckoView:GotoHistoryIndex","GeckoView:LoadUri","GeckoView:Reload","GeckoView:Stop","GeckoView:PurgeHistory","GeckoView:DotPrintFinish"]
04-17 01:23:30.930 3456 3471 D GeckoViewNavigation: onEnable
04-17 01:23:30.930 3456 3471 D GeckoViewProcessHangMonitor: onInit
04-17 01:23:30.930 3456 3471 D GeckoViewProcessHangMonitor: onEnable
04-17 01:23:30.930 3456 3471 D GeckoViewModule: registerListener ["GeckoView:HangReportStop","GeckoView:HangReportWait"]
04-17 01:23:30.932 3456 3471 D GeckoViewSettings: onInit
04-17 01:23:30.932 3456 3471 D GeckoViewModule: registerListener ["GeckoView:GetUserAgent"]
04-17 01:23:30.932 3456 3471 D GeckoViewSettings: onSettingsUpdate: {"isExtensionPopup":false,"chromeUri":null,"screenId":0,"userAgentOverride":null,"allowJavascript":true,"userAgentMode":0,"viewportMode":0,"useTrackingProtection":false,"suspendMediaWhenInactive":false,"usePrivateMode":false,"unsafeSessionContextId":null,"displayMode":0,"sessionContextId":null,"fullAccessibilityTree":false}
04-17 01:23:30.934 3456 3471 D GeckoViewModule: registerListener ["GeckoView:WebExtension:SetTabActive","GeckoView:FlushSessionState"]
04-17 01:23:30.935 3538 3569 E eglCodecCommon: glUtilsParamSize: unknow param 0x00008caa
04-17 01:23:30.935 3456 3471 D GeckoViewTranslations: onInit
04-17 01:23:30.935 3456 3471 D GeckoViewModule: registerListener ["GeckoView:Translations:Translate","GeckoView:Translations:RestorePage","GeckoView:Translations:GetNeverTranslateSite","GeckoView:Translations:SetNeverTranslateSite"]
04-17 01:23:30.935 3611 3626 D GeckoLoader: Library base=/data/app/org.mozilla.geckoview.test_runner-1/lib/x86_64
04-17 01:23:30.936 3611 3626 D GeckoLoader: Library base=/data/app/org.mozilla.geckoview.test_runner-1/lib/x86_64
04-17 01:23:30.936 3611 3626 E GeckoLibLoad: Load sqlite start
04-17 01:23:30.936 3611 3626 W linker : /data/app/org.mozilla.geckoview.test_runner-1/lib/x86_64/libnss3.so: unused DT entry: type 0x24 arg 0x163f0
04-17 01:23:30.936 3611 3626 W linker : /data/app/org.mozilla.geckoview.test_runner-1/lib/x86_64/libnss3.so: unused DT entry: type 0x23 arg 0x698
04-17 01:23:30.937 3611 3626 W linker : /data/app/org.mozilla.geckoview.test_runner-1/lib/x86_64/libnss3.so: unused DT entry: type 0x25 arg 0x8
04-17 01:23:30.938 3611 3626 E GeckoLibLoad: Load sqlite done
04-17 01:23:30.938 3611 3626 D GeckoLoader: Library base=/data/app/org.mozilla.geckoview.test_runner-1/lib/x86_64
04-17 01:23:30.938 3611 3626 E GeckoLibLoad: Load nss start
04-17 01:23:30.938 3611 3626 E GeckoLibLoad: Load nss done
04-17 01:23:30.938 3611 3626 D GeckoLoader: Library base=/data/app/org.mozilla.geckoview.test_runner-1/lib/x86_64
04-17 01:23:30.939 3611 3626 W linker : /data/app/org.mozilla.geckoview.test_runner-1/lib/x86_64/libxul.so: unused DT entry: type 0x24 arg 0x5ee70
04-17 01:23:30.939 3611 3626 W linker : /data/app/org.mozilla.geckoview.test_runner-1/lib/x86_64/libxul.so: unused DT entry: type 0x23 arg 0x1d658
04-17 01:23:30.939 3611 3626 W linker : /data/app/org.mozilla.geckoview.test_runner-1/lib/x86_64/libxul.so: unused DT entry: type 0x25 arg 0x8
04-17 01:23:30.939 3611 3626 W linker : /data/app/org.mozilla.geckoview.test_runner-1/lib/x86_64/libgkcodecs.so: unused DT entry: type 0x24 arg 0x34d0
04-17 01:23:30.939 3611 3626 W linker : /data/app/org.mozilla.geckoview.test_runner-1/lib/x86_64/libgkcodecs.so: unused DT entry: type 0x23 arg 0xa60
04-17 01:23:30.939 3611 3626 W linker : /data/app/org.mozilla.geckoview.test_runner-1/lib/x86_64/libgkcodecs.so: unused DT entry: type 0x25 arg 0x8
04-17 01:23:30.951 3456 3471 I GeckoSession: zerdatime 49409 - chrome startup finished
04-17 01:23:30.951 3538 3569 E eglCodecCommon: glUtilsParamSize: unknow param 0x00008caa
04-17 01:23:30.953 3456 3471 I Gecko : nsWindow[0x7aae3bee9f00]::Show 1
04-17 01:23:30.964 3538 3569 E eglCodecCommon: glUtilsParamSize: unknow param 0x00008caa
04-17 01:23:30.977 3538 3569 E eglCodecCommon: glUtilsParamSize: unknow param 0x00008caa
04-17 01:23:30.978 3456 3471 D GeckoViewModule: dispatch GeckoView:WebExtension:SetTabActive, data={"active":true}
04-17 01:23:30.979 3456 3471 D GeckoViewTab: onEvent: event=GeckoView:WebExtension:SetTabActive, data={"active":true}
04-17 01:23:30.980 3456 3471 D GeckoViewXUL: onEvent GeckoView:UpdateModuleState {"enabled":true,"module":"GeckoViewExperiment"}
04-17 01:23:30.981 3456 3471 D GeckoViewXUL: onEvent GeckoView:UpdateModuleState {"enabled":true,"module":"GeckoViewSelectionAction"}
04-17 01:23:30.983 3456 3471 D GeckoViewSelectionAction: onEnable
04-17 01:23:30.983 3456 3471 D GeckoViewModule: registerListener ["GeckoView:ExecuteSelectionAction"]
04-17 01:23:30.986 3538 3569 E eglCodecCommon: glUtilsParamSize: unknow param 0x00008caa
04-17 01:23:30.990 3456 3471 D GeckoViewXUL: onEvent GeckoView:UpdateModuleState {"enabled":true,"module":"GeckoViewPrint"}
04-17 01:23:30.992 3456 3471 D GeckoViewModule: dispatch GeckoView:SetFocused, data={"focused":true}
04-17 01:23:30.992 3456 3471 D GeckoViewContent: onEvent: event=GeckoView:SetFocused, data={"focused":true}
04-17 01:23:30.993 3456 3471 D GeckoViewModule: dispatch GeckoView:SetActive, data={"active":true}
04-17 01:23:30.993 3456 3471 D GeckoViewContent: onEvent: event=GeckoView:SetActive, data={"active":true}
04-17 01:23:30.994 3456 3471 D GeckoViewModule: dispatch GeckoView:SetFocused, data={"focused":true}
04-17 01:23:30.994 3456 3471 D GeckoViewContent: onEvent: event=GeckoView:SetFocused, data={"focused":true}
04-17 01:23:30.996 3538 3569 E eglCodecCommon: glUtilsParamSize: unknow param 0x00008caa
04-17 01:23:31.005 3456 3456 D WebExtension: handleMessage GeckoView:WebExtension:OnInstalled
04-17 01:23:31.010 3456 3456 D WebExtension: handleMessage GeckoView:WebExtension:OnReady
04-17 01:23:31.010 3456 3456 D WebExtension: handleMessage GeckoView:WebExtension:OnOptionalPermissionsChanged
04-17 01:23:31.011 3538 3569 E eglCodecCommon: glUtilsParamSize: unknow param 0x00008caa
04-17 01:23:31.013 3456 3456 D WebExtension: handleMessage GeckoView:WebExtension:OnOptionalPermissionsChanged
04-17 01:23:31.013 3611 3626 E GeckoLibLoad: Loaded libs in 74.842990ms total, 0ms(0ms) user, 60ms(70ms) system, 0(0) faults
04-17 01:23:31.013 3611 3626 D GeckoThread: State changed to LIBS_READY
04-17 01:23:31.013 3611 3626 W GeckoThread: zerdatime 49472 - runGecko
04-17 01:23:31.013 3456 3456 I WebExtension: releasePendingMessages: extension=test-runner-support@tests.mozilla.org nativeApp=test-runner-support session=null
04-17 01:23:31.035 3611 3626 I Gecko : [Child 3611, Main Thread] WARNING: NS_ENSURE_SUCCESS(rv, rv) failed with result 0x80004005 (NS_ERROR_FAILURE): file /builds/worker/checkouts/gecko/toolkit/xre/nsXREDirProvider.cpp:472
04-17 01:23:31.068 3456 3471 D GeckoViewContent: handleEvent: pagetitlechanged
04-17 01:23:31.080 3456 3471 I Gecko :
04-17 01:23:31.080 3456 3471 I Gecko : {"action":"log","time":1744853011080,"thread":null,"pid":null,"source":"reftest","level":"DEBUG","message":"Reading 96 manifests"}
04-17 01:23:31.081 3456 3471 I Gecko :
04-17 01:23:31.081 3456 3471 I Gecko : {"action":"log","time":1744853011080,"thread":null,"pid":null,"source":"reftest","level":"INFO","message":"Reading manifest http://10.0.2.2:8854/tests/layout/reftests/bugs/reftest.list"}
04-17 01:23:31.111 3611 3626 D GeckoThread: State changed to RUNNING
04-17 01:23:31.129 1658 1726 E TaskPersister: File error accessing recents directory (directory doesn't exist?).
04-17 01:23:31.134 3538 3569 W webrender::device::gl: Cropping texture upload Box2D((0, 0), (0, 1)) to None
04-17 01:23:31.139 3538 3569 W webrender::device::gl: Cropping texture upload Box2D((0, 0), (0, 1)) to None
04-17 01:23:31.159 3538 3569 W webrender::device::gl: Cropping texture upload Box2D((0, 0), (0, 1)) to None
04-17 01:23:31.178 3456 3471 I Gecko :
04-17 01:23:31.178 3456 3471 I Gecko : {"action":"log","time":1744853011177,"thread":null,"pid":null,"source":"reftest","level":"INFO","message":"Dumping representation of sandbox which can be used for expectation annotations"}
04-17 01:23:31.179 3611 3626 D GeckoViewStartup: observe: content-process-ready-for-script
04-17 01:23:31.186 3611 3626 D GeckoViewConsole: enabled = true
04-17 01:23:31.205 3456 3471 I Gecko :
04-17 01:23:31.205 3456 3471 I Gecko : {"action":"log","time":1744853011205,"thread":null,"pid":null,"source":"reftest","level":"INFO","message":" aarch64: false"}
04-17 01:23:31.206 3456 3471 I Gecko :
04-17 01:23:31.206 3456 3471 I Gecko : {"action":"log","time":1744853011205,"thread":null,"pid":null,"source":"reftest","level":"INFO","message":" AddressSanitizer: false"}
04-17 01:23:31.206 3456 3471 I Gecko :
04-17 01:23:31.206 3456 3471 I Gecko : {"action":"log","time":1744853011206,"thread":null,"pid":null,"source":"reftest","level":"INFO","message":" Android: true"}
04-17 01:23:31.206 3456 3471 I Gecko :
04-17 01:23:31.206 3456 3471 I Gecko : {"action":"log","time":1744853011206,"thread":null,"pid":null,"source":"reftest","level":"INFO","message":" Android13: false"}
04-17 01:23:31.206 3456 3471 I Gecko :
04-17 01:23:31.206 3456 3471 I Gecko : {"action":"log","time":1744853011206,"thread":null,"pid":null,"source":"reftest","level":"INFO","message":" AndroidVersion: 24"}
04-17 01:23:31.206 3456 3471 I Gecko :
04-17 01:23:31.206 3456 3471 I Gecko : {"action":"log","time":1744853011206,"thread":null,"pid":null,"source":"reftest","level":"INFO","message":" appleSilicon: false"}
04-17 01:23:31.207 3456 3471 I Gecko :
04-17 01:23:31.207 3456 3471 I Gecko : {"action":"log","time":1744853011207,"thread":null,"pid":null,"source":"reftest","level":"INFO","message":" cocoaWidget: false"}
04-17 01:23:31.207 3456 3471 I Gecko :
04-17 01:23:31.207 3456 3471 I Gecko : {"action":"log","time":1744853011207,"thread":null,"pid":null,"source":"reftest","level":"INFO","message":" device: false"}
04-17 01:23:31.207 3456 3471 I Gecko :
04-17 01:23:31.207 3456 3471 I Gecko : {"action":"log","time":1744853011207,"thread":null,"pid":null,"source":"reftest","level":"INFO","message":" emulator: true"}
04-17 01:23:31.207 3456 3471 I Gecko :
04-17 01:23:31.207 3456 3471 I Gecko : {"action":"log","time":1744853011207,"thread":null,"pid":null,"source":"reftest","level":"INFO","message":" fission: false"}
04-17 01:23:31.208 3456 3471 I Gecko :
04-17 01:23:31.208 3456 3471 I Gecko : {"action":"log","time":1744853011208,"thread":null,"pid":null,"source":"reftest","level":"INFO","message":" geckoview: true"}
04-17 01:23:31.208 3456 3471 I Gecko :
04-17 01:23:31.208 3456 3471 I Gecko : {"action":"log","time":1744853011208,"thread":null,"pid":null,"source":"reftest","level":"INFO","message":" gfxSVGFE: true"}
04-17 01:23:31.208 3456 3471 I Gecko :
04-17 01:23:31.208 3456 3471 I Gecko : {"action":"log","time":1744853011208,"thread":null,"pid":null,"source":"reftest","level":"INFO","message":" gfxSVGFEBlend: true"}
04-17 01:23:31.208 3456 3471 I Gecko :
04-17 01:23:31.208 3456 3471 I Gecko : {"action":"log","time":1744853011208,"thread":null,"pid":null,"source":"reftest","level":"INFO","message":" gfxSVGFEColorMatrix: true"}
04-17 01:23:31.208 3456 3471 I Gecko :
04-17 01:23:31.208 3456 3471 I Gecko : {"action":"log","time":1744853011208,"thread":null,"pid":null,"source":"reftest","level":"INFO","message":" gfxSVGFEComponentTransfer: true"}
04-17 01:23:31.208 3456 3471 I Gecko :
04-17 01:23:31.208 3456 3471 I Gecko : {"action":"log","time":1744853011208,"thread":null,"pid":null,"source":"reftest","level":"INFO","message":" gfxSVGFEComposite: true"}
04-17 01:23:31.209 3456 3471 I Gecko :
04-17 01:23:31.209 3456 3471 I Gecko : {"action":"log","time":1744853011208,"thread":null,"pid":null,"source":"reftest","level":"INFO","message":" gfxSVGFEDropShadow: true"}
04-17 01:23:31.209 3456 3471 I Gecko :
04-17 01:23:31.209 3456 3471 I Gecko : {"action":"log","time":1744853011209,"thread":null,"pid":null,"source":"reftest","level":"INFO","message":" gfxSVGFEFlood: true"}
04-17 01:23:31.209 3456 3471 I Gecko :
04-17 01:23:31.209 3456 3471 I Gecko : {"action":"log","time":1744853011209,"thread":null,"pid":null,"source":"reftest","level":"INFO","message":" gfxSVGFEGaussianBlur: true"}
04-17 01:23:31.210 3456 3471 I Gecko :
04-17 01:23:31.210 3456 3471 I Gecko : {"action":"log","time":1744853011210,"thread":null,"pid":null,"source":"reftest","level":"INFO","message":" gfxSVGFEOffset: true"}
04-17 01:23:31.210 3456 3471 I Gecko :
04-17 01:23:31.210 3456 3471 I Gecko : {"action":"log","time":1744853011210,"thread":null,"pid":null,"source":"reftest","level":"INFO","message":" gtkWidget: false"}
04-17 01:23:31.211 3456 3471 I Gecko :
04-17 01:23:31.211 3456 3471 I Gecko : {"action":"log","time":1744853011210,"thread":null,"pid":null,"source":"reftest","level":"INFO","message":" incOriginInit: false"}
04-17 01:23:31.211 3456 3471 I Gecko :
04-17 01:23:31.211 3456 3471 I Gecko : {"action":"log","time":1744853011211,"thread":null,"pid":null,"source":"reftest","level":"INFO","message":" is64Bit: true"}
04-17 01:23:31.211 3456 3471 I Gecko :
04-17 01:23:31.211 3456 3471 I Gecko : {"action":"log","time":1744853011211,"thread":null,"pid":null,"source":"reftest","level":"INFO","message":" isCoverageBuild: false"}
04-17 01:23:31.211 3456 3471 I Gecko :
04-17 01:23:31.211 3456 3471 I Gecko : {"action":"log","time":1744853011211,"thread":null,"pid":null,"source":"reftest","level":"INFO","message":" isDebugBuild: true"}
04-17 01:23:31.213 3456 3471 I Gecko :
04-17 01:23:31.213 3456 3471 I Gecko : {"action":"log","time":1744853011211,"thread":null,"pid":null,"source":"reftest","level":"INFO","message":" mozinfo: {\"os\": \"android\", \"processor\": \"x86_64\", \"version\": \"Ubuntu 18.04\", \"os_version\": \"18.04\", \"bits\": 64, \"has_sandbox\": true, \"display\": \"x11\", \"android_version\": \"\", \"automation\": true, \"linux_distro\": \"Ubuntu\", \"apple_silicon\": false, \"apple_catalina\": false, \"win10_2009\": false, \"win11_2009\": false, \"is_ubuntu\": true, \"arch\": \"x86_64\", \"android_min_sdk\": \"21\", \"appname\": \"fennec\", \"artifact\": false, \"asan\": false, \"bin_suffix\": \"\", \"buildapp\": \"mobile/android\", \"buildtype\": \"debug\", \"buildtype_guess\": \"debug\", \"cc_type\": \"clang\", \"ccov\": false, \"crashreporter\": true, \"datareporting\": true, \"dbus_enabled\": false, \"debug\": true, \"devedition\": false, \"early_beta_or_earlier\": true, \"gecko_profiler\": true, \"healthreport\": true, \"isolated_process\": false, \"mozconfig\": \"/builds/worker/checkouts
04-17 01:23:31.213 3456 3471 I Gecko :
04-17 01:23:31.213 3456 3471 I Gecko : {"action":"log","time":1744853011213,"thread":null,"pid":null,"source":"reftest","level":"INFO","message":" nogpu: true"}
04-17 01:23:31.213 3456 3471 I Gecko :
04-17 01:23:31.213 3456 3471 I Gecko : {"action":"log","time":1744853011213,"thread":null,"pid":null,"source":"reftest","level":"INFO","message":" optimized: false"}
04-17 01:23:31.213 3456 3471 I Gecko :
04-17 01:23:31.213 3456 3471 I Gecko : {"action":"log","time":1744853011213,"thread":null,"pid":null,"source":"reftest","level":"INFO","message":" os_version: 18.04"}
04-17 01:23:31.213 3456 3471 I Gecko :
04-17 01:23:31.213 3456 3471 I Gecko : {"action":"log","time":1744853011213,"thread":null,"pid":null,"source":"reftest","level":"INFO","message":" prefs: {}"}
04-17 01:23:31.214 3456 3471 I Gecko :
04-17 01:23:31.214 3456 3471 I Gecko : {"action":"log","time":1744853011213,"thread":null,"pid":null,"source":"reftest","level":"INFO","message":" release_or_beta: false"}
04-17 01:23:31.214 3456 3471 I Gecko :
04-17 01:23:31.214 3456 3471 I Gecko : {"action":"log","time":1744853011214,"thread":null,"pid":null,"source":"reftest","level":"INFO","message":" swgl: false"}
04-17 01:23:31.214 3456 3471 I Gecko :
04-17 01:23:31.214 3456 3471 I Gecko : {"action":"log","time":1744853011214,"thread":null,"pid":null,"source":"reftest","level":"INFO","message":" ThreadSanitizer: false"}
04-17 01:23:31.214 3456 3471 I Gecko :
04-17 01:23:31.214 3456 3471 I Gecko : {"action":"log","time":1744853011214,"thread":null,"pid":null,"source":"reftest","level":"INFO","message":" useDrawSnapshot: false"}
04-17 01:23:31.214 3456 3471 I Gecko :
04-17 01:23:31.214 3456 3471 I Gecko : {"action":"log","time":1744853011214,"thread":null,"pid":null,"source":"reftest","level":"INFO","message":" wayland: false"}
04-17 01:23:31.214 3456 3471 I Gecko :
04-17 01:23:31.214 3456 3471 I Gecko : {"action":"log","time":1744853011214,"thread":null,"pid":null,"source":"reftest","level":"INFO","message":" webrtc: true"}
04-17 01:23:31.214 3456 3471 I Gecko :
04-17 01:23:31.214 3456 3471 I Gecko : {"action":"log","time":1744853011214,"thread":null,"pid":null,"source":"reftest","level":"INFO","message":" winWidget: false"}
04-17 01:23:31.214 3456 3471 I Gecko :
04-17 01:23:31.214 3456 3471 I Gecko : {"action":"log","time":1744853011214,"thread":null,"pid":null,"source":"reftest","level":"INFO","message":" x86: false"}
04-17 01:23:31.214 3456 3471 I Gecko :
04-17 01:23:31.214 3456 3471 I Gecko : {"action":"log","time":1744853011214,"thread":null,"pid":null,"source":"reftest","level":"INFO","message":" x86_64: true"}
04-17 01:23:31.215 3456 3471 I Gecko :
04-17 01:23:31.215 3456 3471 I Gecko : {"action":"log","time":1744853011215,"thread":null,"pid":null,"source":"reftest","level":"INFO","message":" xulRuntime: {}"}
04-17 01:23:31.240 3538 3569 E eglCodecCommon: glUtilsParamSize: unknow param 0x00008caa
04-17 01:23:31.243 3611 3626 I Gecko : [Child 3611, Main Thread] WARNING: NS_ENSURE_SUCCESS(rv, rv) failed with result 0x80520012 (NS_ERROR_FILE_NOT_FOUND): file /builds/worker/checkouts/gecko/layout/style/Loader.cpp:2094
04-17 01:23:31.259 3538 3569 E eglCodecCommon: glUtilsParamSize: unknow param 0x00008caa
04-17 01:23:31.269 3538 3569 E eglCodecCommon: glUtilsParamSize: unknow param 0x00008caa
04-17 01:23:31.280 3538 3569 E eglCodecCommon: glUtilsParamSize: unknow param 0x00008caa
04-17 01:23:31.285 3611 3626 D GeckoViewSettings[C]: receiveMessage: SettingsUpdate
04-17 01:23:31.289 3538 3569 E eglCodecCommon: glUtilsParamSize: unknow param 0x00008caa
04-17 01:23:31.299 3538 3569 E eglCodecCommon: glUtilsParamSize: unknow param 0x00008caa
04-17 01:23:31.309 3538 3569 E eglCodecCommon: glUtilsParamSize: unknow param 0x00008caa
04-17 01:23:31.319 3538 3569 E eglCodecCommon: glUtilsParamSize: unknow param 0x00008caa
04-17 01:23:31.329 3538 3569 E eglCodecCommon: glUtilsParamSize: unknow param 0x00008caa
04-17 01:23:31.338 3538 3569 E eglCodecCommon: glUtilsParamSize: unknow param 0x00008caa
04-17 01:23:31.349 3538 3569 E eglCodecCommon: glUtilsParamSize: unknow param 0x00008caa
04-17 01:23:31.381 3538 3569 W webrender::device::gl: Cropping texture upload Box2D((0, 0), (0, 1)) to None
04-17 01:23:31.386 3538 3569 W webrender::device::gl: Cropping texture upload Box2D((0, 0), (0, 1)) to None
04-17 01:23:31.397 3538 3569 W webrender::device::gl: Cropping texture upload Box2D((0, 0), (0, 1)) to None
04-17 01:23:31.454 3538 3569 E eglCodecCommon: glUtilsParamSize: unknow param 0x00008caa
04-17 01:23:31.466 3538 3569 E eglCodecCommon: glUtilsParamSize: unknow param 0x00008caa
04-17 01:23:31.483 3538 3569 E eglCodecCommon: glUtilsParamSize: unknow param 0x00008caa
04-17 01:23:31.494 3538 3569 E eglCodecCommon: glUtilsParamSize: unknow param 0x00008caa
04-17 01:23:31.506 3538 3569 E eglCodecCommon: glUtilsParamSize: unknow param 0x00008caa
04-17 01:23:31.517 3538 3569 E eglCodecCommon: glUtilsParamSize: unknow param 0x00008caa
04-17 01:23:31.528 3538 3569 E eglCodecCommon: glUtilsParamSize: unknow param 0x00008caa
04-17 01:23:31.539 3538 3569 E eglCodecCommon: glUtilsParamSize: unknow param 0x00008caa
04-17 01:23:31.550 3538 3569 E eglCodecCommon: glUtilsParamSize: unknow param 0x00008caa
04-17 01:23:31.561 3538 3569 E eglCodecCommon: glUtilsParamSize: unknow param 0x00008caa
04-17 01:23:31.572 3538 3569 E eglCodecCommon: glUtilsParamSize: unknow param 0x00008caa
04-17 01:23:31.582 3538 3569 E eglCodecCommon: glUtilsParamSize: unknow param 0x00008caa
04-17 01:23:31.592 3538 3569 E eglCodecCommon: glUtilsParamSize: unknow param 0x00008caa
04-17 01:23:31.603 3538 3569 E eglCodecCommon: glUtilsParamSize: unknow param 0x00008caa
04-17 01:23:31.613 3538 3569 E eglCodecCommon: glUtilsParamSize: unknow param 0x00008caa
04-17 01:23:31.624 3538 3569 E eglCodecCommon: glUtilsParamSize: unknow param 0x00008caa
04-17 01:23:31.637 3538 3569 E eglCodecCommon: glUtilsParamSize: unknow param 0x00008caa
04-17 01:23:31.649 3538 3569 E eglCodecCommon: glUtilsParamSize: unknow param 0x00008caa
04-17 01:23:31.660 3538 3569 E eglCodecCommon: glUtilsParamSize: unknow param 0x00008caa
04-17 01:23:31.673 3538 3569 E eglCodecCommon: glUtilsParamSize: unknow param 0x00008caa
04-17 01:23:31.683 3538 3569 E eglCodecCommon: glUtilsParamSize: unknow param 0x00008caa
04-17 01:23:31.693 3538 3569 E eglCodecCommon: glUtilsParamSize: unknow param 0x00008caa
04-17 01:23:31.703 3538 3569 E eglCodecCommon: glUtilsParamSize: unknow param 0x00008caa
04-17 01:23:31.713 3538 3569 E eglCodecCommon: glUtilsParamSize: unknow param 0x00008caa
04-17 01:23:31.722 3538 3569 E eglCodecCommon: glUtilsParamSize: unknow param 0x00008caa
04-17 01:23:31.732 3538 3569 E eglCodecCommon: glUtilsParamSize: unknow param 0x00008caa
04-17 01:23:31.741 3538 3569 E eglCodecCommon: glUtilsParamSize: unknow param 0x00008caa
04-17 01:23:32.092 3456 3471 I Gecko :
04-17 01:23:32.092 3456 3471 I Gecko : {"action":"log","time":1744853012092,"thread":null,"pid":null,"source":"reftest","level":"DEBUG","message":"Running 2088 test objects"}
04-17 01:23:32.692 3456 3471 I Gecko :
04-17 01:23:32.692 3456 3471 I Gecko : {"action":"suite_start","time":1744853012683,"thread":null,"pid":null,"source":"reftest","tests":{"layout/reftests/bugs/reftest.list":["layout/reftests/bugs/105-1.html == layout/reftests/bugs/105-1-ref.html","layout/reftests/bugs/647-1.html == layout/reftests/bugs/647-1-ref.html","layout/reftests/bugs/9458-basic-1.html == layout/reftests/bugs/9458-basic-1-ref.html","layout/reftests/bugs/9458-valign-1.html == layout/reftests/bugs/9458-valign-1-ref.html","layout/reftests/bugs/9458-valign-2.html == layout/reftests/bugs/9458-valign-2-ref.html","layout/reftests/bugs/9458-height-1.html == layout/reftests/bugs/9458-height-1-ref.html","layout/reftests/bugs/9458-height-2.html == layout/reftests/bugs/9458-height-2-ref.html","layout/reftests/bugs/9458-width-1a.html == layout/reftests/bugs/9458-width-1-ref.html","layout/reftests/bugs/9458-width-1b.html == layout/reftests/bugs/9458-width-1-ref.html","layout/reftests/bugs/9458-width-2a.html == layout/reftests/bugs/9458-width-2-ref.html","layout/reftests/bugs/9458-width-2
04-17 01:23:32.698 3456 3471 I Gecko :
04-17 01:23:32.698 3456 3471 I Gecko : {"action":"test_start","time":1744853012697,"thread":null,"pid":null,"source":"reftest","test":"layout/reftests/bugs/105-1.html == layout/reftests/bugs/105-1-ref.html"}
04-17 01:23:32.698 3456 3471 I Gecko : REFTEST TEST-LOAD | http://10.0.2.2:8854/tests/layout/reftests/bugs/105-1.html | 0 / 2088 (0%)
04-17 01:23:32.698 3456 3471 I Gecko :
04-17 01:23:32.698 3456 3471 I Gecko : {"action":"log","time":1744853012698,"thread":null,"pid":null,"source":"reftest","level":"DEBUG","message":"START http://10.0.2.2:8854/tests/layout/reftests/bugs/105-1.html"}
04-17 01:23:32.720 3538 3569 E eglCodecCommon: glUtilsParamSize: unknow param 0x00008caa
04-17 01:23:32.724 3456 3471 D GeckoViewXUL: receiveMessage GeckoView:ContentModuleLoaded {"module":"SessionStateAggregator"}
04-17 01:23:32.730 3456 3471 I Gecko :
04-17 01:23:32.730 3456 3471 I Gecko : {"action":"log","time":1744853012730,"thread":null,"pid":null,"source":"reftest","level":"DEBUG","message":"[CONTENT] Using browser remote=true\n"}
04-17 01:23:32.732 3456 3471 I Gecko :
04-17 01:23:32.732 3456 3471 I Gecko : {"action":"log","time":1744853012732,"thread":null,"pid":null,"source":"reftest","level":"DEBUG","message":"[CONTENT] OnDocumentLoad fired for previous document"}
04-17 01:23:32.751 3538 3569 W webrender::device::gl: Cropping texture upload Box2D((0, 0), (0, 1)) to None
04-17 01:23:32.755 3538 3569 W webrender::device::gl: Cropping texture upload Box2D((0, 0), (0, 1)) to None
04-17 01:23:32.766 3538 3569 W webrender::device::gl: Cropping texture upload Box2D((0, 0), (0, 1)) to None
04-17 01:23:32.819 3488 3504 W Web Content: [JavaScript Warning: "This page is in Quirks Mode. Page layout may be impacted. For Standards Mode use “”." {file: "http://10.0.2.2:8854/tests/layout/reftests/bugs/105-1.html" line: 0}]
04-17 01:23:32.819 3538 3569 E eglCodecCommon: glUtilsParamSize: unknow param 0x00008741
04-17 01:23:32.842 3456 3471 D GeckoViewContent: handleEvent: pagetitlechanged
04-17 01:23:32.848 3488 3504 W linker : /data/app/org.mozilla.geckoview.test_runner-1/lib/x86_64/libsoftokn3.so: unused DT entry: type 0x24 arg 0x2698
04-17 01:23:32.848 3488 3504 W linker : /data/app/org.mozilla.geckoview.test_runner-1/lib/x86_64/libsoftokn3.so: unused DT entry: type 0x23 arg 0x68
04-17 01:23:32.849 3488 3504 W linker : /data/app/org.mozilla.geckoview.test_runner-1/lib/x86_64/libsoftokn3.so: unused DT entry: type 0x25 arg 0x8
04-17 01:23:32.849 3538 3569 E eglCodecCommon: glUtilsParamSize: unknow param 0x00008741
04-17 01:23:32.849 3488 3504 W linker : /data/app/org.mozilla.geckoview.test_runner-1/lib/x86_64/libfreebl3.so: unused DT entry: type 0x24 arg 0xec8
04-17 01:23:32.849 3488 3504 W linker : /data/app/org.mozilla.geckoview.test_runner-1/lib/x86_64/libfreebl3.so: unused DT entry: type 0x23 arg 0x68
04-17 01:23:32.849 3488 3504 W linker : /data/app/org.mozilla.geckoview.test_runner-1/lib/x86_64/libfreebl3.so: unused DT entry: type 0x25 arg 0x8
04-17 01:23:32.860 3456 3471 I Gecko :
04-17 01:23:32.860 3456 3471 I Gecko : {"action":"log","time":1744853012860,"thread":null,"pid":null,"source":"reftest","level":"DEBUG","message":"[CONTENT] OnDocumentLoad triggering AfterOnLoadScripts"}
04-17 01:23:32.889 3456 3471 I Gecko :
04-17 01:23:32.889 3456 3471 I Gecko : {"action":"log","time":1744853012889,"thread":null,"pid":null,"source":"reftest","level":"DEBUG","message":"Initializing canvas snapshot"}
04-17 01:23:32.890 3456 3471 I Gecko :
04-17 01:23:32.890 3456 3471 I Gecko : {"action":"log","time":1744853012890,"thread":null,"pid":null,"source":"reftest","level":"INFO","message":"drawWindow flags = DRAWWINDOW_DRAW_CARET | DRAWWINDOW_DRAW_VIEW | DRAWWINDOW_USE_WIDGET_LAYERS; window size = 800,1136; test browser size = 800,1000"}
04-17 01:23:32.890 3456 3471 I Gecko :
04-17 01:23:32.890 3456 3471 I Gecko : {"action":"log","time":1744853012890,"thread":null,"pid":null,"source":"reftest","level":"DEBUG","message":"DoDrawWindow 0,0,800,1000"}
04-17 01:23:32.933 3538 3569 E eglCodecCommon: glUtilsParamSize: unknow param 0x00008caa
04-17 01:23:33.060 3538 3569 E eglCodecCommon: glUtilsParamSize: unknow param 0x00008741
04-17 01:23:33.166 3538 3569 E eglCodecCommon: glUtilsParamSize: unknow param 0x00008741
04-17 01:23:33.315 3538 3569 E eglCodecCommon: glUtilsParamSize: unknow param 0x00008caa
04-17 01:23:33.402 3538 3569 E eglCodecCommon: glUtilsParamSize: unknow param 0x00008caa
04-17 01:23:33.484 3538 3569 E eglCodecCommon: glUtilsParamSize: unknow param 0x00008caa
04-17 01:23:33.563 3538 3569 E eglCodecCommon: glUtilsParamSize: unknow param 0x00000d02
04-17 01:23:33.595 3538 3569 E eglCodecCommon: glUtilsParamSize: unknow param 0x00008caa
04-17 01:23:33.640 3456 3471 I Gecko :
04-17 01:23:33.640 3456 3471 I Gecko : {"action":"log","time":1744853013640,"thread":null,"pid":null,"source":"reftest","level":"DEBUG","message":"[CONTENT] RecordResult fired"}
04-17 01:23:33.643 3456 3471 I Gecko :
04-17 01:23:33.643 3456 3471 I Gecko : {"action":"log","time":1744853013643,"thread":null,"pid":null,"source":"reftest","level":"DEBUG","message":"RecordResult fired"}
04-17 01:23:33.643 3456 3471 I Gecko : REFTEST TEST-LOAD | http://10.0.2.2:8854/tests/layout/reftests/bugs/105-1-ref.html | 0 / 2088 (0%)
04-17 01:23:33.644 3456 3471 I Gecko :
04-17 01:23:33.644 3456 3471 I Gecko : {"action":"log","time":1744853013643,"thread":null,"pid":null,"source":"reftest","level":"DEBUG","message":"START http://10.0.2.2:8854/tests/layout/reftests/bugs/105-1-ref.html"}
04-17 01:23:33.701 3488 3504 W Web Content: [JavaScript Warning: "This page is in Quirks Mode. Page layout may be impacted. For Standards Mode use “”." {file: "http://10.0.2.2:8854/tests/layout/reftests/bugs/105-1-ref.html" line: 0}]
04-17 01:23:33.715 3456 3471 D GeckoViewContent: handleEvent: pagetitlechanged
04-17 01:23:33.728 3456 3471 I Gecko :
04-17 01:23:33.728 3456 3471 I Gecko : {"action":"log","time":1744853013728,"thread":null,"pid":null,"source":"reftest","level":"DEBUG","message":"[CONTENT] OnDocumentLoad triggering AfterOnLoadScripts"}
04-17 01:23:33.746 3538 3569 E eglCodecCommon: glUtilsParamSize: unknow param 0x00008caa
04-17 01:23:33.790 3456 3471 D GeckoIdleService: Register idle observer 0x7aae3917e1c8 for 5 seconds
04-17 01:23:33.790 3456 3471 D GeckoIdleService: Register: adjusting next switch from -1 to 5 seconds
04-17 01:23:33.790 3456 3471 D GeckoIdleService: next timeout 4996 msec from now
04-17 01:23:33.790 3456 3471 D GeckoIdleService: SetTimerExpiryIfBefore: next timeout 4996 msec from now
04-17 01:23:33.790 3456 3471 D GeckoIdleService: reset timer expiry to 5006 msec from now
04-17 01:23:33.794 3456 3471 D GeckoViewStartup: observe: browser-idle-startup-tasks-finished
04-17 01:23:33.800 3456 3471 D GeckoIdleService: Get idle time: time since reset 14 msec
04-17 01:23:33.812 3456 3471 I Gecko :
04-17 01:23:33.812 3456 3471 I Gecko : {"action":"log","time":1744853013812,"thread":null,"pid":null,"source":"reftest","level":"DEBUG","message":"Initializing canvas snapshot"}
04-17 01:23:33.813 3456 3471 I Gecko :
04-17 01:23:33.813 3456 3471 I Gecko : {"action":"log","time":1744853013813,"thread":null,"pid":null,"source":"reftest","level":"DEBUG","message":"DoDrawWindow 0,0,800,1000"}
04-17 01:23:33.837 3538 3569 E eglCodecCommon: glUtilsParamSize: unknow param 0x00008caa
04-17 01:23:33.926 3538 3569 E eglCodecCommon: glUtilsParamSize: unknow param 0x00008caa
04-17 01:23:34.013 3538 3569 E eglCodecCommon: glUtilsParamSize: unknow param 0x00008caa
04-17 01:23:34.094 3538 3569 E eglCodecCommon: glUtilsParamSize: unknow param 0x00000d02
04-17 01:23:34.114 3538 3569 E eglCodecCommon: glUtilsParamSize: unknow param 0x00008caa
04-17 01:23:34.165 3456 3471 I Gecko :
04-17 01:23:34.165 3456 3471 I Gecko : {"action":"log","time":1744853014165,"thread":null,"pid":null,"source":"reftest","level":"DEBUG","message":"[CONTENT] RecordResult fired"}
04-17 01:23:34.169 3456 3471 I Gecko :
04-17 01:23:34.169 3456 3471 I Gecko : {"action":"log","time":1744853014169,"thread":null,"pid":null,"source":"reftest","level":"DEBUG","message":"RecordResult fired"}
04-17 01:23:34.170 3456 3471 I Gecko :
04-17 01:23:34.170 3456 3471 I Gecko : {"action":"test_status","time":1744853014170,"thread":null,"pid":null,"source":"reftest","test":"layout/reftests/bugs/105-1.html == layout/reftests/bugs/105-1-ref.html","subtest":"image comparison, max difference: 0, number of differing pixels: 0","status":"PASS","extra":{"status_msg":"Pass","modifiers":["==","105-1.html","105-1-ref.html"]}}
04-17 01:23:34.171 3456 3471 I Gecko :
04-17 01:23:34.171 3456 3471 I Gecko : {"action":"test_end","time":1744853014171,"thread":null,"pid":null,"source":"reftest","test":"layout/reftests/bugs/105-1.html == layout/reftests/bugs/105-1-ref.html","status":"OK"}
04-17 01:23:34.171 3456 3471 I Gecko :
04-17 01:23:34.171 3456 3471 I Gecko : {"action":"log","time":1744853014171,"thread":null,"pid":null,"source":"reftest","level":"DEBUG","message":"Loading a blank page"}
04-17 01:23:34.198 3488 3504 W Web Content: [JavaScript Warning: "This page is in Quirks Mode. Page layout may be impacted. For Standards Mode use “”." {file: "data:text/html;charset=UTF-8,%3C%21%2D%2DCLEAR%2D%2D%3E" line: 0}]
04-17 01:23:34.205 3456 3471 D GeckoViewContent: handleEvent: pagetitlechanged
04-17 01:23:34.214 3456 3471 I Gecko :
04-17 01:23:34.214 3456 3471 I Gecko : {"action":"assertion_count","time":1744853014214,"thread":null,"pid":null,"source":"reftest","test":"layout/reftests/bugs/105-1.html == layout/reftests/bugs/105-1-ref.html","min_expected":0,"max_expected":0,"count":0}
04-17 01:23:34.215 3456 3471 I Gecko :
04-17 01:23:34.215 3456 3471 I Gecko : {"action":"test_start","time":1744853014215,"thread":null,"pid":null,"source":"reftest","test":"layout/reftests/bugs/647-1.html == layout/reftests/bugs/647-1-ref.html"}
04-17 01:23:34.215 3456 3471 I Gecko : REFTEST TEST-LOAD | http://10.0.2.2:8854/tests/layout/reftests/bugs/647-1.html | 1 / 2088 (0%)
04-17 01:23:34.215 3456 3471 I Gecko :
04-17 01:23:34.215 3456 3471 I Gecko : {"action":"log","time":1744853014215,"thread":null,"pid":null,"source":"reftest","level":"DEBUG","message":"START http://10.0.2.2:8854/tests/layout/reftests/bugs/647-1.html"}
04-17 01:23:34.239 3538 3569 E eglCodecCommon: glUtilsParamSize: unknow param 0x00008caa
04-17 01:23:34.265 3488 3504 W Web Content: [JavaScript Warning: "This page is in Quirks Mode. Page layout may be impacted. For Standards Mode use “”." {file: "http://10.0.2.2:8854/tests/layout/reftests/bugs/647-1.html" line: 0}]
04-17 01:23:34.274 3456 3471 D GeckoViewContent: handleEvent: pagetitlechanged
04-17 01:23:34.289 3456 3471 I Gecko :
04-17 01:23:34.289 3456 3471 I Gecko : {"action":"log","time":1744853014289,"thread":null,"pid":null,"source":"reftest","level":"DEBUG","message":"[CONTENT] OnDocumentLoad triggering AfterOnLoadScripts"}
04-17 01:23:34.304 3456 3471 I Gecko :
04-17 01:23:34.304 3456 3471 I Gecko : {"action":"log","time":1744853014304,"thread":null,"pid":null,"source":"reftest","level":"DEBUG","message":"Initializing canvas snapshot"}
04-17 01:23:34.305 3456 3471 I Gecko :
04-17 01:23:34.305 3456 3471 I Gecko : {"action":"log","time":1744853014305,"thread":null,"pid":null,"source":"reftest","level":"DEBUG","message":"DoDrawWindow 0,0,800,1000"}
04-17 01:23:34.329 3538 3569 E eglCodecCommon: glUtilsParamSize: unknow param 0x00008caa
04-17 01:23:34.516 3538 3569 E eglCodecCommon: glUtilsParamSize: unknow param 0x00008741
04-17 01:23:34.649 3538 3569 E eglCodecCommon: glUtilsParamSize: unknow param 0x00008741
04-17 01:23:34.803 3456 3680 D ProfileInstaller: Installing profile for org.mozilla.geckoview.test_runner
04-17 01:23:34.806 3538 3569 E eglCodecCommon: glUtilsParamSize: unknow param 0x00008caa
04-17 01:23:34.894 3538 3569 E eglCodecCommon: glUtilsParamSize: unknow param 0x00008caa
04-17 01:23:34.981 3538 3569 E eglCodecCommon: glUtilsParamSize: unknow param 0x00008caa
04-17 01:23:35.059 3538 3569 E eglCodecCommon: glUtilsParamSize: unknow param 0x00000d02
04-17 01:23:35.077 3538 3569 E eglCodecCommon: glUtilsParamSize: unknow param 0x00008caa
04-17 01:23:35.128 3456 3471 I Gecko :
04-17 01:23:35.128 3456 3471 I Gecko : {"action":"log","time":1744853015128,"thread":null,"pid":null,"source":"reftest","level":"DEBUG","message":"[CONTENT] RecordResult fired"}
04-17 01:23:35.129 3456 3471 I Gecko :
04-17 01:23:35.129 3456 3471 I Gecko : {"action":"log","time":1744853015129,"thread":null,"pid":null,"source":"reftest","level":"DEBUG","message":"RecordResult fired"}
04-17 01:23:35.129 3456 3471 I Gecko : REFTEST TEST-LOAD | http://10.0.2.2:8854/tests/layout/reftests/bugs/647-1-ref.html | 1 / 2088 (0%)
04-17 01:23:35.130 3456 3471 I Gecko :
04-17 01:23:35.130 3456 3471 I Gecko : {"action":"log","time":1744853015130,"thread":null,"pid":null,"source":"reftest","level":"DEBUG","message":"START http://10.0.2.2:8854/tests/layout/reftests/bugs/647-1-ref.html"}
04-17 01:23:35.167 3488 3504 W Web Content: [JavaScript Warning: "This page is in Quirks Mode. Page layout may be impacted. For Standards Mode use “”." {file: "http://10.0.2.2:8854/tests/layout/reftests/bugs/647-1-ref.html" line: 0}]
04-17 01:23:35.176 3456 3471 D GeckoViewContent: handleEvent: pagetitlechanged
04-17 01:23:35.192 3456 3471 I Gecko :
04-17 01:23:35.192 3456 3471 I Gecko : {"action":"log","time":1744853015192,"thread":null,"pid":null,"source":"reftest","level":"DEBUG","message":"[CONTENT] OnDocumentLoad triggering AfterOnLoadScripts"}
04-17 01:23:35.198 3538 3569 E eglCodecCommon: glUtilsParamSize: unknow param 0x00008caa
04-17 01:23:35.222 3456 3471 I Gecko :
04-17 01:23:35.222 3456 3471 I Gecko : {"action":"log","time":1744853015222,"thread":null,"pid":null,"source":"reftest","level":"DEBUG","message":"Initializing canvas snapshot"}
04-17 01:23:35.222 3456 3471 I Gecko :
04-17 01:23:35.222 3456 3471 I Gecko : {"action":"log","time":1744853015222,"thread":null,"pid":null,"source":"reftest","level":"DEBUG","message":"DoDrawWindow 0,0,800,1000"}
04-17 01:23:35.284 3538 3569 E eglCodecCommon: glUtilsParamSize: unknow param 0x00008caa
04-17 01:23:35.372 3538 3569 E eglCodecCommon: glUtilsParamSize: unknow param 0x00008caa
04-17 01:23:35.455 3538 3569 E eglCodecCommon: glUtilsParamSize: unknow param 0x00008caa
04-17 01:23:35.543 3538 3569 E eglCodecCommon: glUtilsParamSize: unknow param 0x00008caa
04-17 01:23:35.621 3538 3569 E eglCodecCommon: glUtilsParamSize: unknow param 0x00000d02
04-17 01:23:35.630 3538 3569 E eglCodecCommon: glUtilsParamSize: unknow param 0x00008caa
04-17 01:23:35.663 3456 3471 I Gecko :
04-17 01:23:35.663 3456 3471 I Gecko : {"action":"log","time":1744853015663,"thread":null,"pid":null,"source":"reftest","level":"DEBUG","message":"[CONTENT] RecordResult fired"}
04-17 01:23:35.664 3456 3471 I Gecko :
04-17 01:23:35.664 3456 3471 I Gecko : {"action":"log","time":1744853015664,"thread":null,"pid":null,"source":"reftest","level":"DEBUG","message":"RecordResult fired"}
04-17 01:23:35.665 3456 3471 I Gecko :
04-17 01:23:35.665 3456 3471 I Gecko : {"action":"test_status","time":1744853015665,"thread":null,"pid":null,"source":"reftest","test":"layout/reftests/bugs/647-1.html == layout/reftests/bugs/647-1-ref.html","subtest":"image comparison, max difference: 0, number of differing pixels: 0","status":"PASS","extra":{"status_msg":"Pass","modifiers":["==","647-1.html","647-1-ref.html"]}}
04-17 01:23:35.666 3456 3471 I Gecko :
04-17 01:23:35.666 3456 3471 I Gecko : {"action":"test_end","time":1744853015666,"thread":null,"pid":null,"source":"reftest","test":"layout/reftests/bugs/647-1.html == layout/reftests/bugs/647-1-ref.html","status":"OK"}
04-17 01:23:35.666 3456 3471 I Gecko :
04-17 01:23:35.666 3456 3471 I Gecko : {"action":"log","time":1744853015666,"thread":null,"pid":null,"source":"reftest","level":"DEBUG","message":"Loading a blank page"}
04-17 01:23:35.695 3488 3504 W Web Content: [JavaScript Warning: "This page is in Quirks Mode. Page layout may be impacted. For Standards Mode use “”." {file: "data:text/html;charset=UTF-8,%3C%21%2D%2DCLEAR%2D%2D%3E" line: 0}]
04-17 01:23:35.702 3456 3471 D GeckoViewContent: handleEvent: pagetitlechanged
04-17 01:23:35.709 3456 3471 I Gecko :
04-17 01:23:35.709 3456 3471 I Gecko : {"action":"assertion_count","time":1744853015709,"thread":null,"pid":null,"source":"reftest","test":"layout/reftests/bugs/647-1.html == layout/reftests/bugs/647-1-ref.html","min_expected":0,"max_expected":0,"count":0}
04-17 01:23:35.709 3456 3471 I Gecko :
04-17 01:23:35.709 3456 3471 I Gecko : {"action":"test_start","time":1744853015709,"thread":null,"pid":null,"source":"reftest","test":"layout/reftests/bugs/9458-basic-1.html == layout/reftests/bugs/9458-basic-1-ref.html"}
04-17 01:23:35.710 3456 3471 I Gecko : REFTEST TEST-LOAD | http://10.0.2.2:8854/tests/layout/reftests/bugs/9458-basic-1.html | 2 / 2088 (0%)
04-17 01:23:35.710 3456 3471 I Gecko :
04-17 01:23:35.710 3456 3471 I Gecko : {"action":"log","time":1744853015710,"thread":null,"pid":null,"source":"reftest","level":"DEBUG","message":"START http://10.0.2.2:8854/tests/layout/reftests/bugs/9458-basic-1.html"}
04-17 01:23:35.735 3538 3569 E eglCodecCommon: glUtilsParamSize: unknow param 0x00008caa
04-17 01:23:35.768 3456 3471 D GeckoViewContent: handleEvent: pagetitlechanged
04-17 01:23:35.783 3456 3471 I Gecko :
04-17 01:23:35.783 3456 3471 I Gecko : {"action":"log","time":1744853015783,"thread":null,"pid":null,"source":"reftest","level":"DEBUG","message":"[CONTENT] OnDocumentLoad triggering AfterOnLoadScripts"}
04-17 01:23:35.804 3456 3471 I Gecko :
04-17 01:23:35.804 3456 3471 I Gecko : {"action":"log","time":1744853015804,"thread":null,"pid":null,"source":"reftest","level":"DEBUG","message":"Initializing canvas snapshot"}
04-17 01:23:35.804 3456 3471 I Gecko :
04-17 01:23:35.804 3456 3471 I Gecko : {"action":"log","time":1744853015804,"thread":null,"pid":null,"source":"reftest","level":"DEBUG","message":"DoDrawWindow 0,0,800,1000"}
04-17 01:23:35.830 3538 3569 E eglCodecCommon: glUtilsParamSize: unknow param 0x00008caa
04-17 01:23:35.984 3538 3569 E eglCodecCommon: glUtilsParamSize: unknow param 0x00008caa
04-17 01:23:36.076 3538 3569 E eglCodecCommon: glUtilsParamSize: unknow param 0x00008caa
04-17 01:23:36.159 3538 3569 E eglCodecCommon: glUtilsParamSize: unknow param 0x00008caa
04-17 01:23:36.239 3538 3569 E eglCodecCommon: glUtilsParamSize: unknow param 0x00000d02
04-17 01:23:36.248 3538 3569 E eglCodecCommon: glUtilsParamSize: unknow param 0x00008caa
04-17 01:23:36.277 3456 3471 I Gecko :
04-17 01:23:36.277 3456 3471 I Gecko : {"action":"log","time":1744853016277,"thread":null,"pid":null,"source":"reftest","level":"DEBUG","message":"[CONTENT] RecordResult fired"}
04-17 01:23:36.278 3456 3471 I Gecko :
04-17 01:23:36.278 3456 3471 I Gecko : {"action":"log","time":1744853016278,"thread":null,"pid":null,"source":"reftest","level":"DEBUG","message":"RecordResult fired"}
04-17 01:23:36.278 3456 3471 I Gecko : REFTEST TEST-LOAD | http://10.0.2.2:8854/tests/layout/reftests/bugs/9458-basic-1-ref.html | 2 / 2088 (0%)
04-17 01:23:36.278 3456 3471 I Gecko :
04-17 01:23:36.278 3456 3471 I Gecko : {"action":"log","time":1744853016278,"thread":null,"pid":null,"source":"reftest","level":"DEBUG","message":"START http://10.0.2.2:8854/tests/layout/reftests/bugs/9458-basic-1-ref.html"}
04-17 01:23:36.325 3456 3471 D GeckoViewContent: handleEvent: pagetitlechanged
04-17 01:23:36.341 3456 3471 I Gecko :
04-17 01:23:36.341 3456 3471 I Gecko : {"action":"log","time":1744853016340,"thread":null,"pid":null,"source":"reftest","level":"DEBUG","message":"[CONTENT] OnDocumentLoad triggering AfterOnLoadScripts"}
04-17 01:23:36.346 3538 3569 E eglCodecCommon: glUtilsParamSize: unknow param 0x00008caa
04-17 01:23:36.379 3456 3471 I Gecko :
04-17 01:23:36.379 3456 3471 I Gecko : {"action":"log","time":1744853016379,"thread":null,"pid":null,"source":"reftest","level":"DEBUG","message":"Initializing canvas snapshot"}
04-17 01:23:36.379 3456 3471 I Gecko :
04-17 01:23:36.379 3456 3471 I Gecko : {"action":"log","time":1744853016379,"thread":null,"pid":null,"source":"reftest","level":"DEBUG","message":"DoDrawWindow 0,0,800,1000"}
04-17 01:23:36.477 3538 3569 E eglCodecCommon: glUtilsParamSize: unknow param 0x00008caa
04-17 01:23:36.567 3538 3569 E eglCodecCommon: glUtilsParamSize: unknow param 0x00008caa
04-17 01:23:36.655 3538 3569 E eglCodecCommon: glUtilsParamSize: unknow param 0x00008caa
04-17 01:23:36.738 3538 3569 E eglCodecCommon: glUtilsParamSize: unknow param 0x00000d02
04-17 01:23:36.747 3538 3569 E eglCodecCommon: glUtilsParamSize: unknow param 0x00008caa
04-17 01:23:36.776 3456 3471 I Gecko :
04-17 01:23:36.776 3456 3471 I Gecko : {"action":"log","time":1744853016776,"thread":null,"pid":null,"source":"reftest","level":"DEBUG","message":"[CONTENT] RecordResult fired"}
04-17 01:23:36.777 3456 3471 I Gecko :
04-17 01:23:36.777 3456 3471 I Gecko : {"action":"log","time":1744853016777,"thread":null,"pid":null,"source":"reftest","level":"DEBUG","message":"RecordResult fired"}
04-17 01:23:36.779 3456 3471 I Gecko :
04-17 01:23:36.779 3456 3471 I Gecko : {"action":"test_status","time":1744853016779,"thread":null,"pid":null,"source":"reftest","test":"layout/reftests/bugs/9458-basic-1.html == layout/reftests/bugs/9458-basic-1-ref.html","subtest":"image comparison, max difference: 0, number of differing pixels: 0","status":"PASS","extra":{"status_msg":"Pass","modifiers":["==","9458-basic-1.html","9458-basic-1-ref.html"]}}
04-17 01:23:36.779 3456 3471 I Gecko :
04-17 01:23:36.779 3456 3471 I Gecko : {"action":"test_end","time":1744853016779,"thread":null,"pid":null,"source":"reftest","test":"layout/reftests/bugs/9458-basic-1.html == layout/reftests/bugs/9458-basic-1-ref.html","status":"OK"}
04-17 01:23:36.779 3456 3471 I Gecko :
04-17 01:23:36.779 3456 3471 I Gecko : {"action":"log","time":1744853016779,"thread":null,"pid":null,"source":"reftest","level":"DEBUG","message":"Loading a blank page"}
04-17 01:23:36.804 3488 3504 W Web Content: [JavaScript Warning: "This page is in Quirks Mode. Page layout may be impacted. For Standards Mode use “”." {file: "data:text/html;charset=UTF-8,%3C%21%2D%2DCLEAR%2D%2D%3E" line: 0}]
04-17 01:23:36.809 3456 3471 D GeckoViewContent: handleEvent: pagetitlechanged
04-17 01:23:36.818 3456 3471 I Gecko :
04-17 01:23:36.818 3456 3471 I Gecko : {"action":"assertion_count","time":1744853016818,"thread":null,"pid":null,"source":"reftest","test":"layout/reftests/bugs/9458-basic-1.html == layout/reftests/bugs/9458-basic-1-ref.html","min_expected":0,"max_expected":0,"count":0}
04-17 01:23:36.819 3456 3471 I Gecko :
04-17 01:23:36.819 3456 3471 I Gecko : {"action":"test_start","time":1744853016819,"thread":null,"pid":null,"source":"reftest","test":"layout/reftests/bugs/9458-valign-1.html == layout/reftests/bugs/9458-valign-1-ref.html"}
04-17 01:23:36.820 3456 3471 I Gecko : REFTEST TEST-LOAD | http://10.0.2.2:8854/tests/layout/reftests/bugs/9458-valign-1.html | 3 / 2088 (0%)
04-17 01:23:36.820 3456 3471 I Gecko :
04-17 01:23:36.820 3456 3471 I Gecko : {"action":"log","time":1744853016820,"thread":null,"pid":null,"source":"reftest","level":"DEBUG","message":"START http://10.0.2.2:8854/tests/layout/reftests/bugs/9458-valign-1.html"}
04-17 01:23:36.839 3538 3569 E eglCodecCommon: glUtilsParamSize: unknow param 0x00008caa
04-17 01:23:36.879 3456 3471 D GeckoViewContent: handleEvent: pagetitlechanged
04-17 01:23:36.895 3456 3471 I Gecko :
04-17 01:23:36.895 3456 3471 I Gecko : {"action":"log","time":1744853016895,"thread":null,"pid":null,"source":"reftest","level":"DEBUG","message":"[CONTENT] OnDocumentLoad triggering AfterOnLoadScripts"}
04-17 01:23:36.924 3456 3471 I Gecko :
04-17 01:23:36.924 3456 3471 I Gecko : {"action":"log","time":1744853016924,"thread":null,"pid":null,"source":"reftest","level":"DEBUG","message":"Initializing canvas snapshot"}
04-17 01:23:36.924 3456 3471 I Gecko :
04-17 01:23:36.924 3456 3471 I Gecko : {"action":"log","time":1744853016924,"thread":null,"pid":null,"source":"reftest","level":"DEBUG","message":"DoDrawWindow 0,0,800,1000"}
04-17 01:23:36.940 3538 3569 E eglCodecCommon: glUtilsParamSize: unknow param 0x00008caa
04-17 01:23:37.127 3538 3569 E eglCodecCommon: glUtilsParamSize: unknow param 0x00008caa
04-17 01:23:37.213 3538 3569 E eglCodecCommon: glUtilsParamSize: unknow param 0x00008caa
04-17 01:23:37.299 3538 3569 E eglCodecCommon: glUtilsParamSize: unknow param 0x00008caa
04-17 01:23:37.380 3538 3569 E eglCodecCommon: glUtilsParamSize: unknow param 0x00000d02
04-17 01:23:37.388 3538 3569 E eglCodecCommon: glUtilsParamSize: unknow param 0x00008caa
04-17 01:23:37.417 3456 3471 I Gecko :
04-17 01:23:37.417 3456 3471 I Gecko : {"action":"log","time":1744853017417,"thread":null,"pid":null,"source":"reftest","level":"DEBUG","message":"[CONTENT] RecordResult fired"}
04-17 01:23:37.418 3456 3471 I Gecko :
