04-17 01:22:46.137 1341 1341 E Hyphenator: at com.android.internal.os.ZygoteInit.preloadTextResources(ZygoteInit.java:252)
04-17 01:22:46.137 1341 1341 E Hyphenator: at com.android.internal.os.ZygoteInit.preload(ZygoteInit.java:206)
04-17 01:22:46.137 1341 1341 E Hyphenator: at com.android.internal.os.ZygoteInit.main(ZygoteInit.java:723)
04-17 01:22:46.137 1341 1341 E Hyphenator: Caused by: android.system.ErrnoException: open failed: ENOENT (No such file or directory)
04-17 01:22:46.137 1341 1341 E Hyphenator: at libcore.io.Posix.open(Native Method)
04-17 01:22:46.137 1341 1341 E Hyphenator: at libcore.io.BlockGuardOs.open(BlockGuardOs.java:187)
04-17 01:22:46.137 1341 1341 E Hyphenator: at libcore.io.IoBridge.open(IoBridge.java:441)
04-17 01:22:46.137 1341 1341 E Hyphenator: ... 6 more
04-17 01:22:46.137 1341 1341 E Hyphenator: error loading hyphenation /system/usr/hyphen-data/hyph-es.hyb
04-17 01:22:46.137 1341 1341 E Hyphenator: java.io.FileNotFoundException: /system/usr/hyphen-data/hyph-es.hyb: open failed: ENOENT (No such file or directory)
04-17 01:22:46.137 1341 1341 E Hyphenator: at libcore.io.IoBridge.open(IoBridge.java:455)
04-17 01:22:46.137 1341 1341 E Hyphenator: at java.io.RandomAccessFile.(RandomAccessFile.java:247)
04-17 01:22:46.137 1341 1341 E Hyphenator: at android.text.Hyphenator.loadHyphenator(Hyphenator.java:118)
04-17 01:22:46.137 1341 1341 E Hyphenator: at android.text.Hyphenator.init(Hyphenator.java:224)
04-17 01:22:46.137 1341 1341 E Hyphenator: at com.android.internal.os.ZygoteInit.preloadTextResources(ZygoteInit.java:252)
04-17 01:22:46.137 1341 1341 E Hyphenator: at com.android.internal.os.ZygoteInit.preload(ZygoteInit.java:206)
04-17 01:22:46.137 1341 1341 E Hyphenator: at com.android.internal.os.ZygoteInit.main(ZygoteInit.java:723)
04-17 01:22:46.137 1341 1341 E Hyphenator: Caused by: android.system.ErrnoException: open failed: ENOENT (No such file or directory)
04-17 01:22:46.137 1341 1341 E Hyphenator: at libcore.io.Posix.open(Native Method)
04-17 01:22:46.137 1341 1341 E Hyphenator: at libcore.io.BlockGuardOs.open(BlockGuardOs.java:187)
04-17 01:22:46.137 1341 1341 E Hyphenator: at libcore.io.IoBridge.open(IoBridge.java:441)
04-17 01:22:46.137 1341 1341 E Hyphenator: ... 6 more
04-17 01:22:46.137 1341 1341 E Hyphenator: error loading hyphenation /system/usr/hyphen-data/hyph-et.hyb
04-17 01:22:46.137 1341 1341 E Hyphenator: java.io.FileNotFoundException: /system/usr/hyphen-data/hyph-et.hyb: open failed: ENOENT (No such file or directory)
04-17 01:22:46.137 1341 1341 E Hyphenator: at libcore.io.IoBridge.open(IoBridge.java:455)
04-17 01:22:46.137 1341 1341 E Hyphenator: at java.io.RandomAccessFile.(RandomAccessFile.java:247)
04-17 01:22:46.137 1341 1341 E Hyphenator: at android.text.Hyphenator.loadHyphenator(Hyphenator.java:118)
04-17 01:22:46.137 1341 1341 E Hyphenator: at android.text.Hyphenator.init(Hyphenator.java:224)
04-17 01:22:46.137 1341 1341 E Hyphenator: at com.android.internal.os.ZygoteInit.preloadTextResources(ZygoteInit.java:252)
04-17 01:22:46.137 1341 1341 E Hyphenator: at com.android.internal.os.ZygoteInit.preload(ZygoteInit.java:206)
04-17 01:22:46.137 1341 1341 E Hyphenator: at com.android.internal.os.ZygoteInit.main(ZygoteInit.java:723)
04-17 01:22:46.137 1341 1341 E Hyphenator: Caused by: android.system.ErrnoException: open failed: ENOENT (No such file or directory)
04-17 01:22:46.137 1341 1341 E Hyphenator: at libcore.io.Posix.open(Native Method)
04-17 01:22:46.137 1341 1341 E Hyphenator: at libcore.io.BlockGuardOs.open(BlockGuardOs.java:187)
04-17 01:22:46.137 1341 1341 E Hyphenator: at libcore.io.IoBridge.open(IoBridge.java:441)
04-17 01:22:46.137 1341 1341 E Hyphenator: ... 6 more
04-17 01:22:46.137 1341 1341 E Hyphenator: error loading hyphenation /system/usr/hyphen-data/hyph-eu.hyb
04-17 01:22:46.137 1341 1341 E Hyphenator: java.io.FileNotFoundException: /system/usr/hyphen-data/hyph-eu.hyb: open failed: ENOENT (No such file or directory)
04-17 01:22:46.137 1341 1341 E Hyphenator: at libcore.io.IoBridge.open(IoBridge.java:455)
04-17 01:22:46.137 1341 1341 E Hyphenator: at java.io.RandomAccessFile.(RandomAccessFile.java:247)
04-17 01:22:46.137 1341 1341 E Hyphenator: at android.text.Hyphenator.loadHyphenator(Hyphenator.java:118)
04-17 01:22:46.137 1341 1341 E Hyphenator: at android.text.Hyphenator.init(Hyphenator.java:224)
04-17 01:22:46.137 1341 1341 E Hyphenator: at com.android.internal.os.ZygoteInit.preloadTextResources(ZygoteInit.java:252)
04-17 01:22:46.137 1341 1341 E Hyphenator: at com.android.internal.os.ZygoteInit.preload(ZygoteInit.java:206)
04-17 01:22:46.137 1341 1341 E Hyphenator: at com.android.internal.os.ZygoteInit.main(ZygoteInit.java:723)
04-17 01:22:46.137 1341 1341 E Hyphenator: Caused by: android.system.ErrnoException: open failed: ENOENT (No such file or directory)
04-17 01:22:46.137 1341 1341 E Hyphenator: at libcore.io.Posix.open(Native Method)
04-17 01:22:46.137 1341 1341 E Hyphenator: at libcore.io.BlockGuardOs.open(BlockGuardOs.java:187)
04-17 01:22:46.137 1341 1341 E Hyphenator: at libcore.io.IoBridge.open(IoBridge.java:441)
04-17 01:22:46.137 1341 1341 E Hyphenator: ... 6 more
04-17 01:22:46.137 1341 1341 E Hyphenator: error loading hyphenation /system/usr/hyphen-data/hyph-fr.hyb
04-17 01:22:46.137 1341 1341 E Hyphenator: java.io.FileNotFoundException: /system/usr/hyphen-data/hyph-fr.hyb: open failed: ENOENT (No such file or directory)
04-17 01:22:46.137 1341 1341 E Hyphenator: at libcore.io.IoBridge.open(IoBridge.java:455)
04-17 01:22:46.137 1341 1341 E Hyphenator: at java.io.RandomAccessFile.(RandomAccessFile.java:247)
04-17 01:22:46.137 1341 1341 E Hyphenator: at android.text.Hyphenator.loadHyphenator(Hyphenator.java:118)
04-17 01:22:46.137 1341 1341 E Hyphenator: at android.text.Hyphenator.init(Hyphenator.java:224)
04-17 01:22:46.137 1341 1341 E Hyphenator: at com.android.internal.os.ZygoteInit.preloadTextResources(ZygoteInit.java:252)
04-17 01:22:46.137 1341 1341 E Hyphenator: at com.android.internal.os.ZygoteInit.preload(ZygoteInit.java:206)
04-17 01:22:46.137 1341 1341 E Hyphenator: at com.android.internal.os.ZygoteInit.main(ZygoteInit.java:723)
04-17 01:22:46.137 1341 1341 E Hyphenator: Caused by: android.system.ErrnoException: open failed: ENOENT (No such file or directory)
04-17 01:22:46.137 1341 1341 E Hyphenator: at libcore.io.Posix.open(Native Method)
04-17 01:22:46.137 1341 1341 E Hyphenator: at libcore.io.BlockGuardOs.open(BlockGuardOs.java:187)
04-17 01:22:46.137 1341 1341 E Hyphenator: at libcore.io.IoBridge.open(IoBridge.java:441)
04-17 01:22:46.137 1341 1341 E Hyphenator: ... 6 more
04-17 01:22:46.137 1341 1341 E Hyphenator: error loading hyphenation /system/usr/hyphen-data/hyph-ga.hyb
04-17 01:22:46.137 1341 1341 E Hyphenator: java.io.FileNotFoundException: /system/usr/hyphen-data/hyph-ga.hyb: open failed: ENOENT (No such file or directory)
04-17 01:22:46.137 1341 1341 E Hyphenator: at libcore.io.IoBridge.open(IoBridge.java:455)
04-17 01:22:46.137 1341 1341 E Hyphenator: at java.io.RandomAccessFile.(RandomAccessFile.java:247)
04-17 01:22:46.137 1341 1341 E Hyphenator: at android.text.Hyphenator.loadHyphenator(Hyphenator.java:118)
04-17 01:22:46.137 1341 1341 E Hyphenator: at android.text.Hyphenator.init(Hyphenator.java:224)
04-17 01:22:46.137 1341 1341 E Hyphenator: at com.android.internal.os.ZygoteInit.preloadTextResources(ZygoteInit.java:252)
04-17 01:22:46.137 1341 1341 E Hyphenator: at com.android.internal.os.ZygoteInit.preload(ZygoteInit.java:206)
04-17 01:22:46.137 1341 1341 E Hyphenator: at com.android.internal.os.ZygoteInit.main(ZygoteInit.java:723)
04-17 01:22:46.137 1341 1341 E Hyphenator: Caused by: android.system.ErrnoException: open failed: ENOENT (No such file or directory)
04-17 01:22:46.137 1341 1341 E Hyphenator: at libcore.io.Posix.open(Native Method)
04-17 01:22:46.137 1341 1341 E Hyphenator: at libcore.io.BlockGuardOs.open(BlockGuardOs.java:187)
04-17 01:22:46.137 1341 1341 E Hyphenator: at libcore.io.IoBridge.open(IoBridge.java:441)
04-17 01:22:46.137 1341 1341 E Hyphenator: ... 6 more
04-17 01:22:46.138 1341 1341 E Hyphenator: error loading hyphenation /system/usr/hyphen-data/hyph-gu.hyb
04-17 01:22:46.138 1341 1341 E Hyphenator: java.io.FileNotFoundException: /system/usr/hyphen-data/hyph-gu.hyb: open failed: ENOENT (No such file or directory)
04-17 01:22:46.138 1341 1341 E Hyphenator: at libcore.io.IoBridge.open(IoBridge.java:455)
04-17 01:22:46.138 1341 1341 E Hyphenator: at java.io.RandomAccessFile.(RandomAccessFile.java:247)
04-17 01:22:46.138 1341 1341 E Hyphenator: at android.text.Hyphenator.loadHyphenator(Hyphenator.java:118)
04-17 01:22:46.138 1341 1341 E Hyphenator: at android.text.Hyphenator.init(Hyphenator.java:224)
04-17 01:22:46.138 1341 1341 E Hyphenator: at com.android.internal.os.ZygoteInit.preloadTextResources(ZygoteInit.java:252)
04-17 01:22:46.138 1341 1341 E Hyphenator: at com.android.internal.os.ZygoteInit.preload(ZygoteInit.java:206)
04-17 01:22:46.138 1341 1341 E Hyphenator: at com.android.internal.os.ZygoteInit.main(ZygoteInit.java:723)
04-17 01:22:46.138 1341 1341 E Hyphenator: Caused by: android.system.ErrnoException: open failed: ENOENT (No such file or directory)
04-17 01:22:46.138 1341 1341 E Hyphenator: at libcore.io.Posix.open(Native Method)
04-17 01:22:46.138 1341 1341 E Hyphenator: at libcore.io.BlockGuardOs.open(BlockGuardOs.java:187)
04-17 01:22:46.138 1341 1341 E Hyphenator: at libcore.io.IoBridge.open(IoBridge.java:441)
04-17 01:22:46.138 1341 1341 E Hyphenator: ... 6 more
04-17 01:22:46.138 1341 1341 E Hyphenator: error loading hyphenation /system/usr/hyphen-data/hyph-hi.hyb
04-17 01:22:46.138 1341 1341 E Hyphenator: java.io.FileNotFoundException: /system/usr/hyphen-data/hyph-hi.hyb: open failed: ENOENT (No such file or directory)
04-17 01:22:46.138 1341 1341 E Hyphenator: at libcore.io.IoBridge.open(IoBridge.java:455)
04-17 01:22:46.138 1341 1341 E Hyphenator: at java.io.RandomAccessFile.(RandomAccessFile.java:247)
04-17 01:22:46.138 1341 1341 E Hyphenator: at android.text.Hyphenator.loadHyphenator(Hyphenator.java:118)
04-17 01:22:46.138 1341 1341 E Hyphenator: at android.text.Hyphenator.init(Hyphenator.java:224)
04-17 01:22:46.138 1341 1341 E Hyphenator: at com.android.internal.os.ZygoteInit.preloadTextResources(ZygoteInit.java:252)
04-17 01:22:46.138 1341 1341 E Hyphenator: at com.android.internal.os.ZygoteInit.preload(ZygoteInit.java:206)
04-17 01:22:46.138 1341 1341 E Hyphenator: at com.android.internal.os.ZygoteInit.main(ZygoteInit.java:723)
04-17 01:22:46.138 1341 1341 E Hyphenator: Caused by: android.system.ErrnoException: open failed: ENOENT (No such file or directory)
04-17 01:22:46.138 1341 1341 E Hyphenator: at libcore.io.Posix.open(Native Method)
04-17 01:22:46.138 1341 1341 E Hyphenator: at libcore.io.BlockGuardOs.open(BlockGuardOs.java:187)
04-17 01:22:46.138 1341 1341 E Hyphenator: at libcore.io.IoBridge.open(IoBridge.java:441)
04-17 01:22:46.138 1341 1341 E Hyphenator: ... 6 more
04-17 01:22:46.138 1341 1341 E Hyphenator: error loading hyphenation /system/usr/hyphen-data/hyph-hr.hyb
04-17 01:22:46.138 1341 1341 E Hyphenator: java.io.FileNotFoundException: /system/usr/hyphen-data/hyph-hr.hyb: open failed: ENOENT (No such file or directory)
04-17 01:22:46.138 1341 1341 E Hyphenator: at libcore.io.IoBridge.open(IoBridge.java:455)
04-17 01:22:46.138 1341 1341 E Hyphenator: at java.io.RandomAccessFile.(RandomAccessFile.java:247)
04-17 01:22:46.138 1341 1341 E Hyphenator: at android.text.Hyphenator.loadHyphenator(Hyphenator.java:118)
04-17 01:22:46.138 1341 1341 E Hyphenator: at android.text.Hyphenator.init(Hyphenator.java:224)
04-17 01:22:46.138 1341 1341 E Hyphenator: at com.android.internal.os.ZygoteInit.preloadTextResources(ZygoteInit.java:252)
04-17 01:22:46.138 1341 1341 E Hyphenator: at com.android.internal.os.ZygoteInit.preload(ZygoteInit.java:206)
04-17 01:22:46.138 1341 1341 E Hyphenator: at com.android.internal.os.ZygoteInit.main(ZygoteInit.java:723)
04-17 01:22:46.138 1341 1341 E Hyphenator: Caused by: android.system.ErrnoException: open failed: ENOENT (No such file or directory)
04-17 01:22:46.138 1341 1341 E Hyphenator: at libcore.io.Posix.open(Native Method)
04-17 01:22:46.138 1341 1341 E Hyphenator: at libcore.io.BlockGuardOs.open(BlockGuardOs.java:187)
04-17 01:22:46.138 1341 1341 E Hyphenator: at libcore.io.IoBridge.open(IoBridge.java:441)
04-17 01:22:46.138 1341 1341 E Hyphenator: ... 6 more
04-17 01:22:46.138 1341 1341 E Hyphenator: error loading hyphenation /system/usr/hyphen-data/hyph-hu.hyb
04-17 01:22:46.138 1341 1341 E Hyphenator: java.io.FileNotFoundException: /system/usr/hyphen-data/hyph-hu.hyb: open failed: ENOENT (No such file or directory)
04-17 01:22:46.138 1341 1341 E Hyphenator: at libcore.io.IoBridge.open(IoBridge.java:455)
04-17 01:22:46.138 1341 1341 E Hyphenator: at java.io.RandomAccessFile.(RandomAccessFile.java:247)
04-17 01:22:46.138 1341 1341 E Hyphenator: at android.text.Hyphenator.loadHyphenator(Hyphenator.java:118)
04-17 01:22:46.138 1341 1341 E Hyphenator: at android.text.Hyphenator.init(Hyphenator.java:224)
04-17 01:22:46.138 1341 1341 E Hyphenator: at com.android.internal.os.ZygoteInit.preloadTextResources(ZygoteInit.java:252)
04-17 01:22:46.138 1341 1341 E Hyphenator: at com.android.internal.os.ZygoteInit.preload(ZygoteInit.java:206)
04-17 01:22:46.138 1341 1341 E Hyphenator: at com.android.internal.os.ZygoteInit.main(ZygoteInit.java:723)
04-17 01:22:46.138 1341 1341 E Hyphenator: Caused by: android.system.ErrnoException: open failed: ENOENT (No such file or directory)
04-17 01:22:46.138 1341 1341 E Hyphenator: at libcore.io.Posix.open(Native Method)
04-17 01:22:46.138 1341 1341 E Hyphenator: at libcore.io.BlockGuardOs.open(BlockGuardOs.java:187)
04-17 01:22:46.138 1341 1341 E Hyphenator: at libcore.io.IoBridge.open(IoBridge.java:441)
04-17 01:22:46.138 1341 1341 E Hyphenator: ... 6 more
04-17 01:22:46.138 1341 1341 E Hyphenator: error loading hyphenation /system/usr/hyphen-data/hyph-hy.hyb
04-17 01:22:46.138 1341 1341 E Hyphenator: java.io.FileNotFoundException: /system/usr/hyphen-data/hyph-hy.hyb: open failed: ENOENT (No such file or directory)
04-17 01:22:46.138 1341 1341 E Hyphenator: at libcore.io.IoBridge.open(IoBridge.java:455)
04-17 01:22:46.138 1341 1341 E Hyphenator: at java.io.RandomAccessFile.(RandomAccessFile.java:247)
04-17 01:22:46.138 1341 1341 E Hyphenator: at android.text.Hyphenator.loadHyphenator(Hyphenator.java:118)
04-17 01:22:46.138 1341 1341 E Hyphenator: at android.text.Hyphenator.init(Hyphenator.java:224)
04-17 01:22:46.138 1341 1341 E Hyphenator: at com.android.internal.os.ZygoteInit.preloadTextResources(ZygoteInit.java:252)
04-17 01:22:46.138 1341 1341 E Hyphenator: at com.android.internal.os.ZygoteInit.preload(ZygoteInit.java:206)
04-17 01:22:46.138 1341 1341 E Hyphenator: at com.android.internal.os.ZygoteInit.main(ZygoteInit.java:723)
04-17 01:22:46.138 1341 1341 E Hyphenator: Caused by: android.system.ErrnoException: open failed: ENOENT (No such file or directory)
04-17 01:22:46.138 1341 1341 E Hyphenator: at libcore.io.Posix.open(Native Method)
04-17 01:22:46.138 1341 1341 E Hyphenator: at libcore.io.BlockGuardOs.open(BlockGuardOs.java:187)
04-17 01:22:46.138 1341 1341 E Hyphenator: at libcore.io.IoBridge.open(IoBridge.java:441)
04-17 01:22:46.138 1341 1341 E Hyphenator: ... 6 more
04-17 01:22:46.138 1341 1341 E Hyphenator: error loading hyphenation /system/usr/hyphen-data/hyph-kn.hyb
04-17 01:22:46.138 1341 1341 E Hyphenator: java.io.FileNotFoundException: /system/usr/hyphen-data/hyph-kn.hyb: open failed: ENOENT (No such file or directory)
04-17 01:22:46.138 1341 1341 E Hyphenator: at libcore.io.IoBridge.open(IoBridge.java:455)
04-17 01:22:46.138 1341 1341 E Hyphenator: at java.io.RandomAccessFile.(RandomAccessFile.java:247)
04-17 01:22:46.138 1341 1341 E Hyphenator: at android.text.Hyphenator.loadHyphenator(Hyphenator.java:118)
04-17 01:22:46.138 1341 1341 E Hyphenator: at android.text.Hyphenator.init(Hyphenator.java:224)
04-17 01:22:46.138 1341 1341 E Hyphenator: at com.android.internal.os.ZygoteInit.preloadTextResources(ZygoteInit.java:252)
04-17 01:22:46.138 1341 1341 E Hyphenator: at com.android.internal.os.ZygoteInit.preload(ZygoteInit.java:206)
04-17 01:22:46.138 1341 1341 E Hyphenator: at com.android.internal.os.ZygoteInit.main(ZygoteInit.java:723)
04-17 01:22:46.138 1341 1341 E Hyphenator: Caused by: android.system.ErrnoException: open failed: ENOENT (No such file or directory)
04-17 01:22:46.138 1341 1341 E Hyphenator: at libcore.io.Posix.open(Native Method)
04-17 01:22:46.138 1341 1341 E Hyphenator: at libcore.io.BlockGuardOs.open(BlockGuardOs.java:187)
04-17 01:22:46.138 1341 1341 E Hyphenator: at libcore.io.IoBridge.open(IoBridge.java:441)
04-17 01:22:46.138 1341 1341 E Hyphenator: ... 6 more
04-17 01:22:46.138 1341 1341 E Hyphenator: error loading hyphenation /system/usr/hyphen-data/hyph-ml.hyb
04-17 01:22:46.138 1341 1341 E Hyphenator: java.io.FileNotFoundException: /system/usr/hyphen-data/hyph-ml.hyb: open failed: ENOENT (No such file or directory)
04-17 01:22:46.138 1341 1341 E Hyphenator: at libcore.io.IoBridge.open(IoBridge.java:455)
04-17 01:22:46.138 1341 1341 E Hyphenator: at java.io.RandomAccessFile.(RandomAccessFile.java:247)
04-17 01:22:46.138 1341 1341 E Hyphenator: at android.text.Hyphenator.loadHyphenator(Hyphenator.java:118)
04-17 01:22:46.138 1341 1341 E Hyphenator: at android.text.Hyphenator.init(Hyphenator.java:224)
04-17 01:22:46.138 1341 1341 E Hyphenator: at com.android.internal.os.ZygoteInit.preloadTextResources(ZygoteInit.java:252)
04-17 01:22:46.138 1341 1341 E Hyphenator: at com.android.internal.os.ZygoteInit.preload(ZygoteInit.java:206)
04-17 01:22:46.138 1341 1341 E Hyphenator: at com.android.internal.os.ZygoteInit.main(ZygoteInit.java:723)
04-17 01:22:46.138 1341 1341 E Hyphenator: Caused by: android.system.ErrnoException: open failed: ENOENT (No such file or directory)
04-17 01:22:46.138 1341 1341 E Hyphenator: at libcore.io.Posix.open(Native Method)
04-17 01:22:46.138 1341 1341 E Hyphenator: at libcore.io.BlockGuardOs.open(BlockGuardOs.java:187)
04-17 01:22:46.138 1341 1341 E Hyphenator: at libcore.io.IoBridge.open(IoBridge.java:441)
04-17 01:22:46.138 1341 1341 E Hyphenator: ... 6 more
04-17 01:22:46.138 1341 1341 E Hyphenator: error loading hyphenation /system/usr/hyphen-data/hyph-mn-cyrl.hyb
04-17 01:22:46.138 1341 1341 E Hyphenator: java.io.FileNotFoundException: /system/usr/hyphen-data/hyph-mn-cyrl.hyb: open failed: ENOENT (No such file or directory)
04-17 01:22:46.138 1341 1341 E Hyphenator: at libcore.io.IoBridge.open(IoBridge.java:455)
04-17 01:22:46.138 1341 1341 E Hyphenator: at java.io.RandomAccessFile.(RandomAccessFile.java:247)
04-17 01:22:46.138 1341 1341 E Hyphenator: at android.text.Hyphenator.loadHyphenator(Hyphenator.java:118)
04-17 01:22:46.138 1341 1341 E Hyphenator: at android.text.Hyphenator.init(Hyphenator.java:224)
04-17 01:22:46.138 1341 1341 E Hyphenator: at com.android.internal.os.ZygoteInit.preloadTextResources(ZygoteInit.java:252)
04-17 01:22:46.138 1341 1341 E Hyphenator: at com.android.internal.os.ZygoteInit.preload(ZygoteInit.java:206)
04-17 01:22:46.138 1341 1341 E Hyphenator: at com.android.internal.os.ZygoteInit.main(ZygoteInit.java:723)
04-17 01:22:46.138 1341 1341 E Hyphenator: Caused by: android.system.ErrnoException: open failed: ENOENT (No such file or directory)
04-17 01:22:46.138 1341 1341 E Hyphenator: at libcore.io.Posix.open(Native Method)
04-17 01:22:46.138 1341 1341 E Hyphenator: at libcore.io.BlockGuardOs.open(BlockGuardOs.java:187)
04-17 01:22:46.138 1341 1341 E Hyphenator: at libcore.io.IoBridge.open(IoBridge.java:441)
04-17 01:22:46.138 1341 1341 E Hyphenator: ... 6 more
04-17 01:22:46.139 1341 1341 E Hyphenator: error loading hyphenation /system/usr/hyphen-data/hyph-mr.hyb
04-17 01:22:46.139 1341 1341 E Hyphenator: java.io.FileNotFoundException: /system/usr/hyphen-data/hyph-mr.hyb: open failed: ENOENT (No such file or directory)
04-17 01:22:46.139 1341 1341 E Hyphenator: at libcore.io.IoBridge.open(IoBridge.java:455)
04-17 01:22:46.139 1341 1341 E Hyphenator: at java.io.RandomAccessFile.(RandomAccessFile.java:247)
04-17 01:22:46.139 1341 1341 E Hyphenator: at android.text.Hyphenator.loadHyphenator(Hyphenator.java:118)
04-17 01:22:46.139 1341 1341 E Hyphenator: at android.text.Hyphenator.init(Hyphenator.java:224)
04-17 01:22:46.139 1341 1341 E Hyphenator: at com.android.internal.os.ZygoteInit.preloadTextResources(ZygoteInit.java:252)
04-17 01:22:46.139 1341 1341 E Hyphenator: at com.android.internal.os.ZygoteInit.preload(ZygoteInit.java:206)
04-17 01:22:46.139 1341 1341 E Hyphenator: at com.android.internal.os.ZygoteInit.main(ZygoteInit.java:723)
04-17 01:22:46.139 1341 1341 E Hyphenator: Caused by: android.system.ErrnoException: open failed: ENOENT (No such file or directory)
04-17 01:22:46.139 1341 1341 E Hyphenator: at libcore.io.Posix.open(Native Method)
04-17 01:22:46.139 1341 1341 E Hyphenator: at libcore.io.BlockGuardOs.open(BlockGuardOs.java:187)
04-17 01:22:46.139 1341 1341 E Hyphenator: at libcore.io.IoBridge.open(IoBridge.java:441)
04-17 01:22:46.139 1341 1341 E Hyphenator: ... 6 more
04-17 01:22:46.139 1341 1341 E Hyphenator: error loading hyphenation /system/usr/hyphen-data/hyph-nb.hyb
04-17 01:22:46.139 1341 1341 E Hyphenator: java.io.FileNotFoundException: /system/usr/hyphen-data/hyph-nb.hyb: open failed: ENOENT (No such file or directory)
04-17 01:22:46.139 1341 1341 E Hyphenator: at libcore.io.IoBridge.open(IoBridge.java:455)
04-17 01:22:46.139 1341 1341 E Hyphenator: at java.io.RandomAccessFile.(RandomAccessFile.java:247)
04-17 01:22:46.139 1341 1341 E Hyphenator: at android.text.Hyphenator.loadHyphenator(Hyphenator.java:118)
04-17 01:22:46.139 1341 1341 E Hyphenator: at android.text.Hyphenator.init(Hyphenator.java:224)
04-17 01:22:46.139 1341 1341 E Hyphenator: at com.android.internal.os.ZygoteInit.preloadTextResources(ZygoteInit.java:252)
04-17 01:22:46.139 1341 1341 E Hyphenator: at com.android.internal.os.ZygoteInit.preload(ZygoteInit.java:206)
04-17 01:22:46.139 1341 1341 E Hyphenator: at com.android.internal.os.ZygoteInit.main(ZygoteInit.java:723)
04-17 01:22:46.139 1341 1341 E Hyphenator: Caused by: android.system.ErrnoException: open failed: ENOENT (No such file or directory)
04-17 01:22:46.139 1341 1341 E Hyphenator: at libcore.io.Posix.open(Native Method)
04-17 01:22:46.139 1341 1341 E Hyphenator: at libcore.io.BlockGuardOs.open(BlockGuardOs.java:187)
04-17 01:22:46.139 1341 1341 E Hyphenator: at libcore.io.IoBridge.open(IoBridge.java:441)
04-17 01:22:46.139 1341 1341 E Hyphenator: ... 6 more
04-17 01:22:46.139 1341 1341 E Hyphenator: error loading hyphenation /system/usr/hyphen-data/hyph-nn.hyb
04-17 01:22:46.139 1341 1341 E Hyphenator: java.io.FileNotFoundException: /system/usr/hyphen-data/hyph-nn.hyb: open failed: ENOENT (No such file or directory)
04-17 01:22:46.139 1341 1341 E Hyphenator: at libcore.io.IoBridge.open(IoBridge.java:455)
04-17 01:22:46.139 1341 1341 E Hyphenator: at java.io.RandomAccessFile.(RandomAccessFile.java:247)
04-17 01:22:46.139 1341 1341 E Hyphenator: at android.text.Hyphenator.loadHyphenator(Hyphenator.java:118)
04-17 01:22:46.139 1341 1341 E Hyphenator: at android.text.Hyphenator.init(Hyphenator.java:224)
04-17 01:22:46.139 1341 1341 E Hyphenator: at com.android.internal.os.ZygoteInit.preloadTextResources(ZygoteInit.java:252)
04-17 01:22:46.139 1341 1341 E Hyphenator: at com.android.internal.os.ZygoteInit.preload(ZygoteInit.java:206)
04-17 01:22:46.139 1341 1341 E Hyphenator: at com.android.internal.os.ZygoteInit.main(ZygoteInit.java:723)
04-17 01:22:46.139 1341 1341 E Hyphenator: Caused by: android.system.ErrnoException: open failed: ENOENT (No such file or directory)
04-17 01:22:46.139 1341 1341 E Hyphenator: at libcore.io.Posix.open(Native Method)
04-17 01:22:46.139 1341 1341 E Hyphenator: at libcore.io.BlockGuardOs.open(BlockGuardOs.java:187)
04-17 01:22:46.139 1341 1341 E Hyphenator: at libcore.io.IoBridge.open(IoBridge.java:441)
04-17 01:22:46.139 1341 1341 E Hyphenator: ... 6 more
04-17 01:22:46.139 1341 1341 E Hyphenator: error loading hyphenation /system/usr/hyphen-data/hyph-or.hyb
04-17 01:22:46.139 1341 1341 E Hyphenator: java.io.FileNotFoundException: /system/usr/hyphen-data/hyph-or.hyb: open failed: ENOENT (No such file or directory)
04-17 01:22:46.139 1341 1341 E Hyphenator: at libcore.io.IoBridge.open(IoBridge.java:455)
04-17 01:22:46.139 1341 1341 E Hyphenator: at java.io.RandomAccessFile.(RandomAccessFile.java:247)
04-17 01:22:46.139 1341 1341 E Hyphenator: at android.text.Hyphenator.loadHyphenator(Hyphenator.java:118)
04-17 01:22:46.139 1341 1341 E Hyphenator: at android.text.Hyphenator.init(Hyphenator.java:224)
04-17 01:22:46.139 1341 1341 E Hyphenator: at com.android.internal.os.ZygoteInit.preloadTextResources(ZygoteInit.java:252)
04-17 01:22:46.139 1341 1341 E Hyphenator: at com.android.internal.os.ZygoteInit.preload(ZygoteInit.java:206)
04-17 01:22:46.139 1341 1341 E Hyphenator: at com.android.internal.os.ZygoteInit.main(ZygoteInit.java:723)
04-17 01:22:46.139 1341 1341 E Hyphenator: Caused by: android.system.ErrnoException: open failed: ENOENT (No such file or directory)
04-17 01:22:46.139 1341 1341 E Hyphenator: at libcore.io.Posix.open(Native Method)
04-17 01:22:46.139 1341 1341 E Hyphenator: at libcore.io.BlockGuardOs.open(BlockGuardOs.java:187)
04-17 01:22:46.139 1341 1341 E Hyphenator: at libcore.io.IoBridge.open(IoBridge.java:441)
04-17 01:22:46.139 1341 1341 E Hyphenator: ... 6 more
04-17 01:22:46.139 1341 1341 E Hyphenator: error loading hyphenation /system/usr/hyphen-data/hyph-pa.hyb
04-17 01:22:46.139 1341 1341 E Hyphenator: java.io.FileNotFoundException: /system/usr/hyphen-data/hyph-pa.hyb: open failed: ENOENT (No such file or directory)
04-17 01:22:46.139 1341 1341 E Hyphenator: at libcore.io.IoBridge.open(IoBridge.java:455)
04-17 01:22:46.139 1341 1341 E Hyphenator: at java.io.RandomAccessFile.(RandomAccessFile.java:247)
04-17 01:22:46.139 1341 1341 E Hyphenator: at android.text.Hyphenator.loadHyphenator(Hyphenator.java:118)
04-17 01:22:46.139 1341 1341 E Hyphenator: at android.text.Hyphenator.init(Hyphenator.java:224)
04-17 01:22:46.139 1341 1341 E Hyphenator: at com.android.internal.os.ZygoteInit.preloadTextResources(ZygoteInit.java:252)
04-17 01:22:46.139 1341 1341 E Hyphenator: at com.android.internal.os.ZygoteInit.preload(ZygoteInit.java:206)
04-17 01:22:46.139 1341 1341 E Hyphenator: at com.android.internal.os.ZygoteInit.main(ZygoteInit.java:723)
04-17 01:22:46.139 1341 1341 E Hyphenator: Caused by: android.system.ErrnoException: open failed: ENOENT (No such file or directory)
04-17 01:22:46.139 1341 1341 E Hyphenator: at libcore.io.Posix.open(Native Method)
04-17 01:22:46.139 1341 1341 E Hyphenator: at libcore.io.BlockGuardOs.open(BlockGuardOs.java:187)
04-17 01:22:46.139 1341 1341 E Hyphenator: at libcore.io.IoBridge.open(IoBridge.java:441)
04-17 01:22:46.139 1341 1341 E Hyphenator: ... 6 more
04-17 01:22:46.139 1341 1341 E Hyphenator: error loading hyphenation /system/usr/hyphen-data/hyph-pt.hyb
04-17 01:22:46.139 1341 1341 E Hyphenator: java.io.FileNotFoundException: /system/usr/hyphen-data/hyph-pt.hyb: open failed: ENOENT (No such file or directory)
04-17 01:22:46.139 1341 1341 E Hyphenator: at libcore.io.IoBridge.open(IoBridge.java:455)
04-17 01:22:46.139 1341 1341 E Hyphenator: at java.io.RandomAccessFile.(RandomAccessFile.java:247)
04-17 01:22:46.139 1341 1341 E Hyphenator: at android.text.Hyphenator.loadHyphenator(Hyphenator.java:118)
04-17 01:22:46.139 1341 1341 E Hyphenator: at android.text.Hyphenator.init(Hyphenator.java:224)
04-17 01:22:46.139 1341 1341 E Hyphenator: at com.android.internal.os.ZygoteInit.preloadTextResources(ZygoteInit.java:252)
04-17 01:22:46.139 1341 1341 E Hyphenator: at com.android.internal.os.ZygoteInit.preload(ZygoteInit.java:206)
04-17 01:22:46.139 1341 1341 E Hyphenator: at com.android.internal.os.ZygoteInit.main(ZygoteInit.java:723)
04-17 01:22:46.139 1341 1341 E Hyphenator: Caused by: android.system.ErrnoException: open failed: ENOENT (No such file or directory)
04-17 01:22:46.139 1341 1341 E Hyphenator: at libcore.io.Posix.open(Native Method)
04-17 01:22:46.139 1341 1341 E Hyphenator: at libcore.io.BlockGuardOs.open(BlockGuardOs.java:187)
04-17 01:22:46.139 1341 1341 E Hyphenator: at libcore.io.IoBridge.open(IoBridge.java:441)
04-17 01:22:46.139 1341 1341 E Hyphenator: ... 6 more
04-17 01:22:46.139 1341 1341 E Hyphenator: error loading hyphenation /system/usr/hyphen-data/hyph-sl.hyb
04-17 01:22:46.139 1341 1341 E Hyphenator: java.io.FileNotFoundException: /system/usr/hyphen-data/hyph-sl.hyb: open failed: ENOENT (No such file or directory)
04-17 01:22:46.139 1341 1341 E Hyphenator: at libcore.io.IoBridge.open(IoBridge.java:455)
04-17 01:22:46.139 1341 1341 E Hyphenator: at java.io.RandomAccessFile.(RandomAccessFile.java:247)
04-17 01:22:46.139 1341 1341 E Hyphenator: at android.text.Hyphenator.loadHyphenator(Hyphenator.java:118)
04-17 01:22:46.139 1341 1341 E Hyphenator: at android.text.Hyphenator.init(Hyphenator.java:224)
04-17 01:22:46.139 1341 1341 E Hyphenator: at com.android.internal.os.ZygoteInit.preloadTextResources(ZygoteInit.java:252)
04-17 01:22:46.139 1341 1341 E Hyphenator: at com.android.internal.os.ZygoteInit.preload(ZygoteInit.java:206)
04-17 01:22:46.139 1341 1341 E Hyphenator: at com.android.internal.os.ZygoteInit.main(ZygoteInit.java:723)
04-17 01:22:46.139 1341 1341 E Hyphenator: Caused by: android.system.ErrnoException: open failed: ENOENT (No such file or directory)
04-17 01:22:46.139 1341 1341 E Hyphenator: at libcore.io.Posix.open(Native Method)
04-17 01:22:46.139 1341 1341 E Hyphenator: at libcore.io.BlockGuardOs.open(BlockGuardOs.java:187)
04-17 01:22:46.139 1341 1341 E Hyphenator: at libcore.io.IoBridge.open(IoBridge.java:441)
04-17 01:22:46.139 1341 1341 E Hyphenator: ... 6 more
04-17 01:22:46.140 1341 1341 E Hyphenator: error loading hyphenation /system/usr/hyphen-data/hyph-ta.hyb
04-17 01:22:46.140 1341 1341 E Hyphenator: java.io.FileNotFoundException: /system/usr/hyphen-data/hyph-ta.hyb: open failed: ENOENT (No such file or directory)
04-17 01:22:46.140 1341 1341 E Hyphenator: at libcore.io.IoBridge.open(IoBridge.java:455)
04-17 01:22:46.140 1341 1341 E Hyphenator: at java.io.RandomAccessFile.(RandomAccessFile.java:247)
04-17 01:22:46.140 1341 1341 E Hyphenator: at android.text.Hyphenator.loadHyphenator(Hyphenator.java:118)
04-17 01:22:46.140 1341 1341 E Hyphenator: at android.text.Hyphenator.init(Hyphenator.java:224)
04-17 01:22:46.140 1341 1341 E Hyphenator: at com.android.internal.os.ZygoteInit.preloadTextResources(ZygoteInit.java:252)
04-17 01:22:46.140 1341 1341 E Hyphenator: at com.android.internal.os.ZygoteInit.preload(ZygoteInit.java:206)
04-17 01:22:46.140 1341 1341 E Hyphenator: at com.android.internal.os.ZygoteInit.main(ZygoteInit.java:723)
04-17 01:22:46.140 1341 1341 E Hyphenator: Caused by: android.system.ErrnoException: open failed: ENOENT (No such file or directory)
04-17 01:22:46.140 1341 1341 E Hyphenator: at libcore.io.Posix.open(Native Method)
04-17 01:22:46.140 1341 1341 E Hyphenator: at libcore.io.BlockGuardOs.open(BlockGuardOs.java:187)
04-17 01:22:46.140 1341 1341 E Hyphenator: at libcore.io.IoBridge.open(IoBridge.java:441)
04-17 01:22:46.140 1341 1341 E Hyphenator: ... 6 more
04-17 01:22:46.140 1341 1341 E Hyphenator: error loading hyphenation /system/usr/hyphen-data/hyph-te.hyb
04-17 01:22:46.140 1341 1341 E Hyphenator: java.io.FileNotFoundException: /system/usr/hyphen-data/hyph-te.hyb: open failed: ENOENT (No such file or directory)
04-17 01:22:46.140 1341 1341 E Hyphenator: at libcore.io.IoBridge.open(IoBridge.java:455)
04-17 01:22:46.140 1341 1341 E Hyphenator: at java.io.RandomAccessFile.(RandomAccessFile.java:247)
04-17 01:22:46.140 1341 1341 E Hyphenator: at android.text.Hyphenator.loadHyphenator(Hyphenator.java:118)
04-17 01:22:46.140 1341 1341 E Hyphenator: at android.text.Hyphenator.init(Hyphenator.java:224)
04-17 01:22:46.140 1341 1341 E Hyphenator: at com.android.internal.os.ZygoteInit.preloadTextResources(ZygoteInit.java:252)
04-17 01:22:46.140 1341 1341 E Hyphenator: at com.android.internal.os.ZygoteInit.preload(ZygoteInit.java:206)
04-17 01:22:46.140 1341 1341 E Hyphenator: at com.android.internal.os.ZygoteInit.main(ZygoteInit.java:723)
04-17 01:22:46.140 1341 1341 E Hyphenator: Caused by: android.system.ErrnoException: open failed: ENOENT (No such file or directory)
04-17 01:22:46.140 1341 1341 E Hyphenator: at libcore.io.Posix.open(Native Method)
04-17 01:22:46.140 1341 1341 E Hyphenator: at libcore.io.BlockGuardOs.open(BlockGuardOs.java:187)
04-17 01:22:46.140 1341 1341 E Hyphenator: at libcore.io.IoBridge.open(IoBridge.java:441)
04-17 01:22:46.140 1341 1341 E Hyphenator: ... 6 more
04-17 01:22:46.140 1341 1341 E Hyphenator: error loading hyphenation /system/usr/hyphen-data/hyph-tk.hyb
04-17 01:22:46.140 1341 1341 E Hyphenator: java.io.FileNotFoundException: /system/usr/hyphen-data/hyph-tk.hyb: open failed: ENOENT (No such file or directory)
04-17 01:22:46.140 1341 1341 E Hyphenator: at libcore.io.IoBridge.open(IoBridge.java:455)
04-17 01:22:46.140 1341 1341 E Hyphenator: at java.io.RandomAccessFile.(RandomAccessFile.java:247)
04-17 01:22:46.140 1341 1341 E Hyphenator: at android.text.Hyphenator.loadHyphenator(Hyphenator.java:118)
04-17 01:22:46.140 1341 1341 E Hyphenator: at android.text.Hyphenator.init(Hyphenator.java:224)
04-17 01:22:46.140 1341 1341 E Hyphenator: at com.android.internal.os.ZygoteInit.preloadTextResources(ZygoteInit.java:252)
04-17 01:22:46.140 1341 1341 E Hyphenator: at com.android.internal.os.ZygoteInit.preload(ZygoteInit.java:206)
04-17 01:22:46.140 1341 1341 E Hyphenator: at com.android.internal.os.ZygoteInit.main(ZygoteInit.java:723)
04-17 01:22:46.140 1341 1341 E Hyphenator: Caused by: android.system.ErrnoException: open failed: ENOENT (No such file or directory)
04-17 01:22:46.140 1341 1341 E Hyphenator: at libcore.io.Posix.open(Native Method)
04-17 01:22:46.140 1341 1341 E Hyphenator: at libcore.io.BlockGuardOs.open(BlockGuardOs.java:187)
04-17 01:22:46.140 1341 1341 E Hyphenator: at libcore.io.IoBridge.open(IoBridge.java:441)
04-17 01:22:46.140 1341 1341 E Hyphenator: ... 6 more
04-17 01:22:46.140 1341 1341 E Hyphenator: error loading hyphenation /system/usr/hyphen-data/hyph-und-ethi.hyb
04-17 01:22:46.140 1341 1341 E Hyphenator: java.io.FileNotFoundException: /system/usr/hyphen-data/hyph-und-ethi.hyb: open failed: ENOENT (No such file or directory)
04-17 01:22:46.140 1341 1341 E Hyphenator: at libcore.io.IoBridge.open(IoBridge.java:455)
04-17 01:22:46.140 1341 1341 E Hyphenator: at java.io.RandomAccessFile.(RandomAccessFile.java:247)
04-17 01:22:46.140 1341 1341 E Hyphenator: at android.text.Hyphenator.loadHyphenator(Hyphenator.java:118)
04-17 01:22:46.140 1341 1341 E Hyphenator: at android.text.Hyphenator.init(Hyphenator.java:224)
04-17 01:22:46.140 1341 1341 E Hyphenator: at com.android.internal.os.ZygoteInit.preloadTextResources(ZygoteInit.java:252)
04-17 01:22:46.140 1341 1341 E Hyphenator: at com.android.internal.os.ZygoteInit.preload(ZygoteInit.java:206)
04-17 01:22:46.140 1341 1341 E Hyphenator: at com.android.internal.os.ZygoteInit.main(ZygoteInit.java:723)
04-17 01:22:46.140 1341 1341 E Hyphenator: Caused by: android.system.ErrnoException: open failed: ENOENT (No such file or directory)
04-17 01:22:46.140 1341 1341 E Hyphenator: at libcore.io.Posix.open(Native Method)
04-17 01:22:46.140 1341 1341 E Hyphenator: at libcore.io.BlockGuardOs.open(BlockGuardOs.java:187)
04-17 01:22:46.140 1341 1341 E Hyphenator: at libcore.io.IoBridge.open(IoBridge.java:441)
04-17 01:22:46.140 1341 1341 E Hyphenator: ... 6 more
04-17 01:22:46.154 1341 1341 I Zygote : Uninstalled ICU cache reference pinning...
04-17 01:22:46.156 1341 1341 I Zygote : Installed AndroidKeyStoreProvider in 2ms.
04-17 01:22:46.159 1340 1340 I Zygote : Uninstalled ICU cache reference pinning...
04-17 01:22:46.161 1341 1341 I Zygote : Warmed up JCA providers in 5ms.
04-17 01:22:46.161 1341 1341 D Zygote : end preload
04-17 01:22:46.161 1341 1341 I art : Waiting for a blocking GC Explicit
04-17 01:22:46.162 1340 1340 I Zygote : Installed AndroidKeyStoreProvider in 3ms.
04-17 01:22:46.165 1340 1340 I Zygote : Warmed up JCA providers in 3ms.
04-17 01:22:46.165 1340 1340 D Zygote : end preload
04-17 01:22:46.165 1340 1340 I art : Starting a blocking GC Explicit
04-17 01:22:46.172 1341 1341 I art : WaitForGcToComplete blocked for 11.286ms for cause Explicit
04-17 01:22:46.173 1341 1341 I art : Starting a blocking GC Explicit
04-17 01:22:46.176 1340 1340 I art : Explicit concurrent mark sweep GC freed 7035(401KB) AllocSpace objects, 3(68KB) LOS objects, 51% free, 3MB/7MB, paused 1.575ms total 10.660ms
04-17 01:22:46.177 1340 1340 I art : Starting a blocking GC Explicit
04-17 01:22:46.183 1341 1341 I art : Explicit concurrent mark sweep GC freed 2297(107KB) AllocSpace objects, 3(68KB) LOS objects, 51% free, 3MB/7MB, paused 1.555ms total 10.550ms
04-17 01:22:46.184 1341 1341 I art : Starting a blocking GC Explicit
04-17 01:22:46.188 1340 1340 I art : Explicit concurrent mark sweep GC freed 26(752B) AllocSpace objects, 0(0B) LOS objects, 51% free, 3MB/7MB, paused 1.648ms total 10.819ms
04-17 01:22:46.189 1340 1584 I art : Starting a blocking GC HeapTrim
04-17 01:22:46.192 1340 1340 I art : Starting a blocking GC Background
04-17 01:22:46.195 1341 1341 I art : Explicit concurrent mark sweep GC freed 17(512B) AllocSpace objects, 0(0B) LOS objects, 51% free, 3MB/7MB, paused 1.542ms total 10.881ms
04-17 01:22:46.195 1341 1341 I Zygote : Accepting command socket connections
04-17 01:22:46.214 1340 1340 I Zygote : System server process 1658 has been created
04-17 01:22:46.221 1340 1340 I Zygote : Accepting command socket connections
04-17 01:22:46.221 1343 1343 I ServiceManager: Waiting for service media.camera.proxy...
04-17 01:22:46.243 1658 1658 I Zygote : Process: zygote socket opened, supported ABIS: x86
04-17 01:22:46.244 1658 1658 I InstallerConnection: connecting...
04-17 01:22:46.244 1345 1345 I : new connection
04-17 01:22:46.251 1658 1658 I InstallerConnection: disconnecting...
04-17 01:22:46.251 1345 1345 E : eof
04-17 01:22:46.251 1345 1345 E : failed to read size
04-17 01:22:46.251 1345 1345 I : closing connection
04-17 01:22:46.271 1658 1658 I SystemServer: Entered the Android system server!
04-17 01:22:46.347 1658 1658 I SystemServiceManager: Starting com.android.server.pm.Installer
04-17 01:22:46.350 1658 1658 I Installer: Waiting for installd to be ready.
04-17 01:22:46.350 1658 1658 I InstallerConnection: connecting...
04-17 01:22:46.350 1345 1345 I : new connection
04-17 01:22:46.351 1658 1658 I SystemServiceManager: Starting com.android.server.am.ActivityManagerService$Lifecycle
04-17 01:22:46.371 1658 1658 I ActivityManager: Memory class: 576
04-17 01:22:46.382 1658 1672 I ServiceThread: Enabled StrictMode logging for ActivityManager looper.
04-17 01:22:46.395 1658 1673 I ServiceThread: Enabled StrictMode logging for android.ui looper.
04-17 01:22:46.415 1658 1658 D BatteryStatsImpl: Reading daily items from /data/system/batterystats-daily.xml
04-17 01:22:46.466 1658 1658 I IntentFirewall: Read new rules (A:0 B:0 S:0)
04-17 01:22:46.473 1623 1623 E ipv6proxy: Failed to forward Router Advertisement from eth0 to wlan1: Network is unreachable
04-17 01:22:46.473 1623 1623 E ipv6proxy: Failed to forward Router Advertisement from eth0 to radio0-peer: Cannot assign requested address
04-17 01:22:46.482 1658 1679 I ServiceThread: Enabled StrictMode logging for android.display looper.
04-17 01:22:46.489 1658 1658 D AppOps : AppOpsService published
04-17 01:22:46.489 1658 1658 I SystemServiceManager: Starting com.android.server.power.PowerManagerService
04-17 01:22:46.493 1658 1681 I ServiceThread: Enabled StrictMode logging for PowerManagerService looper.
04-17 01:22:46.493 1658 1658 E PowerManagerService-JNI: Couldn't load power module (No such file or directory)
04-17 01:22:46.494 1658 1658 W libsuspend: Error writing 'on' to /sys/power/state: Invalid argument
04-17 01:22:46.494 1658 1658 I libsuspend: Selected wakeup count
04-17 01:22:46.497 1658 1658 I SystemServiceManager: Starting com.android.server.lights.LightsService
04-17 01:22:46.501 1658 1658 I SystemServiceManager: Starting com.android.server.display.DisplayManagerService
04-17 01:22:46.505 1658 1658 I SystemServiceManager: Starting phase 100
04-17 01:22:46.508 1337 1538 E SurfaceFlinger: ro.sf.lcd_density must be defined as a build property
04-17 01:22:46.511 1658 1679 I DisplayManagerService: Display device added: DisplayDeviceInfo{"Built-in Screen": uniqueId="local:0", 800 x 1280, modeId 1, defaultModeId 1, supportedModes [{id=1, width=800, height=1280, fps=60.000004}], colorTransformId 1, defaultColorTransformId 1, supportedColorTransforms [{id=1, colorTransform=0}], HdrCapabilities android.view.Display$HdrCapabilities@99e0ae3, density 320, 320.0 x 320.0 dpi, appVsyncOff 0, presDeadline 17666666, touch INTERNAL, rotation 0, type BUILT_IN, state UNKNOWN, FLAG_DEFAULT_DISPLAY, FLAG_ROTATES_WITH_CONTENT, FLAG_SECURE, FLAG_SUPPORTS_PROTECTED_BUFFERS}
04-17 01:22:46.512 1337 1337 D SurfaceFlinger: Set power mode=2, type=0 flinger=0x7b9c08047640
04-17 01:22:46.513 1337 1337 D SurfaceFlinger: Screen type=0 is already mode=2
04-17 01:22:46.514 1658 1679 I DisplayManagerService: Display device changed state: "Built-in Screen", ON
04-17 01:22:46.514 1658 1658 I SystemServer: StartPackageManagerService
04-17 01:22:46.557 1658 1658 W SystemConfig: No directory /system/etc/sysconfig, skipping
04-17 01:22:46.581 1658 1658 D SELinuxMMAC: Using policy file /system/etc/security/mac_permissions.xml
04-17 01:22:46.623 1658 1658 E art : DexFile_getDexOptNeeded file '/system/framework/org.apache.http.legacy.jar' does not exist
04-17 01:22:46.623 1658 1658 W PackageManager: Library not found: /system/framework/org.apache.http.legacy.jar
04-17 01:22:46.630 1658 1658 E art : DexFile_getDexOptNeeded file '/system/framework/org.apache.http.legacy.jar' does not exist
04-17 01:22:46.631 1658 1658 W PackageManager: Library not found: /system/framework/org.apache.http.legacy.jar
04-17 01:22:46.633 1658 1658 D PackageManager: No files in app dir /vendor/overlay
04-17 01:22:46.654 1658 1658 W PackageManager: Failed to parse /system/framework/oat: Missing base APK in /system/framework/oat
04-17 01:22:46.654 1658 1658 W PackageManager: Failed to parse /system/framework/x86: Missing base APK in /system/framework/x86
04-17 01:22:46.654 1658 1658 W PackageManager: Failed to parse /system/framework/x86_64: Missing base APK in /system/framework/x86_64
04-17 01:22:46.682 1658 1658 W PackageParser: No actions in intent filter at /system/priv-app/Contacts/Contacts.apk Binary XML file line #403
04-17 01:22:46.706 1658 1658 W PackageParser: No actions in intent filter at /system/priv-app/Dialer/Dialer.apk Binary XML file line #185
04-17 01:22:46.719 1658 1658 W PackageManager: Permission android.permission.DOWNLOAD_WITHOUT_NOTIFICATION from package com.android.providers.downloads in an unknown group android.permission-group.NETWORK
04-17 01:22:46.750 1658 1658 W PackageManager: Permission com.android.launcher.permission.INSTALL_SHORTCUT from package com.android.launcher3 in an unknown group android.permission-group.SYSTEM_TOOLS
04-17 01:22:46.750 1658 1658 W PackageManager: Permission com.android.launcher3.permission.READ_SETTINGS from package com.android.launcher3 in an unknown group android.permission-group.SYSTEM_TOOLS
04-17 01:22:46.750 1658 1658 W PackageManager: Permission com.android.launcher3.permission.WRITE_SETTINGS from package com.android.launcher3 in an unknown group android.permission-group.SYSTEM_TOOLS
04-17 01:22:46.822 1658 1658 W PackageParser: Ignoring duplicate uses-permissions/uses-permissions-sdk-m: android.permission.USE_CREDENTIALS in package: com.android.settings at: Binary XML file line #53
04-17 01:22:46.822 1658 1658 W PackageParser: Ignoring duplicate uses-permissions/uses-permissions-sdk-m: android.permission.READ_SYNC_SETTINGS in package: com.android.settings at: Binary XML file line #58
04-17 01:22:46.822 1658 1658 W PackageParser: Ignoring duplicate uses-permissions/uses-permissions-sdk-m: android.permission.WRITE_SYNC_SETTINGS in package: com.android.settings at: Binary XML file line #59
04-17 01:22:46.838 1658 1658 W PackageParser: Ignoring duplicate uses-permissions/uses-permissions-sdk-m: android.permission.INSTALL_GRANT_RUNTIME_PERMISSIONS in package: com.android.shell at: Binary XML file line #102
04-17 01:22:46.872 1658 1658 W PackageParser: Ignoring duplicate uses-permissions/uses-permissions-sdk-m: android.permission.CONFIGURE_WIFI_DISPLAY in package: com.android.systemui at: Binary XML file line #123
04-17 01:22:46.927 1658 1658 W PackageManager: Non-privileged app; cap priority to 0; package: com.android.calendar activity: com.android.calendar.GoogleCalendarUriIntentFilter origPrio: 50
04-17 01:22:46.945 1658 1658 W PackageManager: Non-privileged app; cap priority to 0; package: com.android.cts.ctsshim activity: com.android.cts.ctsshim.InstallPriority origPrio: 100
04-17 01:22:46.945 1658 1658 W PackageManager: Non-privileged app; cap priority to 0; package: com.android.cts.ctsshim activity: com.android.cts.ctsshim.InstallPriority origPrio: 100
04-17 01:22:46.945 1658 1658 W PackageManager: Non-privileged app; cap priority to 0; package: com.android.cts.ctsshim activity: com.android.cts.ctsshim.InstallPriority origPrio: 100
04-17 01:22:46.945 1658 1658 W PackageManager: Non-privileged app; cap priority to 0; package: com.android.cts.ctsshim activity: com.android.cts.ctsshim.InstallPriority origPrio: 100
04-17 01:22:46.945 1658 1658 W PackageManager: Non-privileged app; cap priority to 0; package: com.android.cts.ctsshim activity: com.android.cts.ctsshim.InstallPriority origPrio: 100
04-17 01:22:46.986 1658 1658 W PackageParser: Ignoring duplicate uses-permissions/uses-permissions-sdk-m: android.permission.WRITE_CONTACTS in package: com.android.email at: Binary XML file line #40
04-17 01:22:47.008 1658 1658 W PackageParser: Unknown element under : permission at /system/app/Gallery2/Gallery2.apk Binary XML file line #238
04-17 01:22:47.008 1658 1658 W PackageParser: Unknown element under : permission at /system/app/Gallery2/Gallery2.apk Binary XML file line #241
04-17 01:22:47.098 1658 1658 D PackageManager: No files in app dir /system/vendor/app
04-17 01:22:47.098 1658 1658 D PackageManager: No files in app dir /oem/app
04-17 01:22:47.111 1658 1658 W PackageParser: No actions in intent filter at /data/app/ApiDemos/ApiDemos.apk Binary XML file line #3144
04-17 01:22:47.111 1658 1658 W PackageParser: No actions in intent filter at /data/app/ApiDemos/ApiDemos.apk Binary XML file line #3150
04-17 01:22:47.111 1658 1658 I PackageManager: /data/app/ApiDemos changed; collecting certs
04-17 01:22:47.169 1658 1658 W PackageManager: Package com.example.android.apis desires unavailable shared library com.example.will.never.exist; ignoring!
04-17 01:22:47.171 1658 1658 I SELinux : SELinux: Loaded file_contexts contexts from /file_contexts.bin.
04-17 01:22:47.173 1658 1658 I PackageManager: /data/app/CubeLiveWallpapers changed; collecting certs
04-17 01:22:47.176 1658 1658 I PackageManager: /data/app/GestureBuilder changed; collecting certs
04-17 01:22:47.178 1658 1658 I PackageManager: /data/app/SmokeTest changed; collecting certs
04-17 01:22:47.181 1658 1658 I PackageManager: /data/app/SmokeTestApp changed; collecting certs
04-17 01:22:47.184 1658 1658 I PackageManager: /data/app/SoftKeyboard changed; collecting certs
04-17 01:22:47.187 1658 1658 I PackageManager: /data/app/WidgetPreview changed; collecting certs
04-17 01:22:47.188 1658 1658 D PackageManager: No files in app dir /data/app-private
04-17 01:22:47.188 1658 1658 D PackageManager: No files in app dir /data/app-ephemeral
04-17 01:22:47.189 1658 1658 E PackageManager: There should probably be exactly one setup wizard; found 0: matches=[]
04-17 01:22:47.189 1658 1658 W PackageManager: Protected action; cap priority to 0; package: com.android.cts.priv.ctsshim activity: com.android.cts.priv.ctsshim.InstallPriority origPrio: 100
04-17 01:22:47.189 1658 1658 W PackageManager: Protected action; cap priority to 0; package: com.android.cts.priv.ctsshim activity: com.android.cts.priv.ctsshim.InstallPriority origPrio: 100
04-17 01:22:47.189 1658 1658 W PackageManager: Protected action; cap priority to 0; package: com.android.cts.priv.ctsshim activity: com.android.cts.priv.ctsshim.InstallPriority origPrio: 100
04-17 01:22:47.189 1658 1658 W PackageManager: Protected action; cap priority to 0; package: com.android.cts.priv.ctsshim activity: com.android.cts.priv.ctsshim.InstallPriority origPrio: 100
04-17 01:22:47.189 1658 1658 W PackageManager: Protected action; cap priority to 0; package: com.android.packageinstaller activity: com.android.packageinstaller.PackageInstallerActivity origPrio: 1
04-17 01:22:47.189 1658 1658 W PackageManager: Package com.android.gallery3d desires unavailable shared library com.google.android.media.effects; ignoring!
04-17 01:22:47.189 1658 1658 W PackageManager: Package com.android.gallery3d desires unavailable shared library com.google.android.media.effects; ignoring!
04-17 01:22:47.190 1658 1658 W PackageManager: Package com.example.android.apis desires unavailable shared library com.example.will.never.exist; ignoring!
04-17 01:22:47.190 1658 1658 I PackageManager: Adjusting ABI for com.android.providers.downloads to x86_64 (requirer=com.android.mtp, scannedPackage=null)
04-17 01:22:47.190 1658 1658 I PackageManager: Adjusting ABI for com.android.providers.media to x86_64 (requirer=com.android.mtp, scannedPackage=null)
04-17 01:22:47.191 1658 1658 I PackageManager: Adjusting ABI for com.android.providers.downloads.ui to x86_64 (requirer=com.android.mtp, scannedPackage=null)
