04-17 01:23:37.418 3456 3471 I Gecko : {"action":"log","time":1744853017418,"thread":null,"pid":null,"source":"reftest","level":"DEBUG","message":"RecordResult fired"}
04-17 01:23:37.419 3456 3471 I Gecko : REFTEST TEST-LOAD | http://10.0.2.2:8854/tests/layout/reftests/bugs/9458-valign-1-ref.html | 3 / 2088 (0%)
04-17 01:23:37.419 3456 3471 I Gecko :
04-17 01:23:37.419 3456 3471 I Gecko : {"action":"log","time":1744853017419,"thread":null,"pid":null,"source":"reftest","level":"DEBUG","message":"START http://10.0.2.2:8854/tests/layout/reftests/bugs/9458-valign-1-ref.html"}
04-17 01:23:37.466 3456 3471 D GeckoViewContent: handleEvent: pagetitlechanged
04-17 01:23:37.486 3456 3471 I Gecko :
04-17 01:23:37.486 3456 3471 I Gecko : {"action":"log","time":1744853017486,"thread":null,"pid":null,"source":"reftest","level":"DEBUG","message":"[CONTENT] OnDocumentLoad triggering AfterOnLoadScripts"}
04-17 01:23:37.496 3538 3569 E eglCodecCommon: glUtilsParamSize: unknow param 0x00008caa
04-17 01:23:37.508 3456 3471 I Gecko :
04-17 01:23:37.508 3456 3471 I Gecko : {"action":"log","time":1744853017508,"thread":null,"pid":null,"source":"reftest","level":"DEBUG","message":"Initializing canvas snapshot"}
04-17 01:23:37.508 3456 3471 I Gecko :
04-17 01:23:37.508 3456 3471 I Gecko : {"action":"log","time":1744853017508,"thread":null,"pid":null,"source":"reftest","level":"DEBUG","message":"DoDrawWindow 0,0,800,1000"}
04-17 01:23:37.626 3538 3569 E eglCodecCommon: glUtilsParamSize: unknow param 0x00008caa
04-17 01:23:37.715 3538 3569 E eglCodecCommon: glUtilsParamSize: unknow param 0x00008caa
04-17 01:23:37.799 3538 3569 E eglCodecCommon: glUtilsParamSize: unknow param 0x00008caa
04-17 01:23:37.878 3538 3569 E eglCodecCommon: glUtilsParamSize: unknow param 0x00000d02
04-17 01:23:37.887 3538 3569 E eglCodecCommon: glUtilsParamSize: unknow param 0x00008caa
04-17 01:23:37.917 3456 3471 I Gecko :
04-17 01:23:37.917 3456 3471 I Gecko : {"action":"log","time":1744853017917,"thread":null,"pid":null,"source":"reftest","level":"DEBUG","message":"[CONTENT] RecordResult fired"}
04-17 01:23:37.918 3456 3471 I Gecko :
04-17 01:23:37.918 3456 3471 I Gecko : {"action":"log","time":1744853017918,"thread":null,"pid":null,"source":"reftest","level":"DEBUG","message":"RecordResult fired"}
04-17 01:23:37.919 3456 3471 I Gecko :
04-17 01:23:37.919 3456 3471 I Gecko : {"action":"test_status","time":1744853017919,"thread":null,"pid":null,"source":"reftest","test":"layout/reftests/bugs/9458-valign-1.html == layout/reftests/bugs/9458-valign-1-ref.html","subtest":"image comparison, max difference: 0, number of differing pixels: 0","status":"PASS","extra":{"status_msg":"Pass","modifiers":["==","9458-valign-1.html","9458-valign-1-ref.html"]}}
04-17 01:23:37.919 3456 3471 I Gecko :
04-17 01:23:37.919 3456 3471 I Gecko : {"action":"test_end","time":1744853017919,"thread":null,"pid":null,"source":"reftest","test":"layout/reftests/bugs/9458-valign-1.html == layout/reftests/bugs/9458-valign-1-ref.html","status":"OK"}
04-17 01:23:37.919 3456 3471 I Gecko :
04-17 01:23:37.919 3456 3471 I Gecko : {"action":"log","time":1744853017919,"thread":null,"pid":null,"source":"reftest","level":"DEBUG","message":"Loading a blank page"}
04-17 01:23:37.944 3488 3504 W Web Content: [JavaScript Warning: "This page is in Quirks Mode. Page layout may be impacted. For Standards Mode use “”." {file: "data:text/html;charset=UTF-8,%3C%21%2D%2DCLEAR%2D%2D%3E" line: 0}]
04-17 01:23:37.949 3456 3471 D GeckoViewContent: handleEvent: pagetitlechanged
04-17 01:23:37.959 3456 3471 I Gecko :
04-17 01:23:37.959 3456 3471 I Gecko : {"action":"assertion_count","time":1744853017959,"thread":null,"pid":null,"source":"reftest","test":"layout/reftests/bugs/9458-valign-1.html == layout/reftests/bugs/9458-valign-1-ref.html","min_expected":0,"max_expected":0,"count":0}
04-17 01:23:37.959 3456 3471 I Gecko :
04-17 01:23:37.959 3456 3471 I Gecko : {"action":"test_start","time":1744853017959,"thread":null,"pid":null,"source":"reftest","test":"layout/reftests/bugs/9458-valign-2.html == layout/reftests/bugs/9458-valign-2-ref.html"}
04-17 01:23:37.959 3456 3471 I Gecko : REFTEST TEST-LOAD | http://10.0.2.2:8854/tests/layout/reftests/bugs/9458-valign-2.html | 4 / 2088 (0%)
04-17 01:23:37.960 3456 3471 I Gecko :
04-17 01:23:37.960 3456 3471 I Gecko : {"action":"log","time":1744853017960,"thread":null,"pid":null,"source":"reftest","level":"DEBUG","message":"START http://10.0.2.2:8854/tests/layout/reftests/bugs/9458-valign-2.html"}
04-17 01:23:37.992 3538 3569 E eglCodecCommon: glUtilsParamSize: unknow param 0x00008caa
04-17 01:23:38.017 3456 3471 D GeckoViewContent: handleEvent: pagetitlechanged
04-17 01:23:38.033 3456 3471 I Gecko :
04-17 01:23:38.033 3456 3471 I Gecko : {"action":"log","time":1744853018033,"thread":null,"pid":null,"source":"reftest","level":"DEBUG","message":"[CONTENT] OnDocumentLoad triggering AfterOnLoadScripts"}
04-17 01:23:38.056 3456 3471 I Gecko :
04-17 01:23:38.056 3456 3471 I Gecko : {"action":"log","time":1744853018056,"thread":null,"pid":null,"source":"reftest","level":"DEBUG","message":"Initializing canvas snapshot"}
04-17 01:23:38.056 3456 3471 I Gecko :
04-17 01:23:38.056 3456 3471 I Gecko : {"action":"log","time":1744853018056,"thread":null,"pid":null,"source":"reftest","level":"DEBUG","message":"DoDrawWindow 0,0,800,1000"}
04-17 01:23:38.093 3538 3569 E eglCodecCommon: glUtilsParamSize: unknow param 0x00008caa
04-17 01:23:38.195 3538 3569 E eglCodecCommon: glUtilsParamSize: unknow param 0x00008741
04-17 01:23:38.324 3538 3569 E eglCodecCommon: glUtilsParamSize: unknow param 0x00008caa
04-17 01:23:38.412 3538 3569 E eglCodecCommon: glUtilsParamSize: unknow param 0x00008caa
04-17 01:23:38.494 3538 3569 E eglCodecCommon: glUtilsParamSize: unknow param 0x00008caa
04-17 01:23:38.570 3538 3569 E eglCodecCommon: glUtilsParamSize: unknow param 0x00000d02
04-17 01:23:38.578 3538 3569 E eglCodecCommon: glUtilsParamSize: unknow param 0x00008caa
04-17 01:23:38.603 3456 3471 I Gecko :
04-17 01:23:38.603 3456 3471 I Gecko : {"action":"log","time":1744853018603,"thread":null,"pid":null,"source":"reftest","level":"DEBUG","message":"[CONTENT] RecordResult fired"}
04-17 01:23:38.604 3456 3471 I Gecko :
04-17 01:23:38.604 3456 3471 I Gecko : {"action":"log","time":1744853018604,"thread":null,"pid":null,"source":"reftest","level":"DEBUG","message":"RecordResult fired"}
04-17 01:23:38.605 3456 3471 I Gecko : REFTEST TEST-LOAD | http://10.0.2.2:8854/tests/layout/reftests/bugs/9458-valign-2-ref.html | 4 / 2088 (0%)
04-17 01:23:38.605 3456 3471 I Gecko :
04-17 01:23:38.605 3456 3471 I Gecko : {"action":"log","time":1744853018605,"thread":null,"pid":null,"source":"reftest","level":"DEBUG","message":"START http://10.0.2.2:8854/tests/layout/reftests/bugs/9458-valign-2-ref.html"}
04-17 01:23:38.670 3456 3471 D GeckoViewContent: handleEvent: pagetitlechanged
04-17 01:23:38.679 3538 3569 E eglCodecCommon: glUtilsParamSize: unknow param 0x00008caa
04-17 01:23:38.684 3456 3471 I Gecko :
04-17 01:23:38.684 3456 3471 I Gecko : {"action":"log","time":1744853018683,"thread":null,"pid":null,"source":"reftest","level":"DEBUG","message":"[CONTENT] OnDocumentLoad triggering AfterOnLoadScripts"}
04-17 01:23:38.708 3456 3471 I Gecko :
04-17 01:23:38.708 3456 3471 I Gecko : {"action":"log","time":1744853018708,"thread":null,"pid":null,"source":"reftest","level":"DEBUG","message":"Initializing canvas snapshot"}
04-17 01:23:38.709 3456 3471 I Gecko :
04-17 01:23:38.709 3456 3471 I Gecko : {"action":"log","time":1744853018709,"thread":null,"pid":null,"source":"reftest","level":"DEBUG","message":"DoDrawWindow 0,0,800,1000"}
04-17 01:23:38.817 3538 3569 E eglCodecCommon: glUtilsParamSize: unknow param 0x00008caa
04-17 01:23:38.903 3538 3569 E eglCodecCommon: glUtilsParamSize: unknow param 0x00008caa
04-17 01:23:38.987 3538 3569 E eglCodecCommon: glUtilsParamSize: unknow param 0x00008caa
04-17 01:23:39.074 3538 3569 E eglCodecCommon: glUtilsParamSize: unknow param 0x00008caa
04-17 01:23:39.151 3538 3569 E eglCodecCommon: glUtilsParamSize: unknow param 0x00000d02
04-17 01:23:39.159 3538 3569 E eglCodecCommon: glUtilsParamSize: unknow param 0x00008caa
04-17 01:23:39.182 3456 3471 D GeckoIdleService: Get idle time: time since reset 5396 msec
04-17 01:23:39.182 3456 3471 D GeckoIdleService: Idle timer callback: current idle time 5396 msec
04-17 01:23:39.183 3456 3471 D GeckoIdleService: next timeout 4294967289604 msec from now
04-17 01:23:39.183 3456 3471 D GeckoIdleService: SetTimerExpiryIfBefore: next timeout 4294967289603 msec from now
04-17 01:23:39.183 3456 3471 D GeckoIdleService: reset timer expiry to 4294967289613 msec from now
04-17 01:23:39.183 3456 3471 D GeckoIdleService: Idle timer callback: tell observer 0x7aae3917e1c8 user is idle
04-17 01:23:39.198 3456 3471 I Gecko :
04-17 01:23:39.198 3456 3471 I Gecko : {"action":"log","time":1744853019198,"thread":null,"pid":null,"source":"reftest","level":"DEBUG","message":"[CONTENT] RecordResult fired"}
04-17 01:23:39.199 3456 3471 I Gecko :
04-17 01:23:39.199 3456 3471 I Gecko : {"action":"log","time":1744853019199,"thread":null,"pid":null,"source":"reftest","level":"DEBUG","message":"RecordResult fired"}
04-17 01:23:39.201 3456 3471 I Gecko :
04-17 01:23:39.201 3456 3471 I Gecko : {"action":"test_status","time":1744853019201,"thread":null,"pid":null,"source":"reftest","test":"layout/reftests/bugs/9458-valign-2.html == layout/reftests/bugs/9458-valign-2-ref.html","subtest":"image comparison, max difference: 0, number of differing pixels: 0","status":"PASS","extra":{"status_msg":"Pass","modifiers":["==","9458-valign-2.html","9458-valign-2-ref.html"]}}
04-17 01:23:39.202 3456 3471 I Gecko :
04-17 01:23:39.202 3456 3471 I Gecko : {"action":"test_end","time":1744853019201,"thread":null,"pid":null,"source":"reftest","test":"layout/reftests/bugs/9458-valign-2.html == layout/reftests/bugs/9458-valign-2-ref.html","status":"OK"}
04-17 01:23:39.202 3456 3471 I Gecko :
04-17 01:23:39.202 3456 3471 I Gecko : {"action":"log","time":1744853019202,"thread":null,"pid":null,"source":"reftest","level":"DEBUG","message":"Loading a blank page"}
04-17 01:23:39.223 3488 3504 W Web Content: [JavaScript Warning: "This page is in Quirks Mode. Page layout may be impacted. For Standards Mode use “”." {file: "data:text/html;charset=UTF-8,%3C%21%2D%2DCLEAR%2D%2D%3E" line: 0}]
04-17 01:23:39.232 3456 3471 D GeckoViewContent: handleEvent: pagetitlechanged
04-17 01:23:39.242 3456 3471 I Gecko :
04-17 01:23:39.242 3456 3471 I Gecko : {"action":"assertion_count","time":1744853019241,"thread":null,"pid":null,"source":"reftest","test":"layout/reftests/bugs/9458-valign-2.html == layout/reftests/bugs/9458-valign-2-ref.html","min_expected":0,"max_expected":0,"count":0}
04-17 01:23:39.242 3456 3471 I Gecko :
04-17 01:23:39.242 3456 3471 I Gecko : {"action":"test_start","time":1744853019242,"thread":null,"pid":null,"source":"reftest","test":"layout/reftests/bugs/9458-height-1.html == layout/reftests/bugs/9458-height-1-ref.html"}
04-17 01:23:39.243 3456 3471 I Gecko : REFTEST TEST-LOAD | http://10.0.2.2:8854/tests/layout/reftests/bugs/9458-height-1.html | 5 / 2088 (0%)
04-17 01:23:39.244 3456 3471 I Gecko :
04-17 01:23:39.244 3456 3471 I Gecko : {"action":"log","time":1744853019243,"thread":null,"pid":null,"source":"reftest","level":"DEBUG","message":"START http://10.0.2.2:8854/tests/layout/reftests/bugs/9458-height-1.html"}
04-17 01:23:39.264 3538 3569 E eglCodecCommon: glUtilsParamSize: unknow param 0x00008caa
04-17 01:23:39.304 3456 3471 D GeckoViewContent: handleEvent: pagetitlechanged
04-17 01:23:39.319 3456 3471 I Gecko :
04-17 01:23:39.319 3456 3471 I Gecko : {"action":"log","time":1744853019319,"thread":null,"pid":null,"source":"reftest","level":"DEBUG","message":"[CONTENT] OnDocumentLoad triggering AfterOnLoadScripts"}
04-17 01:23:39.357 3456 3471 I Gecko :
04-17 01:23:39.357 3456 3471 I Gecko : {"action":"log","time":1744853019357,"thread":null,"pid":null,"source":"reftest","level":"DEBUG","message":"Initializing canvas snapshot"}
04-17 01:23:39.358 3456 3471 I Gecko :
04-17 01:23:39.358 3456 3471 I Gecko : {"action":"log","time":1744853019358,"thread":null,"pid":null,"source":"reftest","level":"DEBUG","message":"DoDrawWindow 0,0,800,1000"}
04-17 01:23:39.365 3538 3569 E eglCodecCommon: glUtilsParamSize: unknow param 0x00008caa
04-17 01:23:39.506 3538 3569 E eglCodecCommon: glUtilsParamSize: unknow param 0x00008caa
04-17 01:23:39.597 3538 3569 E eglCodecCommon: glUtilsParamSize: unknow param 0x00008caa
04-17 01:23:39.681 3538 3569 E eglCodecCommon: glUtilsParamSize: unknow param 0x00008caa
04-17 01:23:39.763 3538 3569 E eglCodecCommon: glUtilsParamSize: unknow param 0x00000d02
04-17 01:23:39.771 3538 3569 E eglCodecCommon: glUtilsParamSize: unknow param 0x00008caa
04-17 01:23:39.812 3456 3471 I Gecko :
04-17 01:23:39.812 3456 3471 I Gecko : {"action":"log","time":1744853019812,"thread":null,"pid":null,"source":"reftest","level":"DEBUG","message":"[CONTENT] RecordResult fired"}
04-17 01:23:39.813 3456 3471 I Gecko :
04-17 01:23:39.813 3456 3471 I Gecko : {"action":"log","time":1744853019813,"thread":null,"pid":null,"source":"reftest","level":"DEBUG","message":"RecordResult fired"}
04-17 01:23:39.814 3456 3471 I Gecko : REFTEST TEST-LOAD | http://10.0.2.2:8854/tests/layout/reftests/bugs/9458-height-1-ref.html | 5 / 2088 (0%)
04-17 01:23:39.814 3456 3471 I Gecko :
04-17 01:23:39.814 3456 3471 I Gecko : {"action":"log","time":1744853019814,"thread":null,"pid":null,"source":"reftest","level":"DEBUG","message":"START http://10.0.2.2:8854/tests/layout/reftests/bugs/9458-height-1-ref.html"}
04-17 01:23:39.867 3456 3471 D GeckoViewContent: handleEvent: pagetitlechanged
04-17 01:23:39.882 3456 3471 I Gecko :
04-17 01:23:39.882 3456 3471 I Gecko : {"action":"log","time":1744853019882,"thread":null,"pid":null,"source":"reftest","level":"DEBUG","message":"[CONTENT] OnDocumentLoad triggering AfterOnLoadScripts"}
04-17 01:23:39.897 3538 3569 E eglCodecCommon: glUtilsParamSize: unknow param 0x00008caa
04-17 01:23:39.917 3456 3471 I Gecko :
04-17 01:23:39.917 3456 3471 I Gecko : {"action":"log","time":1744853019917,"thread":null,"pid":null,"source":"reftest","level":"DEBUG","message":"Initializing canvas snapshot"}
04-17 01:23:39.918 3456 3471 I Gecko :
04-17 01:23:39.918 3456 3471 I Gecko : {"action":"log","time":1744853019918,"thread":null,"pid":null,"source":"reftest","level":"DEBUG","message":"DoDrawWindow 0,0,800,1000"}
04-17 01:23:39.984 3538 3569 E eglCodecCommon: glUtilsParamSize: unknow param 0x00008caa
04-17 01:23:40.071 3538 3569 E eglCodecCommon: glUtilsParamSize: unknow param 0x00008caa
04-17 01:23:40.156 3538 3569 E eglCodecCommon: glUtilsParamSize: unknow param 0x00008caa
04-17 01:23:40.237 3538 3569 E eglCodecCommon: glUtilsParamSize: unknow param 0x00000d02
04-17 01:23:40.245 3538 3569 E eglCodecCommon: glUtilsParamSize: unknow param 0x00008caa
04-17 01:23:40.295 3456 3471 I Gecko :
04-17 01:23:40.295 3456 3471 I Gecko : {"action":"log","time":1744853020295,"thread":null,"pid":null,"source":"reftest","level":"DEBUG","message":"[CONTENT] RecordResult fired"}
04-17 01:23:40.296 3456 3471 I Gecko :
04-17 01:23:40.296 3456 3471 I Gecko : {"action":"log","time":1744853020296,"thread":null,"pid":null,"source":"reftest","level":"DEBUG","message":"RecordResult fired"}
04-17 01:23:40.299 3456 3471 I Gecko :
04-17 01:23:40.299 3456 3471 I Gecko : {"action":"test_status","time":1744853020298,"thread":null,"pid":null,"source":"reftest","test":"layout/reftests/bugs/9458-height-1.html == layout/reftests/bugs/9458-height-1-ref.html","subtest":"image comparison, max difference: 0, number of differing pixels: 0","status":"PASS","extra":{"status_msg":"Pass","modifiers":["==","9458-height-1.html","9458-height-1-ref.html"]}}
04-17 01:23:40.299 3456 3471 I Gecko :
04-17 01:23:40.299 3456 3471 I Gecko : {"action":"test_end","time":1744853020299,"thread":null,"pid":null,"source":"reftest","test":"layout/reftests/bugs/9458-height-1.html == layout/reftests/bugs/9458-height-1-ref.html","status":"OK"}
04-17 01:23:40.299 3456 3471 I Gecko :
04-17 01:23:40.299 3456 3471 I Gecko : {"action":"log","time":1744853020299,"thread":null,"pid":null,"source":"reftest","level":"DEBUG","message":"Loading a blank page"}
04-17 01:23:40.318 3488 3504 W Web Content: [JavaScript Warning: "This page is in Quirks Mode. Page layout may be impacted. For Standards Mode use “”." {file: "data:text/html;charset=UTF-8,%3C%21%2D%2DCLEAR%2D%2D%3E" line: 0}]
04-17 01:23:40.348 3538 3569 E eglCodecCommon: glUtilsParamSize: unknow param 0x00008caa
04-17 01:23:40.368 3456 3471 D GeckoViewContent: handleEvent: pagetitlechanged
04-17 01:23:40.376 3456 3471 I Gecko :
04-17 01:23:40.376 3456 3471 I Gecko : {"action":"assertion_count","time":1744853020376,"thread":null,"pid":null,"source":"reftest","test":"layout/reftests/bugs/9458-height-1.html == layout/reftests/bugs/9458-height-1-ref.html","min_expected":0,"max_expected":0,"count":0}
04-17 01:23:40.377 3456 3471 I Gecko :
04-17 01:23:40.377 3456 3471 I Gecko : {"action":"test_start","time":1744853020376,"thread":null,"pid":null,"source":"reftest","test":"layout/reftests/bugs/9458-height-2.html == layout/reftests/bugs/9458-height-2-ref.html"}
04-17 01:23:40.377 3456 3471 I Gecko : REFTEST TEST-LOAD | http://10.0.2.2:8854/tests/layout/reftests/bugs/9458-height-2.html | 6 / 2088 (0%)
04-17 01:23:40.377 3456 3471 I Gecko :
04-17 01:23:40.377 3456 3471 I Gecko : {"action":"log","time":1744853020377,"thread":null,"pid":null,"source":"reftest","level":"DEBUG","message":"START http://10.0.2.2:8854/tests/layout/reftests/bugs/9458-height-2.html"}
04-17 01:23:40.433 3456 3471 D GeckoViewContent: handleEvent: pagetitlechanged
04-17 01:23:40.447 3456 3471 I Gecko :
04-17 01:23:40.447 3456 3471 I Gecko : {"action":"log","time":1744853020447,"thread":null,"pid":null,"source":"reftest","level":"DEBUG","message":"[CONTENT] OnDocumentLoad triggering AfterOnLoadScripts"}
04-17 01:23:40.465 3538 3569 E eglCodecCommon: glUtilsParamSize: unknow param 0x00008caa
04-17 01:23:40.479 3456 3471 I Gecko :
04-17 01:23:40.479 3456 3471 I Gecko : {"action":"log","time":1744853020479,"thread":null,"pid":null,"source":"reftest","level":"DEBUG","message":"Initializing canvas snapshot"}
04-17 01:23:40.480 3456 3471 I Gecko :
04-17 01:23:40.480 3456 3471 I Gecko : {"action":"log","time":1744853020480,"thread":null,"pid":null,"source":"reftest","level":"DEBUG","message":"DoDrawWindow 0,0,800,1000"}
04-17 01:23:40.608 3538 3569 E eglCodecCommon: glUtilsParamSize: unknow param 0x00008caa
04-17 01:23:40.698 3538 3569 E eglCodecCommon: glUtilsParamSize: unknow param 0x00008caa
04-17 01:23:40.785 3538 3569 E eglCodecCommon: glUtilsParamSize: unknow param 0x00008caa
04-17 01:23:40.865 3538 3569 E eglCodecCommon: glUtilsParamSize: unknow param 0x00000d02
04-17 01:23:40.874 3538 3569 E eglCodecCommon: glUtilsParamSize: unknow param 0x00008caa
04-17 01:23:40.906 3456 3471 I Gecko :
04-17 01:23:40.906 3456 3471 I Gecko : {"action":"log","time":1744853020906,"thread":null,"pid":null,"source":"reftest","level":"DEBUG","message":"[CONTENT] RecordResult fired"}
04-17 01:23:40.907 3456 3471 I Gecko :
04-17 01:23:40.907 3456 3471 I Gecko : {"action":"log","time":1744853020907,"thread":null,"pid":null,"source":"reftest","level":"DEBUG","message":"RecordResult fired"}
04-17 01:23:40.908 3456 3471 I Gecko : REFTEST TEST-LOAD | http://10.0.2.2:8854/tests/layout/reftests/bugs/9458-height-2-ref.html | 6 / 2088 (0%)
04-17 01:23:40.908 3456 3471 I Gecko :
04-17 01:23:40.908 3456 3471 I Gecko : {"action":"log","time":1744853020908,"thread":null,"pid":null,"source":"reftest","level":"DEBUG","message":"START http://10.0.2.2:8854/tests/layout/reftests/bugs/9458-height-2-ref.html"}
04-17 01:23:41.032 3456 3471 D GeckoViewContent: handleEvent: pagetitlechanged
04-17 01:23:41.046 3456 3471 I Gecko :
04-17 01:23:41.046 3456 3471 I Gecko : {"action":"log","time":1744853021046,"thread":null,"pid":null,"source":"reftest","level":"DEBUG","message":"[CONTENT] OnDocumentLoad triggering AfterOnLoadScripts"}
04-17 01:23:41.063 3538 3569 E eglCodecCommon: glUtilsParamSize: unknow param 0x00008caa
04-17 01:23:41.117 3456 3471 I Gecko :
04-17 01:23:41.117 3456 3471 I Gecko : {"action":"log","time":1744853021117,"thread":null,"pid":null,"source":"reftest","level":"DEBUG","message":"Initializing canvas snapshot"}
04-17 01:23:41.118 3456 3471 I Gecko :
04-17 01:23:41.118 3456 3471 I Gecko : {"action":"log","time":1744853021118,"thread":null,"pid":null,"source":"reftest","level":"DEBUG","message":"DoDrawWindow 0,0,800,1000"}
04-17 01:23:41.154 3538 3569 E eglCodecCommon: glUtilsParamSize: unknow param 0x00008caa
04-17 01:23:41.248 3538 3569 E eglCodecCommon: glUtilsParamSize: unknow param 0x00008caa
04-17 01:23:41.334 3538 3569 E eglCodecCommon: glUtilsParamSize: unknow param 0x00008caa
04-17 01:23:41.416 3538 3569 E eglCodecCommon: glUtilsParamSize: unknow param 0x00000d02
04-17 01:23:41.425 3538 3569 E eglCodecCommon: glUtilsParamSize: unknow param 0x00008caa
04-17 01:23:41.456 3456 3471 I Gecko :
04-17 01:23:41.456 3456 3471 I Gecko : {"action":"log","time":1744853021456,"thread":null,"pid":null,"source":"reftest","level":"DEBUG","message":"[CONTENT] RecordResult fired"}
04-17 01:23:41.457 3456 3471 I Gecko :
04-17 01:23:41.457 3456 3471 I Gecko : {"action":"log","time":1744853021456,"thread":null,"pid":null,"source":"reftest","level":"DEBUG","message":"RecordResult fired"}
04-17 01:23:41.458 3456 3471 I Gecko :
04-17 01:23:41.458 3456 3471 I Gecko : {"action":"test_status","time":1744853021458,"thread":null,"pid":null,"source":"reftest","test":"layout/reftests/bugs/9458-height-2.html == layout/reftests/bugs/9458-height-2-ref.html","subtest":"image comparison, max difference: 0, number of differing pixels: 0","status":"PASS","extra":{"status_msg":"Pass","modifiers":["==","9458-height-2.html","9458-height-2-ref.html"]}}
04-17 01:23:41.458 3456 3471 I Gecko :
04-17 01:23:41.458 3456 3471 I Gecko : {"action":"test_end","time":1744853021458,"thread":null,"pid":null,"source":"reftest","test":"layout/reftests/bugs/9458-height-2.html == layout/reftests/bugs/9458-height-2-ref.html","status":"OK"}
04-17 01:23:41.458 3456 3471 I Gecko :
04-17 01:23:41.458 3456 3471 I Gecko : {"action":"log","time":1744853021458,"thread":null,"pid":null,"source":"reftest","level":"DEBUG","message":"Loading a blank page"}
04-17 01:23:41.482 3488 3504 W Web Content: [JavaScript Warning: "This page is in Quirks Mode. Page layout may be impacted. For Standards Mode use “”." {file: "data:text/html;charset=UTF-8,%3C%21%2D%2DCLEAR%2D%2D%3E" line: 0}]
04-17 01:23:41.487 3456 3471 D GeckoViewContent: handleEvent: pagetitlechanged
04-17 01:23:41.497 3456 3471 I Gecko :
04-17 01:23:41.497 3456 3471 I Gecko : {"action":"assertion_count","time":1744853021497,"thread":null,"pid":null,"source":"reftest","test":"layout/reftests/bugs/9458-height-2.html == layout/reftests/bugs/9458-height-2-ref.html","min_expected":0,"max_expected":0,"count":0}
04-17 01:23:41.497 3456 3471 I Gecko :
04-17 01:23:41.497 3456 3471 I Gecko : {"action":"test_start","time":1744853021497,"thread":null,"pid":null,"source":"reftest","test":"layout/reftests/bugs/9458-width-1a.html == layout/reftests/bugs/9458-width-1-ref.html"}
04-17 01:23:41.498 3456 3471 I Gecko : REFTEST TEST-LOAD | http://10.0.2.2:8854/tests/layout/reftests/bugs/9458-width-1a.html | 7 / 2088 (0%)
04-17 01:23:41.498 3456 3471 I Gecko :
04-17 01:23:41.498 3456 3471 I Gecko : {"action":"log","time":1744853021498,"thread":null,"pid":null,"source":"reftest","level":"DEBUG","message":"START http://10.0.2.2:8854/tests/layout/reftests/bugs/9458-width-1a.html"}
04-17 01:23:41.532 3538 3569 E eglCodecCommon: glUtilsParamSize: unknow param 0x00008caa
04-17 01:23:41.557 3456 3471 D GeckoViewContent: handleEvent: pagetitlechanged
04-17 01:23:41.578 3456 3471 I Gecko :
04-17 01:23:41.578 3456 3471 I Gecko : {"action":"log","time":1744853021578,"thread":null,"pid":null,"source":"reftest","level":"DEBUG","message":"[CONTENT] OnDocumentLoad triggering AfterOnLoadScripts"}
04-17 01:23:41.607 3456 3471 I Gecko :
04-17 01:23:41.607 3456 3471 I Gecko : {"action":"log","time":1744853021606,"thread":null,"pid":null,"source":"reftest","level":"DEBUG","message":"Initializing canvas snapshot"}
04-17 01:23:41.607 3456 3471 I Gecko :
04-17 01:23:41.607 3456 3471 I Gecko : {"action":"log","time":1744853021607,"thread":null,"pid":null,"source":"reftest","level":"DEBUG","message":"DoDrawWindow 0,0,800,1000"}
04-17 01:23:41.643 3538 3569 E eglCodecCommon: glUtilsParamSize: unknow param 0x00008caa
04-17 01:23:41.817 3538 3569 E eglCodecCommon: glUtilsParamSize: unknow param 0x00008caa
04-17 01:23:41.903 3538 3569 E eglCodecCommon: glUtilsParamSize: unknow param 0x00008caa
04-17 01:23:41.990 3538 3569 E eglCodecCommon: glUtilsParamSize: unknow param 0x00008caa
04-17 01:23:42.068 3538 3569 E eglCodecCommon: glUtilsParamSize: unknow param 0x00000d02
04-17 01:23:42.077 3538 3569 E eglCodecCommon: glUtilsParamSize: unknow param 0x00008caa
04-17 01:23:42.104 3456 3471 I Gecko :
04-17 01:23:42.104 3456 3471 I Gecko : {"action":"log","time":1744853022104,"thread":null,"pid":null,"source":"reftest","level":"DEBUG","message":"[CONTENT] RecordResult fired"}
04-17 01:23:42.105 3456 3471 I Gecko :
04-17 01:23:42.105 3456 3471 I Gecko : {"action":"log","time":1744853022105,"thread":null,"pid":null,"source":"reftest","level":"DEBUG","message":"RecordResult fired"}
04-17 01:23:42.106 3456 3471 I Gecko : REFTEST TEST-LOAD | http://10.0.2.2:8854/tests/layout/reftests/bugs/9458-width-1-ref.html | 7 / 2088 (0%)
04-17 01:23:42.106 3456 3471 I Gecko :
04-17 01:23:42.106 3456 3471 I Gecko : {"action":"log","time":1744853022106,"thread":null,"pid":null,"source":"reftest","level":"DEBUG","message":"START http://10.0.2.2:8854/tests/layout/reftests/bugs/9458-width-1-ref.html"}
04-17 01:23:42.158 3456 3471 D GeckoViewContent: handleEvent: pagetitlechanged
04-17 01:23:42.172 3456 3471 I Gecko :
04-17 01:23:42.172 3456 3471 I Gecko : {"action":"log","time":1744853022172,"thread":null,"pid":null,"source":"reftest","level":"DEBUG","message":"[CONTENT] OnDocumentLoad triggering AfterOnLoadScripts"}
04-17 01:23:42.182 3538 3569 E eglCodecCommon: glUtilsParamSize: unknow param 0x00008caa
04-17 01:23:42.208 3456 3471 I Gecko :
04-17 01:23:42.208 3456 3471 I Gecko : {"action":"log","time":1744853022208,"thread":null,"pid":null,"source":"reftest","level":"DEBUG","message":"Initializing canvas snapshot"}
04-17 01:23:42.208 3456 3471 I Gecko :
04-17 01:23:42.208 3456 3471 I Gecko : {"action":"log","time":1744853022208,"thread":null,"pid":null,"source":"reftest","level":"DEBUG","message":"DoDrawWindow 0,0,800,1000"}
04-17 01:23:42.318 3538 3569 E eglCodecCommon: glUtilsParamSize: unknow param 0x00008caa
04-17 01:23:42.403 3538 3569 E eglCodecCommon: glUtilsParamSize: unknow param 0x00008caa
04-17 01:23:42.491 3538 3569 E eglCodecCommon: glUtilsParamSize: unknow param 0x00008caa
04-17 01:23:42.571 3538 3569 E eglCodecCommon: glUtilsParamSize: unknow param 0x00000d02
04-17 01:23:42.580 3538 3569 E eglCodecCommon: glUtilsParamSize: unknow param 0x00008caa
04-17 01:23:42.608 3456 3471 I Gecko :
04-17 01:23:42.608 3456 3471 I Gecko : {"action":"log","time":1744853022607,"thread":null,"pid":null,"source":"reftest","level":"DEBUG","message":"[CONTENT] RecordResult fired"}
04-17 01:23:42.608 3456 3471 I Gecko :
04-17 01:23:42.608 3456 3471 I Gecko : {"action":"log","time":1744853022608,"thread":null,"pid":null,"source":"reftest","level":"DEBUG","message":"RecordResult fired"}
04-17 01:23:42.610 3456 3471 I Gecko :
04-17 01:23:42.610 3456 3471 I Gecko : {"action":"test_status","time":1744853022610,"thread":null,"pid":null,"source":"reftest","test":"layout/reftests/bugs/9458-width-1a.html == layout/reftests/bugs/9458-width-1-ref.html","subtest":"image comparison, max difference: 0, number of differing pixels: 0","status":"PASS","extra":{"status_msg":"Pass","modifiers":["==","9458-width-1a.html","9458-width-1-ref.html"]}}
04-17 01:23:42.611 3456 3471 I Gecko :
04-17 01:23:42.611 3456 3471 I Gecko : {"action":"test_end","time":1744853022610,"thread":null,"pid":null,"source":"reftest","test":"layout/reftests/bugs/9458-width-1a.html == layout/reftests/bugs/9458-width-1-ref.html","status":"OK"}
04-17 01:23:42.611 3456 3471 I Gecko :
04-17 01:23:42.611 3456 3471 I Gecko : {"action":"log","time":1744853022611,"thread":null,"pid":null,"source":"reftest","level":"DEBUG","message":"Loading a blank page"}
04-17 01:23:42.630 3488 3504 W Web Content: [JavaScript Warning: "This page is in Quirks Mode. Page layout may be impacted. For Standards Mode use “”." {file: "data:text/html;charset=UTF-8,%3C%21%2D%2DCLEAR%2D%2D%3E" line: 0}]
04-17 01:23:42.638 3456 3471 D GeckoViewContent: handleEvent: pagetitlechanged
04-17 01:23:42.650 3456 3471 I Gecko :
04-17 01:23:42.650 3456 3471 I Gecko : {"action":"assertion_count","time":1744853022650,"thread":null,"pid":null,"source":"reftest","test":"layout/reftests/bugs/9458-width-1a.html == layout/reftests/bugs/9458-width-1-ref.html","min_expected":0,"max_expected":0,"count":0}
04-17 01:23:42.650 3456 3471 I Gecko :
04-17 01:23:42.650 3456 3471 I Gecko : {"action":"test_start","time":1744853022650,"thread":null,"pid":null,"source":"reftest","test":"layout/reftests/bugs/9458-width-1b.html == layout/reftests/bugs/9458-width-1-ref.html"}
04-17 01:23:42.651 3456 3471 I Gecko : REFTEST TEST-LOAD | http://10.0.2.2:8854/tests/layout/reftests/bugs/9458-width-1b.html | 8 / 2088 (0%)
04-17 01:23:42.652 3456 3471 I Gecko :
04-17 01:23:42.652 3456 3471 I Gecko : {"action":"log","time":1744853022652,"thread":null,"pid":null,"source":"reftest","level":"DEBUG","message":"START http://10.0.2.2:8854/tests/layout/reftests/bugs/9458-width-1b.html"}
04-17 01:23:42.686 3538 3569 E eglCodecCommon: glUtilsParamSize: unknow param 0x00008caa
04-17 01:23:42.707 3456 3471 D GeckoViewContent: handleEvent: pagetitlechanged
04-17 01:23:42.721 3456 3471 I Gecko :
04-17 01:23:42.721 3456 3471 I Gecko : {"action":"log","time":1744853022721,"thread":null,"pid":null,"source":"reftest","level":"DEBUG","message":"[CONTENT] OnDocumentLoad triggering AfterOnLoadScripts"}
04-17 01:23:42.754 3456 3471 I Gecko :
04-17 01:23:42.754 3456 3471 I Gecko : {"action":"log","time":1744853022754,"thread":null,"pid":null,"source":"reftest","level":"DEBUG","message":"Initializing canvas snapshot"}
04-17 01:23:42.754 3456 3471 I Gecko :
04-17 01:23:42.754 3456 3471 I Gecko : {"action":"log","time":1744853022754,"thread":null,"pid":null,"source":"reftest","level":"DEBUG","message":"DoDrawWindow 0,0,800,1000"}
04-17 01:23:42.791 3538 3569 E eglCodecCommon: glUtilsParamSize: unknow param 0x00008caa
04-17 01:23:42.926 3538 3569 E eglCodecCommon: glUtilsParamSize: unknow param 0x00008caa
04-17 01:23:43.014 3538 3569 E eglCodecCommon: glUtilsParamSize: unknow param 0x00008caa
04-17 01:23:43.104 3538 3569 E eglCodecCommon: glUtilsParamSize: unknow param 0x00008caa
04-17 01:23:43.187 3538 3569 E eglCodecCommon: glUtilsParamSize: unknow param 0x00000d02
04-17 01:23:43.196 3538 3569 E eglCodecCommon: glUtilsParamSize: unknow param 0x00008caa
04-17 01:23:43.224 3456 3471 I Gecko :
04-17 01:23:43.224 3456 3471 I Gecko : {"action":"log","time":1744853023224,"thread":null,"pid":null,"source":"reftest","level":"DEBUG","message":"[CONTENT] RecordResult fired"}
04-17 01:23:43.226 3456 3471 I Gecko :
04-17 01:23:43.226 3456 3471 I Gecko : {"action":"log","time":1744853023226,"thread":null,"pid":null,"source":"reftest","level":"DEBUG","message":"RecordResult fired"}
04-17 01:23:43.228 3456 3471 I Gecko :
04-17 01:23:43.228 3456 3471 I Gecko : {"action":"log","time":1744853023228,"thread":null,"pid":null,"source":"reftest","level":"DEBUG","message":"RecordResult fired"}
04-17 01:23:43.230 3456 3471 I Gecko :
04-17 01:23:43.230 3456 3471 I Gecko : {"action":"test_status","time":1744853023230,"thread":null,"pid":null,"source":"reftest","test":"layout/reftests/bugs/9458-width-1b.html == layout/reftests/bugs/9458-width-1-ref.html","subtest":"image comparison, max difference: 0, number of differing pixels: 0","status":"PASS","extra":{"status_msg":"Pass","modifiers":["==","9458-width-1b.html","9458-width-1-ref.html"]}}
04-17 01:23:43.230 3456 3471 I Gecko :
04-17 01:23:43.230 3456 3471 I Gecko : {"action":"test_end","time":1744853023230,"thread":null,"pid":null,"source":"reftest","test":"layout/reftests/bugs/9458-width-1b.html == layout/reftests/bugs/9458-width-1-ref.html","status":"OK"}
04-17 01:23:43.230 3456 3471 I Gecko :
04-17 01:23:43.230 3456 3471 I Gecko : {"action":"log","time":1744853023230,"thread":null,"pid":null,"source":"reftest","level":"DEBUG","message":"Loading a blank page"}
04-17 01:23:43.249 3488 3504 W Web Content: [JavaScript Warning: "This page is in Quirks Mode. Page layout may be impacted. For Standards Mode use “”." {file: "data:text/html;charset=UTF-8,%3C%21%2D%2DCLEAR%2D%2D%3E" line: 0}]
04-17 01:23:43.256 3456 3471 D GeckoViewContent: handleEvent: pagetitlechanged
04-17 01:23:43.264 3456 3471 I Gecko :
04-17 01:23:43.264 3456 3471 I Gecko : {"action":"assertion_count","time":1744853023264,"thread":null,"pid":null,"source":"reftest","test":"layout/reftests/bugs/9458-width-1b.html == layout/reftests/bugs/9458-width-1-ref.html","min_expected":0,"max_expected":0,"count":0}
04-17 01:23:43.264 3456 3471 I Gecko :
04-17 01:23:43.264 3456 3471 I Gecko : {"action":"test_start","time":1744853023264,"thread":null,"pid":null,"source":"reftest","test":"layout/reftests/bugs/9458-width-2a.html == layout/reftests/bugs/9458-width-2-ref.html"}
04-17 01:23:43.265 3456 3471 I Gecko : REFTEST TEST-LOAD | http://10.0.2.2:8854/tests/layout/reftests/bugs/9458-width-2a.html | 9 / 2088 (0%)
04-17 01:23:43.265 3456 3471 I Gecko :
04-17 01:23:43.265 3456 3471 I Gecko : {"action":"log","time":1744853023265,"thread":null,"pid":null,"source":"reftest","level":"DEBUG","message":"START http://10.0.2.2:8854/tests/layout/reftests/bugs/9458-width-2a.html"}
04-17 01:23:43.296 3538 3569 E eglCodecCommon: glUtilsParamSize: unknow param 0x00008caa
04-17 01:23:43.339 3456 3471 D GeckoViewContent: handleEvent: pagetitlechanged
04-17 01:23:43.353 3456 3471 I Gecko :
04-17 01:23:43.353 3456 3471 I Gecko : {"action":"log","time":1744853023353,"thread":null,"pid":null,"source":"reftest","level":"DEBUG","message":"[CONTENT] OnDocumentLoad triggering AfterOnLoadScripts"}
04-17 01:23:43.373 3456 3471 I Gecko :
04-17 01:23:43.373 3456 3471 I Gecko : {"action":"log","time":1744853023373,"thread":null,"pid":null,"source":"reftest","level":"DEBUG","message":"Initializing canvas snapshot"}
04-17 01:23:43.374 3456 3471 I Gecko :
04-17 01:23:43.374 3456 3471 I Gecko : {"action":"log","time":1744853023374,"thread":null,"pid":null,"source":"reftest","level":"DEBUG","message":"DoDrawWindow 0,0,800,1000"}
04-17 01:23:43.390 3538 3569 E eglCodecCommon: glUtilsParamSize: unknow param 0x00008caa
04-17 01:23:43.527 3538 3569 E eglCodecCommon: glUtilsParamSize: unknow param 0x00008caa
04-17 01:23:43.614 3538 3569 E eglCodecCommon: glUtilsParamSize: unknow param 0x00008caa
04-17 01:23:43.702 3538 3569 E eglCodecCommon: glUtilsParamSize: unknow param 0x00008caa
04-17 01:23:43.785 3538 3569 E eglCodecCommon: glUtilsParamSize: unknow param 0x00000d02
04-17 01:23:43.793 3538 3569 E eglCodecCommon: glUtilsParamSize: unknow param 0x00008caa
04-17 01:23:43.846 3456 3471 I Gecko :
04-17 01:23:43.846 3456 3471 I Gecko : {"action":"log","time":1744853023846,"thread":null,"pid":null,"source":"reftest","level":"DEBUG","message":"[CONTENT] RecordResult fired"}
04-17 01:23:43.847 3456 3471 I Gecko :
04-17 01:23:43.847 3456 3471 I Gecko : {"action":"log","time":1744853023847,"thread":null,"pid":null,"source":"reftest","level":"DEBUG","message":"RecordResult fired"}
04-17 01:23:43.848 3456 3471 I Gecko : REFTEST TEST-LOAD | http://10.0.2.2:8854/tests/layout/reftests/bugs/9458-width-2-ref.html | 9 / 2088 (0%)
04-17 01:23:43.848 3456 3471 I Gecko :
04-17 01:23:43.848 3456 3471 I Gecko : {"action":"log","time":1744853023848,"thread":null,"pid":null,"source":"reftest","level":"DEBUG","message":"START http://10.0.2.2:8854/tests/layout/reftests/bugs/9458-width-2-ref.html"}
04-17 01:23:43.899 3456 3471 D GeckoViewContent: handleEvent: pagetitlechanged
04-17 01:23:43.916 3456 3471 I Gecko :
04-17 01:23:43.916 3456 3471 I Gecko : {"action":"log","time":1744853023916,"thread":null,"pid":null,"source":"reftest","level":"DEBUG","message":"[CONTENT] OnDocumentLoad triggering AfterOnLoadScripts"}
04-17 01:23:43.930 3538 3569 E eglCodecCommon: glUtilsParamSize: unknow param 0x00008caa
04-17 01:23:43.937 3456 3471 I Gecko :
04-17 01:23:43.937 3456 3471 I Gecko : {"action":"log","time":1744853023937,"thread":null,"pid":null,"source":"reftest","level":"DEBUG","message":"Initializing canvas snapshot"}
04-17 01:23:43.937 3456 3471 I Gecko :
04-17 01:23:43.937 3456 3471 I Gecko : {"action":"log","time":1744853023937,"thread":null,"pid":null,"source":"reftest","level":"DEBUG","message":"DoDrawWindow 0,0,800,1000"}
04-17 01:23:44.048 3538 3569 E eglCodecCommon: glUtilsParamSize: unknow param 0x00008caa
04-17 01:23:44.137 3538 3569 E eglCodecCommon: glUtilsParamSize: unknow param 0x00008caa
04-17 01:23:44.232 3538 3569 E eglCodecCommon: glUtilsParamSize: unknow param 0x00008caa
04-17 01:23:44.321 3538 3569 E eglCodecCommon: glUtilsParamSize: unknow param 0x00000d02
04-17 01:23:44.331 3538 3569 E eglCodecCommon: glUtilsParamSize: unknow param 0x00008caa
04-17 01:23:44.363 3456 3471 I Gecko :
04-17 01:23:44.363 3456 3471 I Gecko : {"action":"log","time":1744853024363,"thread":null,"pid":null,"source":"reftest","level":"DEBUG","message":"[CONTENT] RecordResult fired"}
04-17 01:23:44.364 3456 3471 I Gecko :
04-17 01:23:44.364 3456 3471 I Gecko : {"action":"log","time":1744853024364,"thread":null,"pid":null,"source":"reftest","level":"DEBUG","message":"RecordResult fired"}
04-17 01:23:44.365 3456 3471 I Gecko :
04-17 01:23:44.365 3456 3471 I Gecko : {"action":"test_status","time":1744853024365,"thread":null,"pid":null,"source":"reftest","test":"layout/reftests/bugs/9458-width-2a.html == layout/reftests/bugs/9458-width-2-ref.html","subtest":"image comparison, max difference: 0, number of differing pixels: 0","status":"PASS","extra":{"status_msg":"Pass","modifiers":["==","9458-width-2a.html","9458-width-2-ref.html"]}}
04-17 01:23:44.366 3456 3471 I Gecko :
04-17 01:23:44.366 3456 3471 I Gecko : {"action":"test_end","time":1744853024366,"thread":null,"pid":null,"source":"reftest","test":"layout/reftests/bugs/9458-width-2a.html == layout/reftests/bugs/9458-width-2-ref.html","status":"OK"}
04-17 01:23:44.366 3456 3471 I Gecko :
04-17 01:23:44.366 3456 3471 I Gecko : {"action":"log","time":1744853024366,"thread":null,"pid":null,"source":"reftest","level":"DEBUG","message":"Loading a blank page"}
04-17 01:23:44.387 3488 3504 W Web Content: [JavaScript Warning: "This page is in Quirks Mode. Page layout may be impacted. For Standards Mode use “”." {file: "data:text/html;charset=UTF-8,%3C%21%2D%2DCLEAR%2D%2D%3E" line: 0}]
04-17 01:23:44.393 3456 3471 D GeckoViewContent: handleEvent: pagetitlechanged
04-17 01:23:44.403 3456 3471 I Gecko :
04-17 01:23:44.403 3456 3471 I Gecko : {"action":"assertion_count","time":1744853024403,"thread":null,"pid":null,"source":"reftest","test":"layout/reftests/bugs/9458-width-2a.html == layout/reftests/bugs/9458-width-2-ref.html","min_expected":0,"max_expected":0,"count":0}
04-17 01:23:44.403 3456 3471 I Gecko :
04-17 01:23:44.403 3456 3471 I Gecko : {"action":"test_start","time":1744853024403,"thread":null,"pid":null,"source":"reftest","test":"layout/reftests/bugs/9458-width-2b.html == layout/reftests/bugs/9458-width-2-ref.html"}
04-17 01:23:44.404 3456 3471 I Gecko : REFTEST TEST-LOAD | http://10.0.2.2:8854/tests/layout/reftests/bugs/9458-width-2b.html | 10 / 2088 (0%)
04-17 01:23:44.404 3456 3471 I Gecko :
04-17 01:23:44.404 3456 3471 I Gecko : {"action":"log","time":1744853024404,"thread":null,"pid":null,"source":"reftest","level":"DEBUG","message":"START http://10.0.2.2:8854/tests/layout/reftests/bugs/9458-width-2b.html"}
04-17 01:23:44.445 3538 3569 E eglCodecCommon: glUtilsParamSize: unknow param 0x00008caa
04-17 01:23:44.457 3456 3471 D GeckoViewContent: handleEvent: pagetitlechanged
04-17 01:23:44.475 3456 3471 I Gecko :
04-17 01:23:44.475 3456 3471 I Gecko : {"action":"log","time":1744853024475,"thread":null,"pid":null,"source":"reftest","level":"DEBUG","message":"[CONTENT] OnDocumentLoad triggering AfterOnLoadScripts"}
04-17 01:23:44.507 3456 3471 I Gecko :
04-17 01:23:44.507 3456 3471 I Gecko : {"action":"log","time":1744853024507,"thread":null,"pid":null,"source":"reftest","level":"DEBUG","message":"Initializing canvas snapshot"}
04-17 01:23:44.507 3456 3471 I Gecko :
04-17 01:23:44.507 3456 3471 I Gecko : {"action":"log","time":1744853024507,"thread":null,"pid":null,"source":"reftest","level":"DEBUG","message":"DoDrawWindow 0,0,800,1000"}
04-17 01:23:44.547 3538 3569 E eglCodecCommon: glUtilsParamSize: unknow param 0x00008caa
04-17 01:23:44.696 3538 3569 E eglCodecCommon: glUtilsParamSize: unknow param 0x00008caa
04-17 01:23:44.787 3538 3569 E eglCodecCommon: glUtilsParamSize: unknow param 0x00008caa
04-17 01:23:44.880 3538 3569 E eglCodecCommon: glUtilsParamSize: unknow param 0x00008caa
04-17 01:23:44.960 3538 3569 E eglCodecCommon: glUtilsParamSize: unknow param 0x00000d02
04-17 01:23:44.969 3538 3569 E eglCodecCommon: glUtilsParamSize: unknow param 0x00008caa
04-17 01:23:44.997 3456 3471 I Gecko :
04-17 01:23:44.997 3456 3471 I Gecko : {"action":"log","time":1744853024997,"thread":null,"pid":null,"source":"reftest","level":"DEBUG","message":"[CONTENT] RecordResult fired"}
04-17 01:23:44.998 3456 3471 I Gecko :
04-17 01:23:44.998 3456 3471 I Gecko : {"action":"log","time":1744853024998,"thread":null,"pid":null,"source":"reftest","level":"DEBUG","message":"RecordResult fired"}
04-17 01:23:45.000 3456 3471 I Gecko :
04-17 01:23:45.000 3456 3471 I Gecko : {"action":"log","time":1744853025000,"thread":null,"pid":null,"source":"reftest","level":"DEBUG","message":"RecordResult fired"}
04-17 01:23:45.002 3456 3471 I Gecko :
04-17 01:23:45.002 3456 3471 I Gecko : {"action":"test_status","time":1744853025002,"thread":null,"pid":null,"source":"reftest","test":"layout/reftests/bugs/9458-width-2b.html == layout/reftests/bugs/9458-width-2-ref.html","subtest":"image comparison, max difference: 0, number of differing pixels: 0","status":"PASS","extra":{"status_msg":"Pass","modifiers":["==","9458-width-2b.html","9458-width-2-ref.html"]}}
04-17 01:23:45.002 3456 3471 I Gecko :
04-17 01:23:45.002 3456 3471 I Gecko : {"action":"test_end","time":1744853025002,"thread":null,"pid":null,"source":"reftest","test":"layout/reftests/bugs/9458-width-2b.html == layout/reftests/bugs/9458-width-2-ref.html","status":"OK"}
04-17 01:23:45.003 3456 3471 I Gecko :
04-17 01:23:45.003 3456 3471 I Gecko : {"action":"log","time":1744853025003,"thread":null,"pid":null,"source":"reftest","level":"DEBUG","message":"Loading a blank page"}
04-17 01:23:45.025 3488 3504 W Web Content: [JavaScript Warning: "This page is in Quirks Mode. Page layout may be impacted. For Standards Mode use “”." {file: "data:text/html;charset=UTF-8,%3C%21%2D%2DCLEAR%2D%2D%3E" line: 0}]
04-17 01:23:45.034 3456 3471 D GeckoViewContent: handleEvent: pagetitlechanged
04-17 01:23:45.044 3456 3471 I Gecko :
04-17 01:23:45.044 3456 3471 I Gecko : {"action":"assertion_count","time":1744853025043,"thread":null,"pid":null,"source":"reftest","test":"layout/reftests/bugs/9458-width-2b.html == layout/reftests/bugs/9458-width-2-ref.html","min_expected":0,"max_expected":0,"count":0}
04-17 01:23:45.044 3456 3471 I Gecko :
04-17 01:23:45.044 3456 3471 I Gecko : {"action":"test_start","time":1744853025044,"thread":null,"pid":null,"source":"reftest","test":"layout/reftests/bugs/9458-zorder-1.html == layout/reftests/bugs/9458-zorder-ref.html"}
04-17 01:23:45.045 3456 3471 I Gecko : REFTEST TEST-LOAD | http://10.0.2.2:8854/tests/layout/reftests/bugs/9458-zorder-1.html | 11 / 2088 (0%)
04-17 01:23:45.045 3456 3471 I Gecko :
04-17 01:23:45.045 3456 3471 I Gecko : {"action":"log","time":1744853025045,"thread":null,"pid":null,"source":"reftest","level":"DEBUG","message":"START http://10.0.2.2:8854/tests/layout/reftests/bugs/9458-zorder-1.html"}
04-17 01:23:45.067 3538 3569 E eglCodecCommon: glUtilsParamSize: unknow param 0x00008caa
04-17 01:23:45.164 3456 3471 D GeckoViewContent: handleEvent: pagetitlechanged
04-17 01:23:45.177 3456 3471 I Gecko :
04-17 01:23:45.177 3456 3471 I Gecko : {"action":"log","time":1744853025177,"thread":null,"pid":null,"source":"reftest","level":"DEBUG","message":"[CONTENT] OnDocumentLoad triggering AfterOnLoadScripts"}
04-17 01:23:45.202 3538 3569 E eglCodecCommon: glUtilsParamSize: unknow param 0x00008caa
04-17 01:23:45.233 3456 3471 I Gecko :
04-17 01:23:45.233 3456 3471 I Gecko : {"action":"log","time":1744853025233,"thread":null,"pid":null,"source":"reftest","level":"DEBUG","message":"Initializing canvas snapshot"}
04-17 01:23:45.234 3456 3471 I Gecko :
04-17 01:23:45.234 3456 3471 I Gecko : {"action":"log","time":1744853025233,"thread":null,"pid":null,"source":"reftest","level":"DEBUG","message":"DoDrawWindow 0,0,800,1000"}
04-17 01:23:45.326 3538 3569 E eglCodecCommon: glUtilsParamSize: unknow param 0x00008caa
04-17 01:23:45.419 3538 3569 E eglCodecCommon: glUtilsParamSize: unknow param 0x00008caa
04-17 01:23:45.502 3538 3569 E eglCodecCommon: glUtilsParamSize: unknow param 0x00008caa
04-17 01:23:45.583 3538 3569 E eglCodecCommon: glUtilsParamSize: unknow param 0x00000d02
04-17 01:23:45.592 3538 3569 E eglCodecCommon: glUtilsParamSize: unknow param 0x00008caa
04-17 01:23:45.630 3456 3471 I Gecko :
04-17 01:23:45.630 3456 3471 I Gecko : {"action":"log","time":1744853025630,"thread":null,"pid":null,"source":"reftest","level":"DEBUG","message":"[CONTENT] RecordResult fired"}
04-17 01:23:45.631 3456 3471 I Gecko :
04-17 01:23:45.631 3456 3471 I Gecko : {"action":"log","time":1744853025631,"thread":null,"pid":null,"source":"reftest","level":"DEBUG","message":"RecordResult fired"}
04-17 01:23:45.632 3456 3471 I Gecko : REFTEST TEST-LOAD | http://10.0.2.2:8854/tests/layout/reftests/bugs/9458-zorder-ref.html | 11 / 2088 (0%)
04-17 01:23:45.632 3456 3471 I Gecko :
04-17 01:23:45.632 3456 3471 I Gecko : {"action":"log","time":1744853025632,"thread":null,"pid":null,"source":"reftest","level":"DEBUG","message":"START http://10.0.2.2:8854/tests/layout/reftests/bugs/9458-zorder-ref.html"}
04-17 01:23:45.685 3456 3471 D GeckoViewContent: handleEvent: pagetitlechanged
04-17 01:23:45.696 3456 3471 I Gecko :
04-17 01:23:45.696 3456 3471 I Gecko : {"action":"log","time":1744853025696,"thread":null,"pid":null,"source":"reftest","level":"DEBUG","message":"[CONTENT] OnDocumentLoad triggering AfterOnLoadScripts"}
04-17 01:23:45.719 3538 3569 E eglCodecCommon: glUtilsParamSize: unknow param 0x00008caa
04-17 01:23:45.725 3456 3471 I Gecko :
04-17 01:23:45.725 3456 3471 I Gecko : {"action":"log","time":1744853025724,"thread":null,"pid":null,"source":"reftest","level":"DEBUG","message":"Initializing canvas snapshot"}
04-17 01:23:45.725 3456 3471 I Gecko :
04-17 01:23:45.725 3456 3471 I Gecko : {"action":"log","time":1744853025725,"thread":null,"pid":null,"source":"reftest","level":"DEBUG","message":"DoDrawWindow 0,0,800,1000"}
04-17 01:23:45.846 3538 3569 E eglCodecCommon: glUtilsParamSize: unknow param 0x00008caa
04-17 01:23:45.934 3538 3569 E eglCodecCommon: glUtilsParamSize: unknow param 0x00008caa
04-17 01:23:46.021 3538 3569 E eglCodecCommon: glUtilsParamSize: unknow param 0x00008caa
04-17 01:23:46.102 3538 3569 E eglCodecCommon: glUtilsParamSize: unknow param 0x00000d02
04-17 01:23:46.110 3538 3569 E eglCodecCommon: glUtilsParamSize: unknow param 0x00008caa
04-17 01:23:46.138 3456 3471 I Gecko :
04-17 01:23:46.138 3456 3471 I Gecko : {"action":"log","time":1744853026138,"thread":null,"pid":null,"source":"reftest","level":"DEBUG","message":"[CONTENT] RecordResult fired"}
04-17 01:23:46.139 3456 3471 I Gecko :
04-17 01:23:46.139 3456 3471 I Gecko : {"action":"log","time":1744853026139,"thread":null,"pid":null,"source":"reftest","level":"DEBUG","message":"RecordResult fired"}
04-17 01:23:46.144 3456 3471 I Gecko :
04-17 01:23:46.144 3456 3471 I Gecko : {"action":"test_status","time":1744853026144,"thread":null,"pid":null,"source":"reftest","test":"layout/reftests/bugs/9458-zorder-1.html == layout/reftests/bugs/9458-zorder-ref.html","subtest":"image comparison, max difference: 0, number of differing pixels: 0","status":"PASS","extra":{"status_msg":"Pass","modifiers":["==","9458-zorder-1.html","9458-zorder-ref.html"]}}
04-17 01:23:46.144 3456 3471 I Gecko :
04-17 01:23:46.144 3456 3471 I Gecko : {"action":"test_end","time":1744853026144,"thread":null,"pid":null,"source":"reftest","test":"layout/reftests/bugs/9458-zorder-1.html == layout/reftests/bugs/9458-zorder-ref.html","status":"OK"}
04-17 01:23:46.144 3456 3471 I Gecko :
04-17 01:23:46.144 3456 3471 I Gecko : {"action":"log","time":1744853026144,"thread":null,"pid":null,"source":"reftest","level":"DEBUG","message":"Loading a blank page"}
04-17 01:23:46.166 3488 3504 W Web Content: [JavaScript Warning: "This page is in Quirks Mode. Page layout may be impacted. For Standards Mode use “”." {file: "data:text/html;charset=UTF-8,%3C%21%2D%2DCLEAR%2D%2D%3E" line: 0}]
04-17 01:23:46.174 3456 3471 D GeckoViewContent: handleEvent: pagetitlechanged
04-17 01:23:46.185 3456 3471 I Gecko :
04-17 01:23:46.185 3456 3471 I Gecko : {"action":"assertion_count","time":1744853026185,"thread":null,"pid":null,"source":"reftest","test":"layout/reftests/bugs/9458-zorder-1.html == layout/reftests/bugs/9458-zorder-ref.html","min_expected":0,"max_expected":0,"count":0}
04-17 01:23:46.185 3456 3471 I Gecko :
