04-17 01:27:03.659 3456 3471 I Gecko : {"action":"log","time":1744853223656,"thread":null,"pid":null,"source":"reftest","level":"DEBUG","message":"DoDrawWindow 0,0,800,1000"}
04-17 01:27:03.728 3538 3569 E eglCodecCommon: glUtilsParamSize: unknow param 0x00008caa
04-17 01:27:03.860 3538 3569 E eglCodecCommon: glUtilsParamSize: unknow param 0x00008caa
04-17 01:27:03.944 3538 3569 E eglCodecCommon: glUtilsParamSize: unknow param 0x00008caa
04-17 01:27:04.030 3538 3569 E eglCodecCommon: glUtilsParamSize: unknow param 0x00008caa
04-17 01:27:04.112 3538 3569 E eglCodecCommon: glUtilsParamSize: unknow param 0x00000d02
04-17 01:27:04.120 3538 3569 E eglCodecCommon: glUtilsParamSize: unknow param 0x00008caa
04-17 01:27:04.148 3456 3471 I Gecko :
04-17 01:27:04.148 3456 3471 I Gecko : {"action":"log","time":1744853224148,"thread":null,"pid":null,"source":"reftest","level":"DEBUG","message":"[CONTENT] RecordResult fired"}
04-17 01:27:04.149 3456 3471 I Gecko :
04-17 01:27:04.149 3456 3471 I Gecko : {"action":"log","time":1744853224149,"thread":null,"pid":null,"source":"reftest","level":"DEBUG","message":"RecordResult fired"}
04-17 01:27:04.150 3456 3471 I Gecko :
04-17 01:27:04.150 3456 3471 I Gecko : {"action":"test_status","time":1744853224150,"thread":null,"pid":null,"source":"reftest","test":"layout/reftests/bugs/234686-1.html == layout/reftests/bugs/234686-ref.html","subtest":"image comparison, max difference: 0, number of differing pixels: 0","status":"PASS","extra":{"status_msg":"Pass","modifiers":["==","234686-1.html","234686-ref.html"]}}
04-17 01:27:04.150 3456 3471 I Gecko :
04-17 01:27:04.150 3456 3471 I Gecko : {"action":"test_end","time":1744853224150,"thread":null,"pid":null,"source":"reftest","test":"layout/reftests/bugs/234686-1.html == layout/reftests/bugs/234686-ref.html","status":"OK"}
04-17 01:27:04.151 3456 3471 I Gecko :
04-17 01:27:04.151 3456 3471 I Gecko : {"action":"log","time":1744853224150,"thread":null,"pid":null,"source":"reftest","level":"DEBUG","message":"Loading a blank page"}
04-17 01:27:04.170 3488 3504 W Web Content: [JavaScript Warning: "This page is in Quirks Mode. Page layout may be impacted. For Standards Mode use “”." {file: "data:text/html;charset=UTF-8,%3C%21%2D%2DCLEAR%2D%2D%3E" line: 0}]
04-17 01:27:04.175 3456 3471 D GeckoViewContent: handleEvent: pagetitlechanged
04-17 01:27:04.189 3456 3471 I Gecko :
04-17 01:27:04.189 3456 3471 I Gecko : {"action":"assertion_count","time":1744853224189,"thread":null,"pid":null,"source":"reftest","test":"layout/reftests/bugs/234686-1.html == layout/reftests/bugs/234686-ref.html","min_expected":0,"max_expected":0,"count":0}
04-17 01:27:04.190 3456 3471 I Gecko :
04-17 01:27:04.190 3456 3471 I Gecko : {"action":"test_start","time":1744853224190,"thread":null,"pid":null,"source":"reftest","test":"layout/reftests/bugs/234686-2.html == layout/reftests/bugs/234686-ref.html"}
04-17 01:27:04.190 3456 3471 I Gecko : REFTEST TEST-LOAD | http://10.0.2.2:8854/tests/layout/reftests/bugs/234686-2.html | 216 / 2088 (10%)
04-17 01:27:04.190 3456 3471 I Gecko :
04-17 01:27:04.190 3456 3471 I Gecko : {"action":"log","time":1744853224190,"thread":null,"pid":null,"source":"reftest","level":"DEBUG","message":"START http://10.0.2.2:8854/tests/layout/reftests/bugs/234686-2.html"}
04-17 01:27:04.218 3538 3569 E eglCodecCommon: glUtilsParamSize: unknow param 0x00008caa
04-17 01:27:04.245 3456 3471 D GeckoViewContent: handleEvent: pagetitlechanged
04-17 01:27:04.274 3456 3471 I Gecko :
04-17 01:27:04.274 3456 3471 I Gecko : {"action":"log","time":1744853224273,"thread":null,"pid":null,"source":"reftest","level":"DEBUG","message":"[CONTENT] OnDocumentLoad triggering AfterOnLoadScripts"}
04-17 01:27:04.311 3538 3569 E eglCodecCommon: glUtilsParamSize: unknow param 0x00008caa
04-17 01:27:04.406 3538 3569 E eglCodecCommon: glUtilsParamSize: unknow param 0x00008caa
04-17 01:27:04.428 3456 3471 I Gecko :
04-17 01:27:04.428 3456 3471 I Gecko : {"action":"log","time":1744853224428,"thread":null,"pid":null,"source":"reftest","level":"DEBUG","message":"Initializing canvas snapshot"}
04-17 01:27:04.429 3456 3471 I Gecko :
04-17 01:27:04.429 3456 3471 I Gecko : {"action":"log","time":1744853224429,"thread":null,"pid":null,"source":"reftest","level":"DEBUG","message":"DoDrawWindow 0,0,800,1000"}
04-17 01:27:04.568 3538 3569 E eglCodecCommon: glUtilsParamSize: unknow param 0x00008caa
04-17 01:27:04.656 3538 3569 E eglCodecCommon: glUtilsParamSize: unknow param 0x00008caa
04-17 01:27:04.745 3538 3569 E eglCodecCommon: glUtilsParamSize: unknow param 0x00008caa
04-17 01:27:04.833 3538 3569 E eglCodecCommon: glUtilsParamSize: unknow param 0x00008caa
04-17 01:27:04.919 3538 3569 E eglCodecCommon: glUtilsParamSize: unknow param 0x00000d02
04-17 01:27:04.930 3538 3569 E eglCodecCommon: glUtilsParamSize: unknow param 0x00008caa
04-17 01:27:04.957 3456 3471 I Gecko :
04-17 01:27:04.957 3456 3471 I Gecko : {"action":"log","time":1744853224957,"thread":null,"pid":null,"source":"reftest","level":"DEBUG","message":"[CONTENT] RecordResult fired"}
04-17 01:27:04.958 3456 3471 I Gecko :
04-17 01:27:04.958 3456 3471 I Gecko : {"action":"log","time":1744853224958,"thread":null,"pid":null,"source":"reftest","level":"DEBUG","message":"RecordResult fired"}
04-17 01:27:04.960 3456 3471 I Gecko :
04-17 01:27:04.960 3456 3471 I Gecko : {"action":"log","time":1744853224960,"thread":null,"pid":null,"source":"reftest","level":"DEBUG","message":"RecordResult fired"}
04-17 01:27:04.962 3456 3471 I Gecko :
04-17 01:27:04.962 3456 3471 I Gecko : {"action":"test_status","time":1744853224962,"thread":null,"pid":null,"source":"reftest","test":"layout/reftests/bugs/234686-2.html == layout/reftests/bugs/234686-ref.html","subtest":"image comparison, max difference: 0, number of differing pixels: 0","status":"PASS","extra":{"status_msg":"Pass","modifiers":["==","234686-2.html","234686-ref.html"]}}
04-17 01:27:04.962 3456 3471 I Gecko :
04-17 01:27:04.962 3456 3471 I Gecko : {"action":"test_end","time":1744853224962,"thread":null,"pid":null,"source":"reftest","test":"layout/reftests/bugs/234686-2.html == layout/reftests/bugs/234686-ref.html","status":"OK"}
04-17 01:27:04.963 3456 3471 I Gecko :
04-17 01:27:04.963 3456 3471 I Gecko : {"action":"log","time":1744853224963,"thread":null,"pid":null,"source":"reftest","level":"DEBUG","message":"Loading a blank page"}
04-17 01:27:04.993 3488 3504 W Web Content: [JavaScript Warning: "This page is in Quirks Mode. Page layout may be impacted. For Standards Mode use “”." {file: "data:text/html;charset=UTF-8,%3C%21%2D%2DCLEAR%2D%2D%3E" line: 0}]
04-17 01:27:04.999 3456 3471 D GeckoViewContent: handleEvent: pagetitlechanged
04-17 01:27:05.010 3456 3471 I Gecko :
04-17 01:27:05.010 3456 3471 I Gecko : {"action":"assertion_count","time":1744853225009,"thread":null,"pid":null,"source":"reftest","test":"layout/reftests/bugs/234686-2.html == layout/reftests/bugs/234686-ref.html","min_expected":0,"max_expected":0,"count":0}
04-17 01:27:05.010 3456 3471 I Gecko :
04-17 01:27:05.010 3456 3471 I Gecko : {"action":"test_start","time":1744853225010,"thread":null,"pid":null,"source":"reftest","test":"layout/reftests/bugs/234686-3.html == layout/reftests/bugs/234686-ref.html"}
04-17 01:27:05.011 3456 3471 I Gecko : REFTEST TEST-LOAD | http://10.0.2.2:8854/tests/layout/reftests/bugs/234686-3.html | 217 / 2088 (10%)
04-17 01:27:05.011 3456 3471 I Gecko :
04-17 01:27:05.011 3456 3471 I Gecko : {"action":"log","time":1744853225011,"thread":null,"pid":null,"source":"reftest","level":"DEBUG","message":"START http://10.0.2.2:8854/tests/layout/reftests/bugs/234686-3.html"}
04-17 01:27:05.040 3538 3569 E eglCodecCommon: glUtilsParamSize: unknow param 0x00008caa
04-17 01:27:05.080 3456 3471 D GeckoViewContent: handleEvent: pagetitlechanged
04-17 01:27:05.091 3456 3471 I Gecko :
04-17 01:27:05.091 3456 3471 I Gecko : {"action":"log","time":1744853225091,"thread":null,"pid":null,"source":"reftest","level":"DEBUG","message":"[CONTENT] OnDocumentLoad triggering AfterOnLoadScripts"}
04-17 01:27:05.122 3538 3569 E eglCodecCommon: glUtilsParamSize: unknow param 0x00008caa
04-17 01:27:05.215 3538 3569 E eglCodecCommon: glUtilsParamSize: unknow param 0x00008caa
04-17 01:27:05.232 3456 3471 I Gecko :
04-17 01:27:05.232 3456 3471 I Gecko : {"action":"log","time":1744853225232,"thread":null,"pid":null,"source":"reftest","level":"DEBUG","message":"Initializing canvas snapshot"}
04-17 01:27:05.232 3456 3471 I Gecko :
04-17 01:27:05.232 3456 3471 I Gecko : {"action":"log","time":1744853225232,"thread":null,"pid":null,"source":"reftest","level":"DEBUG","message":"DoDrawWindow 0,0,800,1000"}
04-17 01:27:05.365 3538 3569 E eglCodecCommon: glUtilsParamSize: unknow param 0x00008caa
04-17 01:27:05.465 3538 3569 E eglCodecCommon: glUtilsParamSize: unknow param 0x00008caa
04-17 01:27:05.555 3538 3569 E eglCodecCommon: glUtilsParamSize: unknow param 0x00008caa
04-17 01:27:05.643 3538 3569 E eglCodecCommon: glUtilsParamSize: unknow param 0x00008caa
04-17 01:27:05.725 3538 3569 E eglCodecCommon: glUtilsParamSize: unknow param 0x00000d02
04-17 01:27:05.734 3538 3569 E eglCodecCommon: glUtilsParamSize: unknow param 0x00008caa
04-17 01:27:05.761 3456 3471 I Gecko :
04-17 01:27:05.761 3456 3471 I Gecko : {"action":"log","time":1744853225761,"thread":null,"pid":null,"source":"reftest","level":"DEBUG","message":"[CONTENT] RecordResult fired"}
04-17 01:27:05.762 3456 3471 I Gecko :
04-17 01:27:05.762 3456 3471 I Gecko : {"action":"log","time":1744853225762,"thread":null,"pid":null,"source":"reftest","level":"DEBUG","message":"RecordResult fired"}
04-17 01:27:05.764 3456 3471 I Gecko :
04-17 01:27:05.764 3456 3471 I Gecko : {"action":"log","time":1744853225763,"thread":null,"pid":null,"source":"reftest","level":"DEBUG","message":"RecordResult fired"}
04-17 01:27:05.765 3456 3471 I Gecko :
04-17 01:27:05.765 3456 3471 I Gecko : {"action":"test_status","time":1744853225765,"thread":null,"pid":null,"source":"reftest","test":"layout/reftests/bugs/234686-3.html == layout/reftests/bugs/234686-ref.html","subtest":"image comparison, max difference: 0, number of differing pixels: 0","status":"PASS","extra":{"status_msg":"Pass","modifiers":["==","234686-3.html","234686-ref.html"]}}
04-17 01:27:05.765 3456 3471 I Gecko :
04-17 01:27:05.765 3456 3471 I Gecko : {"action":"test_end","time":1744853225765,"thread":null,"pid":null,"source":"reftest","test":"layout/reftests/bugs/234686-3.html == layout/reftests/bugs/234686-ref.html","status":"OK"}
04-17 01:27:05.765 3456 3471 I Gecko :
04-17 01:27:05.765 3456 3471 I Gecko : {"action":"log","time":1744853225765,"thread":null,"pid":null,"source":"reftest","level":"DEBUG","message":"Loading a blank page"}
04-17 01:27:05.785 3488 3504 W Web Content: [JavaScript Warning: "This page is in Quirks Mode. Page layout may be impacted. For Standards Mode use “”." {file: "data:text/html;charset=UTF-8,%3C%21%2D%2DCLEAR%2D%2D%3E" line: 0}]
04-17 01:27:05.791 3456 3471 D GeckoViewContent: handleEvent: pagetitlechanged
04-17 01:27:05.800 3456 3471 I Gecko :
04-17 01:27:05.800 3456 3471 I Gecko : {"action":"assertion_count","time":1744853225800,"thread":null,"pid":null,"source":"reftest","test":"layout/reftests/bugs/234686-3.html == layout/reftests/bugs/234686-ref.html","min_expected":0,"max_expected":0,"count":0}
04-17 01:27:05.800 3456 3471 I Gecko :
04-17 01:27:05.800 3456 3471 I Gecko : {"action":"test_start","time":1744853225800,"thread":null,"pid":null,"source":"reftest","test":"layout/reftests/bugs/234686-4.html == layout/reftests/bugs/234686-ref.html"}
04-17 01:27:05.801 3456 3471 I Gecko : REFTEST TEST-LOAD | http://10.0.2.2:8854/tests/layout/reftests/bugs/234686-4.html | 218 / 2088 (10%)
04-17 01:27:05.801 3456 3471 I Gecko :
04-17 01:27:05.801 3456 3471 I Gecko : {"action":"log","time":1744853225801,"thread":null,"pid":null,"source":"reftest","level":"DEBUG","message":"START http://10.0.2.2:8854/tests/layout/reftests/bugs/234686-4.html"}
04-17 01:27:05.835 3538 3569 E eglCodecCommon: glUtilsParamSize: unknow param 0x00008caa
04-17 01:27:05.854 3456 3471 D GeckoViewContent: handleEvent: pagetitlechanged
04-17 01:27:05.880 3456 3471 I Gecko :
04-17 01:27:05.880 3456 3471 I Gecko : {"action":"log","time":1744853225880,"thread":null,"pid":null,"source":"reftest","level":"DEBUG","message":"[CONTENT] OnDocumentLoad triggering AfterOnLoadScripts"}
04-17 01:27:05.930 3538 3569 E eglCodecCommon: glUtilsParamSize: unknow param 0x00008caa
04-17 01:27:06.071 3538 3569 E eglCodecCommon: glUtilsParamSize: unknow param 0x00008caa
04-17 01:27:06.090 3456 3471 I Gecko :
04-17 01:27:06.090 3456 3471 I Gecko : {"action":"log","time":1744853226090,"thread":null,"pid":null,"source":"reftest","level":"DEBUG","message":"Initializing canvas snapshot"}
04-17 01:27:06.091 3456 3471 I Gecko :
04-17 01:27:06.091 3456 3471 I Gecko : {"action":"log","time":1744853226091,"thread":null,"pid":null,"source":"reftest","level":"DEBUG","message":"DoDrawWindow 0,0,800,1000"}
04-17 01:27:06.162 3538 3569 E eglCodecCommon: glUtilsParamSize: unknow param 0x00008caa
04-17 01:27:06.253 3538 3569 E eglCodecCommon: glUtilsParamSize: unknow param 0x00008caa
04-17 01:27:06.341 3538 3569 E eglCodecCommon: glUtilsParamSize: unknow param 0x00008caa
04-17 01:27:06.428 3538 3569 E eglCodecCommon: glUtilsParamSize: unknow param 0x00008caa
04-17 01:27:06.512 3538 3569 E eglCodecCommon: glUtilsParamSize: unknow param 0x00000d02
04-17 01:27:06.520 3538 3569 E eglCodecCommon: glUtilsParamSize: unknow param 0x00008caa
04-17 01:27:06.550 3456 3471 I Gecko :
04-17 01:27:06.550 3456 3471 I Gecko : {"action":"log","time":1744853226550,"thread":null,"pid":null,"source":"reftest","level":"DEBUG","message":"[CONTENT] RecordResult fired"}
04-17 01:27:06.550 3456 3471 I Gecko :
04-17 01:27:06.550 3456 3471 I Gecko : {"action":"log","time":1744853226550,"thread":null,"pid":null,"source":"reftest","level":"DEBUG","message":"RecordResult fired"}
04-17 01:27:06.552 3456 3471 I Gecko :
04-17 01:27:06.552 3456 3471 I Gecko : {"action":"log","time":1744853226552,"thread":null,"pid":null,"source":"reftest","level":"DEBUG","message":"RecordResult fired"}
04-17 01:27:06.554 3456 3471 I Gecko :
04-17 01:27:06.554 3456 3471 I Gecko : {"action":"test_status","time":1744853226554,"thread":null,"pid":null,"source":"reftest","test":"layout/reftests/bugs/234686-4.html == layout/reftests/bugs/234686-ref.html","subtest":"image comparison, max difference: 0, number of differing pixels: 0","status":"PASS","extra":{"status_msg":"Pass","modifiers":["==","234686-4.html","234686-ref.html"]}}
04-17 01:27:06.554 3456 3471 I Gecko :
04-17 01:27:06.554 3456 3471 I Gecko : {"action":"test_end","time":1744853226554,"thread":null,"pid":null,"source":"reftest","test":"layout/reftests/bugs/234686-4.html == layout/reftests/bugs/234686-ref.html","status":"OK"}
04-17 01:27:06.554 3456 3471 I Gecko :
04-17 01:27:06.554 3456 3471 I Gecko : {"action":"log","time":1744853226554,"thread":null,"pid":null,"source":"reftest","level":"DEBUG","message":"Loading a blank page"}
04-17 01:27:06.578 3488 3504 W Web Content: [JavaScript Warning: "This page is in Quirks Mode. Page layout may be impacted. For Standards Mode use “”." {file: "data:text/html;charset=UTF-8,%3C%21%2D%2DCLEAR%2D%2D%3E" line: 0}]
04-17 01:27:06.584 3456 3471 D GeckoViewContent: handleEvent: pagetitlechanged
04-17 01:27:06.595 3456 3471 I Gecko :
04-17 01:27:06.595 3456 3471 I Gecko : {"action":"assertion_count","time":1744853226595,"thread":null,"pid":null,"source":"reftest","test":"layout/reftests/bugs/234686-4.html == layout/reftests/bugs/234686-ref.html","min_expected":0,"max_expected":0,"count":0}
04-17 01:27:06.595 3456 3471 I Gecko :
04-17 01:27:06.595 3456 3471 I Gecko : {"action":"test_start","time":1744853226595,"thread":null,"pid":null,"source":"reftest","test":"layout/reftests/bugs/234686-5.html == layout/reftests/bugs/234686-ref.html"}
04-17 01:27:06.597 3456 3471 I Gecko : REFTEST TEST-LOAD | http://10.0.2.2:8854/tests/layout/reftests/bugs/234686-5.html | 219 / 2088 (10%)
04-17 01:27:06.597 3456 3471 I Gecko :
04-17 01:27:06.597 3456 3471 I Gecko : {"action":"log","time":1744853226597,"thread":null,"pid":null,"source":"reftest","level":"DEBUG","message":"START http://10.0.2.2:8854/tests/layout/reftests/bugs/234686-5.html"}
04-17 01:27:06.617 3538 3569 E eglCodecCommon: glUtilsParamSize: unknow param 0x00008caa
04-17 01:27:06.662 3456 3471 D GeckoViewContent: handleEvent: pagetitlechanged
04-17 01:27:06.685 3456 3471 I Gecko :
04-17 01:27:06.685 3456 3471 I Gecko : {"action":"log","time":1744853226685,"thread":null,"pid":null,"source":"reftest","level":"DEBUG","message":"[CONTENT] OnDocumentLoad triggering AfterOnLoadScripts"}
04-17 01:27:06.714 3538 3569 E eglCodecCommon: glUtilsParamSize: unknow param 0x00008caa
04-17 01:27:06.803 3538 3569 E eglCodecCommon: glUtilsParamSize: unknow param 0x00008caa
04-17 01:27:06.818 3456 3471 I Gecko :
04-17 01:27:06.818 3456 3471 I Gecko : {"action":"log","time":1744853226818,"thread":null,"pid":null,"source":"reftest","level":"DEBUG","message":"Initializing canvas snapshot"}
04-17 01:27:06.818 3456 3471 I Gecko :
04-17 01:27:06.818 3456 3471 I Gecko : {"action":"log","time":1744853226818,"thread":null,"pid":null,"source":"reftest","level":"DEBUG","message":"DoDrawWindow 0,0,800,1000"}
04-17 01:27:06.951 3538 3569 E eglCodecCommon: glUtilsParamSize: unknow param 0x00008caa
04-17 01:27:07.041 3538 3569 E eglCodecCommon: glUtilsParamSize: unknow param 0x00008caa
04-17 01:27:07.133 3538 3569 E eglCodecCommon: glUtilsParamSize: unknow param 0x00008caa
04-17 01:27:07.216 3538 3569 E eglCodecCommon: glUtilsParamSize: unknow param 0x00000d02
04-17 01:27:07.225 3538 3569 E eglCodecCommon: glUtilsParamSize: unknow param 0x00008caa
04-17 01:27:07.253 3456 3471 I Gecko :
04-17 01:27:07.253 3456 3471 I Gecko : {"action":"log","time":1744853227253,"thread":null,"pid":null,"source":"reftest","level":"DEBUG","message":"[CONTENT] RecordResult fired"}
04-17 01:27:07.254 3456 3471 I Gecko :
04-17 01:27:07.254 3456 3471 I Gecko : {"action":"log","time":1744853227254,"thread":null,"pid":null,"source":"reftest","level":"DEBUG","message":"RecordResult fired"}
04-17 01:27:07.257 3456 3471 I Gecko :
04-17 01:27:07.257 3456 3471 I Gecko : {"action":"log","time":1744853227256,"thread":null,"pid":null,"source":"reftest","level":"DEBUG","message":"RecordResult fired"}
04-17 01:27:07.260 3456 3471 I Gecko :
04-17 01:27:07.260 3456 3471 I Gecko : {"action":"test_status","time":1744853227260,"thread":null,"pid":null,"source":"reftest","test":"layout/reftests/bugs/234686-5.html == layout/reftests/bugs/234686-ref.html","subtest":"image comparison, max difference: 0, number of differing pixels: 0","status":"PASS","extra":{"status_msg":"Pass","modifiers":["==","234686-5.html","234686-ref.html"]}}
04-17 01:27:07.260 3456 3471 I Gecko :
04-17 01:27:07.260 3456 3471 I Gecko : {"action":"test_end","time":1744853227260,"thread":null,"pid":null,"source":"reftest","test":"layout/reftests/bugs/234686-5.html == layout/reftests/bugs/234686-ref.html","status":"OK"}
04-17 01:27:07.260 3456 3471 I Gecko :
04-17 01:27:07.260 3456 3471 I Gecko : {"action":"log","time":1744853227260,"thread":null,"pid":null,"source":"reftest","level":"DEBUG","message":"Loading a blank page"}
04-17 01:27:07.280 3488 3504 W Web Content: [JavaScript Warning: "This page is in Quirks Mode. Page layout may be impacted. For Standards Mode use “”." {file: "data:text/html;charset=UTF-8,%3C%21%2D%2DCLEAR%2D%2D%3E" line: 0}]
04-17 01:27:07.285 3456 3471 D GeckoViewContent: handleEvent: pagetitlechanged
04-17 01:27:07.293 3456 3471 I Gecko :
04-17 01:27:07.293 3456 3471 I Gecko : {"action":"assertion_count","time":1744853227293,"thread":null,"pid":null,"source":"reftest","test":"layout/reftests/bugs/234686-5.html == layout/reftests/bugs/234686-ref.html","min_expected":0,"max_expected":0,"count":0}
04-17 01:27:07.293 3456 3471 I Gecko :
04-17 01:27:07.293 3456 3471 I Gecko : {"action":"test_start","time":1744853227293,"thread":null,"pid":null,"source":"reftest","test":"layout/reftests/bugs/234686-6.html == layout/reftests/bugs/234686-ref.html"}
04-17 01:27:07.294 3456 3471 I Gecko : REFTEST TEST-LOAD | http://10.0.2.2:8854/tests/layout/reftests/bugs/234686-6.html | 220 / 2088 (10%)
04-17 01:27:07.294 3456 3471 I Gecko :
04-17 01:27:07.294 3456 3471 I Gecko : {"action":"log","time":1744853227294,"thread":null,"pid":null,"source":"reftest","level":"DEBUG","message":"START http://10.0.2.2:8854/tests/layout/reftests/bugs/234686-6.html"}
04-17 01:27:07.327 3538 3569 E eglCodecCommon: glUtilsParamSize: unknow param 0x00008caa
04-17 01:27:07.347 3456 3471 D GeckoViewContent: handleEvent: pagetitlechanged
04-17 01:27:07.373 3456 3471 I Gecko :
04-17 01:27:07.373 3456 3471 I Gecko : {"action":"log","time":1744853227373,"thread":null,"pid":null,"source":"reftest","level":"DEBUG","message":"[CONTENT] OnDocumentLoad triggering AfterOnLoadScripts"}
04-17 01:27:07.420 3538 3569 E eglCodecCommon: glUtilsParamSize: unknow param 0x00008caa
04-17 01:27:07.514 3538 3569 E eglCodecCommon: glUtilsParamSize: unknow param 0x00008caa
04-17 01:27:07.528 3456 3471 I Gecko :
04-17 01:27:07.528 3456 3471 I Gecko : {"action":"log","time":1744853227527,"thread":null,"pid":null,"source":"reftest","level":"DEBUG","message":"Initializing canvas snapshot"}
04-17 01:27:07.528 3456 3471 I Gecko :
04-17 01:27:07.528 3456 3471 I Gecko : {"action":"log","time":1744853227528,"thread":null,"pid":null,"source":"reftest","level":"DEBUG","message":"DoDrawWindow 0,0,800,1000"}
04-17 01:27:07.658 3538 3569 E eglCodecCommon: glUtilsParamSize: unknow param 0x00008caa
04-17 01:27:07.750 3538 3569 E eglCodecCommon: glUtilsParamSize: unknow param 0x00008caa
04-17 01:27:07.836 3538 3569 E eglCodecCommon: glUtilsParamSize: unknow param 0x00008caa
04-17 01:27:07.924 3538 3569 E eglCodecCommon: glUtilsParamSize: unknow param 0x00008caa
04-17 01:27:08.007 3538 3569 E eglCodecCommon: glUtilsParamSize: unknow param 0x00000d02
04-17 01:27:08.016 3538 3569 E eglCodecCommon: glUtilsParamSize: unknow param 0x00008caa
04-17 01:27:08.045 3456 3471 I Gecko :
04-17 01:27:08.045 3456 3471 I Gecko : {"action":"log","time":1744853228045,"thread":null,"pid":null,"source":"reftest","level":"DEBUG","message":"[CONTENT] RecordResult fired"}
04-17 01:27:08.046 3456 3471 I Gecko :
04-17 01:27:08.046 3456 3471 I Gecko : {"action":"log","time":1744853228045,"thread":null,"pid":null,"source":"reftest","level":"DEBUG","message":"RecordResult fired"}
04-17 01:27:08.047 3456 3471 I Gecko :
04-17 01:27:08.047 3456 3471 I Gecko : {"action":"log","time":1744853228047,"thread":null,"pid":null,"source":"reftest","level":"DEBUG","message":"RecordResult fired"}
04-17 01:27:08.048 3456 3471 I Gecko :
04-17 01:27:08.048 3456 3471 I Gecko : {"action":"test_status","time":1744853228048,"thread":null,"pid":null,"source":"reftest","test":"layout/reftests/bugs/234686-6.html == layout/reftests/bugs/234686-ref.html","subtest":"image comparison, max difference: 0, number of differing pixels: 0","status":"PASS","extra":{"status_msg":"Pass","modifiers":["==","234686-6.html","234686-ref.html"]}}
04-17 01:27:08.048 3456 3471 I Gecko :
04-17 01:27:08.048 3456 3471 I Gecko : {"action":"test_end","time":1744853228048,"thread":null,"pid":null,"source":"reftest","test":"layout/reftests/bugs/234686-6.html == layout/reftests/bugs/234686-ref.html","status":"OK"}
04-17 01:27:08.048 3456 3471 I Gecko :
04-17 01:27:08.048 3456 3471 I Gecko : {"action":"log","time":1744853228048,"thread":null,"pid":null,"source":"reftest","level":"DEBUG","message":"Loading a blank page"}
04-17 01:27:08.069 3488 3504 W Web Content: [JavaScript Warning: "This page is in Quirks Mode. Page layout may be impacted. For Standards Mode use “”." {file: "data:text/html;charset=UTF-8,%3C%21%2D%2DCLEAR%2D%2D%3E" line: 0}]
04-17 01:27:08.075 3456 3471 D GeckoViewContent: handleEvent: pagetitlechanged
04-17 01:27:08.085 3456 3471 I Gecko :
04-17 01:27:08.085 3456 3471 I Gecko : {"action":"assertion_count","time":1744853228085,"thread":null,"pid":null,"source":"reftest","test":"layout/reftests/bugs/234686-6.html == layout/reftests/bugs/234686-ref.html","min_expected":0,"max_expected":0,"count":0}
04-17 01:27:08.085 3456 3471 I Gecko :
04-17 01:27:08.085 3456 3471 I Gecko : {"action":"test_start","time":1744853228085,"thread":null,"pid":null,"source":"reftest","test":"layout/reftests/bugs/234686-7.html == layout/reftests/bugs/234686-ref.html"}
04-17 01:27:08.086 3456 3471 I Gecko : REFTEST TEST-LOAD | http://10.0.2.2:8854/tests/layout/reftests/bugs/234686-7.html | 221 / 2088 (10%)
04-17 01:27:08.086 3456 3471 I Gecko :
04-17 01:27:08.086 3456 3471 I Gecko : {"action":"log","time":1744853228086,"thread":null,"pid":null,"source":"reftest","level":"DEBUG","message":"START http://10.0.2.2:8854/tests/layout/reftests/bugs/234686-7.html"}
04-17 01:27:08.115 3538 3569 E eglCodecCommon: glUtilsParamSize: unknow param 0x00008caa
04-17 01:27:08.139 3456 3471 D GeckoViewContent: handleEvent: pagetitlechanged
04-17 01:27:08.166 3456 3471 I Gecko :
04-17 01:27:08.166 3456 3471 I Gecko : {"action":"log","time":1744853228166,"thread":null,"pid":null,"source":"reftest","level":"DEBUG","message":"[CONTENT] OnDocumentLoad triggering AfterOnLoadScripts"}
04-17 01:27:08.211 3538 3569 E eglCodecCommon: glUtilsParamSize: unknow param 0x00008caa
04-17 01:27:08.306 3538 3569 E eglCodecCommon: glUtilsParamSize: unknow param 0x00008caa
04-17 01:27:08.327 3456 3471 I Gecko :
04-17 01:27:08.327 3456 3471 I Gecko : {"action":"log","time":1744853228327,"thread":null,"pid":null,"source":"reftest","level":"DEBUG","message":"Initializing canvas snapshot"}
04-17 01:27:08.328 3456 3471 I Gecko :
04-17 01:27:08.328 3456 3471 I Gecko : {"action":"log","time":1744853228328,"thread":null,"pid":null,"source":"reftest","level":"DEBUG","message":"DoDrawWindow 0,0,800,1000"}
04-17 01:27:08.454 3538 3569 E eglCodecCommon: glUtilsParamSize: unknow param 0x00008caa
04-17 01:27:08.546 3538 3569 E eglCodecCommon: glUtilsParamSize: unknow param 0x00008caa
04-17 01:27:08.634 3538 3569 E eglCodecCommon: glUtilsParamSize: unknow param 0x00008caa
04-17 01:27:08.717 3538 3569 E eglCodecCommon: glUtilsParamSize: unknow param 0x00008caa
04-17 01:27:08.795 3538 3569 E eglCodecCommon: glUtilsParamSize: unknow param 0x00000d02
04-17 01:27:08.802 3538 3569 E eglCodecCommon: glUtilsParamSize: unknow param 0x00008caa
04-17 01:27:08.828 3456 3471 I Gecko :
04-17 01:27:08.828 3456 3471 I Gecko : {"action":"log","time":1744853228828,"thread":null,"pid":null,"source":"reftest","level":"DEBUG","message":"[CONTENT] RecordResult fired"}
04-17 01:27:08.829 3456 3471 I Gecko :
04-17 01:27:08.829 3456 3471 I Gecko : {"action":"log","time":1744853228829,"thread":null,"pid":null,"source":"reftest","level":"DEBUG","message":"RecordResult fired"}
04-17 01:27:08.830 3456 3471 I Gecko :
04-17 01:27:08.830 3456 3471 I Gecko : {"action":"log","time":1744853228830,"thread":null,"pid":null,"source":"reftest","level":"DEBUG","message":"RecordResult fired"}
04-17 01:27:08.831 3456 3471 I Gecko :
04-17 01:27:08.831 3456 3471 I Gecko : {"action":"test_status","time":1744853228831,"thread":null,"pid":null,"source":"reftest","test":"layout/reftests/bugs/234686-7.html == layout/reftests/bugs/234686-ref.html","subtest":"image comparison, max difference: 0, number of differing pixels: 0","status":"PASS","extra":{"status_msg":"Pass","modifiers":["==","234686-7.html","234686-ref.html"]}}
04-17 01:27:08.832 3456 3471 I Gecko :
04-17 01:27:08.832 3456 3471 I Gecko : {"action":"test_end","time":1744853228832,"thread":null,"pid":null,"source":"reftest","test":"layout/reftests/bugs/234686-7.html == layout/reftests/bugs/234686-ref.html","status":"OK"}
04-17 01:27:08.833 3456 3471 I Gecko :
04-17 01:27:08.833 3456 3471 I Gecko : {"action":"log","time":1744853228832,"thread":null,"pid":null,"source":"reftest","level":"DEBUG","message":"Loading a blank page"}
04-17 01:27:08.854 3488 3504 W Web Content: [JavaScript Warning: "This page is in Quirks Mode. Page layout may be impacted. For Standards Mode use “”." {file: "data:text/html;charset=UTF-8,%3C%21%2D%2DCLEAR%2D%2D%3E" line: 0}]
04-17 01:27:08.859 3456 3471 D GeckoViewContent: handleEvent: pagetitlechanged
04-17 01:27:08.875 3456 3471 I Gecko :
04-17 01:27:08.875 3456 3471 I Gecko : {"action":"assertion_count","time":1744853228875,"thread":null,"pid":null,"source":"reftest","test":"layout/reftests/bugs/234686-7.html == layout/reftests/bugs/234686-ref.html","min_expected":0,"max_expected":0,"count":0}
04-17 01:27:08.876 3456 3471 I Gecko :
04-17 01:27:08.876 3456 3471 I Gecko : {"action":"test_start","time":1744853228876,"thread":null,"pid":null,"source":"reftest","test":"layout/reftests/bugs/234686-8.html == layout/reftests/bugs/234686-ref.html"}
04-17 01:27:08.877 3456 3471 I Gecko : REFTEST TEST-LOAD | http://10.0.2.2:8854/tests/layout/reftests/bugs/234686-8.html | 222 / 2088 (10%)
04-17 01:27:08.877 3456 3471 I Gecko :
04-17 01:27:08.877 3456 3471 I Gecko : {"action":"log","time":1744853228877,"thread":null,"pid":null,"source":"reftest","level":"DEBUG","message":"START http://10.0.2.2:8854/tests/layout/reftests/bugs/234686-8.html"}
04-17 01:27:08.900 3538 3569 E eglCodecCommon: glUtilsParamSize: unknow param 0x00008caa
04-17 01:27:08.938 3456 3471 D GeckoViewContent: handleEvent: pagetitlechanged
04-17 01:27:08.960 3456 3471 I Gecko :
04-17 01:27:08.960 3456 3471 I Gecko : {"action":"log","time":1744853228960,"thread":null,"pid":null,"source":"reftest","level":"DEBUG","message":"[CONTENT] OnDocumentLoad triggering AfterOnLoadScripts"}
04-17 01:27:08.995 3538 3569 E eglCodecCommon: glUtilsParamSize: unknow param 0x00008caa
04-17 01:27:09.087 3538 3569 E eglCodecCommon: glUtilsParamSize: unknow param 0x00008caa
04-17 01:27:09.103 3456 3471 I Gecko :
04-17 01:27:09.103 3456 3471 I Gecko : {"action":"log","time":1744853229103,"thread":null,"pid":null,"source":"reftest","level":"DEBUG","message":"Initializing canvas snapshot"}
04-17 01:27:09.103 3456 3471 I Gecko :
04-17 01:27:09.103 3456 3471 I Gecko : {"action":"log","time":1744853229103,"thread":null,"pid":null,"source":"reftest","level":"DEBUG","message":"DoDrawWindow 0,0,800,1000"}
04-17 01:27:09.239 3538 3569 E eglCodecCommon: glUtilsParamSize: unknow param 0x00008caa
04-17 01:27:09.335 3538 3569 E eglCodecCommon: glUtilsParamSize: unknow param 0x00008caa
04-17 01:27:09.419 3538 3569 E eglCodecCommon: glUtilsParamSize: unknow param 0x00008caa
04-17 01:27:09.502 3538 3569 E eglCodecCommon: glUtilsParamSize: unknow param 0x00000d02
04-17 01:27:09.513 3538 3569 E eglCodecCommon: glUtilsParamSize: unknow param 0x00008caa
04-17 01:27:09.538 3456 3471 I Gecko :
04-17 01:27:09.538 3456 3471 I Gecko : {"action":"log","time":1744853229538,"thread":null,"pid":null,"source":"reftest","level":"DEBUG","message":"[CONTENT] RecordResult fired"}
04-17 01:27:09.539 3456 3471 I Gecko :
04-17 01:27:09.539 3456 3471 I Gecko : {"action":"log","time":1744853229539,"thread":null,"pid":null,"source":"reftest","level":"DEBUG","message":"RecordResult fired"}
04-17 01:27:09.541 3456 3471 I Gecko :
04-17 01:27:09.541 3456 3471 I Gecko : {"action":"log","time":1744853229541,"thread":null,"pid":null,"source":"reftest","level":"DEBUG","message":"RecordResult fired"}
04-17 01:27:09.543 3456 3471 I Gecko :
04-17 01:27:09.543 3456 3471 I Gecko : {"action":"test_status","time":1744853229543,"thread":null,"pid":null,"source":"reftest","test":"layout/reftests/bugs/234686-8.html == layout/reftests/bugs/234686-ref.html","subtest":"image comparison, max difference: 0, number of differing pixels: 0","status":"PASS","extra":{"status_msg":"Pass","modifiers":["==","234686-8.html","234686-ref.html"]}}
04-17 01:27:09.543 3456 3471 I Gecko :
04-17 01:27:09.543 3456 3471 I Gecko : {"action":"test_end","time":1744853229543,"thread":null,"pid":null,"source":"reftest","test":"layout/reftests/bugs/234686-8.html == layout/reftests/bugs/234686-ref.html","status":"OK"}
04-17 01:27:09.543 3456 3471 I Gecko :
04-17 01:27:09.543 3456 3471 I Gecko : {"action":"log","time":1744853229543,"thread":null,"pid":null,"source":"reftest","level":"DEBUG","message":"Loading a blank page"}
04-17 01:27:09.563 3488 3504 W Web Content: [JavaScript Warning: "This page is in Quirks Mode. Page layout may be impacted. For Standards Mode use “”." {file: "data:text/html;charset=UTF-8,%3C%21%2D%2DCLEAR%2D%2D%3E" line: 0}]
04-17 01:27:09.569 3456 3471 D GeckoViewContent: handleEvent: pagetitlechanged
04-17 01:27:09.577 3456 3471 I Gecko :
04-17 01:27:09.577 3456 3471 I Gecko : {"action":"assertion_count","time":1744853229577,"thread":null,"pid":null,"source":"reftest","test":"layout/reftests/bugs/234686-8.html == layout/reftests/bugs/234686-ref.html","min_expected":0,"max_expected":0,"count":0}
04-17 01:27:09.578 3456 3471 I Gecko :
04-17 01:27:09.578 3456 3471 I Gecko : {"action":"test_start","time":1744853229578,"thread":null,"pid":null,"source":"reftest","test":"layout/reftests/bugs/234686-9.html == layout/reftests/bugs/234686-ref.html"}
04-17 01:27:09.578 3456 3471 I Gecko : REFTEST TEST-LOAD | http://10.0.2.2:8854/tests/layout/reftests/bugs/234686-9.html | 223 / 2088 (10%)
04-17 01:27:09.578 3456 3471 I Gecko :
04-17 01:27:09.578 3456 3471 I Gecko : {"action":"log","time":1744853229578,"thread":null,"pid":null,"source":"reftest","level":"DEBUG","message":"START http://10.0.2.2:8854/tests/layout/reftests/bugs/234686-9.html"}
04-17 01:27:09.613 3538 3569 E eglCodecCommon: glUtilsParamSize: unknow param 0x00008caa
04-17 01:27:09.638 3456 3471 D GeckoViewContent: handleEvent: pagetitlechanged
04-17 01:27:09.654 3456 3471 I Gecko :
04-17 01:27:09.654 3456 3471 I Gecko : {"action":"log","time":1744853229654,"thread":null,"pid":null,"source":"reftest","level":"DEBUG","message":"[CONTENT] OnDocumentLoad triggering AfterOnLoadScripts"}
04-17 01:27:09.711 3538 3569 E eglCodecCommon: glUtilsParamSize: unknow param 0x00008caa
04-17 01:27:09.799 3538 3569 E eglCodecCommon: glUtilsParamSize: unknow param 0x00008caa
04-17 01:27:09.827 3456 3471 I Gecko :
04-17 01:27:09.827 3456 3471 I Gecko : {"action":"log","time":1744853229827,"thread":null,"pid":null,"source":"reftest","level":"DEBUG","message":"Initializing canvas snapshot"}
04-17 01:27:09.827 3456 3471 I Gecko :
04-17 01:27:09.827 3456 3471 I Gecko : {"action":"log","time":1744853229827,"thread":null,"pid":null,"source":"reftest","level":"DEBUG","message":"DoDrawWindow 0,0,800,1000"}
04-17 01:27:09.955 3538 3569 E eglCodecCommon: glUtilsParamSize: unknow param 0x00008caa
04-17 01:27:10.049 3538 3569 E eglCodecCommon: glUtilsParamSize: unknow param 0x00008caa
04-17 01:27:10.133 3538 3569 E eglCodecCommon: glUtilsParamSize: unknow param 0x00008caa
04-17 01:27:10.220 3538 3569 E eglCodecCommon: glUtilsParamSize: unknow param 0x00008caa
04-17 01:27:10.302 3538 3569 E eglCodecCommon: glUtilsParamSize: unknow param 0x00000d02
04-17 01:27:10.311 3538 3569 E eglCodecCommon: glUtilsParamSize: unknow param 0x00008caa
04-17 01:27:10.344 3456 3471 I Gecko :
04-17 01:27:10.344 3456 3471 I Gecko : {"action":"log","time":1744853230344,"thread":null,"pid":null,"source":"reftest","level":"DEBUG","message":"[CONTENT] RecordResult fired"}
04-17 01:27:10.345 3456 3471 I Gecko :
04-17 01:27:10.345 3456 3471 I Gecko : {"action":"log","time":1744853230345,"thread":null,"pid":null,"source":"reftest","level":"DEBUG","message":"RecordResult fired"}
04-17 01:27:10.348 3456 3471 I Gecko :
04-17 01:27:10.348 3456 3471 I Gecko : {"action":"log","time":1744853230348,"thread":null,"pid":null,"source":"reftest","level":"DEBUG","message":"RecordResult fired"}
04-17 01:27:10.350 3456 3471 I Gecko :
04-17 01:27:10.350 3456 3471 I Gecko : {"action":"test_status","time":1744853230350,"thread":null,"pid":null,"source":"reftest","test":"layout/reftests/bugs/234686-9.html == layout/reftests/bugs/234686-ref.html","subtest":"image comparison, max difference: 0, number of differing pixels: 0","status":"PASS","extra":{"status_msg":"Pass","modifiers":["==","234686-9.html","234686-ref.html"]}}
04-17 01:27:10.351 3456 3471 I Gecko :
04-17 01:27:10.351 3456 3471 I Gecko : {"action":"test_end","time":1744853230351,"thread":null,"pid":null,"source":"reftest","test":"layout/reftests/bugs/234686-9.html == layout/reftests/bugs/234686-ref.html","status":"OK"}
04-17 01:27:10.352 3456 3471 I Gecko :
04-17 01:27:10.352 3456 3471 I Gecko : {"action":"log","time":1744853230351,"thread":null,"pid":null,"source":"reftest","level":"DEBUG","message":"Loading a blank page"}
04-17 01:27:10.371 3488 3504 W Web Content: [JavaScript Warning: "This page is in Quirks Mode. Page layout may be impacted. For Standards Mode use “”." {file: "data:text/html;charset=UTF-8,%3C%21%2D%2DCLEAR%2D%2D%3E" line: 0}]
04-17 01:27:10.379 3456 3471 D GeckoViewContent: handleEvent: pagetitlechanged
04-17 01:27:10.388 3456 3471 I Gecko :
04-17 01:27:10.388 3456 3471 I Gecko : {"action":"assertion_count","time":1744853230388,"thread":null,"pid":null,"source":"reftest","test":"layout/reftests/bugs/234686-9.html == layout/reftests/bugs/234686-ref.html","min_expected":0,"max_expected":0,"count":0}
04-17 01:27:10.388 3456 3471 I Gecko :
04-17 01:27:10.388 3456 3471 I Gecko : {"action":"test_start","time":1744853230388,"thread":null,"pid":null,"source":"reftest","test":"layout/reftests/bugs/234686-10.html == layout/reftests/bugs/234686-ref.html"}
04-17 01:27:10.389 3456 3471 I Gecko : REFTEST TEST-LOAD | http://10.0.2.2:8854/tests/layout/reftests/bugs/234686-10.html | 224 / 2088 (10%)
04-17 01:27:10.389 3456 3471 I Gecko :
04-17 01:27:10.389 3456 3471 I Gecko : {"action":"log","time":1744853230389,"thread":null,"pid":null,"source":"reftest","level":"DEBUG","message":"START http://10.0.2.2:8854/tests/layout/reftests/bugs/234686-10.html"}
04-17 01:27:10.414 3538 3569 E eglCodecCommon: glUtilsParamSize: unknow param 0x00008caa
04-17 01:27:10.473 3456 3471 D GeckoViewContent: handleEvent: pagetitlechanged
04-17 01:27:10.495 3456 3471 I Gecko :
04-17 01:27:10.495 3456 3471 I Gecko : {"action":"log","time":1744853230495,"thread":null,"pid":null,"source":"reftest","level":"DEBUG","message":"[CONTENT] OnDocumentLoad triggering AfterOnLoadScripts"}
04-17 01:27:10.523 3538 3569 E eglCodecCommon: glUtilsParamSize: unknow param 0x00008caa
04-17 01:27:10.617 3538 3569 E eglCodecCommon: glUtilsParamSize: unknow param 0x00008caa
04-17 01:27:10.654 3456 3471 I Gecko :
04-17 01:27:10.654 3456 3471 I Gecko : {"action":"log","time":1744853230653,"thread":null,"pid":null,"source":"reftest","level":"DEBUG","message":"Initializing canvas snapshot"}
04-17 01:27:10.654 3456 3471 I Gecko :
04-17 01:27:10.654 3456 3471 I Gecko : {"action":"log","time":1744853230654,"thread":null,"pid":null,"source":"reftest","level":"DEBUG","message":"DoDrawWindow 0,0,800,1000"}
04-17 01:27:10.706 3538 3569 E eglCodecCommon: glUtilsParamSize: unknow param 0x00008caa
04-17 01:27:10.847 3538 3569 E eglCodecCommon: glUtilsParamSize: unknow param 0x00008caa
04-17 01:27:10.936 3538 3569 E eglCodecCommon: glUtilsParamSize: unknow param 0x00008caa
04-17 01:27:11.020 3538 3569 E eglCodecCommon: glUtilsParamSize: unknow param 0x00008caa
04-17 01:27:11.103 3538 3569 E eglCodecCommon: glUtilsParamSize: unknow param 0x00000d02
04-17 01:27:11.112 3538 3569 E eglCodecCommon: glUtilsParamSize: unknow param 0x00008caa
04-17 01:27:11.142 3456 3471 I Gecko :
04-17 01:27:11.142 3456 3471 I Gecko : {"action":"log","time":1744853231142,"thread":null,"pid":null,"source":"reftest","level":"DEBUG","message":"[CONTENT] RecordResult fired"}
04-17 01:27:11.144 3456 3471 I Gecko :
04-17 01:27:11.144 3456 3471 I Gecko : {"action":"log","time":1744853231144,"thread":null,"pid":null,"source":"reftest","level":"DEBUG","message":"RecordResult fired"}
04-17 01:27:11.145 3456 3471 I Gecko :
04-17 01:27:11.145 3456 3471 I Gecko : {"action":"log","time":1744853231145,"thread":null,"pid":null,"source":"reftest","level":"DEBUG","message":"RecordResult fired"}
04-17 01:27:11.147 3456 3471 I Gecko :
04-17 01:27:11.147 3456 3471 I Gecko : {"action":"test_status","time":1744853231146,"thread":null,"pid":null,"source":"reftest","test":"layout/reftests/bugs/234686-10.html == layout/reftests/bugs/234686-ref.html","subtest":"image comparison, max difference: 0, number of differing pixels: 0","status":"PASS","extra":{"status_msg":"Pass","modifiers":["==","234686-10.html","234686-ref.html"]}}
04-17 01:27:11.147 3456 3471 I Gecko :
04-17 01:27:11.147 3456 3471 I Gecko : {"action":"test_end","time":1744853231147,"thread":null,"pid":null,"source":"reftest","test":"layout/reftests/bugs/234686-10.html == layout/reftests/bugs/234686-ref.html","status":"OK"}
04-17 01:27:11.148 3456 3471 I Gecko :
04-17 01:27:11.148 3456 3471 I Gecko : {"action":"log","time":1744853231147,"thread":null,"pid":null,"source":"reftest","level":"DEBUG","message":"Loading a blank page"}
04-17 01:27:11.169 3488 3504 W Web Content: [JavaScript Warning: "This page is in Quirks Mode. Page layout may be impacted. For Standards Mode use “”." {file: "data:text/html;charset=UTF-8,%3C%21%2D%2DCLEAR%2D%2D%3E" line: 0}]
04-17 01:27:11.175 3456 3471 D GeckoViewContent: handleEvent: pagetitlechanged
04-17 01:27:11.183 3456 3471 I Gecko :
04-17 01:27:11.183 3456 3471 I Gecko : {"action":"assertion_count","time":1744853231183,"thread":null,"pid":null,"source":"reftest","test":"layout/reftests/bugs/234686-10.html == layout/reftests/bugs/234686-ref.html","min_expected":0,"max_expected":0,"count":0}
04-17 01:27:11.183 3456 3471 I Gecko :
04-17 01:27:11.183 3456 3471 I Gecko : {"action":"test_start","time":1744853231183,"thread":null,"pid":null,"source":"reftest","test":"layout/reftests/bugs/234686-11.html == layout/reftests/bugs/234686-ref.html"}
04-17 01:27:11.183 3456 3471 I Gecko : REFTEST TEST-LOAD | http://10.0.2.2:8854/tests/layout/reftests/bugs/234686-11.html | 225 / 2088 (10%)
04-17 01:27:11.183 3456 3471 I Gecko :
04-17 01:27:11.183 3456 3471 I Gecko : {"action":"log","time":1744853231183,"thread":null,"pid":null,"source":"reftest","level":"DEBUG","message":"START http://10.0.2.2:8854/tests/layout/reftests/bugs/234686-11.html"}
04-17 01:27:11.217 3538 3569 E eglCodecCommon: glUtilsParamSize: unknow param 0x00008caa
04-17 01:27:11.238 3456 3471 D GeckoViewContent: handleEvent: pagetitlechanged
04-17 01:27:11.273 3456 3471 I Gecko :
04-17 01:27:11.273 3456 3471 I Gecko : {"action":"log","time":1744853231273,"thread":null,"pid":null,"source":"reftest","level":"DEBUG","message":"[CONTENT] OnDocumentLoad triggering AfterOnLoadScripts"}
04-17 01:27:11.316 3538 3569 E eglCodecCommon: glUtilsParamSize: unknow param 0x00008caa
04-17 01:27:11.409 3538 3569 E eglCodecCommon: glUtilsParamSize: unknow param 0x00008caa
04-17 01:27:11.426 3456 3471 I Gecko :
04-17 01:27:11.426 3456 3471 I Gecko : {"action":"log","time":1744853231426,"thread":null,"pid":null,"source":"reftest","level":"DEBUG","message":"Initializing canvas snapshot"}
04-17 01:27:11.426 3456 3471 I Gecko :
04-17 01:27:11.426 3456 3471 I Gecko : {"action":"log","time":1744853231426,"thread":null,"pid":null,"source":"reftest","level":"DEBUG","message":"DoDrawWindow 0,0,800,1000"}
04-17 01:27:11.563 3538 3569 E eglCodecCommon: glUtilsParamSize: unknow param 0x00008caa
04-17 01:27:11.649 3538 3569 E eglCodecCommon: glUtilsParamSize: unknow param 0x00008caa
04-17 01:27:11.736 3538 3569 E eglCodecCommon: glUtilsParamSize: unknow param 0x00008caa
04-17 01:27:11.822 3538 3569 E eglCodecCommon: glUtilsParamSize: unknow param 0x00008caa
04-17 01:27:11.902 3538 3569 E eglCodecCommon: glUtilsParamSize: unknow param 0x00000d02
04-17 01:27:11.911 3538 3569 E eglCodecCommon: glUtilsParamSize: unknow param 0x00008caa
04-17 01:27:11.938 3456 3471 I Gecko :
04-17 01:27:11.938 3456 3471 I Gecko : {"action":"log","time":1744853231938,"thread":null,"pid":null,"source":"reftest","level":"DEBUG","message":"[CONTENT] RecordResult fired"}
04-17 01:27:11.941 3456 3471 I Gecko :
04-17 01:27:11.941 3456 3471 I Gecko : {"action":"log","time":1744853231941,"thread":null,"pid":null,"source":"reftest","level":"DEBUG","message":"RecordResult fired"}
04-17 01:27:11.943 3456 3471 I Gecko :
04-17 01:27:11.943 3456 3471 I Gecko : {"action":"log","time":1744853231943,"thread":null,"pid":null,"source":"reftest","level":"DEBUG","message":"RecordResult fired"}
04-17 01:27:11.945 3456 3471 I Gecko :
04-17 01:27:11.945 3456 3471 I Gecko : {"action":"test_status","time":1744853231945,"thread":null,"pid":null,"source":"reftest","test":"layout/reftests/bugs/234686-11.html == layout/reftests/bugs/234686-ref.html","subtest":"image comparison, max difference: 0, number of differing pixels: 0","status":"PASS","extra":{"status_msg":"Pass","modifiers":["==","234686-11.html","234686-ref.html"]}}
04-17 01:27:11.945 3456 3471 I Gecko :
04-17 01:27:11.945 3456 3471 I Gecko : {"action":"test_end","time":1744853231945,"thread":null,"pid":null,"source":"reftest","test":"layout/reftests/bugs/234686-11.html == layout/reftests/bugs/234686-ref.html","status":"OK"}
04-17 01:27:11.945 3456 3471 I Gecko :
04-17 01:27:11.945 3456 3471 I Gecko : {"action":"log","time":1744853231945,"thread":null,"pid":null,"source":"reftest","level":"DEBUG","message":"Loading a blank page"}
04-17 01:27:11.966 3488 3504 W Web Content: [JavaScript Warning: "This page is in Quirks Mode. Page layout may be impacted. For Standards Mode use “”." {file: "data:text/html;charset=UTF-8,%3C%21%2D%2DCLEAR%2D%2D%3E" line: 0}]
04-17 01:27:11.973 3456 3471 D GeckoViewContent: handleEvent: pagetitlechanged
04-17 01:27:11.983 3456 3471 I Gecko :
04-17 01:27:11.983 3456 3471 I Gecko : {"action":"assertion_count","time":1744853231983,"thread":null,"pid":null,"source":"reftest","test":"layout/reftests/bugs/234686-11.html == layout/reftests/bugs/234686-ref.html","min_expected":0,"max_expected":0,"count":0}
04-17 01:27:11.983 3456 3471 I Gecko :
04-17 01:27:11.983 3456 3471 I Gecko : {"action":"test_start","time":1744853231983,"thread":null,"pid":null,"source":"reftest","test":"layout/reftests/bugs/234686-12.html == layout/reftests/bugs/234686-ref.html"}
04-17 01:27:11.983 3456 3471 I Gecko : REFTEST TEST-LOAD | http://10.0.2.2:8854/tests/layout/reftests/bugs/234686-12.html | 226 / 2088 (10%)
04-17 01:27:11.984 3456 3471 I Gecko :
04-17 01:27:11.984 3456 3471 I Gecko : {"action":"log","time":1744853231984,"thread":null,"pid":null,"source":"reftest","level":"DEBUG","message":"START http://10.0.2.2:8854/tests/layout/reftests/bugs/234686-12.html"}
04-17 01:27:12.014 3538 3569 E eglCodecCommon: glUtilsParamSize: unknow param 0x00008caa
04-17 01:27:12.052 3456 3471 D GeckoViewContent: handleEvent: pagetitlechanged
04-17 01:27:12.083 3456 3471 I Gecko :
04-17 01:27:12.083 3456 3471 I Gecko : {"action":"log","time":1744853232083,"thread":null,"pid":null,"source":"reftest","level":"DEBUG","message":"[CONTENT] OnDocumentLoad triggering AfterOnLoadScripts"}
04-17 01:27:12.113 3538 3569 E eglCodecCommon: glUtilsParamSize: unknow param 0x00008caa
04-17 01:27:12.213 3538 3569 E eglCodecCommon: glUtilsParamSize: unknow param 0x00008caa
04-17 01:27:12.225 3456 3471 I Gecko :
04-17 01:27:12.225 3456 3471 I Gecko : {"action":"log","time":1744853232225,"thread":null,"pid":null,"source":"reftest","level":"DEBUG","message":"Initializing canvas snapshot"}
04-17 01:27:12.225 3456 3471 I Gecko :
04-17 01:27:12.225 3456 3471 I Gecko : {"action":"log","time":1744853232225,"thread":null,"pid":null,"source":"reftest","level":"DEBUG","message":"DoDrawWindow 0,0,800,1000"}
04-17 01:27:12.359 3538 3569 E eglCodecCommon: glUtilsParamSize: unknow param 0x00008caa
04-17 01:27:12.446 3538 3569 E eglCodecCommon: glUtilsParamSize: unknow param 0x00008caa
04-17 01:27:12.535 3538 3569 E eglCodecCommon: glUtilsParamSize: unknow param 0x00008caa
04-17 01:27:12.616 3538 3569 E eglCodecCommon: glUtilsParamSize: unknow param 0x00000d02
04-17 01:27:12.624 3538 3569 E eglCodecCommon: glUtilsParamSize: unknow param 0x00008caa
04-17 01:27:12.652 3456 3471 I Gecko :
04-17 01:27:12.652 3456 3471 I Gecko : {"action":"log","time":1744853232652,"thread":null,"pid":null,"source":"reftest","level":"DEBUG","message":"[CONTENT] RecordResult fired"}
04-17 01:27:12.653 3456 3471 I Gecko :
04-17 01:27:12.653 3456 3471 I Gecko : {"action":"log","time":1744853232653,"thread":null,"pid":null,"source":"reftest","level":"DEBUG","message":"RecordResult fired"}
04-17 01:27:12.654 3456 3471 I Gecko :
04-17 01:27:12.654 3456 3471 I Gecko : {"action":"log","time":1744853232654,"thread":null,"pid":null,"source":"reftest","level":"DEBUG","message":"RecordResult fired"}
04-17 01:27:12.655 3456 3471 I Gecko :
04-17 01:27:12.655 3456 3471 I Gecko : {"action":"test_status","time":1744853232655,"thread":null,"pid":null,"source":"reftest","test":"layout/reftests/bugs/234686-12.html == layout/reftests/bugs/234686-ref.html","subtest":"image comparison, max difference: 0, number of differing pixels: 0","status":"PASS","extra":{"status_msg":"Pass","modifiers":["==","234686-12.html","234686-ref.html"]}}
04-17 01:27:12.656 3456 3471 I Gecko :
04-17 01:27:12.656 3456 3471 I Gecko : {"action":"test_end","time":1744853232655,"thread":null,"pid":null,"source":"reftest","test":"layout/reftests/bugs/234686-12.html == layout/reftests/bugs/234686-ref.html","status":"OK"}
04-17 01:27:12.656 3456 3471 I Gecko :
04-17 01:27:12.656 3456 3471 I Gecko : {"action":"log","time":1744853232656,"thread":null,"pid":null,"source":"reftest","level":"DEBUG","message":"Loading a blank page"}
04-17 01:27:12.680 3488 3504 W Web Content: [JavaScript Warning: "This page is in Quirks Mode. Page layout may be impacted. For Standards Mode use “”." {file: "data:text/html;charset=UTF-8,%3C%21%2D%2DCLEAR%2D%2D%3E" line: 0}]
04-17 01:27:12.686 3456 3471 D GeckoViewContent: handleEvent: pagetitlechanged
04-17 01:27:12.697 3456 3471 I Gecko :
