04-17 01:26:55.016 3456 3471 I Gecko : {"action":"test_status","time":1744853215016,"thread":null,"pid":null,"source":"reftest","test":"layout/reftests/bugs/223809-1.html == layout/reftests/bugs/223809-1-ref.html","subtest":"image comparison, max difference: 0, number of differing pixels: 0","status":"PASS","extra":{"status_msg":"Pass","modifiers":["==","223809-1.html","223809-1-ref.html"]}}
04-17 01:26:55.017 3456 3471 I Gecko :
04-17 01:26:55.017 3456 3471 I Gecko : {"action":"test_end","time":1744853215017,"thread":null,"pid":null,"source":"reftest","test":"layout/reftests/bugs/223809-1.html == layout/reftests/bugs/223809-1-ref.html","status":"OK"}
04-17 01:26:55.017 3456 3471 I Gecko :
04-17 01:26:55.017 3456 3471 I Gecko : {"action":"log","time":1744853215017,"thread":null,"pid":null,"source":"reftest","level":"DEBUG","message":"Loading a blank page"}
04-17 01:26:55.038 3488 3504 W Web Content: [JavaScript Warning: "This page is in Quirks Mode. Page layout may be impacted. For Standards Mode use “”." {file: "data:text/html;charset=UTF-8,%3C%21%2D%2DCLEAR%2D%2D%3E" line: 0}]
04-17 01:26:55.045 3456 3471 D GeckoViewContent: handleEvent: pagetitlechanged
04-17 01:26:55.053 3456 3471 I Gecko :
04-17 01:26:55.053 3456 3471 I Gecko : {"action":"assertion_count","time":1744853215053,"thread":null,"pid":null,"source":"reftest","test":"layout/reftests/bugs/223809-1.html == layout/reftests/bugs/223809-1-ref.html","min_expected":0,"max_expected":0,"count":0}
04-17 01:26:55.053 3456 3471 I Gecko :
04-17 01:26:55.053 3456 3471 I Gecko : {"action":"test_start","time":1744853215053,"thread":null,"pid":null,"source":"reftest","test":"layout/reftests/bugs/228856-1.html == layout/reftests/bugs/228856-1-ref.html"}
04-17 01:26:55.054 3456 3471 I Gecko : REFTEST TEST-LOAD | http://10.0.2.2:8854/tests/layout/reftests/bugs/228856-1.html | 207 / 2088 (9%)
04-17 01:26:55.054 3456 3471 I Gecko :
04-17 01:26:55.054 3456 3471 I Gecko : {"action":"log","time":1744853215054,"thread":null,"pid":null,"source":"reftest","level":"DEBUG","message":"START http://10.0.2.2:8854/tests/layout/reftests/bugs/228856-1.html"}
04-17 01:26:55.091 3538 3569 E eglCodecCommon: glUtilsParamSize: unknow param 0x00008caa
04-17 01:26:55.118 3456 3471 D GeckoViewContent: handleEvent: pagetitlechanged
04-17 01:26:55.131 3456 3471 I Gecko :
04-17 01:26:55.131 3456 3471 I Gecko : {"action":"log","time":1744853215131,"thread":null,"pid":null,"source":"reftest","level":"DEBUG","message":"[CONTENT] OnDocumentLoad triggering AfterOnLoadScripts"}
04-17 01:26:55.155 3456 3471 I Gecko :
04-17 01:26:55.155 3456 3471 I Gecko : {"action":"log","time":1744853215154,"thread":null,"pid":null,"source":"reftest","level":"DEBUG","message":"Initializing canvas snapshot"}
04-17 01:26:55.155 3456 3471 I Gecko :
04-17 01:26:55.155 3456 3471 I Gecko : {"action":"log","time":1744853215155,"thread":null,"pid":null,"source":"reftest","level":"DEBUG","message":"DoDrawWindow 0,0,800,1000"}
04-17 01:26:55.182 3538 3569 E eglCodecCommon: glUtilsParamSize: unknow param 0x00008caa
04-17 01:26:55.330 3538 3569 E eglCodecCommon: glUtilsParamSize: unknow param 0x00008caa
04-17 01:26:55.420 3538 3569 E eglCodecCommon: glUtilsParamSize: unknow param 0x00008caa
04-17 01:26:55.503 3538 3569 E eglCodecCommon: glUtilsParamSize: unknow param 0x00008caa
04-17 01:26:55.585 3538 3569 E eglCodecCommon: glUtilsParamSize: unknow param 0x00000d02
04-17 01:26:55.603 3538 3569 E eglCodecCommon: glUtilsParamSize: unknow param 0x00008caa
04-17 01:26:55.629 3456 3471 I Gecko :
04-17 01:26:55.629 3456 3471 I Gecko : {"action":"log","time":1744853215629,"thread":null,"pid":null,"source":"reftest","level":"DEBUG","message":"[CONTENT] RecordResult fired"}
04-17 01:26:55.630 3456 3471 I Gecko :
04-17 01:26:55.630 3456 3471 I Gecko : {"action":"log","time":1744853215630,"thread":null,"pid":null,"source":"reftest","level":"DEBUG","message":"RecordResult fired"}
04-17 01:26:55.630 3456 3471 I Gecko : REFTEST TEST-LOAD | http://10.0.2.2:8854/tests/layout/reftests/bugs/228856-1-ref.html | 207 / 2088 (9%)
04-17 01:26:55.630 3456 3471 I Gecko :
04-17 01:26:55.630 3456 3471 I Gecko : {"action":"log","time":1744853215630,"thread":null,"pid":null,"source":"reftest","level":"DEBUG","message":"START http://10.0.2.2:8854/tests/layout/reftests/bugs/228856-1-ref.html"}
04-17 01:26:55.675 3456 3471 D GeckoViewContent: handleEvent: pagetitlechanged
04-17 01:26:55.693 3456 3471 I Gecko :
04-17 01:26:55.693 3456 3471 I Gecko : {"action":"log","time":1744853215693,"thread":null,"pid":null,"source":"reftest","level":"DEBUG","message":"[CONTENT] OnDocumentLoad triggering AfterOnLoadScripts"}
04-17 01:26:55.717 3538 3569 E eglCodecCommon: glUtilsParamSize: unknow param 0x00008caa
04-17 01:26:55.723 3456 3471 I Gecko :
04-17 01:26:55.723 3456 3471 I Gecko : {"action":"log","time":1744853215723,"thread":null,"pid":null,"source":"reftest","level":"DEBUG","message":"Initializing canvas snapshot"}
04-17 01:26:55.723 3456 3471 I Gecko :
04-17 01:26:55.723 3456 3471 I Gecko : {"action":"log","time":1744853215723,"thread":null,"pid":null,"source":"reftest","level":"DEBUG","message":"DoDrawWindow 0,0,800,1000"}
04-17 01:26:55.805 3538 3569 E eglCodecCommon: glUtilsParamSize: unknow param 0x00008caa
04-17 01:26:55.890 3538 3569 E eglCodecCommon: glUtilsParamSize: unknow param 0x00008caa
04-17 01:26:55.977 3538 3569 E eglCodecCommon: glUtilsParamSize: unknow param 0x00008caa
04-17 01:26:56.059 3538 3569 E eglCodecCommon: glUtilsParamSize: unknow param 0x00000d02
04-17 01:26:56.067 3538 3569 E eglCodecCommon: glUtilsParamSize: unknow param 0x00008caa
04-17 01:26:56.094 3456 3471 I Gecko :
04-17 01:26:56.094 3456 3471 I Gecko : {"action":"log","time":1744853216094,"thread":null,"pid":null,"source":"reftest","level":"DEBUG","message":"[CONTENT] RecordResult fired"}
04-17 01:26:56.095 3456 3471 I Gecko :
04-17 01:26:56.095 3456 3471 I Gecko : {"action":"log","time":1744853216095,"thread":null,"pid":null,"source":"reftest","level":"DEBUG","message":"RecordResult fired"}
04-17 01:26:56.096 3456 3471 I Gecko :
04-17 01:26:56.096 3456 3471 I Gecko : {"action":"test_status","time":1744853216096,"thread":null,"pid":null,"source":"reftest","test":"layout/reftests/bugs/228856-1.html == layout/reftests/bugs/228856-1-ref.html","subtest":"image comparison, max difference: 0, number of differing pixels: 0","status":"PASS","extra":{"status_msg":"Pass","modifiers":["==","228856-1.html","228856-1-ref.html"]}}
04-17 01:26:56.097 3456 3471 I Gecko :
04-17 01:26:56.097 3456 3471 I Gecko : {"action":"test_end","time":1744853216097,"thread":null,"pid":null,"source":"reftest","test":"layout/reftests/bugs/228856-1.html == layout/reftests/bugs/228856-1-ref.html","status":"OK"}
04-17 01:26:56.097 3456 3471 I Gecko :
04-17 01:26:56.097 3456 3471 I Gecko : {"action":"log","time":1744853216097,"thread":null,"pid":null,"source":"reftest","level":"DEBUG","message":"Loading a blank page"}
04-17 01:26:56.117 3488 3504 W Web Content: [JavaScript Warning: "This page is in Quirks Mode. Page layout may be impacted. For Standards Mode use “”." {file: "data:text/html;charset=UTF-8,%3C%21%2D%2DCLEAR%2D%2D%3E" line: 0}]
04-17 01:26:56.123 3456 3471 D GeckoViewContent: handleEvent: pagetitlechanged
04-17 01:26:56.133 3456 3471 I Gecko :
04-17 01:26:56.133 3456 3471 I Gecko : {"action":"assertion_count","time":1744853216133,"thread":null,"pid":null,"source":"reftest","test":"layout/reftests/bugs/228856-1.html == layout/reftests/bugs/228856-1-ref.html","min_expected":0,"max_expected":0,"count":0}
04-17 01:26:56.133 3456 3471 I Gecko :
04-17 01:26:56.133 3456 3471 I Gecko : {"action":"test_start","time":1744853216133,"thread":null,"pid":null,"source":"reftest","test":"layout/reftests/bugs/228856-2.html == layout/reftests/bugs/228856-2-ref.html"}
04-17 01:26:56.134 3456 3471 I Gecko : REFTEST TEST-LOAD | http://10.0.2.2:8854/tests/layout/reftests/bugs/228856-2.html | 208 / 2088 (9%)
04-17 01:26:56.134 3456 3471 I Gecko :
04-17 01:26:56.134 3456 3471 I Gecko : {"action":"log","time":1744853216134,"thread":null,"pid":null,"source":"reftest","level":"DEBUG","message":"START http://10.0.2.2:8854/tests/layout/reftests/bugs/228856-2.html"}
04-17 01:26:56.160 3538 3569 E eglCodecCommon: glUtilsParamSize: unknow param 0x00008caa
04-17 01:26:56.196 3456 3471 D GeckoViewContent: handleEvent: pagetitlechanged
04-17 01:26:56.228 3456 3471 I Gecko :
04-17 01:26:56.228 3456 3471 I Gecko : {"action":"log","time":1744853216227,"thread":null,"pid":null,"source":"reftest","level":"DEBUG","message":"[CONTENT] OnDocumentLoad triggering AfterOnLoadScripts"}
04-17 01:26:56.255 3456 3471 I Gecko :
04-17 01:26:56.255 3456 3471 I Gecko : {"action":"log","time":1744853216254,"thread":null,"pid":null,"source":"reftest","level":"DEBUG","message":"Initializing canvas snapshot"}
04-17 01:26:56.256 3456 3471 I Gecko :
04-17 01:26:56.256 3456 3471 I Gecko : {"action":"log","time":1744853216256,"thread":null,"pid":null,"source":"reftest","level":"DEBUG","message":"DoDrawWindow 0,0,800,1000"}
04-17 01:26:56.256 3538 3569 E eglCodecCommon: glUtilsParamSize: unknow param 0x00008caa
04-17 01:26:56.533 3538 3569 E eglCodecCommon: glUtilsParamSize: unknow param 0x00008caa
04-17 01:26:56.619 3538 3569 E eglCodecCommon: glUtilsParamSize: unknow param 0x00008caa
04-17 01:26:56.708 3538 3569 E eglCodecCommon: glUtilsParamSize: unknow param 0x00008caa
04-17 01:26:56.794 3538 3569 E eglCodecCommon: glUtilsParamSize: unknow param 0x00000d02
04-17 01:26:56.802 3538 3569 E eglCodecCommon: glUtilsParamSize: unknow param 0x00008caa
04-17 01:26:56.843 3456 3471 I Gecko :
04-17 01:26:56.843 3456 3471 I Gecko : {"action":"log","time":1744853216843,"thread":null,"pid":null,"source":"reftest","level":"DEBUG","message":"[CONTENT] RecordResult fired"}
04-17 01:26:56.844 3456 3471 I Gecko :
04-17 01:26:56.844 3456 3471 I Gecko : {"action":"log","time":1744853216844,"thread":null,"pid":null,"source":"reftest","level":"DEBUG","message":"RecordResult fired"}
04-17 01:26:56.845 3456 3471 I Gecko : REFTEST TEST-LOAD | http://10.0.2.2:8854/tests/layout/reftests/bugs/228856-2-ref.html | 208 / 2088 (9%)
04-17 01:26:56.845 3456 3471 I Gecko :
04-17 01:26:56.845 3456 3471 I Gecko : {"action":"log","time":1744853216845,"thread":null,"pid":null,"source":"reftest","level":"DEBUG","message":"START http://10.0.2.2:8854/tests/layout/reftests/bugs/228856-2-ref.html"}
04-17 01:26:56.890 3456 3471 D GeckoViewContent: handleEvent: pagetitlechanged
04-17 01:26:56.905 3456 3471 I Gecko :
04-17 01:26:56.905 3456 3471 I Gecko : {"action":"log","time":1744853216905,"thread":null,"pid":null,"source":"reftest","level":"DEBUG","message":"[CONTENT] OnDocumentLoad triggering AfterOnLoadScripts"}
04-17 01:26:56.918 3538 3569 E eglCodecCommon: glUtilsParamSize: unknow param 0x00008caa
04-17 01:26:56.939 3456 3471 I Gecko :
04-17 01:26:56.939 3456 3471 I Gecko : {"action":"log","time":1744853216939,"thread":null,"pid":null,"source":"reftest","level":"DEBUG","message":"Initializing canvas snapshot"}
04-17 01:26:56.945 3456 3471 I Gecko :
04-17 01:26:56.945 3456 3471 I Gecko : {"action":"log","time":1744853216944,"thread":null,"pid":null,"source":"reftest","level":"DEBUG","message":"DoDrawWindow 0,0,800,1000"}
04-17 01:26:57.005 3538 3569 E eglCodecCommon: glUtilsParamSize: unknow param 0x00008caa
04-17 01:26:57.093 3538 3569 E eglCodecCommon: glUtilsParamSize: unknow param 0x00008caa
04-17 01:26:57.178 3538 3569 E eglCodecCommon: glUtilsParamSize: unknow param 0x00008caa
04-17 01:26:57.257 3538 3569 E eglCodecCommon: glUtilsParamSize: unknow param 0x00000d02
04-17 01:26:57.266 3538 3569 E eglCodecCommon: glUtilsParamSize: unknow param 0x00008caa
04-17 01:26:57.306 3456 3471 I Gecko :
04-17 01:26:57.306 3456 3471 I Gecko : {"action":"log","time":1744853217306,"thread":null,"pid":null,"source":"reftest","level":"DEBUG","message":"[CONTENT] RecordResult fired"}
04-17 01:26:57.307 3456 3471 I Gecko :
04-17 01:26:57.307 3456 3471 I Gecko : {"action":"log","time":1744853217307,"thread":null,"pid":null,"source":"reftest","level":"DEBUG","message":"RecordResult fired"}
04-17 01:26:57.309 3456 3471 I Gecko :
04-17 01:26:57.309 3456 3471 I Gecko : {"action":"test_status","time":1744853217308,"thread":null,"pid":null,"source":"reftest","test":"layout/reftests/bugs/228856-2.html == layout/reftests/bugs/228856-2-ref.html","subtest":"image comparison, max difference: 0, number of differing pixels: 0","status":"PASS","extra":{"status_msg":"Pass","modifiers":["==","228856-2.html","228856-2-ref.html"]}}
04-17 01:26:57.309 3456 3471 I Gecko :
04-17 01:26:57.309 3456 3471 I Gecko : {"action":"test_end","time":1744853217309,"thread":null,"pid":null,"source":"reftest","test":"layout/reftests/bugs/228856-2.html == layout/reftests/bugs/228856-2-ref.html","status":"OK"}
04-17 01:26:57.309 3456 3471 I Gecko :
04-17 01:26:57.309 3456 3471 I Gecko : {"action":"log","time":1744853217309,"thread":null,"pid":null,"source":"reftest","level":"DEBUG","message":"Loading a blank page"}
04-17 01:26:57.330 3488 3504 W Web Content: [JavaScript Warning: "This page is in Quirks Mode. Page layout may be impacted. For Standards Mode use “”." {file: "data:text/html;charset=UTF-8,%3C%21%2D%2DCLEAR%2D%2D%3E" line: 0}]
04-17 01:26:57.337 3456 3471 D GeckoViewContent: handleEvent: pagetitlechanged
04-17 01:26:57.351 3456 3471 I Gecko :
04-17 01:26:57.351 3456 3471 I Gecko : {"action":"assertion_count","time":1744853217351,"thread":null,"pid":null,"source":"reftest","test":"layout/reftests/bugs/228856-2.html == layout/reftests/bugs/228856-2-ref.html","min_expected":0,"max_expected":0,"count":0}
04-17 01:26:57.352 3456 3471 I Gecko :
04-17 01:26:57.352 3456 3471 I Gecko : {"action":"test_start","time":1744853217352,"thread":null,"pid":null,"source":"reftest","test":"layout/reftests/bugs/229591-1.html == layout/reftests/bugs/229591-1-ref.html"}
04-17 01:26:57.353 3456 3471 I Gecko : REFTEST TEST-LOAD | http://10.0.2.2:8854/tests/layout/reftests/bugs/229591-1.html | 209 / 2088 (10%)
04-17 01:26:57.353 3456 3471 I Gecko :
04-17 01:26:57.353 3456 3471 I Gecko : {"action":"log","time":1744853217353,"thread":null,"pid":null,"source":"reftest","level":"DEBUG","message":"START http://10.0.2.2:8854/tests/layout/reftests/bugs/229591-1.html"}
04-17 01:26:57.363 3538 3569 E eglCodecCommon: glUtilsParamSize: unknow param 0x00008caa
04-17 01:26:57.437 3456 3471 D GeckoViewContent: handleEvent: pagetitlechanged
04-17 01:26:57.449 3456 3471 I Gecko :
04-17 01:26:57.449 3456 3471 I Gecko : {"action":"log","time":1744853217449,"thread":null,"pid":null,"source":"reftest","level":"DEBUG","message":"[CONTENT] OnDocumentLoad triggering AfterOnLoadScripts"}
04-17 01:26:57.463 3538 3569 E eglCodecCommon: glUtilsParamSize: unknow param 0x00008caa
04-17 01:26:57.472 3456 3471 I Gecko :
04-17 01:26:57.472 3456 3471 I Gecko : {"action":"log","time":1744853217472,"thread":null,"pid":null,"source":"reftest","level":"DEBUG","message":"Initializing canvas snapshot"}
04-17 01:26:57.473 3456 3471 I Gecko :
04-17 01:26:57.473 3456 3471 I Gecko : {"action":"log","time":1744853217473,"thread":null,"pid":null,"source":"reftest","level":"DEBUG","message":"DoDrawWindow 0,0,800,1000"}
04-17 01:26:57.647 3538 3569 E eglCodecCommon: glUtilsParamSize: unknow param 0x00008caa
04-17 01:26:57.741 3538 3569 E eglCodecCommon: glUtilsParamSize: unknow param 0x00008caa
04-17 01:26:57.823 3538 3569 E eglCodecCommon: glUtilsParamSize: unknow param 0x00008caa
04-17 01:26:57.905 3538 3569 E eglCodecCommon: glUtilsParamSize: unknow param 0x00000d02
04-17 01:26:57.915 3538 3569 E eglCodecCommon: glUtilsParamSize: unknow param 0x00008caa
04-17 01:26:57.951 3456 3471 I Gecko :
04-17 01:26:57.951 3456 3471 I Gecko : {"action":"log","time":1744853217951,"thread":null,"pid":null,"source":"reftest","level":"DEBUG","message":"[CONTENT] RecordResult fired"}
04-17 01:26:57.952 3456 3471 I Gecko :
04-17 01:26:57.952 3456 3471 I Gecko : {"action":"log","time":1744853217952,"thread":null,"pid":null,"source":"reftest","level":"DEBUG","message":"RecordResult fired"}
04-17 01:26:57.953 3456 3471 I Gecko : REFTEST TEST-LOAD | http://10.0.2.2:8854/tests/layout/reftests/bugs/229591-1-ref.html | 209 / 2088 (10%)
04-17 01:26:57.953 3456 3471 I Gecko :
04-17 01:26:57.953 3456 3471 I Gecko : {"action":"log","time":1744853217953,"thread":null,"pid":null,"source":"reftest","level":"DEBUG","message":"START http://10.0.2.2:8854/tests/layout/reftests/bugs/229591-1-ref.html"}
04-17 01:26:58.004 3456 3471 D GeckoViewContent: handleEvent: pagetitlechanged
04-17 01:26:58.018 3456 3471 I Gecko :
04-17 01:26:58.018 3456 3471 I Gecko : {"action":"log","time":1744853218018,"thread":null,"pid":null,"source":"reftest","level":"DEBUG","message":"[CONTENT] OnDocumentLoad triggering AfterOnLoadScripts"}
04-17 01:26:58.030 3538 3569 E eglCodecCommon: glUtilsParamSize: unknow param 0x00008caa
04-17 01:26:58.040 3456 3471 I Gecko :
04-17 01:26:58.040 3456 3471 I Gecko : {"action":"log","time":1744853218040,"thread":null,"pid":null,"source":"reftest","level":"DEBUG","message":"Initializing canvas snapshot"}
04-17 01:26:58.040 3456 3471 I Gecko :
04-17 01:26:58.040 3456 3471 I Gecko : {"action":"log","time":1744853218040,"thread":null,"pid":null,"source":"reftest","level":"DEBUG","message":"DoDrawWindow 0,0,800,1000"}
04-17 01:26:58.122 3538 3569 E eglCodecCommon: glUtilsParamSize: unknow param 0x00008caa
04-17 01:26:58.209 3538 3569 E eglCodecCommon: glUtilsParamSize: unknow param 0x00008caa
04-17 01:26:58.294 3538 3569 E eglCodecCommon: glUtilsParamSize: unknow param 0x00008caa
04-17 01:26:58.374 3538 3569 E eglCodecCommon: glUtilsParamSize: unknow param 0x00000d02
04-17 01:26:58.383 3538 3569 E eglCodecCommon: glUtilsParamSize: unknow param 0x00008caa
04-17 01:26:58.412 3456 3471 I Gecko :
04-17 01:26:58.412 3456 3471 I Gecko : {"action":"log","time":1744853218411,"thread":null,"pid":null,"source":"reftest","level":"DEBUG","message":"[CONTENT] RecordResult fired"}
04-17 01:26:58.413 3456 3471 I Gecko :
04-17 01:26:58.413 3456 3471 I Gecko : {"action":"log","time":1744853218413,"thread":null,"pid":null,"source":"reftest","level":"DEBUG","message":"RecordResult fired"}
04-17 01:26:58.415 3456 3471 I Gecko :
04-17 01:26:58.415 3456 3471 I Gecko : {"action":"test_status","time":1744853218415,"thread":null,"pid":null,"source":"reftest","test":"layout/reftests/bugs/229591-1.html == layout/reftests/bugs/229591-1-ref.html","subtest":"image comparison, max difference: 0, number of differing pixels: 0","status":"PASS","extra":{"status_msg":"Pass","modifiers":["==","229591-1.html","229591-1-ref.html"]}}
04-17 01:26:58.415 3456 3471 I Gecko :
04-17 01:26:58.415 3456 3471 I Gecko : {"action":"test_end","time":1744853218415,"thread":null,"pid":null,"source":"reftest","test":"layout/reftests/bugs/229591-1.html == layout/reftests/bugs/229591-1-ref.html","status":"OK"}
04-17 01:26:58.415 3456 3471 I Gecko :
04-17 01:26:58.415 3456 3471 I Gecko : {"action":"log","time":1744853218415,"thread":null,"pid":null,"source":"reftest","level":"DEBUG","message":"Loading a blank page"}
04-17 01:26:58.435 3488 3504 W Web Content: [JavaScript Warning: "This page is in Quirks Mode. Page layout may be impacted. For Standards Mode use “”." {file: "data:text/html;charset=UTF-8,%3C%21%2D%2DCLEAR%2D%2D%3E" line: 0}]
04-17 01:26:58.442 3456 3471 D GeckoViewContent: handleEvent: pagetitlechanged
04-17 01:26:58.451 3456 3471 I Gecko :
04-17 01:26:58.451 3456 3471 I Gecko : {"action":"assertion_count","time":1744853218451,"thread":null,"pid":null,"source":"reftest","test":"layout/reftests/bugs/229591-1.html == layout/reftests/bugs/229591-1-ref.html","min_expected":0,"max_expected":0,"count":0}
04-17 01:26:58.451 3456 3471 I Gecko :
04-17 01:26:58.451 3456 3471 I Gecko : {"action":"test_start","time":1744853218451,"thread":null,"pid":null,"source":"reftest","test":"layout/reftests/bugs/232990-1a.xhtml == layout/reftests/bugs/232990-1-ref.xhtml"}
04-17 01:26:58.452 3456 3471 I Gecko : REFTEST TEST-LOAD | http://10.0.2.2:8854/tests/layout/reftests/bugs/232990-1a.xhtml | 210 / 2088 (10%)
04-17 01:26:58.452 3456 3471 I Gecko :
04-17 01:26:58.452 3456 3471 I Gecko : {"action":"log","time":1744853218452,"thread":null,"pid":null,"source":"reftest","level":"DEBUG","message":"START http://10.0.2.2:8854/tests/layout/reftests/bugs/232990-1a.xhtml"}
04-17 01:26:58.472 3538 3569 E eglCodecCommon: glUtilsParamSize: unknow param 0x00008caa
04-17 01:26:58.518 3456 3471 D GeckoViewContent: handleEvent: pagetitlechanged
04-17 01:26:58.531 3456 3471 I Gecko :
04-17 01:26:58.531 3456 3471 I Gecko : {"action":"log","time":1744853218531,"thread":null,"pid":null,"source":"reftest","level":"DEBUG","message":"[CONTENT] OnDocumentLoad triggering AfterOnLoadScripts"}
04-17 01:26:58.555 3456 3471 I Gecko :
04-17 01:26:58.555 3456 3471 I Gecko : {"action":"log","time":1744853218555,"thread":null,"pid":null,"source":"reftest","level":"DEBUG","message":"Initializing canvas snapshot"}
04-17 01:26:58.556 3456 3471 I Gecko :
04-17 01:26:58.556 3456 3471 I Gecko : {"action":"log","time":1744853218556,"thread":null,"pid":null,"source":"reftest","level":"DEBUG","message":"DoDrawWindow 0,0,800,1000"}
04-17 01:26:58.570 3538 3569 E eglCodecCommon: glUtilsParamSize: unknow param 0x00008caa
04-17 01:26:58.705 3538 3569 E eglCodecCommon: glUtilsParamSize: unknow param 0x00008caa
04-17 01:26:58.794 3538 3569 E eglCodecCommon: glUtilsParamSize: unknow param 0x00008caa
04-17 01:26:58.876 3538 3569 E eglCodecCommon: glUtilsParamSize: unknow param 0x00008caa
04-17 01:26:58.959 3538 3569 E eglCodecCommon: glUtilsParamSize: unknow param 0x00000d02
04-17 01:26:58.968 3538 3569 E eglCodecCommon: glUtilsParamSize: unknow param 0x00008caa
04-17 01:26:58.997 3456 3471 I Gecko :
04-17 01:26:58.997 3456 3471 I Gecko : {"action":"log","time":1744853218997,"thread":null,"pid":null,"source":"reftest","level":"DEBUG","message":"[CONTENT] RecordResult fired"}
04-17 01:26:58.998 3456 3471 I Gecko :
04-17 01:26:58.998 3456 3471 I Gecko : {"action":"log","time":1744853218998,"thread":null,"pid":null,"source":"reftest","level":"DEBUG","message":"RecordResult fired"}
04-17 01:26:58.999 3456 3471 I Gecko : REFTEST TEST-LOAD | http://10.0.2.2:8854/tests/layout/reftests/bugs/232990-1-ref.xhtml | 210 / 2088 (10%)
04-17 01:26:58.999 3456 3471 I Gecko :
04-17 01:26:58.999 3456 3471 I Gecko : {"action":"log","time":1744853218999,"thread":null,"pid":null,"source":"reftest","level":"DEBUG","message":"START http://10.0.2.2:8854/tests/layout/reftests/bugs/232990-1-ref.xhtml"}
04-17 01:26:59.043 3456 3471 D GeckoViewContent: handleEvent: pagetitlechanged
04-17 01:26:59.053 3456 3471 I Gecko :
04-17 01:26:59.053 3456 3471 I Gecko : {"action":"log","time":1744853219053,"thread":null,"pid":null,"source":"reftest","level":"DEBUG","message":"[CONTENT] OnDocumentLoad triggering AfterOnLoadScripts"}
04-17 01:26:59.062 3538 3569 E eglCodecCommon: glUtilsParamSize: unknow param 0x00008caa
04-17 01:26:59.092 3456 3471 I Gecko :
04-17 01:26:59.092 3456 3471 I Gecko : {"action":"log","time":1744853219092,"thread":null,"pid":null,"source":"reftest","level":"DEBUG","message":"Initializing canvas snapshot"}
04-17 01:26:59.092 3456 3471 I Gecko :
04-17 01:26:59.092 3456 3471 I Gecko : {"action":"log","time":1744853219092,"thread":null,"pid":null,"source":"reftest","level":"DEBUG","message":"DoDrawWindow 0,0,800,1000"}
04-17 01:26:59.152 3538 3569 E eglCodecCommon: glUtilsParamSize: unknow param 0x00008caa
04-17 01:26:59.239 3538 3569 E eglCodecCommon: glUtilsParamSize: unknow param 0x00008caa
04-17 01:26:59.322 3538 3569 E eglCodecCommon: glUtilsParamSize: unknow param 0x00008caa
04-17 01:26:59.403 3538 3569 E eglCodecCommon: glUtilsParamSize: unknow param 0x00000d02
04-17 01:26:59.412 3538 3569 E eglCodecCommon: glUtilsParamSize: unknow param 0x00008caa
04-17 01:26:59.437 3456 3471 I Gecko :
04-17 01:26:59.437 3456 3471 I Gecko : {"action":"log","time":1744853219437,"thread":null,"pid":null,"source":"reftest","level":"DEBUG","message":"[CONTENT] RecordResult fired"}
04-17 01:26:59.438 3456 3471 I Gecko :
04-17 01:26:59.438 3456 3471 I Gecko : {"action":"log","time":1744853219438,"thread":null,"pid":null,"source":"reftest","level":"DEBUG","message":"RecordResult fired"}
04-17 01:26:59.439 3456 3471 I Gecko :
04-17 01:26:59.439 3456 3471 I Gecko : {"action":"test_status","time":1744853219439,"thread":null,"pid":null,"source":"reftest","test":"layout/reftests/bugs/232990-1a.xhtml == layout/reftests/bugs/232990-1-ref.xhtml","subtest":"image comparison, max difference: 0, number of differing pixels: 0","status":"PASS","extra":{"status_msg":"Pass","modifiers":["==","232990-1a.xhtml","232990-1-ref.xhtml"]}}
04-17 01:26:59.440 3456 3471 I Gecko :
04-17 01:26:59.440 3456 3471 I Gecko : {"action":"test_end","time":1744853219440,"thread":null,"pid":null,"source":"reftest","test":"layout/reftests/bugs/232990-1a.xhtml == layout/reftests/bugs/232990-1-ref.xhtml","status":"OK"}
04-17 01:26:59.440 3456 3471 I Gecko :
04-17 01:26:59.440 3456 3471 I Gecko : {"action":"log","time":1744853219440,"thread":null,"pid":null,"source":"reftest","level":"DEBUG","message":"Loading a blank page"}
04-17 01:26:59.464 3488 3504 W Web Content: [JavaScript Warning: "This page is in Quirks Mode. Page layout may be impacted. For Standards Mode use “”." {file: "data:text/html;charset=UTF-8,%3C%21%2D%2DCLEAR%2D%2D%3E" line: 0}]
04-17 01:26:59.470 3456 3471 D GeckoViewContent: handleEvent: pagetitlechanged
04-17 01:26:59.480 3456 3471 I Gecko :
04-17 01:26:59.480 3456 3471 I Gecko : {"action":"assertion_count","time":1744853219479,"thread":null,"pid":null,"source":"reftest","test":"layout/reftests/bugs/232990-1a.xhtml == layout/reftests/bugs/232990-1-ref.xhtml","min_expected":0,"max_expected":0,"count":0}
04-17 01:26:59.480 3456 3471 I Gecko :
04-17 01:26:59.480 3456 3471 I Gecko : {"action":"test_start","time":1744853219480,"thread":null,"pid":null,"source":"reftest","test":"layout/reftests/bugs/233094-1.html == layout/reftests/bugs/233094-1-ref.html"}
04-17 01:26:59.480 3456 3471 I Gecko : REFTEST TEST-LOAD | http://10.0.2.2:8854/tests/layout/reftests/bugs/233094-1.html | 211 / 2088 (10%)
04-17 01:26:59.481 3456 3471 I Gecko :
04-17 01:26:59.481 3456 3471 I Gecko : {"action":"log","time":1744853219480,"thread":null,"pid":null,"source":"reftest","level":"DEBUG","message":"START http://10.0.2.2:8854/tests/layout/reftests/bugs/233094-1.html"}
04-17 01:26:59.509 3538 3569 E eglCodecCommon: glUtilsParamSize: unknow param 0x00008caa
04-17 01:26:59.552 3456 3471 D GeckoViewContent: handleEvent: pagetitlechanged
04-17 01:26:59.566 3456 3471 I Gecko :
04-17 01:26:59.566 3456 3471 I Gecko : {"action":"log","time":1744853219566,"thread":null,"pid":null,"source":"reftest","level":"DEBUG","message":"[CONTENT] OnDocumentLoad triggering AfterOnLoadScripts"}
04-17 01:26:59.588 3456 3471 I Gecko :
04-17 01:26:59.588 3456 3471 I Gecko : {"action":"log","time":1744853219588,"thread":null,"pid":null,"source":"reftest","level":"DEBUG","message":"Initializing canvas snapshot"}
04-17 01:26:59.589 3456 3471 I Gecko :
04-17 01:26:59.589 3456 3471 I Gecko : {"action":"log","time":1744853219589,"thread":null,"pid":null,"source":"reftest","level":"DEBUG","message":"DoDrawWindow 0,0,800,1000"}
04-17 01:26:59.603 3538 3569 E eglCodecCommon: glUtilsParamSize: unknow param 0x00008caa
04-17 01:26:59.785 3538 3569 E eglCodecCommon: glUtilsParamSize: unknow param 0x00008caa
04-17 01:26:59.878 3538 3569 E eglCodecCommon: glUtilsParamSize: unknow param 0x00008caa
04-17 01:26:59.960 3538 3569 E eglCodecCommon: glUtilsParamSize: unknow param 0x00008caa
04-17 01:27:00.077 3538 3569 E eglCodecCommon: glUtilsParamSize: unknow param 0x00000d02
04-17 01:27:00.095 3538 3569 E eglCodecCommon: glUtilsParamSize: unknow param 0x00008caa
04-17 01:27:00.120 3456 3471 I Gecko :
04-17 01:27:00.120 3456 3471 I Gecko : {"action":"log","time":1744853220120,"thread":null,"pid":null,"source":"reftest","level":"DEBUG","message":"[CONTENT] RecordResult fired"}
04-17 01:27:00.121 3456 3471 I Gecko :
04-17 01:27:00.121 3456 3471 I Gecko : {"action":"log","time":1744853220121,"thread":null,"pid":null,"source":"reftest","level":"DEBUG","message":"RecordResult fired"}
04-17 01:27:00.124 3456 3471 I Gecko : REFTEST TEST-LOAD | http://10.0.2.2:8854/tests/layout/reftests/bugs/233094-1-ref.html | 211 / 2088 (10%)
04-17 01:27:00.124 3456 3471 I Gecko :
04-17 01:27:00.124 3456 3471 I Gecko : {"action":"log","time":1744853220124,"thread":null,"pid":null,"source":"reftest","level":"DEBUG","message":"START http://10.0.2.2:8854/tests/layout/reftests/bugs/233094-1-ref.html"}
04-17 01:27:00.172 3456 3471 D GeckoViewContent: handleEvent: pagetitlechanged
04-17 01:27:00.186 3456 3471 I Gecko :
04-17 01:27:00.186 3456 3471 I Gecko : {"action":"log","time":1744853220185,"thread":null,"pid":null,"source":"reftest","level":"DEBUG","message":"[CONTENT] OnDocumentLoad triggering AfterOnLoadScripts"}
04-17 01:27:00.197 3538 3569 E eglCodecCommon: glUtilsParamSize: unknow param 0x00008caa
04-17 01:27:00.205 3456 3471 I Gecko :
04-17 01:27:00.205 3456 3471 I Gecko : {"action":"log","time":1744853220205,"thread":null,"pid":null,"source":"reftest","level":"DEBUG","message":"Initializing canvas snapshot"}
04-17 01:27:00.206 3456 3471 I Gecko :
04-17 01:27:00.206 3456 3471 I Gecko : {"action":"log","time":1744853220206,"thread":null,"pid":null,"source":"reftest","level":"DEBUG","message":"DoDrawWindow 0,0,800,1000"}
04-17 01:27:00.288 3538 3569 E eglCodecCommon: glUtilsParamSize: unknow param 0x00008caa
04-17 01:27:00.377 3538 3569 E eglCodecCommon: glUtilsParamSize: unknow param 0x00008caa
04-17 01:27:00.463 3538 3569 E eglCodecCommon: glUtilsParamSize: unknow param 0x00008caa
04-17 01:27:00.543 3538 3569 E eglCodecCommon: glUtilsParamSize: unknow param 0x00000d02
04-17 01:27:00.552 3538 3569 E eglCodecCommon: glUtilsParamSize: unknow param 0x00008caa
04-17 01:27:00.585 3456 3471 I Gecko :
04-17 01:27:00.585 3456 3471 I Gecko : {"action":"log","time":1744853220584,"thread":null,"pid":null,"source":"reftest","level":"DEBUG","message":"[CONTENT] RecordResult fired"}
04-17 01:27:00.585 3456 3471 I Gecko :
04-17 01:27:00.585 3456 3471 I Gecko : {"action":"log","time":1744853220585,"thread":null,"pid":null,"source":"reftest","level":"DEBUG","message":"RecordResult fired"}
04-17 01:27:00.587 3456 3471 I Gecko :
04-17 01:27:00.587 3456 3471 I Gecko : {"action":"test_status","time":1744853220587,"thread":null,"pid":null,"source":"reftest","test":"layout/reftests/bugs/233094-1.html == layout/reftests/bugs/233094-1-ref.html","subtest":"image comparison, max difference: 0, number of differing pixels: 0","status":"PASS","extra":{"status_msg":"Pass","modifiers":["==","233094-1.html","233094-1-ref.html"]}}
04-17 01:27:00.587 3456 3471 I Gecko :
04-17 01:27:00.587 3456 3471 I Gecko : {"action":"test_end","time":1744853220587,"thread":null,"pid":null,"source":"reftest","test":"layout/reftests/bugs/233094-1.html == layout/reftests/bugs/233094-1-ref.html","status":"OK"}
04-17 01:27:00.587 3456 3471 I Gecko :
04-17 01:27:00.587 3456 3471 I Gecko : {"action":"log","time":1744853220587,"thread":null,"pid":null,"source":"reftest","level":"DEBUG","message":"Loading a blank page"}
04-17 01:27:00.609 3488 3504 W Web Content: [JavaScript Warning: "This page is in Quirks Mode. Page layout may be impacted. For Standards Mode use “”." {file: "data:text/html;charset=UTF-8,%3C%21%2D%2DCLEAR%2D%2D%3E" line: 0}]
04-17 01:27:00.618 3456 3471 D GeckoViewContent: handleEvent: pagetitlechanged
04-17 01:27:00.628 3456 3471 I Gecko :
04-17 01:27:00.628 3456 3471 I Gecko : {"action":"assertion_count","time":1744853220628,"thread":null,"pid":null,"source":"reftest","test":"layout/reftests/bugs/233094-1.html == layout/reftests/bugs/233094-1-ref.html","min_expected":0,"max_expected":0,"count":0}
04-17 01:27:00.629 3456 3471 I Gecko :
04-17 01:27:00.629 3456 3471 I Gecko : {"action":"test_start","time":1744853220629,"thread":null,"pid":null,"source":"reftest","test":"layout/reftests/bugs/233094-2a.html == layout/reftests/bugs/233094-2-ref.html"}
04-17 01:27:00.629 3456 3471 I Gecko : REFTEST TEST-LOAD | http://10.0.2.2:8854/tests/layout/reftests/bugs/233094-2a.html | 212 / 2088 (10%)
04-17 01:27:00.629 3456 3471 I Gecko :
04-17 01:27:00.629 3456 3471 I Gecko : {"action":"log","time":1744853220629,"thread":null,"pid":null,"source":"reftest","level":"DEBUG","message":"START http://10.0.2.2:8854/tests/layout/reftests/bugs/233094-2a.html"}
04-17 01:27:00.647 3538 3569 E eglCodecCommon: glUtilsParamSize: unknow param 0x00008caa
04-17 01:27:00.690 3456 3471 D GeckoViewContent: handleEvent: pagetitlechanged
04-17 01:27:00.706 3456 3471 I Gecko :
04-17 01:27:00.706 3456 3471 I Gecko : {"action":"log","time":1744853220706,"thread":null,"pid":null,"source":"reftest","level":"DEBUG","message":"[CONTENT] OnDocumentLoad triggering AfterOnLoadScripts"}
04-17 01:27:00.741 3456 3471 I Gecko :
04-17 01:27:00.741 3456 3471 I Gecko : {"action":"log","time":1744853220741,"thread":null,"pid":null,"source":"reftest","level":"DEBUG","message":"Initializing canvas snapshot"}
04-17 01:27:00.741 3456 3471 I Gecko :
04-17 01:27:00.741 3456 3471 I Gecko : {"action":"log","time":1744853220741,"thread":null,"pid":null,"source":"reftest","level":"DEBUG","message":"DoDrawWindow 0,0,800,1000"}
04-17 01:27:00.744 3538 3569 E eglCodecCommon: glUtilsParamSize: unknow param 0x00008caa
04-17 01:27:00.887 3538 3569 E eglCodecCommon: glUtilsParamSize: unknow param 0x00008caa
04-17 01:27:00.987 3538 3569 E eglCodecCommon: glUtilsParamSize: unknow param 0x00008caa
04-17 01:27:01.070 3538 3569 E eglCodecCommon: glUtilsParamSize: unknow param 0x00008caa
04-17 01:27:01.151 3538 3569 E eglCodecCommon: glUtilsParamSize: unknow param 0x00000d02
04-17 01:27:01.159 3538 3569 E eglCodecCommon: glUtilsParamSize: unknow param 0x00008caa
04-17 01:27:01.186 3456 3471 I Gecko :
04-17 01:27:01.186 3456 3471 I Gecko : {"action":"log","time":1744853221186,"thread":null,"pid":null,"source":"reftest","level":"DEBUG","message":"[CONTENT] RecordResult fired"}
04-17 01:27:01.187 3456 3471 I Gecko :
04-17 01:27:01.187 3456 3471 I Gecko : {"action":"log","time":1744853221187,"thread":null,"pid":null,"source":"reftest","level":"DEBUG","message":"RecordResult fired"}
04-17 01:27:01.188 3456 3471 I Gecko : REFTEST TEST-LOAD | http://10.0.2.2:8854/tests/layout/reftests/bugs/233094-2-ref.html | 212 / 2088 (10%)
04-17 01:27:01.188 3456 3471 I Gecko :
04-17 01:27:01.188 3456 3471 I Gecko : {"action":"log","time":1744853221188,"thread":null,"pid":null,"source":"reftest","level":"DEBUG","message":"START http://10.0.2.2:8854/tests/layout/reftests/bugs/233094-2-ref.html"}
04-17 01:27:01.238 3456 3471 D GeckoViewContent: handleEvent: pagetitlechanged
04-17 01:27:01.249 3456 3471 I Gecko :
04-17 01:27:01.249 3456 3471 I Gecko : {"action":"log","time":1744853221249,"thread":null,"pid":null,"source":"reftest","level":"DEBUG","message":"[CONTENT] OnDocumentLoad triggering AfterOnLoadScripts"}
04-17 01:27:01.265 3538 3569 E eglCodecCommon: glUtilsParamSize: unknow param 0x00008caa
04-17 01:27:01.289 3456 3471 I Gecko :
04-17 01:27:01.289 3456 3471 I Gecko : {"action":"log","time":1744853221289,"thread":null,"pid":null,"source":"reftest","level":"DEBUG","message":"Initializing canvas snapshot"}
04-17 01:27:01.290 3456 3471 I Gecko :
04-17 01:27:01.290 3456 3471 I Gecko : {"action":"log","time":1744853221290,"thread":null,"pid":null,"source":"reftest","level":"DEBUG","message":"DoDrawWindow 0,0,800,1000"}
04-17 01:27:01.350 3538 3569 E eglCodecCommon: glUtilsParamSize: unknow param 0x00008caa
04-17 01:27:01.454 3538 3569 E eglCodecCommon: glUtilsParamSize: unknow param 0x00008caa
04-17 01:27:01.545 3538 3569 E eglCodecCommon: glUtilsParamSize: unknow param 0x00008caa
04-17 01:27:01.627 3538 3569 E eglCodecCommon: glUtilsParamSize: unknow param 0x00000d02
04-17 01:27:01.635 3538 3569 E eglCodecCommon: glUtilsParamSize: unknow param 0x00008caa
04-17 01:27:01.675 3456 3471 I Gecko :
04-17 01:27:01.675 3456 3471 I Gecko : {"action":"log","time":1744853221675,"thread":null,"pid":null,"source":"reftest","level":"DEBUG","message":"[CONTENT] RecordResult fired"}
04-17 01:27:01.676 3456 3471 I Gecko :
04-17 01:27:01.676 3456 3471 I Gecko : {"action":"log","time":1744853221676,"thread":null,"pid":null,"source":"reftest","level":"DEBUG","message":"RecordResult fired"}
04-17 01:27:01.677 3456 3471 I Gecko :
04-17 01:27:01.677 3456 3471 I Gecko : {"action":"test_status","time":1744853221677,"thread":null,"pid":null,"source":"reftest","test":"layout/reftests/bugs/233094-2a.html == layout/reftests/bugs/233094-2-ref.html","subtest":"image comparison, max difference: 0, number of differing pixels: 0","status":"PASS","extra":{"status_msg":"Pass","modifiers":["==","233094-2a.html","233094-2-ref.html"]}}
04-17 01:27:01.677 3456 3471 I Gecko :
04-17 01:27:01.677 3456 3471 I Gecko : {"action":"test_end","time":1744853221677,"thread":null,"pid":null,"source":"reftest","test":"layout/reftests/bugs/233094-2a.html == layout/reftests/bugs/233094-2-ref.html","status":"OK"}
04-17 01:27:01.677 3456 3471 I Gecko :
04-17 01:27:01.677 3456 3471 I Gecko : {"action":"log","time":1744853221677,"thread":null,"pid":null,"source":"reftest","level":"DEBUG","message":"Loading a blank page"}
04-17 01:27:01.702 3488 3504 W Web Content: [JavaScript Warning: "This page is in Quirks Mode. Page layout may be impacted. For Standards Mode use “”." {file: "data:text/html;charset=UTF-8,%3C%21%2D%2DCLEAR%2D%2D%3E" line: 0}]
04-17 01:27:01.709 3456 3471 D GeckoViewContent: handleEvent: pagetitlechanged
04-17 01:27:01.720 3456 3471 I Gecko :
04-17 01:27:01.720 3456 3471 I Gecko : {"action":"assertion_count","time":1744853221720,"thread":null,"pid":null,"source":"reftest","test":"layout/reftests/bugs/233094-2a.html == layout/reftests/bugs/233094-2-ref.html","min_expected":0,"max_expected":0,"count":0}
04-17 01:27:01.720 3456 3471 I Gecko :
04-17 01:27:01.720 3456 3471 I Gecko : {"action":"test_start","time":1744853221720,"thread":null,"pid":null,"source":"reftest","test":"layout/reftests/bugs/233094-2b.html == layout/reftests/bugs/233094-2-ref.html"}
04-17 01:27:01.721 3456 3471 I Gecko : REFTEST TEST-LOAD | http://10.0.2.2:8854/tests/layout/reftests/bugs/233094-2b.html | 213 / 2088 (10%)
04-17 01:27:01.721 3456 3471 I Gecko :
04-17 01:27:01.721 3456 3471 I Gecko : {"action":"log","time":1744853221721,"thread":null,"pid":null,"source":"reftest","level":"DEBUG","message":"START http://10.0.2.2:8854/tests/layout/reftests/bugs/233094-2b.html"}
04-17 01:27:01.736 3538 3569 E eglCodecCommon: glUtilsParamSize: unknow param 0x00008caa
04-17 01:27:01.771 3456 3471 D GeckoViewContent: handleEvent: pagetitlechanged
04-17 01:27:01.785 3456 3471 I Gecko :
04-17 01:27:01.785 3456 3471 I Gecko : {"action":"log","time":1744853221784,"thread":null,"pid":null,"source":"reftest","level":"DEBUG","message":"[CONTENT] OnDocumentLoad triggering AfterOnLoadScripts"}
04-17 01:27:01.805 3456 3471 I Gecko :
04-17 01:27:01.805 3456 3471 I Gecko : {"action":"log","time":1744853221805,"thread":null,"pid":null,"source":"reftest","level":"DEBUG","message":"Initializing canvas snapshot"}
04-17 01:27:01.806 3456 3471 I Gecko :
04-17 01:27:01.806 3456 3471 I Gecko : {"action":"log","time":1744853221806,"thread":null,"pid":null,"source":"reftest","level":"DEBUG","message":"DoDrawWindow 0,0,800,1000"}
04-17 01:27:01.827 3538 3569 E eglCodecCommon: glUtilsParamSize: unknow param 0x00008caa
04-17 01:27:01.965 3538 3569 E eglCodecCommon: glUtilsParamSize: unknow param 0x00008caa
04-17 01:27:02.050 3538 3569 E eglCodecCommon: glUtilsParamSize: unknow param 0x00008caa
04-17 01:27:02.130 3538 3569 E eglCodecCommon: glUtilsParamSize: unknow param 0x00008caa
04-17 01:27:02.210 3538 3569 E eglCodecCommon: glUtilsParamSize: unknow param 0x00000d02
04-17 01:27:02.219 3538 3569 E eglCodecCommon: glUtilsParamSize: unknow param 0x00008caa
04-17 01:27:02.250 3456 3471 I Gecko :
04-17 01:27:02.250 3456 3471 I Gecko : {"action":"log","time":1744853222250,"thread":null,"pid":null,"source":"reftest","level":"DEBUG","message":"[CONTENT] RecordResult fired"}
04-17 01:27:02.251 3456 3471 I Gecko :
04-17 01:27:02.251 3456 3471 I Gecko : {"action":"log","time":1744853222250,"thread":null,"pid":null,"source":"reftest","level":"DEBUG","message":"RecordResult fired"}
04-17 01:27:02.254 3456 3471 I Gecko :
04-17 01:27:02.254 3456 3471 I Gecko : {"action":"log","time":1744853222254,"thread":null,"pid":null,"source":"reftest","level":"DEBUG","message":"RecordResult fired"}
04-17 01:27:02.257 3456 3471 I Gecko :
04-17 01:27:02.257 3456 3471 I Gecko : {"action":"test_status","time":1744853222257,"thread":null,"pid":null,"source":"reftest","test":"layout/reftests/bugs/233094-2b.html == layout/reftests/bugs/233094-2-ref.html","subtest":"image comparison, max difference: 0, number of differing pixels: 0","status":"PASS","extra":{"status_msg":"Pass","modifiers":["==","233094-2b.html","233094-2-ref.html"]}}
04-17 01:27:02.258 3456 3471 I Gecko :
04-17 01:27:02.258 3456 3471 I Gecko : {"action":"test_end","time":1744853222258,"thread":null,"pid":null,"source":"reftest","test":"layout/reftests/bugs/233094-2b.html == layout/reftests/bugs/233094-2-ref.html","status":"OK"}
04-17 01:27:02.258 3456 3471 I Gecko :
04-17 01:27:02.258 3456 3471 I Gecko : {"action":"log","time":1744853222258,"thread":null,"pid":null,"source":"reftest","level":"DEBUG","message":"Loading a blank page"}
04-17 01:27:02.280 3488 3504 W Web Content: [JavaScript Warning: "This page is in Quirks Mode. Page layout may be impacted. For Standards Mode use “”." {file: "data:text/html;charset=UTF-8,%3C%21%2D%2DCLEAR%2D%2D%3E" line: 0}]
04-17 01:27:02.294 3456 3471 D GeckoViewContent: handleEvent: pagetitlechanged
04-17 01:27:02.303 3456 3471 I Gecko :
04-17 01:27:02.303 3456 3471 I Gecko : {"action":"assertion_count","time":1744853222303,"thread":null,"pid":null,"source":"reftest","test":"layout/reftests/bugs/233094-2b.html == layout/reftests/bugs/233094-2-ref.html","min_expected":0,"max_expected":0,"count":0}
04-17 01:27:02.303 3456 3471 I Gecko :
04-17 01:27:02.303 3456 3471 I Gecko : {"action":"test_start","time":1744853222303,"thread":null,"pid":null,"source":"reftest","test":"layout/reftests/bugs/233094-2c.html == layout/reftests/bugs/233094-2-ref.html"}
04-17 01:27:02.305 3456 3471 I Gecko : REFTEST TEST-LOAD | http://10.0.2.2:8854/tests/layout/reftests/bugs/233094-2c.html | 214 / 2088 (10%)
04-17 01:27:02.305 3456 3471 I Gecko :
04-17 01:27:02.305 3456 3471 I Gecko : {"action":"log","time":1744853222305,"thread":null,"pid":null,"source":"reftest","level":"DEBUG","message":"START http://10.0.2.2:8854/tests/layout/reftests/bugs/233094-2c.html"}
04-17 01:27:02.317 3538 3569 E eglCodecCommon: glUtilsParamSize: unknow param 0x00008caa
04-17 01:27:02.371 3456 3471 D GeckoViewContent: handleEvent: pagetitlechanged
04-17 01:27:02.393 3456 3471 I Gecko :
04-17 01:27:02.393 3456 3471 I Gecko : {"action":"log","time":1744853222393,"thread":null,"pid":null,"source":"reftest","level":"DEBUG","message":"[CONTENT] OnDocumentLoad triggering AfterOnLoadScripts"}
04-17 01:27:02.413 3538 3569 E eglCodecCommon: glUtilsParamSize: unknow param 0x00008caa
04-17 01:27:02.422 3456 3471 I Gecko :
04-17 01:27:02.422 3456 3471 I Gecko : {"action":"log","time":1744853222422,"thread":null,"pid":null,"source":"reftest","level":"DEBUG","message":"Initializing canvas snapshot"}
04-17 01:27:02.423 3456 3471 I Gecko :
04-17 01:27:02.423 3456 3471 I Gecko : {"action":"log","time":1744853222423,"thread":null,"pid":null,"source":"reftest","level":"DEBUG","message":"DoDrawWindow 0,0,800,1000"}
04-17 01:27:02.543 3538 3569 E eglCodecCommon: glUtilsParamSize: unknow param 0x00008caa
04-17 01:27:02.632 3538 3569 E eglCodecCommon: glUtilsParamSize: unknow param 0x00008caa
04-17 01:27:02.715 3538 3569 E eglCodecCommon: glUtilsParamSize: unknow param 0x00008caa
04-17 01:27:02.792 3538 3569 E eglCodecCommon: glUtilsParamSize: unknow param 0x00000d02
04-17 01:27:02.803 3538 3569 E eglCodecCommon: glUtilsParamSize: unknow param 0x00008caa
04-17 01:27:02.840 3456 3471 I Gecko :
04-17 01:27:02.840 3456 3471 I Gecko : {"action":"log","time":1744853222839,"thread":null,"pid":null,"source":"reftest","level":"DEBUG","message":"[CONTENT] RecordResult fired"}
04-17 01:27:02.840 3456 3471 I Gecko :
04-17 01:27:02.840 3456 3471 I Gecko : {"action":"log","time":1744853222840,"thread":null,"pid":null,"source":"reftest","level":"DEBUG","message":"RecordResult fired"}
04-17 01:27:02.843 3456 3471 I Gecko :
04-17 01:27:02.843 3456 3471 I Gecko : {"action":"log","time":1744853222842,"thread":null,"pid":null,"source":"reftest","level":"DEBUG","message":"RecordResult fired"}
04-17 01:27:02.844 3456 3471 I Gecko :
04-17 01:27:02.844 3456 3471 I Gecko : {"action":"test_status","time":1744853222844,"thread":null,"pid":null,"source":"reftest","test":"layout/reftests/bugs/233094-2c.html == layout/reftests/bugs/233094-2-ref.html","subtest":"image comparison, max difference: 0, number of differing pixels: 0","status":"PASS","extra":{"status_msg":"Pass","modifiers":["==","233094-2c.html","233094-2-ref.html"]}}
04-17 01:27:02.844 3456 3471 I Gecko :
04-17 01:27:02.844 3456 3471 I Gecko : {"action":"test_end","time":1744853222844,"thread":null,"pid":null,"source":"reftest","test":"layout/reftests/bugs/233094-2c.html == layout/reftests/bugs/233094-2-ref.html","status":"OK"}
04-17 01:27:02.845 3456 3471 I Gecko :
04-17 01:27:02.845 3456 3471 I Gecko : {"action":"log","time":1744853222845,"thread":null,"pid":null,"source":"reftest","level":"DEBUG","message":"Loading a blank page"}
04-17 01:27:02.867 3488 3504 W Web Content: [JavaScript Warning: "This page is in Quirks Mode. Page layout may be impacted. For Standards Mode use “”." {file: "data:text/html;charset=UTF-8,%3C%21%2D%2DCLEAR%2D%2D%3E" line: 0}]
04-17 01:27:02.873 3456 3471 D GeckoViewContent: handleEvent: pagetitlechanged
04-17 01:27:02.883 3456 3471 I Gecko :
04-17 01:27:02.883 3456 3471 I Gecko : {"action":"assertion_count","time":1744853222883,"thread":null,"pid":null,"source":"reftest","test":"layout/reftests/bugs/233094-2c.html == layout/reftests/bugs/233094-2-ref.html","min_expected":0,"max_expected":0,"count":0}
04-17 01:27:02.883 3456 3471 I Gecko :
04-17 01:27:02.883 3456 3471 I Gecko : {"action":"test_start","time":1744853222883,"thread":null,"pid":null,"source":"reftest","test":"layout/reftests/bugs/234686-1.html == layout/reftests/bugs/234686-ref.html"}
04-17 01:27:02.884 3456 3471 I Gecko : REFTEST TEST-LOAD | http://10.0.2.2:8854/tests/layout/reftests/bugs/234686-1.html | 215 / 2088 (10%)
04-17 01:27:02.884 3456 3471 I Gecko :
04-17 01:27:02.884 3456 3471 I Gecko : {"action":"log","time":1744853222884,"thread":null,"pid":null,"source":"reftest","level":"DEBUG","message":"START http://10.0.2.2:8854/tests/layout/reftests/bugs/234686-1.html"}
04-17 01:27:02.896 3538 3569 E eglCodecCommon: glUtilsParamSize: unknow param 0x00008caa
04-17 01:27:02.947 3456 3471 D GeckoViewContent: handleEvent: pagetitlechanged
04-17 01:27:02.967 3456 3471 I Gecko :
04-17 01:27:02.967 3456 3471 I Gecko : {"action":"log","time":1744853222967,"thread":null,"pid":null,"source":"reftest","level":"DEBUG","message":"[CONTENT] OnDocumentLoad triggering AfterOnLoadScripts"}
04-17 01:27:03.007 3538 3569 E eglCodecCommon: glUtilsParamSize: unknow param 0x00008caa
04-17 01:27:03.110 3538 3569 E eglCodecCommon: glUtilsParamSize: unknow param 0x00008caa
04-17 01:27:03.121 3456 3471 I Gecko :
04-17 01:27:03.121 3456 3471 I Gecko : {"action":"log","time":1744853223121,"thread":null,"pid":null,"source":"reftest","level":"DEBUG","message":"Initializing canvas snapshot"}
04-17 01:27:03.122 3456 3471 I Gecko :
04-17 01:27:03.122 3456 3471 I Gecko : {"action":"log","time":1744853223121,"thread":null,"pid":null,"source":"reftest","level":"DEBUG","message":"DoDrawWindow 0,0,800,1000"}
04-17 01:27:03.249 3538 3569 E eglCodecCommon: glUtilsParamSize: unknow param 0x00008caa
04-17 01:27:03.355 3538 3569 E eglCodecCommon: glUtilsParamSize: unknow param 0x00008caa
04-17 01:27:03.440 3538 3569 E eglCodecCommon: glUtilsParamSize: unknow param 0x00008caa
04-17 01:27:03.523 3538 3569 E eglCodecCommon: glUtilsParamSize: unknow param 0x00000d02
04-17 01:27:03.531 3538 3569 E eglCodecCommon: glUtilsParamSize: unknow param 0x00008caa
04-17 01:27:03.559 3456 3471 I Gecko :
04-17 01:27:03.559 3456 3471 I Gecko : {"action":"log","time":1744853223559,"thread":null,"pid":null,"source":"reftest","level":"DEBUG","message":"[CONTENT] RecordResult fired"}
04-17 01:27:03.560 3456 3471 I Gecko :
04-17 01:27:03.560 3456 3471 I Gecko : {"action":"log","time":1744853223560,"thread":null,"pid":null,"source":"reftest","level":"DEBUG","message":"RecordResult fired"}
04-17 01:27:03.561 3456 3471 I Gecko : REFTEST TEST-LOAD | http://10.0.2.2:8854/tests/layout/reftests/bugs/234686-ref.html | 215 / 2088 (10%)
04-17 01:27:03.561 3456 3471 I Gecko :
04-17 01:27:03.561 3456 3471 I Gecko : {"action":"log","time":1744853223561,"thread":null,"pid":null,"source":"reftest","level":"DEBUG","message":"START http://10.0.2.2:8854/tests/layout/reftests/bugs/234686-ref.html"}
04-17 01:27:03.611 3456 3471 D GeckoViewContent: handleEvent: pagetitlechanged
04-17 01:27:03.634 3538 3569 E eglCodecCommon: glUtilsParamSize: unknow param 0x00008caa
04-17 01:27:03.634 3456 3471 I Gecko :
04-17 01:27:03.634 3456 3471 I Gecko : {"action":"log","time":1744853223634,"thread":null,"pid":null,"source":"reftest","level":"DEBUG","message":"[CONTENT] OnDocumentLoad triggering AfterOnLoadScripts"}
04-17 01:27:03.656 3456 3471 I Gecko :
04-17 01:27:03.656 3456 3471 I Gecko : {"action":"log","time":1744853223656,"thread":null,"pid":null,"source":"reftest","level":"DEBUG","message":"Initializing canvas snapshot"}
04-17 01:27:03.659 3456 3471 I Gecko :
