04-17 01:27:45.160 3538 3569 E eglCodecCommon: glUtilsParamSize: unknow param 0x00008caa
04-17 01:27:45.237 3538 3569 E eglCodecCommon: glUtilsParamSize: unknow param 0x00000d02
04-17 01:27:45.245 3538 3569 E eglCodecCommon: glUtilsParamSize: unknow param 0x00008caa
04-17 01:27:45.275 3456 3471 I Gecko :
04-17 01:27:45.275 3456 3471 I Gecko : {"action":"log","time":1744853265275,"thread":null,"pid":null,"source":"reftest","level":"DEBUG","message":"[CONTENT] RecordResult fired"}
04-17 01:27:45.276 3456 3471 I Gecko :
04-17 01:27:45.276 3456 3471 I Gecko : {"action":"log","time":1744853265276,"thread":null,"pid":null,"source":"reftest","level":"DEBUG","message":"RecordResult fired"}
04-17 01:27:45.276 3456 3471 I Gecko : REFTEST TEST-LOAD | http://10.0.2.2:8854/tests/layout/reftests/bugs/243519-8-ref.svg | 259 / 2088 (12%)
04-17 01:27:45.276 3456 3471 I Gecko :
04-17 01:27:45.276 3456 3471 I Gecko : {"action":"log","time":1744853265276,"thread":null,"pid":null,"source":"reftest","level":"DEBUG","message":"START http://10.0.2.2:8854/tests/layout/reftests/bugs/243519-8-ref.svg"}
04-17 01:27:45.321 3456 3471 D GeckoViewContent: handleEvent: pagetitlechanged
04-17 01:27:45.334 3456 3471 I Gecko :
04-17 01:27:45.334 3456 3471 I Gecko : {"action":"log","time":1744853265334,"thread":null,"pid":null,"source":"reftest","level":"DEBUG","message":"[CONTENT] OnDocumentLoad triggering AfterOnLoadScripts"}
04-17 01:27:45.347 3538 3569 E eglCodecCommon: glUtilsParamSize: unknow param 0x00008caa
04-17 01:27:45.363 3456 3471 I Gecko :
04-17 01:27:45.363 3456 3471 I Gecko : {"action":"log","time":1744853265363,"thread":null,"pid":null,"source":"reftest","level":"DEBUG","message":"Initializing canvas snapshot"}
04-17 01:27:45.364 3456 3471 I Gecko :
04-17 01:27:45.364 3456 3471 I Gecko : {"action":"log","time":1744853265363,"thread":null,"pid":null,"source":"reftest","level":"DEBUG","message":"DoDrawWindow 0,0,800,1000"}
04-17 01:27:45.471 3538 3569 E eglCodecCommon: glUtilsParamSize: unknow param 0x00008caa
04-17 01:27:45.560 3538 3569 E eglCodecCommon: glUtilsParamSize: unknow param 0x00008caa
04-17 01:27:45.651 3538 3569 E eglCodecCommon: glUtilsParamSize: unknow param 0x00008caa
04-17 01:27:45.732 3538 3569 E eglCodecCommon: glUtilsParamSize: unknow param 0x00008caa
04-17 01:27:45.816 3538 3569 E eglCodecCommon: glUtilsParamSize: unknow param 0x00000d02
04-17 01:27:45.834 3538 3569 E eglCodecCommon: glUtilsParamSize: unknow param 0x00008caa
04-17 01:27:45.853 3456 3471 I Gecko :
04-17 01:27:45.853 3456 3471 I Gecko : {"action":"log","time":1744853265853,"thread":null,"pid":null,"source":"reftest","level":"DEBUG","message":"[CONTENT] RecordResult fired"}
04-17 01:27:45.854 3456 3471 I Gecko :
04-17 01:27:45.854 3456 3471 I Gecko : {"action":"log","time":1744853265854,"thread":null,"pid":null,"source":"reftest","level":"DEBUG","message":"RecordResult fired"}
04-17 01:27:45.855 3456 3471 I Gecko :
04-17 01:27:45.855 3456 3471 I Gecko : {"action":"test_status","time":1744853265855,"thread":null,"pid":null,"source":"reftest","test":"layout/reftests/bugs/243519-8.svg == layout/reftests/bugs/243519-8-ref.svg","subtest":"image comparison, max difference: 0, number of differing pixels: 0","status":"PASS","extra":{"status_msg":"Pass","modifiers":["==","243519-8.svg","243519-8-ref.svg"]}}
04-17 01:27:45.855 3456 3471 I Gecko :
04-17 01:27:45.855 3456 3471 I Gecko : {"action":"test_end","time":1744853265855,"thread":null,"pid":null,"source":"reftest","test":"layout/reftests/bugs/243519-8.svg == layout/reftests/bugs/243519-8-ref.svg","status":"OK"}
04-17 01:27:45.855 3456 3471 I Gecko :
04-17 01:27:45.855 3456 3471 I Gecko : {"action":"log","time":1744853265855,"thread":null,"pid":null,"source":"reftest","level":"DEBUG","message":"Loading a blank page"}
04-17 01:27:45.878 3488 3504 W Web Content: [JavaScript Warning: "This page is in Quirks Mode. Page layout may be impacted. For Standards Mode use “”." {file: "data:text/html;charset=UTF-8,%3C%21%2D%2DCLEAR%2D%2D%3E" line: 0}]
04-17 01:27:45.883 3456 3471 D GeckoViewContent: handleEvent: pagetitlechanged
04-17 01:27:45.893 3456 3471 I Gecko :
04-17 01:27:45.893 3456 3471 I Gecko : {"action":"assertion_count","time":1744853265892,"thread":null,"pid":null,"source":"reftest","test":"layout/reftests/bugs/243519-8.svg == layout/reftests/bugs/243519-8-ref.svg","min_expected":0,"max_expected":0,"count":0}
04-17 01:27:45.893 3456 3471 I Gecko :
04-17 01:27:45.893 3456 3471 I Gecko : {"action":"test_start","time":1744853265893,"thread":null,"pid":null,"source":"reftest","test":"layout/reftests/bugs/243519-9a.html == layout/reftests/bugs/243519-9-ref.html"}
04-17 01:27:45.894 3456 3471 I Gecko : REFTEST TEST-LOAD | http://10.0.2.2:8854/tests/layout/reftests/bugs/243519-9a.html | 260 / 2088 (12%)
04-17 01:27:45.894 3456 3471 I Gecko :
04-17 01:27:45.894 3456 3471 I Gecko : {"action":"log","time":1744853265894,"thread":null,"pid":null,"source":"reftest","level":"DEBUG","message":"START http://10.0.2.2:8854/tests/layout/reftests/bugs/243519-9a.html"}
04-17 01:27:45.925 3538 3569 E eglCodecCommon: glUtilsParamSize: unknow param 0x00008caa
04-17 01:27:45.941 3456 3471 D GeckoViewContent: handleEvent: pagetitlechanged
04-17 01:27:45.957 3456 3471 I Gecko :
04-17 01:27:45.957 3456 3471 I Gecko : {"action":"log","time":1744853265957,"thread":null,"pid":null,"source":"reftest","level":"DEBUG","message":"[CONTENT] OnDocumentLoad triggering AfterOnLoadScripts"}
04-17 01:27:45.988 3456 3471 I Gecko :
04-17 01:27:45.988 3456 3471 I Gecko : {"action":"log","time":1744853265988,"thread":null,"pid":null,"source":"reftest","level":"DEBUG","message":"Initializing canvas snapshot"}
04-17 01:27:45.989 3456 3471 I Gecko :
04-17 01:27:45.989 3456 3471 I Gecko : {"action":"log","time":1744853265989,"thread":null,"pid":null,"source":"reftest","level":"DEBUG","message":"DoDrawWindow 0,0,800,1000"}
04-17 01:27:46.018 3538 3569 E eglCodecCommon: glUtilsParamSize: unknow param 0x00008caa
04-17 01:27:46.196 3538 3569 E eglCodecCommon: glUtilsParamSize: unknow param 0x00008caa
04-17 01:27:46.286 3538 3569 E eglCodecCommon: glUtilsParamSize: unknow param 0x00008caa
04-17 01:27:46.372 3538 3569 E eglCodecCommon: glUtilsParamSize: unknow param 0x00008caa
04-17 01:27:46.458 3538 3569 E eglCodecCommon: glUtilsParamSize: unknow param 0x00000d02
04-17 01:27:46.467 3538 3569 E eglCodecCommon: glUtilsParamSize: unknow param 0x00008caa
04-17 01:27:46.495 3456 3471 I Gecko :
04-17 01:27:46.495 3456 3471 I Gecko : {"action":"log","time":1744853266495,"thread":null,"pid":null,"source":"reftest","level":"DEBUG","message":"[CONTENT] RecordResult fired"}
04-17 01:27:46.496 3456 3471 I Gecko :
04-17 01:27:46.496 3456 3471 I Gecko : {"action":"log","time":1744853266496,"thread":null,"pid":null,"source":"reftest","level":"DEBUG","message":"RecordResult fired"}
04-17 01:27:46.497 3456 3471 I Gecko : REFTEST TEST-LOAD | http://10.0.2.2:8854/tests/layout/reftests/bugs/243519-9-ref.html | 260 / 2088 (12%)
04-17 01:27:46.497 3456 3471 I Gecko :
04-17 01:27:46.497 3456 3471 I Gecko : {"action":"log","time":1744853266497,"thread":null,"pid":null,"source":"reftest","level":"DEBUG","message":"START http://10.0.2.2:8854/tests/layout/reftests/bugs/243519-9-ref.html"}
04-17 01:27:46.538 3456 3471 D GeckoViewContent: handleEvent: pagetitlechanged
04-17 01:27:46.553 3456 3471 I Gecko :
04-17 01:27:46.553 3456 3471 I Gecko : {"action":"log","time":1744853266553,"thread":null,"pid":null,"source":"reftest","level":"DEBUG","message":"[CONTENT] OnDocumentLoad triggering AfterOnLoadScripts"}
04-17 01:27:46.572 3538 3569 E eglCodecCommon: glUtilsParamSize: unknow param 0x00008caa
04-17 01:27:46.579 3456 3471 I Gecko :
04-17 01:27:46.579 3456 3471 I Gecko : {"action":"log","time":1744853266579,"thread":null,"pid":null,"source":"reftest","level":"DEBUG","message":"Initializing canvas snapshot"}
04-17 01:27:46.579 3456 3471 I Gecko :
04-17 01:27:46.579 3456 3471 I Gecko : {"action":"log","time":1744853266579,"thread":null,"pid":null,"source":"reftest","level":"DEBUG","message":"DoDrawWindow 0,0,800,1000"}
04-17 01:27:46.723 3538 3569 E eglCodecCommon: glUtilsParamSize: unknow param 0x00008caa
04-17 01:27:46.819 3538 3569 E eglCodecCommon: glUtilsParamSize: unknow param 0x00008caa
04-17 01:27:46.909 3538 3569 E eglCodecCommon: glUtilsParamSize: unknow param 0x00008caa
04-17 01:27:47.001 3538 3569 E eglCodecCommon: glUtilsParamSize: unknow param 0x00008caa
04-17 01:27:47.084 3538 3569 E eglCodecCommon: glUtilsParamSize: unknow param 0x00000d02
04-17 01:27:47.092 3538 3569 E eglCodecCommon: glUtilsParamSize: unknow param 0x00008caa
04-17 01:27:47.123 3456 3471 I Gecko :
04-17 01:27:47.123 3456 3471 I Gecko : {"action":"log","time":1744853267123,"thread":null,"pid":null,"source":"reftest","level":"DEBUG","message":"[CONTENT] RecordResult fired"}
04-17 01:27:47.124 3456 3471 I Gecko :
04-17 01:27:47.124 3456 3471 I Gecko : {"action":"log","time":1744853267123,"thread":null,"pid":null,"source":"reftest","level":"DEBUG","message":"RecordResult fired"}
04-17 01:27:47.125 3456 3471 I Gecko :
04-17 01:27:47.125 3456 3471 I Gecko : {"action":"test_status","time":1744853267124,"thread":null,"pid":null,"source":"reftest","test":"layout/reftests/bugs/243519-9a.html == layout/reftests/bugs/243519-9-ref.html","subtest":"image comparison, max difference: 0, number of differing pixels: 0","status":"PASS","extra":{"status_msg":"Pass","modifiers":["==","243519-9a.html","243519-9-ref.html"]}}
04-17 01:27:47.125 3456 3471 I Gecko :
04-17 01:27:47.125 3456 3471 I Gecko : {"action":"test_end","time":1744853267125,"thread":null,"pid":null,"source":"reftest","test":"layout/reftests/bugs/243519-9a.html == layout/reftests/bugs/243519-9-ref.html","status":"OK"}
04-17 01:27:47.125 3456 3471 I Gecko :
04-17 01:27:47.125 3456 3471 I Gecko : {"action":"log","time":1744853267125,"thread":null,"pid":null,"source":"reftest","level":"DEBUG","message":"Loading a blank page"}
04-17 01:27:47.146 3488 3504 W Web Content: [JavaScript Warning: "This page is in Quirks Mode. Page layout may be impacted. For Standards Mode use “”." {file: "data:text/html;charset=UTF-8,%3C%21%2D%2DCLEAR%2D%2D%3E" line: 0}]
04-17 01:27:47.153 3456 3471 D GeckoViewContent: handleEvent: pagetitlechanged
04-17 01:27:47.162 3456 3471 I Gecko :
04-17 01:27:47.162 3456 3471 I Gecko : {"action":"assertion_count","time":1744853267162,"thread":null,"pid":null,"source":"reftest","test":"layout/reftests/bugs/243519-9a.html == layout/reftests/bugs/243519-9-ref.html","min_expected":0,"max_expected":0,"count":0}
04-17 01:27:47.162 3456 3471 I Gecko :
04-17 01:27:47.162 3456 3471 I Gecko : {"action":"test_start","time":1744853267162,"thread":null,"pid":null,"source":"reftest","test":"layout/reftests/bugs/243519-9b.html == layout/reftests/bugs/243519-9-ref.html"}
04-17 01:27:47.163 3456 3471 I Gecko : REFTEST TEST-LOAD | http://10.0.2.2:8854/tests/layout/reftests/bugs/243519-9b.html | 261 / 2088 (12%)
04-17 01:27:47.163 3456 3471 I Gecko :
04-17 01:27:47.163 3456 3471 I Gecko : {"action":"log","time":1744853267163,"thread":null,"pid":null,"source":"reftest","level":"DEBUG","message":"START http://10.0.2.2:8854/tests/layout/reftests/bugs/243519-9b.html"}
04-17 01:27:47.195 3538 3569 E eglCodecCommon: glUtilsParamSize: unknow param 0x00008caa
04-17 01:27:47.219 3456 3471 D GeckoViewContent: handleEvent: pagetitlechanged
04-17 01:27:47.235 3456 3471 I Gecko :
04-17 01:27:47.235 3456 3471 I Gecko : {"action":"log","time":1744853267235,"thread":null,"pid":null,"source":"reftest","level":"DEBUG","message":"[CONTENT] OnDocumentLoad triggering AfterOnLoadScripts"}
04-17 01:27:47.261 3456 3471 I Gecko :
04-17 01:27:47.261 3456 3471 I Gecko : {"action":"log","time":1744853267261,"thread":null,"pid":null,"source":"reftest","level":"DEBUG","message":"Initializing canvas snapshot"}
04-17 01:27:47.261 3456 3471 I Gecko :
04-17 01:27:47.261 3456 3471 I Gecko : {"action":"log","time":1744853267261,"thread":null,"pid":null,"source":"reftest","level":"DEBUG","message":"DoDrawWindow 0,0,800,1000"}
04-17 01:27:47.285 3538 3569 E eglCodecCommon: glUtilsParamSize: unknow param 0x00008caa
04-17 01:27:47.430 3538 3569 E eglCodecCommon: glUtilsParamSize: unknow param 0x00008caa
04-17 01:27:47.517 3538 3569 E eglCodecCommon: glUtilsParamSize: unknow param 0x00008caa
04-17 01:27:47.603 3538 3569 E eglCodecCommon: glUtilsParamSize: unknow param 0x00008caa
04-17 01:27:47.685 3538 3569 E eglCodecCommon: glUtilsParamSize: unknow param 0x00000d02
04-17 01:27:47.695 3538 3569 E eglCodecCommon: glUtilsParamSize: unknow param 0x00008caa
04-17 01:27:47.721 3456 3471 I Gecko :
04-17 01:27:47.721 3456 3471 I Gecko : {"action":"log","time":1744853267721,"thread":null,"pid":null,"source":"reftest","level":"DEBUG","message":"[CONTENT] RecordResult fired"}
04-17 01:27:47.722 3456 3471 I Gecko :
04-17 01:27:47.722 3456 3471 I Gecko : {"action":"log","time":1744853267722,"thread":null,"pid":null,"source":"reftest","level":"DEBUG","message":"RecordResult fired"}
04-17 01:27:47.723 3456 3471 I Gecko :
04-17 01:27:47.723 3456 3471 I Gecko : {"action":"log","time":1744853267723,"thread":null,"pid":null,"source":"reftest","level":"DEBUG","message":"RecordResult fired"}
04-17 01:27:47.725 3456 3471 I Gecko :
04-17 01:27:47.725 3456 3471 I Gecko : {"action":"test_status","time":1744853267724,"thread":null,"pid":null,"source":"reftest","test":"layout/reftests/bugs/243519-9b.html == layout/reftests/bugs/243519-9-ref.html","subtest":"image comparison, max difference: 0, number of differing pixels: 0","status":"PASS","extra":{"status_msg":"Pass","modifiers":["==","243519-9b.html","243519-9-ref.html"]}}
04-17 01:27:47.725 3456 3471 I Gecko :
04-17 01:27:47.725 3456 3471 I Gecko : {"action":"test_end","time":1744853267725,"thread":null,"pid":null,"source":"reftest","test":"layout/reftests/bugs/243519-9b.html == layout/reftests/bugs/243519-9-ref.html","status":"OK"}
04-17 01:27:47.725 3456 3471 I Gecko :
04-17 01:27:47.725 3456 3471 I Gecko : {"action":"log","time":1744853267725,"thread":null,"pid":null,"source":"reftest","level":"DEBUG","message":"Loading a blank page"}
04-17 01:27:47.746 3488 3504 W Web Content: [JavaScript Warning: "This page is in Quirks Mode. Page layout may be impacted. For Standards Mode use “”." {file: "data:text/html;charset=UTF-8,%3C%21%2D%2DCLEAR%2D%2D%3E" line: 0}]
04-17 01:27:47.751 3456 3471 D GeckoViewContent: handleEvent: pagetitlechanged
04-17 01:27:47.760 3456 3471 I Gecko :
04-17 01:27:47.760 3456 3471 I Gecko : {"action":"assertion_count","time":1744853267760,"thread":null,"pid":null,"source":"reftest","test":"layout/reftests/bugs/243519-9b.html == layout/reftests/bugs/243519-9-ref.html","min_expected":0,"max_expected":0,"count":0}
04-17 01:27:47.760 3456 3471 I Gecko :
04-17 01:27:47.760 3456 3471 I Gecko : {"action":"test_start","time":1744853267760,"thread":null,"pid":null,"source":"reftest","test":"layout/reftests/bugs/243519-9c.html == layout/reftests/bugs/243519-9-ref.html"}
04-17 01:27:47.761 3456 3471 I Gecko : REFTEST TEST-LOAD | http://10.0.2.2:8854/tests/layout/reftests/bugs/243519-9c.html | 262 / 2088 (12%)
04-17 01:27:47.761 3456 3471 I Gecko :
04-17 01:27:47.761 3456 3471 I Gecko : {"action":"log","time":1744853267761,"thread":null,"pid":null,"source":"reftest","level":"DEBUG","message":"START http://10.0.2.2:8854/tests/layout/reftests/bugs/243519-9c.html"}
04-17 01:27:47.796 3538 3569 E eglCodecCommon: glUtilsParamSize: unknow param 0x00008caa
04-17 01:27:47.802 3488 3504 W Web Content: [JavaScript Warning: "This page is in Quirks Mode. Page layout may be impacted. For Standards Mode use “”." {file: "http://10.0.2.2:8854/tests/layout/reftests/bugs/243519-9c.html" line: 0}]
04-17 01:27:47.813 3456 3471 D GeckoViewContent: handleEvent: pagetitlechanged
04-17 01:27:47.827 3456 3471 I Gecko :
04-17 01:27:47.827 3456 3471 I Gecko : {"action":"log","time":1744853267827,"thread":null,"pid":null,"source":"reftest","level":"DEBUG","message":"[CONTENT] OnDocumentLoad triggering AfterOnLoadScripts"}
04-17 01:27:47.855 3456 3471 I Gecko :
04-17 01:27:47.855 3456 3471 I Gecko : {"action":"log","time":1744853267855,"thread":null,"pid":null,"source":"reftest","level":"DEBUG","message":"Initializing canvas snapshot"}
04-17 01:27:47.855 3456 3471 I Gecko :
04-17 01:27:47.855 3456 3471 I Gecko : {"action":"log","time":1744853267855,"thread":null,"pid":null,"source":"reftest","level":"DEBUG","message":"DoDrawWindow 0,0,800,1000"}
04-17 01:27:47.895 3538 3569 E eglCodecCommon: glUtilsParamSize: unknow param 0x00008caa
04-17 01:27:48.050 3538 3569 E eglCodecCommon: glUtilsParamSize: unknow param 0x00008caa
04-17 01:27:48.142 3538 3569 E eglCodecCommon: glUtilsParamSize: unknow param 0x00008caa
04-17 01:27:48.232 3538 3569 E eglCodecCommon: glUtilsParamSize: unknow param 0x00008caa
04-17 01:27:48.316 3538 3569 E eglCodecCommon: glUtilsParamSize: unknow param 0x00000d02
04-17 01:27:48.325 3538 3569 E eglCodecCommon: glUtilsParamSize: unknow param 0x00008caa
04-17 01:27:48.357 3456 3471 I Gecko :
04-17 01:27:48.357 3456 3471 I Gecko : {"action":"log","time":1744853268357,"thread":null,"pid":null,"source":"reftest","level":"DEBUG","message":"[CONTENT] RecordResult fired"}
04-17 01:27:48.358 3456 3471 I Gecko :
04-17 01:27:48.358 3456 3471 I Gecko : {"action":"log","time":1744853268358,"thread":null,"pid":null,"source":"reftest","level":"DEBUG","message":"RecordResult fired"}
04-17 01:27:48.360 3456 3471 I Gecko :
04-17 01:27:48.360 3456 3471 I Gecko : {"action":"log","time":1744853268360,"thread":null,"pid":null,"source":"reftest","level":"DEBUG","message":"RecordResult fired"}
04-17 01:27:48.361 3456 3471 I Gecko :
04-17 01:27:48.361 3456 3471 I Gecko : {"action":"test_status","time":1744853268361,"thread":null,"pid":null,"source":"reftest","test":"layout/reftests/bugs/243519-9c.html == layout/reftests/bugs/243519-9-ref.html","subtest":"image comparison, max difference: 0, number of differing pixels: 0","status":"PASS","extra":{"status_msg":"Pass","modifiers":["==","243519-9c.html","243519-9-ref.html"]}}
04-17 01:27:48.361 3456 3471 I Gecko :
04-17 01:27:48.361 3456 3471 I Gecko : {"action":"test_end","time":1744853268361,"thread":null,"pid":null,"source":"reftest","test":"layout/reftests/bugs/243519-9c.html == layout/reftests/bugs/243519-9-ref.html","status":"OK"}
04-17 01:27:48.362 3456 3471 I Gecko :
04-17 01:27:48.362 3456 3471 I Gecko : {"action":"log","time":1744853268361,"thread":null,"pid":null,"source":"reftest","level":"DEBUG","message":"Loading a blank page"}
04-17 01:27:48.383 3488 3504 W Web Content: [JavaScript Warning: "This page is in Quirks Mode. Page layout may be impacted. For Standards Mode use “”." {file: "data:text/html;charset=UTF-8,%3C%21%2D%2DCLEAR%2D%2D%3E" line: 0}]
04-17 01:27:48.388 3456 3471 D GeckoViewContent: handleEvent: pagetitlechanged
04-17 01:27:48.401 3456 3471 I Gecko :
04-17 01:27:48.401 3456 3471 I Gecko : {"action":"assertion_count","time":1744853268400,"thread":null,"pid":null,"source":"reftest","test":"layout/reftests/bugs/243519-9c.html == layout/reftests/bugs/243519-9-ref.html","min_expected":0,"max_expected":0,"count":0}
04-17 01:27:48.401 3456 3471 I Gecko :
04-17 01:27:48.401 3456 3471 I Gecko : {"action":"test_start","time":1744853268401,"thread":null,"pid":null,"source":"reftest","test":"layout/reftests/bugs/243519-9d.html == layout/reftests/bugs/243519-9-ref.html"}
04-17 01:27:48.402 3456 3471 I Gecko : REFTEST TEST-LOAD | http://10.0.2.2:8854/tests/layout/reftests/bugs/243519-9d.html | 263 / 2088 (12%)
04-17 01:27:48.402 3456 3471 I Gecko :
04-17 01:27:48.402 3456 3471 I Gecko : {"action":"log","time":1744853268402,"thread":null,"pid":null,"source":"reftest","level":"DEBUG","message":"START http://10.0.2.2:8854/tests/layout/reftests/bugs/243519-9d.html"}
04-17 01:27:48.427 3538 3569 E eglCodecCommon: glUtilsParamSize: unknow param 0x00008caa
04-17 01:27:48.443 3488 3504 W Web Content: [JavaScript Warning: "This page is in Quirks Mode. Page layout may be impacted. For Standards Mode use “”." {file: "http://10.0.2.2:8854/tests/layout/reftests/bugs/243519-9d.html" line: 0}]
04-17 01:27:48.453 3456 3471 D GeckoViewContent: handleEvent: pagetitlechanged
04-17 01:27:48.468 3456 3471 I Gecko :
04-17 01:27:48.468 3456 3471 I Gecko : {"action":"log","time":1744853268468,"thread":null,"pid":null,"source":"reftest","level":"DEBUG","message":"[CONTENT] OnDocumentLoad triggering AfterOnLoadScripts"}
04-17 01:27:48.505 3456 3471 I Gecko :
04-17 01:27:48.505 3456 3471 I Gecko : {"action":"log","time":1744853268505,"thread":null,"pid":null,"source":"reftest","level":"DEBUG","message":"Initializing canvas snapshot"}
04-17 01:27:48.505 3456 3471 I Gecko :
04-17 01:27:48.505 3456 3471 I Gecko : {"action":"log","time":1744853268505,"thread":null,"pid":null,"source":"reftest","level":"DEBUG","message":"DoDrawWindow 0,0,800,1000"}
04-17 01:27:48.523 3538 3569 E eglCodecCommon: glUtilsParamSize: unknow param 0x00008caa
04-17 01:27:48.675 3538 3569 E eglCodecCommon: glUtilsParamSize: unknow param 0x00008caa
04-17 01:27:48.760 3538 3569 E eglCodecCommon: glUtilsParamSize: unknow param 0x00008caa
04-17 01:27:48.847 3538 3569 E eglCodecCommon: glUtilsParamSize: unknow param 0x00008caa
04-17 01:27:48.935 3538 3569 E eglCodecCommon: glUtilsParamSize: unknow param 0x00000d02
04-17 01:27:48.943 3538 3569 E eglCodecCommon: glUtilsParamSize: unknow param 0x00008caa
04-17 01:27:48.969 3456 3471 I Gecko :
04-17 01:27:48.969 3456 3471 I Gecko : {"action":"log","time":1744853268969,"thread":null,"pid":null,"source":"reftest","level":"DEBUG","message":"[CONTENT] RecordResult fired"}
04-17 01:27:48.970 3456 3471 I Gecko :
04-17 01:27:48.970 3456 3471 I Gecko : {"action":"log","time":1744853268970,"thread":null,"pid":null,"source":"reftest","level":"DEBUG","message":"RecordResult fired"}
04-17 01:27:48.971 3456 3471 I Gecko :
04-17 01:27:48.971 3456 3471 I Gecko : {"action":"log","time":1744853268971,"thread":null,"pid":null,"source":"reftest","level":"DEBUG","message":"RecordResult fired"}
04-17 01:27:48.973 3456 3471 I Gecko :
04-17 01:27:48.973 3456 3471 I Gecko : {"action":"test_status","time":1744853268972,"thread":null,"pid":null,"source":"reftest","test":"layout/reftests/bugs/243519-9d.html == layout/reftests/bugs/243519-9-ref.html","subtest":"image comparison, max difference: 0, number of differing pixels: 0","status":"PASS","extra":{"status_msg":"Pass","modifiers":["==","243519-9d.html","243519-9-ref.html"]}}
04-17 01:27:48.973 3456 3471 I Gecko :
04-17 01:27:48.973 3456 3471 I Gecko : {"action":"test_end","time":1744853268973,"thread":null,"pid":null,"source":"reftest","test":"layout/reftests/bugs/243519-9d.html == layout/reftests/bugs/243519-9-ref.html","status":"OK"}
04-17 01:27:48.973 3456 3471 I Gecko :
04-17 01:27:48.973 3456 3471 I Gecko : {"action":"log","time":1744853268973,"thread":null,"pid":null,"source":"reftest","level":"DEBUG","message":"Loading a blank page"}
04-17 01:27:48.996 3488 3504 W Web Content: [JavaScript Warning: "This page is in Quirks Mode. Page layout may be impacted. For Standards Mode use “”." {file: "data:text/html;charset=UTF-8,%3C%21%2D%2DCLEAR%2D%2D%3E" line: 0}]
04-17 01:27:49.002 3456 3471 D GeckoViewContent: handleEvent: pagetitlechanged
04-17 01:27:49.012 3456 3471 I Gecko :
04-17 01:27:49.012 3456 3471 I Gecko : {"action":"assertion_count","time":1744853269012,"thread":null,"pid":null,"source":"reftest","test":"layout/reftests/bugs/243519-9d.html == layout/reftests/bugs/243519-9-ref.html","min_expected":0,"max_expected":0,"count":0}
04-17 01:27:49.013 3456 3471 I Gecko :
04-17 01:27:49.013 3456 3471 I Gecko : {"action":"test_start","time":1744853269013,"thread":null,"pid":null,"source":"reftest","test":"layout/reftests/bugs/243519-9e.html == layout/reftests/bugs/243519-9-ref.html"}
04-17 01:27:49.013 3456 3471 I Gecko : REFTEST TEST-LOAD | http://10.0.2.2:8854/tests/layout/reftests/bugs/243519-9e.html | 264 / 2088 (12%)
04-17 01:27:49.014 3456 3471 I Gecko :
04-17 01:27:49.014 3456 3471 I Gecko : {"action":"log","time":1744853269014,"thread":null,"pid":null,"source":"reftest","level":"DEBUG","message":"START http://10.0.2.2:8854/tests/layout/reftests/bugs/243519-9e.html"}
04-17 01:27:49.044 3538 3569 E eglCodecCommon: glUtilsParamSize: unknow param 0x00008caa
04-17 01:27:49.069 3456 3471 D GeckoViewContent: handleEvent: pagetitlechanged
04-17 01:27:49.089 3456 3471 I Gecko :
04-17 01:27:49.089 3456 3471 I Gecko : {"action":"log","time":1744853269089,"thread":null,"pid":null,"source":"reftest","level":"DEBUG","message":"[CONTENT] OnDocumentLoad triggering AfterOnLoadScripts"}
04-17 01:27:49.104 3456 3471 I Gecko :
04-17 01:27:49.104 3456 3471 I Gecko : {"action":"log","time":1744853269104,"thread":null,"pid":null,"source":"reftest","level":"DEBUG","message":"Initializing canvas snapshot"}
04-17 01:27:49.105 3456 3471 I Gecko :
04-17 01:27:49.105 3456 3471 I Gecko : {"action":"log","time":1744853269105,"thread":null,"pid":null,"source":"reftest","level":"DEBUG","message":"DoDrawWindow 0,0,800,1000"}
04-17 01:27:49.145 3538 3569 E eglCodecCommon: glUtilsParamSize: unknow param 0x00008caa
04-17 01:27:49.290 3538 3569 E eglCodecCommon: glUtilsParamSize: unknow param 0x00008caa
04-17 01:27:49.376 3538 3569 E eglCodecCommon: glUtilsParamSize: unknow param 0x00008caa
04-17 01:27:49.463 3538 3569 E eglCodecCommon: glUtilsParamSize: unknow param 0x00008caa
04-17 01:27:49.546 3538 3569 E eglCodecCommon: glUtilsParamSize: unknow param 0x00000d02
04-17 01:27:49.554 3538 3569 E eglCodecCommon: glUtilsParamSize: unknow param 0x00008caa
04-17 01:27:49.584 3456 3471 I Gecko :
04-17 01:27:49.584 3456 3471 I Gecko : {"action":"log","time":1744853269584,"thread":null,"pid":null,"source":"reftest","level":"DEBUG","message":"[CONTENT] RecordResult fired"}
04-17 01:27:49.585 3456 3471 I Gecko :
04-17 01:27:49.585 3456 3471 I Gecko : {"action":"log","time":1744853269585,"thread":null,"pid":null,"source":"reftest","level":"DEBUG","message":"RecordResult fired"}
04-17 01:27:49.587 3456 3471 I Gecko :
04-17 01:27:49.587 3456 3471 I Gecko : {"action":"log","time":1744853269587,"thread":null,"pid":null,"source":"reftest","level":"DEBUG","message":"RecordResult fired"}
04-17 01:27:49.589 3456 3471 I Gecko :
04-17 01:27:49.589 3456 3471 I Gecko : {"action":"test_status","time":1744853269588,"thread":null,"pid":null,"source":"reftest","test":"layout/reftests/bugs/243519-9e.html == layout/reftests/bugs/243519-9-ref.html","subtest":"image comparison, max difference: 0, number of differing pixels: 0","status":"PASS","extra":{"status_msg":"Pass","modifiers":["==","243519-9e.html","243519-9-ref.html"]}}
04-17 01:27:49.589 3456 3471 I Gecko :
04-17 01:27:49.589 3456 3471 I Gecko : {"action":"test_end","time":1744853269589,"thread":null,"pid":null,"source":"reftest","test":"layout/reftests/bugs/243519-9e.html == layout/reftests/bugs/243519-9-ref.html","status":"OK"}
04-17 01:27:49.589 3456 3471 I Gecko :
04-17 01:27:49.589 3456 3471 I Gecko : {"action":"log","time":1744853269589,"thread":null,"pid":null,"source":"reftest","level":"DEBUG","message":"Loading a blank page"}
04-17 01:27:49.610 3488 3504 W Web Content: [JavaScript Warning: "This page is in Quirks Mode. Page layout may be impacted. For Standards Mode use “”." {file: "data:text/html;charset=UTF-8,%3C%21%2D%2DCLEAR%2D%2D%3E" line: 0}]
04-17 01:27:49.616 3456 3471 D GeckoViewContent: handleEvent: pagetitlechanged
04-17 01:27:49.625 3456 3471 I Gecko :
04-17 01:27:49.625 3456 3471 I Gecko : {"action":"assertion_count","time":1744853269625,"thread":null,"pid":null,"source":"reftest","test":"layout/reftests/bugs/243519-9e.html == layout/reftests/bugs/243519-9-ref.html","min_expected":0,"max_expected":0,"count":0}
04-17 01:27:49.625 3456 3471 I Gecko :
04-17 01:27:49.625 3456 3471 I Gecko : {"action":"test_start","time":1744853269625,"thread":null,"pid":null,"source":"reftest","test":"layout/reftests/bugs/243519-9f.html == layout/reftests/bugs/243519-9-ref.html"}
04-17 01:27:49.626 3456 3471 I Gecko : REFTEST TEST-LOAD | http://10.0.2.2:8854/tests/layout/reftests/bugs/243519-9f.html | 265 / 2088 (12%)
04-17 01:27:49.626 3456 3471 I Gecko :
04-17 01:27:49.626 3456 3471 I Gecko : {"action":"log","time":1744853269626,"thread":null,"pid":null,"source":"reftest","level":"DEBUG","message":"START http://10.0.2.2:8854/tests/layout/reftests/bugs/243519-9f.html"}
04-17 01:27:49.647 3538 3569 E eglCodecCommon: glUtilsParamSize: unknow param 0x00008caa
04-17 01:27:49.680 3456 3471 D GeckoViewContent: handleEvent: pagetitlechanged
04-17 01:27:49.697 3456 3471 I Gecko :
04-17 01:27:49.697 3456 3471 I Gecko : {"action":"log","time":1744853269697,"thread":null,"pid":null,"source":"reftest","level":"DEBUG","message":"[CONTENT] OnDocumentLoad triggering AfterOnLoadScripts"}
04-17 01:27:49.720 3456 3471 I Gecko :
04-17 01:27:49.720 3456 3471 I Gecko : {"action":"log","time":1744853269720,"thread":null,"pid":null,"source":"reftest","level":"DEBUG","message":"Initializing canvas snapshot"}
04-17 01:27:49.721 3456 3471 I Gecko :
04-17 01:27:49.721 3456 3471 I Gecko : {"action":"log","time":1744853269721,"thread":null,"pid":null,"source":"reftest","level":"DEBUG","message":"DoDrawWindow 0,0,800,1000"}
04-17 01:27:49.751 3538 3569 E eglCodecCommon: glUtilsParamSize: unknow param 0x00008caa
04-17 01:27:49.912 3538 3569 E eglCodecCommon: glUtilsParamSize: unknow param 0x00008caa
04-17 01:27:49.996 3538 3569 E eglCodecCommon: glUtilsParamSize: unknow param 0x00008caa
04-17 01:27:50.081 3538 3569 E eglCodecCommon: glUtilsParamSize: unknow param 0x00008caa
04-17 01:27:50.166 3538 3569 E eglCodecCommon: glUtilsParamSize: unknow param 0x00000d02
04-17 01:27:50.175 3538 3569 E eglCodecCommon: glUtilsParamSize: unknow param 0x00008caa
04-17 01:27:50.203 3456 3471 I Gecko :
04-17 01:27:50.203 3456 3471 I Gecko : {"action":"log","time":1744853270203,"thread":null,"pid":null,"source":"reftest","level":"DEBUG","message":"[CONTENT] RecordResult fired"}
04-17 01:27:50.203 3456 3471 I Gecko :
04-17 01:27:50.203 3456 3471 I Gecko : {"action":"log","time":1744853270203,"thread":null,"pid":null,"source":"reftest","level":"DEBUG","message":"RecordResult fired"}
04-17 01:27:50.205 3456 3471 I Gecko :
04-17 01:27:50.205 3456 3471 I Gecko : {"action":"log","time":1744853270205,"thread":null,"pid":null,"source":"reftest","level":"DEBUG","message":"RecordResult fired"}
04-17 01:27:50.206 3456 3471 I Gecko :
04-17 01:27:50.206 3456 3471 I Gecko : {"action":"test_status","time":1744853270206,"thread":null,"pid":null,"source":"reftest","test":"layout/reftests/bugs/243519-9f.html == layout/reftests/bugs/243519-9-ref.html","subtest":"image comparison, max difference: 0, number of differing pixels: 0","status":"PASS","extra":{"status_msg":"Pass","modifiers":["==","243519-9f.html","243519-9-ref.html"]}}
04-17 01:27:50.206 3456 3471 I Gecko :
04-17 01:27:50.206 3456 3471 I Gecko : {"action":"test_end","time":1744853270206,"thread":null,"pid":null,"source":"reftest","test":"layout/reftests/bugs/243519-9f.html == layout/reftests/bugs/243519-9-ref.html","status":"OK"}
04-17 01:27:50.206 3456 3471 I Gecko :
04-17 01:27:50.206 3456 3471 I Gecko : {"action":"log","time":1744853270206,"thread":null,"pid":null,"source":"reftest","level":"DEBUG","message":"Loading a blank page"}
04-17 01:27:50.229 3488 3504 W Web Content: [JavaScript Warning: "This page is in Quirks Mode. Page layout may be impacted. For Standards Mode use “”." {file: "data:text/html;charset=UTF-8,%3C%21%2D%2DCLEAR%2D%2D%3E" line: 0}]
04-17 01:27:50.235 3456 3471 D GeckoViewContent: handleEvent: pagetitlechanged
04-17 01:27:50.246 3456 3471 I Gecko :
04-17 01:27:50.246 3456 3471 I Gecko : {"action":"assertion_count","time":1744853270245,"thread":null,"pid":null,"source":"reftest","test":"layout/reftests/bugs/243519-9f.html == layout/reftests/bugs/243519-9-ref.html","min_expected":0,"max_expected":0,"count":0}
04-17 01:27:50.246 3456 3471 I Gecko :
04-17 01:27:50.246 3456 3471 I Gecko : {"action":"test_start","time":1744853270246,"thread":null,"pid":null,"source":"reftest","test":"layout/reftests/bugs/244135-1.html == layout/reftests/bugs/244135-1-ref.html"}
04-17 01:27:50.247 3456 3471 I Gecko : REFTEST TEST-LOAD | http://10.0.2.2:8854/tests/layout/reftests/bugs/244135-1.html | 266 / 2088 (12%)
04-17 01:27:50.247 3456 3471 I Gecko :
04-17 01:27:50.247 3456 3471 I Gecko : {"action":"log","time":1744853270247,"thread":null,"pid":null,"source":"reftest","level":"DEBUG","message":"START http://10.0.2.2:8854/tests/layout/reftests/bugs/244135-1.html"}
04-17 01:27:50.278 3538 3569 E eglCodecCommon: glUtilsParamSize: unknow param 0x00008caa
04-17 01:27:50.295 3488 3504 W Web Content: [JavaScript Warning: "This page is in Quirks Mode. Page layout may be impacted. For Standards Mode use “”." {file: "http://10.0.2.2:8854/tests/layout/reftests/bugs/244135-1.html" line: 0}]
04-17 01:27:50.309 3456 3471 D GeckoViewContent: handleEvent: pagetitlechanged
04-17 01:27:50.326 3456 3471 I Gecko :
04-17 01:27:50.326 3456 3471 I Gecko : {"action":"log","time":1744853270325,"thread":null,"pid":null,"source":"reftest","level":"DEBUG","message":"[CONTENT] OnDocumentLoad triggering AfterOnLoadScripts"}
04-17 01:27:50.364 3456 3471 I Gecko :
04-17 01:27:50.364 3456 3471 I Gecko : {"action":"log","time":1744853270364,"thread":null,"pid":null,"source":"reftest","level":"DEBUG","message":"Initializing canvas snapshot"}
04-17 01:27:50.364 3456 3471 I Gecko :
04-17 01:27:50.364 3456 3471 I Gecko : {"action":"log","time":1744853270364,"thread":null,"pid":null,"source":"reftest","level":"DEBUG","message":"DoDrawWindow 0,0,800,1000"}
04-17 01:27:50.379 3538 3569 E eglCodecCommon: glUtilsParamSize: unknow param 0x00008caa
04-17 01:27:50.557 3538 3569 E eglCodecCommon: glUtilsParamSize: unknow param 0x00008caa
04-17 01:27:50.646 3538 3569 E eglCodecCommon: glUtilsParamSize: unknow param 0x00008caa
04-17 01:27:50.732 3538 3569 E eglCodecCommon: glUtilsParamSize: unknow param 0x00008caa
04-17 01:27:50.813 3538 3569 E eglCodecCommon: glUtilsParamSize: unknow param 0x00000d02
04-17 01:27:50.824 3538 3569 E eglCodecCommon: glUtilsParamSize: unknow param 0x00008caa
04-17 01:27:50.848 3456 3471 I Gecko :
04-17 01:27:50.848 3456 3471 I Gecko : {"action":"log","time":1744853270848,"thread":null,"pid":null,"source":"reftest","level":"DEBUG","message":"[CONTENT] RecordResult fired"}
04-17 01:27:50.849 3456 3471 I Gecko :
04-17 01:27:50.849 3456 3471 I Gecko : {"action":"log","time":1744853270849,"thread":null,"pid":null,"source":"reftest","level":"DEBUG","message":"RecordResult fired"}
04-17 01:27:50.849 3456 3471 I Gecko : REFTEST TEST-LOAD | http://10.0.2.2:8854/tests/layout/reftests/bugs/244135-1-ref.html | 266 / 2088 (12%)
04-17 01:27:50.850 3456 3471 I Gecko :
04-17 01:27:50.850 3456 3471 I Gecko : {"action":"log","time":1744853270850,"thread":null,"pid":null,"source":"reftest","level":"DEBUG","message":"START http://10.0.2.2:8854/tests/layout/reftests/bugs/244135-1-ref.html"}
04-17 01:27:50.884 3488 3504 W Web Content: [JavaScript Warning: "This page is in Quirks Mode. Page layout may be impacted. For Standards Mode use “”." {file: "http://10.0.2.2:8854/tests/layout/reftests/bugs/244135-1-ref.html" line: 0}]
04-17 01:27:50.893 3456 3471 D GeckoViewContent: handleEvent: pagetitlechanged
04-17 01:27:50.907 3456 3471 I Gecko :
04-17 01:27:50.907 3456 3471 I Gecko : {"action":"log","time":1744853270907,"thread":null,"pid":null,"source":"reftest","level":"DEBUG","message":"[CONTENT] OnDocumentLoad triggering AfterOnLoadScripts"}
04-17 01:27:50.933 3538 3569 E eglCodecCommon: glUtilsParamSize: unknow param 0x00008caa
04-17 01:27:50.942 3456 3471 I Gecko :
04-17 01:27:50.942 3456 3471 I Gecko : {"action":"log","time":1744853270942,"thread":null,"pid":null,"source":"reftest","level":"DEBUG","message":"Initializing canvas snapshot"}
04-17 01:27:50.942 3456 3471 I Gecko :
04-17 01:27:50.942 3456 3471 I Gecko : {"action":"log","time":1744853270942,"thread":null,"pid":null,"source":"reftest","level":"DEBUG","message":"DoDrawWindow 0,0,800,1000"}
04-17 01:27:51.019 3538 3569 E eglCodecCommon: glUtilsParamSize: unknow param 0x00008caa
04-17 01:27:51.108 3538 3569 E eglCodecCommon: glUtilsParamSize: unknow param 0x00008caa
04-17 01:27:51.194 3538 3569 E eglCodecCommon: glUtilsParamSize: unknow param 0x00008caa
04-17 01:27:51.281 3538 3569 E eglCodecCommon: glUtilsParamSize: unknow param 0x00008caa
04-17 01:27:51.361 3538 3569 E eglCodecCommon: glUtilsParamSize: unknow param 0x00000d02
04-17 01:27:51.370 3538 3569 E eglCodecCommon: glUtilsParamSize: unknow param 0x00008caa
04-17 01:27:51.399 3456 3471 I Gecko :
04-17 01:27:51.399 3456 3471 I Gecko : {"action":"log","time":1744853271399,"thread":null,"pid":null,"source":"reftest","level":"DEBUG","message":"[CONTENT] RecordResult fired"}
04-17 01:27:51.400 3456 3471 I Gecko :
04-17 01:27:51.400 3456 3471 I Gecko : {"action":"log","time":1744853271400,"thread":null,"pid":null,"source":"reftest","level":"DEBUG","message":"RecordResult fired"}
04-17 01:27:51.401 3456 3471 I Gecko :
04-17 01:27:51.401 3456 3471 I Gecko : {"action":"test_status","time":1744853271401,"thread":null,"pid":null,"source":"reftest","test":"layout/reftests/bugs/244135-1.html == layout/reftests/bugs/244135-1-ref.html","subtest":"image comparison, max difference: 0, number of differing pixels: 0","status":"PASS","extra":{"status_msg":"Pass","modifiers":["==","244135-1.html","244135-1-ref.html"]}}
04-17 01:27:51.401 3456 3471 I Gecko :
04-17 01:27:51.401 3456 3471 I Gecko : {"action":"test_end","time":1744853271401,"thread":null,"pid":null,"source":"reftest","test":"layout/reftests/bugs/244135-1.html == layout/reftests/bugs/244135-1-ref.html","status":"OK"}
04-17 01:27:51.402 3456 3471 I Gecko :
04-17 01:27:51.402 3456 3471 I Gecko : {"action":"log","time":1744853271401,"thread":null,"pid":null,"source":"reftest","level":"DEBUG","message":"Loading a blank page"}
04-17 01:27:51.423 3488 3504 W Web Content: [JavaScript Warning: "This page is in Quirks Mode. Page layout may be impacted. For Standards Mode use “”." {file: "data:text/html;charset=UTF-8,%3C%21%2D%2DCLEAR%2D%2D%3E" line: 0}]
04-17 01:27:51.431 3456 3471 D GeckoViewContent: handleEvent: pagetitlechanged
04-17 01:27:51.442 3456 3471 I Gecko :
04-17 01:27:51.442 3456 3471 I Gecko : {"action":"assertion_count","time":1744853271442,"thread":null,"pid":null,"source":"reftest","test":"layout/reftests/bugs/244135-1.html == layout/reftests/bugs/244135-1-ref.html","min_expected":0,"max_expected":0,"count":0}
04-17 01:27:51.442 3456 3471 I Gecko :
04-17 01:27:51.442 3456 3471 I Gecko : {"action":"test_start","time":1744853271442,"thread":null,"pid":null,"source":"reftest","test":"layout/reftests/bugs/244135-2.html == layout/reftests/bugs/244135-2-ref.html"}
04-17 01:27:51.443 3456 3471 I Gecko : REFTEST TEST-LOAD | http://10.0.2.2:8854/tests/layout/reftests/bugs/244135-2.html | 267 / 2088 (12%)
04-17 01:27:51.443 3456 3471 I Gecko :
04-17 01:27:51.443 3456 3471 I Gecko : {"action":"log","time":1744853271443,"thread":null,"pid":null,"source":"reftest","level":"DEBUG","message":"START http://10.0.2.2:8854/tests/layout/reftests/bugs/244135-2.html"}
04-17 01:27:51.464 3538 3569 E eglCodecCommon: glUtilsParamSize: unknow param 0x00008caa
04-17 01:27:51.490 3488 3504 W Web Content: [JavaScript Warning: "This page is in Quirks Mode. Page layout may be impacted. For Standards Mode use “”." {file: "http://10.0.2.2:8854/tests/layout/reftests/bugs/244135-2.html" line: 0}]
04-17 01:27:51.505 3456 3471 D GeckoViewContent: handleEvent: pagetitlechanged
04-17 01:27:51.519 3456 3471 I Gecko :
04-17 01:27:51.519 3456 3471 I Gecko : {"action":"log","time":1744853271519,"thread":null,"pid":null,"source":"reftest","level":"DEBUG","message":"[CONTENT] OnDocumentLoad triggering AfterOnLoadScripts"}
04-17 01:27:51.539 3456 3471 I Gecko :
04-17 01:27:51.539 3456 3471 I Gecko : {"action":"log","time":1744853271539,"thread":null,"pid":null,"source":"reftest","level":"DEBUG","message":"Initializing canvas snapshot"}
04-17 01:27:51.540 3456 3471 I Gecko :
04-17 01:27:51.540 3456 3471 I Gecko : {"action":"log","time":1744853271540,"thread":null,"pid":null,"source":"reftest","level":"DEBUG","message":"DoDrawWindow 0,0,800,1000"}
04-17 01:27:51.563 3538 3569 E eglCodecCommon: glUtilsParamSize: unknow param 0x00008caa
04-17 01:27:51.705 3538 3569 E eglCodecCommon: glUtilsParamSize: unknow param 0x00008caa
04-17 01:27:51.791 3538 3569 E eglCodecCommon: glUtilsParamSize: unknow param 0x00008caa
04-17 01:27:51.880 3538 3569 E eglCodecCommon: glUtilsParamSize: unknow param 0x00008caa
04-17 01:27:51.960 3538 3569 E eglCodecCommon: glUtilsParamSize: unknow param 0x00000d02
04-17 01:27:51.969 3538 3569 E eglCodecCommon: glUtilsParamSize: unknow param 0x00008caa
04-17 01:27:51.999 3456 3471 I Gecko :
04-17 01:27:51.999 3456 3471 I Gecko : {"action":"log","time":1744853271998,"thread":null,"pid":null,"source":"reftest","level":"DEBUG","message":"[CONTENT] RecordResult fired"}
04-17 01:27:51.999 3456 3471 I Gecko :
04-17 01:27:51.999 3456 3471 I Gecko : {"action":"log","time":1744853271999,"thread":null,"pid":null,"source":"reftest","level":"DEBUG","message":"RecordResult fired"}
04-17 01:27:52.000 3456 3471 I Gecko : REFTEST TEST-LOAD | http://10.0.2.2:8854/tests/layout/reftests/bugs/244135-2-ref.html | 267 / 2088 (12%)
04-17 01:27:52.000 3456 3471 I Gecko :
04-17 01:27:52.000 3456 3471 I Gecko : {"action":"log","time":1744853272000,"thread":null,"pid":null,"source":"reftest","level":"DEBUG","message":"START http://10.0.2.2:8854/tests/layout/reftests/bugs/244135-2-ref.html"}
04-17 01:27:52.038 3488 3504 W Web Content: [JavaScript Warning: "This page is in Quirks Mode. Page layout may be impacted. For Standards Mode use “”." {file: "http://10.0.2.2:8854/tests/layout/reftests/bugs/244135-2-ref.html" line: 0}]
04-17 01:27:52.050 3456 3471 D GeckoViewContent: handleEvent: pagetitlechanged
04-17 01:27:52.062 3456 3471 I Gecko :
04-17 01:27:52.062 3456 3471 I Gecko : {"action":"log","time":1744853272062,"thread":null,"pid":null,"source":"reftest","level":"DEBUG","message":"[CONTENT] OnDocumentLoad triggering AfterOnLoadScripts"}
04-17 01:27:52.083 3538 3569 E eglCodecCommon: glUtilsParamSize: unknow param 0x00008caa
04-17 01:27:52.092 3456 3471 I Gecko :
04-17 01:27:52.092 3456 3471 I Gecko : {"action":"log","time":1744853272091,"thread":null,"pid":null,"source":"reftest","level":"DEBUG","message":"Initializing canvas snapshot"}
04-17 01:27:52.092 3456 3471 I Gecko :
04-17 01:27:52.092 3456 3471 I Gecko : {"action":"log","time":1744853272092,"thread":null,"pid":null,"source":"reftest","level":"DEBUG","message":"DoDrawWindow 0,0,800,1000"}
04-17 01:27:52.169 3538 3569 E eglCodecCommon: glUtilsParamSize: unknow param 0x00008caa
04-17 01:27:52.258 3538 3569 E eglCodecCommon: glUtilsParamSize: unknow param 0x00008caa
04-17 01:27:52.341 3538 3569 E eglCodecCommon: glUtilsParamSize: unknow param 0x00008caa
04-17 01:27:52.427 3538 3569 E eglCodecCommon: glUtilsParamSize: unknow param 0x00008caa
04-17 01:27:52.508 3538 3569 E eglCodecCommon: glUtilsParamSize: unknow param 0x00000d02
04-17 01:27:52.517 3538 3569 E eglCodecCommon: glUtilsParamSize: unknow param 0x00008caa
04-17 01:27:52.545 3456 3471 I Gecko :
04-17 01:27:52.545 3456 3471 I Gecko : {"action":"log","time":1744853272545,"thread":null,"pid":null,"source":"reftest","level":"DEBUG","message":"[CONTENT] RecordResult fired"}
04-17 01:27:52.546 3456 3471 I Gecko :
04-17 01:27:52.546 3456 3471 I Gecko : {"action":"log","time":1744853272546,"thread":null,"pid":null,"source":"reftest","level":"DEBUG","message":"RecordResult fired"}
04-17 01:27:52.547 3456 3471 I Gecko :
04-17 01:27:52.547 3456 3471 I Gecko : {"action":"test_status","time":1744853272547,"thread":null,"pid":null,"source":"reftest","test":"layout/reftests/bugs/244135-2.html == layout/reftests/bugs/244135-2-ref.html","subtest":"image comparison, max difference: 0, number of differing pixels: 0","status":"PASS","extra":{"status_msg":"Pass","modifiers":["==","244135-2.html","244135-2-ref.html"]}}
04-17 01:27:52.548 3456 3471 I Gecko :
04-17 01:27:52.548 3456 3471 I Gecko : {"action":"test_end","time":1744853272548,"thread":null,"pid":null,"source":"reftest","test":"layout/reftests/bugs/244135-2.html == layout/reftests/bugs/244135-2-ref.html","status":"OK"}
04-17 01:27:52.548 3456 3471 I Gecko :
04-17 01:27:52.548 3456 3471 I Gecko : {"action":"log","time":1744853272548,"thread":null,"pid":null,"source":"reftest","level":"DEBUG","message":"Loading a blank page"}
04-17 01:27:52.567 3488 3504 W Web Content: [JavaScript Warning: "This page is in Quirks Mode. Page layout may be impacted. For Standards Mode use “”." {file: "data:text/html;charset=UTF-8,%3C%21%2D%2DCLEAR%2D%2D%3E" line: 0}]
04-17 01:27:52.573 3456 3471 D GeckoViewContent: handleEvent: pagetitlechanged
04-17 01:27:52.582 3456 3471 I Gecko :
04-17 01:27:52.582 3456 3471 I Gecko : {"action":"assertion_count","time":1744853272582,"thread":null,"pid":null,"source":"reftest","test":"layout/reftests/bugs/244135-2.html == layout/reftests/bugs/244135-2-ref.html","min_expected":0,"max_expected":0,"count":0}
04-17 01:27:52.582 3456 3471 I Gecko :
04-17 01:27:52.582 3456 3471 I Gecko : {"action":"test_start","time":1744853272582,"thread":null,"pid":null,"source":"reftest","test":"layout/reftests/bugs/244932-1.html == layout/reftests/bugs/244932-1-ref.html"}
04-17 01:27:52.583 3456 3471 I Gecko : REFTEST TEST-LOAD | http://10.0.2.2:8854/tests/layout/reftests/bugs/244932-1.html | 268 / 2088 (12%)
04-17 01:27:52.583 3456 3471 I Gecko :
04-17 01:27:52.583 3456 3471 I Gecko : {"action":"log","time":1744853272583,"thread":null,"pid":null,"source":"reftest","level":"DEBUG","message":"START http://10.0.2.2:8854/tests/layout/reftests/bugs/244932-1.html"}
04-17 01:27:52.625 3488 3504 W Web Content: [JavaScript Warning: "This page is in Almost Standards Mode. Page layout may be impacted. For Standards Mode use “”." {file: "http://10.0.2.2:8854/tests/layout/reftests/bugs/244932-1.html" line: 0}]
04-17 01:27:52.627 3538 3569 E eglCodecCommon: glUtilsParamSize: unknow param 0x00008caa
04-17 01:27:52.637 3456 3471 D GeckoViewContent: handleEvent: pagetitlechanged
04-17 01:27:52.653 3456 3471 I Gecko :
04-17 01:27:52.653 3456 3471 I Gecko : {"action":"log","time":1744853272653,"thread":null,"pid":null,"source":"reftest","level":"DEBUG","message":"[CONTENT] OnDocumentLoad triggering AfterOnLoadScripts"}
04-17 01:27:52.694 3456 3471 I Gecko :
04-17 01:27:52.694 3456 3471 I Gecko : {"action":"log","time":1744853272694,"thread":null,"pid":null,"source":"reftest","level":"DEBUG","message":"Initializing canvas snapshot"}
04-17 01:27:52.694 3456 3471 I Gecko :
04-17 01:27:52.694 3456 3471 I Gecko : {"action":"log","time":1744853272694,"thread":null,"pid":null,"source":"reftest","level":"DEBUG","message":"DoDrawWindow 0,0,800,1000"}
04-17 01:27:52.731 3538 3569 E eglCodecCommon: glUtilsParamSize: unknow param 0x00008caa
04-17 01:27:52.894 3538 3569 E eglCodecCommon: glUtilsParamSize: unknow param 0x00008caa
04-17 01:27:52.980 3538 3569 E eglCodecCommon: glUtilsParamSize: unknow param 0x00008caa
04-17 01:27:53.067 3538 3569 E eglCodecCommon: glUtilsParamSize: unknow param 0x00008caa
04-17 01:27:53.151 3538 3569 E eglCodecCommon: glUtilsParamSize: unknow param 0x00000d02
04-17 01:27:53.160 3538 3569 E eglCodecCommon: glUtilsParamSize: unknow param 0x00008caa
04-17 01:27:53.241 3456 3471 I Gecko :
04-17 01:27:53.241 3456 3471 I Gecko : {"action":"log","time":1744853273241,"thread":null,"pid":null,"source":"reftest","level":"DEBUG","message":"[CONTENT] RecordResult fired"}
04-17 01:27:53.242 3456 3471 I Gecko :
04-17 01:27:53.242 3456 3471 I Gecko : {"action":"log","time":1744853273242,"thread":null,"pid":null,"source":"reftest","level":"DEBUG","message":"RecordResult fired"}
04-17 01:27:53.242 3456 3471 I Gecko : REFTEST TEST-LOAD | http://10.0.2.2:8854/tests/layout/reftests/bugs/244932-1-ref.html | 268 / 2088 (12%)
04-17 01:27:53.242 3456 3471 I Gecko :
04-17 01:27:53.242 3456 3471 I Gecko : {"action":"log","time":1744853273242,"thread":null,"pid":null,"source":"reftest","level":"DEBUG","message":"START http://10.0.2.2:8854/tests/layout/reftests/bugs/244932-1-ref.html"}
04-17 01:27:53.318 3488 3504 W Web Content: [JavaScript Warning: "This page is in Almost Standards Mode. Page layout may be impacted. For Standards Mode use “”." {file: "http://10.0.2.2:8854/tests/layout/reftests/bugs/244932-1-ref.html" line: 0}]
04-17 01:27:53.329 3456 3471 D GeckoViewContent: handleEvent: pagetitlechanged
04-17 01:27:53.343 3456 3471 I Gecko :
04-17 01:27:53.343 3456 3471 I Gecko : {"action":"log","time":1744853273343,"thread":null,"pid":null,"source":"reftest","level":"DEBUG","message":"[CONTENT] OnDocumentLoad triggering AfterOnLoadScripts"}
04-17 01:27:53.350 3538 3569 E eglCodecCommon: glUtilsParamSize: unknow param 0x00008caa
04-17 01:27:53.373 3456 3471 I Gecko :
04-17 01:27:53.373 3456 3471 I Gecko : {"action":"log","time":1744853273373,"thread":null,"pid":null,"source":"reftest","level":"DEBUG","message":"Initializing canvas snapshot"}
04-17 01:27:53.374 3456 3471 I Gecko :
04-17 01:27:53.374 3456 3471 I Gecko : {"action":"log","time":1744853273373,"thread":null,"pid":null,"source":"reftest","level":"DEBUG","message":"DoDrawWindow 0,0,800,1000"}
04-17 01:27:53.434 3538 3569 E eglCodecCommon: glUtilsParamSize: unknow param 0x00008caa
04-17 01:27:53.527 3538 3569 E eglCodecCommon: glUtilsParamSize: unknow param 0x00008caa
04-17 01:27:53.613 3538 3569 E eglCodecCommon: glUtilsParamSize: unknow param 0x00008caa
04-17 01:27:53.699 3538 3569 E eglCodecCommon: glUtilsParamSize: unknow param 0x00000d02
04-17 01:27:53.711 3538 3569 E eglCodecCommon: glUtilsParamSize: unknow param 0x00008caa
04-17 01:27:53.737 3456 3471 I Gecko :
