04-17 01:25:35.705 3538 3569 E eglCodecCommon: glUtilsParamSize: unknow param 0x00008caa
04-17 01:25:35.784 3538 3569 E eglCodecCommon: glUtilsParamSize: unknow param 0x00000d02
04-17 01:25:35.794 3538 3569 E eglCodecCommon: glUtilsParamSize: unknow param 0x00008caa
04-17 01:25:35.820 3456 3471 I Gecko :
04-17 01:25:35.820 3456 3471 I Gecko : {"action":"log","time":1744853135820,"thread":null,"pid":null,"source":"reftest","level":"DEBUG","message":"[CONTENT] RecordResult fired"}
04-17 01:25:35.821 3456 3471 I Gecko :
04-17 01:25:35.821 3456 3471 I Gecko : {"action":"log","time":1744853135821,"thread":null,"pid":null,"source":"reftest","level":"DEBUG","message":"RecordResult fired"}
04-17 01:25:35.822 3456 3471 I Gecko : REFTEST TEST-LOAD | http://10.0.2.2:8854/tests/layout/reftests/bugs/134706-5-ref.html | 128 / 2088 (6%)
04-17 01:25:35.822 3456 3471 I Gecko :
04-17 01:25:35.822 3456 3471 I Gecko : {"action":"log","time":1744853135822,"thread":null,"pid":null,"source":"reftest","level":"DEBUG","message":"START http://10.0.2.2:8854/tests/layout/reftests/bugs/134706-5-ref.html"}
04-17 01:25:35.882 3456 3471 D GeckoViewContent: handleEvent: pagetitlechanged
04-17 01:25:35.898 3456 3471 I Gecko :
04-17 01:25:35.898 3456 3471 I Gecko : {"action":"log","time":1744853135898,"thread":null,"pid":null,"source":"reftest","level":"DEBUG","message":"[CONTENT] OnDocumentLoad triggering AfterOnLoadScripts"}
04-17 01:25:35.916 3538 3569 E eglCodecCommon: glUtilsParamSize: unknow param 0x00008caa
04-17 01:25:35.929 3456 3471 I Gecko :
04-17 01:25:35.929 3456 3471 I Gecko : {"action":"log","time":1744853135929,"thread":null,"pid":null,"source":"reftest","level":"DEBUG","message":"Initializing canvas snapshot"}
04-17 01:25:35.929 3456 3471 I Gecko :
04-17 01:25:35.929 3456 3471 I Gecko : {"action":"log","time":1744853135929,"thread":null,"pid":null,"source":"reftest","level":"DEBUG","message":"DoDrawWindow 0,0,800,1000"}
04-17 01:25:36.059 3538 3569 E eglCodecCommon: glUtilsParamSize: unknow param 0x00008caa
04-17 01:25:36.152 3538 3569 E eglCodecCommon: glUtilsParamSize: unknow param 0x00008caa
04-17 01:25:36.233 3538 3569 E eglCodecCommon: glUtilsParamSize: unknow param 0x00008caa
04-17 01:25:36.320 3538 3569 E eglCodecCommon: glUtilsParamSize: unknow param 0x00000d02
04-17 01:25:36.329 3538 3569 E eglCodecCommon: glUtilsParamSize: unknow param 0x00008caa
04-17 01:25:36.359 3456 3471 I Gecko :
04-17 01:25:36.359 3456 3471 I Gecko : {"action":"log","time":1744853136359,"thread":null,"pid":null,"source":"reftest","level":"DEBUG","message":"[CONTENT] RecordResult fired"}
04-17 01:25:36.360 3456 3471 I Gecko :
04-17 01:25:36.360 3456 3471 I Gecko : {"action":"log","time":1744853136360,"thread":null,"pid":null,"source":"reftest","level":"DEBUG","message":"RecordResult fired"}
04-17 01:25:36.362 3456 3471 I Gecko :
04-17 01:25:36.362 3456 3471 I Gecko : {"action":"test_status","time":1744853136362,"thread":null,"pid":null,"source":"reftest","test":"layout/reftests/bugs/134706-5.html == layout/reftests/bugs/134706-5-ref.html","subtest":"image comparison, max difference: 0, number of differing pixels: 0","status":"PASS","extra":{"status_msg":"Pass","modifiers":["==","134706-5.html","134706-5-ref.html"]}}
04-17 01:25:36.362 3456 3471 I Gecko :
04-17 01:25:36.362 3456 3471 I Gecko : {"action":"test_end","time":1744853136362,"thread":null,"pid":null,"source":"reftest","test":"layout/reftests/bugs/134706-5.html == layout/reftests/bugs/134706-5-ref.html","status":"OK"}
04-17 01:25:36.362 3456 3471 I Gecko :
04-17 01:25:36.362 3456 3471 I Gecko : {"action":"log","time":1744853136362,"thread":null,"pid":null,"source":"reftest","level":"DEBUG","message":"Loading a blank page"}
04-17 01:25:36.385 3488 3504 W Web Content: [JavaScript Warning: "This page is in Quirks Mode. Page layout may be impacted. For Standards Mode use “”." {file: "data:text/html;charset=UTF-8,%3C%21%2D%2DCLEAR%2D%2D%3E" line: 0}]
04-17 01:25:36.391 3456 3471 D GeckoViewContent: handleEvent: pagetitlechanged
04-17 01:25:36.408 3456 3471 I Gecko :
04-17 01:25:36.408 3456 3471 I Gecko : {"action":"assertion_count","time":1744853136408,"thread":null,"pid":null,"source":"reftest","test":"layout/reftests/bugs/134706-5.html == layout/reftests/bugs/134706-5-ref.html","min_expected":0,"max_expected":0,"count":0}
04-17 01:25:36.408 3456 3471 I Gecko :
04-17 01:25:36.408 3456 3471 I Gecko : {"action":"test_start","time":1744853136408,"thread":null,"pid":null,"source":"reftest","test":"layout/reftests/bugs/134706-6.html == layout/reftests/bugs/134706-6-ref.html"}
04-17 01:25:36.409 3456 3471 I Gecko : REFTEST TEST-LOAD | http://10.0.2.2:8854/tests/layout/reftests/bugs/134706-6.html | 129 / 2088 (6%)
04-17 01:25:36.409 3456 3471 I Gecko :
04-17 01:25:36.409 3456 3471 I Gecko : {"action":"log","time":1744853136409,"thread":null,"pid":null,"source":"reftest","level":"DEBUG","message":"START http://10.0.2.2:8854/tests/layout/reftests/bugs/134706-6.html"}
04-17 01:25:36.441 3538 3569 E eglCodecCommon: glUtilsParamSize: unknow param 0x00008caa
04-17 01:25:36.472 3456 3471 D GeckoViewContent: handleEvent: pagetitlechanged
04-17 01:25:36.490 3456 3471 I Gecko :
04-17 01:25:36.490 3456 3471 I Gecko : {"action":"log","time":1744853136490,"thread":null,"pid":null,"source":"reftest","level":"DEBUG","message":"[CONTENT] OnDocumentLoad triggering AfterOnLoadScripts"}
04-17 01:25:36.525 3456 3471 I Gecko :
04-17 01:25:36.525 3456 3471 I Gecko : {"action":"log","time":1744853136524,"thread":null,"pid":null,"source":"reftest","level":"DEBUG","message":"Initializing canvas snapshot"}
04-17 01:25:36.525 3456 3471 I Gecko :
04-17 01:25:36.525 3456 3471 I Gecko : {"action":"log","time":1744853136525,"thread":null,"pid":null,"source":"reftest","level":"DEBUG","message":"DoDrawWindow 0,0,800,1000"}
04-17 01:25:36.536 3538 3569 E eglCodecCommon: glUtilsParamSize: unknow param 0x00008caa
04-17 01:25:36.680 3538 3569 E eglCodecCommon: glUtilsParamSize: unknow param 0x00008caa
04-17 01:25:36.769 3538 3569 E eglCodecCommon: glUtilsParamSize: unknow param 0x00008caa
04-17 01:25:36.862 3538 3569 E eglCodecCommon: glUtilsParamSize: unknow param 0x00008caa
04-17 01:25:36.950 3538 3569 E eglCodecCommon: glUtilsParamSize: unknow param 0x00000d02
04-17 01:25:36.962 3538 3569 E eglCodecCommon: glUtilsParamSize: unknow param 0x00008caa
04-17 01:25:36.989 3456 3471 I Gecko :
04-17 01:25:36.989 3456 3471 I Gecko : {"action":"log","time":1744853136989,"thread":null,"pid":null,"source":"reftest","level":"DEBUG","message":"[CONTENT] RecordResult fired"}
04-17 01:25:36.993 3456 3471 I Gecko :
04-17 01:25:36.993 3456 3471 I Gecko : {"action":"log","time":1744853136993,"thread":null,"pid":null,"source":"reftest","level":"DEBUG","message":"RecordResult fired"}
04-17 01:25:36.994 3456 3471 I Gecko : REFTEST TEST-LOAD | http://10.0.2.2:8854/tests/layout/reftests/bugs/134706-6-ref.html | 129 / 2088 (6%)
04-17 01:25:36.994 3456 3471 I Gecko :
04-17 01:25:36.994 3456 3471 I Gecko : {"action":"log","time":1744853136994,"thread":null,"pid":null,"source":"reftest","level":"DEBUG","message":"START http://10.0.2.2:8854/tests/layout/reftests/bugs/134706-6-ref.html"}
04-17 01:25:37.064 3456 3471 D GeckoViewContent: handleEvent: pagetitlechanged
04-17 01:25:37.074 3456 3471 I Gecko :
04-17 01:25:37.074 3456 3471 I Gecko : {"action":"log","time":1744853137074,"thread":null,"pid":null,"source":"reftest","level":"DEBUG","message":"[CONTENT] OnDocumentLoad triggering AfterOnLoadScripts"}
04-17 01:25:37.080 3538 3569 E eglCodecCommon: glUtilsParamSize: unknow param 0x00008caa
04-17 01:25:37.106 3456 3471 I Gecko :
04-17 01:25:37.106 3456 3471 I Gecko : {"action":"log","time":1744853137106,"thread":null,"pid":null,"source":"reftest","level":"DEBUG","message":"Initializing canvas snapshot"}
04-17 01:25:37.106 3456 3471 I Gecko :
04-17 01:25:37.106 3456 3471 I Gecko : {"action":"log","time":1744853137106,"thread":null,"pid":null,"source":"reftest","level":"DEBUG","message":"DoDrawWindow 0,0,800,1000"}
04-17 01:25:37.213 3538 3569 E eglCodecCommon: glUtilsParamSize: unknow param 0x00008caa
04-17 01:25:37.302 3538 3569 E eglCodecCommon: glUtilsParamSize: unknow param 0x00008caa
04-17 01:25:37.390 3538 3569 E eglCodecCommon: glUtilsParamSize: unknow param 0x00008caa
04-17 01:25:37.475 3538 3569 E eglCodecCommon: glUtilsParamSize: unknow param 0x00000d02
04-17 01:25:37.485 3538 3569 E eglCodecCommon: glUtilsParamSize: unknow param 0x00008caa
04-17 01:25:37.517 3456 3471 I Gecko :
04-17 01:25:37.517 3456 3471 I Gecko : {"action":"log","time":1744853137517,"thread":null,"pid":null,"source":"reftest","level":"DEBUG","message":"[CONTENT] RecordResult fired"}
04-17 01:25:37.518 3456 3471 I Gecko :
04-17 01:25:37.518 3456 3471 I Gecko : {"action":"log","time":1744853137518,"thread":null,"pid":null,"source":"reftest","level":"DEBUG","message":"RecordResult fired"}
04-17 01:25:37.519 3456 3471 I Gecko :
04-17 01:25:37.519 3456 3471 I Gecko : {"action":"test_status","time":1744853137519,"thread":null,"pid":null,"source":"reftest","test":"layout/reftests/bugs/134706-6.html == layout/reftests/bugs/134706-6-ref.html","subtest":"image comparison, max difference: 0, number of differing pixels: 0","status":"PASS","extra":{"status_msg":"Pass","modifiers":["==","134706-6.html","134706-6-ref.html"]}}
04-17 01:25:37.519 3456 3471 I Gecko :
04-17 01:25:37.519 3456 3471 I Gecko : {"action":"test_end","time":1744853137519,"thread":null,"pid":null,"source":"reftest","test":"layout/reftests/bugs/134706-6.html == layout/reftests/bugs/134706-6-ref.html","status":"OK"}
04-17 01:25:37.520 3456 3471 I Gecko :
04-17 01:25:37.520 3456 3471 I Gecko : {"action":"log","time":1744853137519,"thread":null,"pid":null,"source":"reftest","level":"DEBUG","message":"Loading a blank page"}
04-17 01:25:37.540 3488 3504 W Web Content: [JavaScript Warning: "This page is in Quirks Mode. Page layout may be impacted. For Standards Mode use “”." {file: "data:text/html;charset=UTF-8,%3C%21%2D%2DCLEAR%2D%2D%3E" line: 0}]
04-17 01:25:37.549 3456 3471 D GeckoViewContent: handleEvent: pagetitlechanged
04-17 01:25:37.558 3456 3471 I Gecko :
04-17 01:25:37.558 3456 3471 I Gecko : {"action":"assertion_count","time":1744853137558,"thread":null,"pid":null,"source":"reftest","test":"layout/reftests/bugs/134706-6.html == layout/reftests/bugs/134706-6-ref.html","min_expected":0,"max_expected":0,"count":0}
04-17 01:25:37.558 3456 3471 I Gecko :
04-17 01:25:37.558 3456 3471 I Gecko : {"action":"test_start","time":1744853137558,"thread":null,"pid":null,"source":"reftest","test":"layout/reftests/bugs/134706-7.html == layout/reftests/bugs/134706-7-ref.html"}
04-17 01:25:37.559 3456 3471 I Gecko : REFTEST TEST-LOAD | http://10.0.2.2:8854/tests/layout/reftests/bugs/134706-7.html | 130 / 2088 (6%)
04-17 01:25:37.559 3456 3471 I Gecko :
04-17 01:25:37.559 3456 3471 I Gecko : {"action":"log","time":1744853137559,"thread":null,"pid":null,"source":"reftest","level":"DEBUG","message":"START http://10.0.2.2:8854/tests/layout/reftests/bugs/134706-7.html"}
04-17 01:25:37.594 3538 3569 E eglCodecCommon: glUtilsParamSize: unknow param 0x00008caa
04-17 01:25:37.623 3456 3471 D GeckoViewContent: handleEvent: pagetitlechanged
04-17 01:25:37.646 3456 3471 I Gecko :
04-17 01:25:37.646 3456 3471 I Gecko : {"action":"log","time":1744853137646,"thread":null,"pid":null,"source":"reftest","level":"DEBUG","message":"[CONTENT] OnDocumentLoad triggering AfterOnLoadScripts"}
04-17 01:25:37.671 3456 3471 I Gecko :
04-17 01:25:37.671 3456 3471 I Gecko : {"action":"log","time":1744853137671,"thread":null,"pid":null,"source":"reftest","level":"DEBUG","message":"Initializing canvas snapshot"}
04-17 01:25:37.671 3456 3471 I Gecko :
04-17 01:25:37.671 3456 3471 I Gecko : {"action":"log","time":1744853137671,"thread":null,"pid":null,"source":"reftest","level":"DEBUG","message":"DoDrawWindow 0,0,800,1000"}
04-17 01:25:37.697 3538 3569 E eglCodecCommon: glUtilsParamSize: unknow param 0x00008caa
04-17 01:25:37.824 3538 3569 E eglCodecCommon: glUtilsParamSize: unknow param 0x00008caa
04-17 01:25:37.914 3538 3569 E eglCodecCommon: glUtilsParamSize: unknow param 0x00008caa
04-17 01:25:38.005 3538 3569 E eglCodecCommon: glUtilsParamSize: unknow param 0x00008caa
04-17 01:25:38.093 3538 3569 E eglCodecCommon: glUtilsParamSize: unknow param 0x00000d02
04-17 01:25:38.102 3538 3569 E eglCodecCommon: glUtilsParamSize: unknow param 0x00008caa
04-17 01:25:38.131 3456 3471 I Gecko :
04-17 01:25:38.131 3456 3471 I Gecko : {"action":"log","time":1744853138131,"thread":null,"pid":null,"source":"reftest","level":"DEBUG","message":"[CONTENT] RecordResult fired"}
04-17 01:25:38.132 3456 3471 I Gecko :
04-17 01:25:38.132 3456 3471 I Gecko : {"action":"log","time":1744853138132,"thread":null,"pid":null,"source":"reftest","level":"DEBUG","message":"RecordResult fired"}
04-17 01:25:38.133 3456 3471 I Gecko : REFTEST TEST-LOAD | http://10.0.2.2:8854/tests/layout/reftests/bugs/134706-7-ref.html | 130 / 2088 (6%)
04-17 01:25:38.133 3456 3471 I Gecko :
04-17 01:25:38.133 3456 3471 I Gecko : {"action":"log","time":1744853138133,"thread":null,"pid":null,"source":"reftest","level":"DEBUG","message":"START http://10.0.2.2:8854/tests/layout/reftests/bugs/134706-7-ref.html"}
04-17 01:25:38.184 3456 3471 D GeckoViewContent: handleEvent: pagetitlechanged
04-17 01:25:38.207 3456 3471 I Gecko :
04-17 01:25:38.207 3456 3471 I Gecko : {"action":"log","time":1744853138207,"thread":null,"pid":null,"source":"reftest","level":"DEBUG","message":"[CONTENT] OnDocumentLoad triggering AfterOnLoadScripts"}
04-17 01:25:38.215 3538 3569 E eglCodecCommon: glUtilsParamSize: unknow param 0x00008caa
04-17 01:25:38.223 3456 3471 I Gecko :
04-17 01:25:38.223 3456 3471 I Gecko : {"action":"log","time":1744853138223,"thread":null,"pid":null,"source":"reftest","level":"DEBUG","message":"Initializing canvas snapshot"}
04-17 01:25:38.223 3456 3471 I Gecko :
04-17 01:25:38.223 3456 3471 I Gecko : {"action":"log","time":1744853138223,"thread":null,"pid":null,"source":"reftest","level":"DEBUG","message":"DoDrawWindow 0,0,800,1000"}
04-17 01:25:38.340 3538 3569 E eglCodecCommon: glUtilsParamSize: unknow param 0x00008caa
04-17 01:25:38.436 3538 3569 E eglCodecCommon: glUtilsParamSize: unknow param 0x00008caa
04-17 01:25:38.527 3538 3569 E eglCodecCommon: glUtilsParamSize: unknow param 0x00008caa
04-17 01:25:38.613 3538 3569 E eglCodecCommon: glUtilsParamSize: unknow param 0x00000d02
04-17 01:25:38.623 3538 3569 E eglCodecCommon: glUtilsParamSize: unknow param 0x00008caa
04-17 01:25:38.654 3456 3471 I Gecko :
04-17 01:25:38.654 3456 3471 I Gecko : {"action":"log","time":1744853138653,"thread":null,"pid":null,"source":"reftest","level":"DEBUG","message":"[CONTENT] RecordResult fired"}
04-17 01:25:38.654 3456 3471 I Gecko :
04-17 01:25:38.654 3456 3471 I Gecko : {"action":"log","time":1744853138654,"thread":null,"pid":null,"source":"reftest","level":"DEBUG","message":"RecordResult fired"}
04-17 01:25:38.656 3456 3471 I Gecko :
04-17 01:25:38.656 3456 3471 I Gecko : {"action":"test_status","time":1744853138656,"thread":null,"pid":null,"source":"reftest","test":"layout/reftests/bugs/134706-7.html == layout/reftests/bugs/134706-7-ref.html","subtest":"image comparison, max difference: 0, number of differing pixels: 0","status":"PASS","extra":{"status_msg":"Pass","modifiers":["==","134706-7.html","134706-7-ref.html"]}}
04-17 01:25:38.656 3456 3471 I Gecko :
04-17 01:25:38.656 3456 3471 I Gecko : {"action":"test_end","time":1744853138656,"thread":null,"pid":null,"source":"reftest","test":"layout/reftests/bugs/134706-7.html == layout/reftests/bugs/134706-7-ref.html","status":"OK"}
04-17 01:25:38.656 3456 3471 I Gecko :
04-17 01:25:38.656 3456 3471 I Gecko : {"action":"log","time":1744853138656,"thread":null,"pid":null,"source":"reftest","level":"DEBUG","message":"Loading a blank page"}
04-17 01:25:38.680 3488 3504 W Web Content: [JavaScript Warning: "This page is in Quirks Mode. Page layout may be impacted. For Standards Mode use “”." {file: "data:text/html;charset=UTF-8,%3C%21%2D%2DCLEAR%2D%2D%3E" line: 0}]
04-17 01:25:38.686 3456 3471 D GeckoViewContent: handleEvent: pagetitlechanged
04-17 01:25:38.696 3456 3471 I Gecko :
04-17 01:25:38.696 3456 3471 I Gecko : {"action":"assertion_count","time":1744853138696,"thread":null,"pid":null,"source":"reftest","test":"layout/reftests/bugs/134706-7.html == layout/reftests/bugs/134706-7-ref.html","min_expected":0,"max_expected":0,"count":0}
04-17 01:25:38.696 3456 3471 I Gecko :
04-17 01:25:38.696 3456 3471 I Gecko : {"action":"test_start","time":1744853138696,"thread":null,"pid":null,"source":"reftest","test":"layout/reftests/bugs/139550-1a.html == layout/reftests/bugs/139550-1-ref.html"}
04-17 01:25:38.697 3456 3471 I Gecko : REFTEST TEST-LOAD | http://10.0.2.2:8854/tests/layout/reftests/bugs/139550-1a.html | 131 / 2088 (6%)
04-17 01:25:38.697 3456 3471 I Gecko :
04-17 01:25:38.697 3456 3471 I Gecko : {"action":"log","time":1744853138697,"thread":null,"pid":null,"source":"reftest","level":"DEBUG","message":"START http://10.0.2.2:8854/tests/layout/reftests/bugs/139550-1a.html"}
04-17 01:25:38.727 3538 3569 E eglCodecCommon: glUtilsParamSize: unknow param 0x00008caa
04-17 01:25:38.745 3488 3504 W Web Content: [JavaScript Warning: "This page is in Almost Standards Mode. Page layout may be impacted. For Standards Mode use “”." {file: "http://10.0.2.2:8854/tests/layout/reftests/bugs/139550-1a.html" line: 0}]
04-17 01:25:38.756 3456 3471 D GeckoViewContent: handleEvent: pagetitlechanged
04-17 01:25:38.772 3456 3471 I Gecko :
04-17 01:25:38.772 3456 3471 I Gecko : {"action":"log","time":1744853138772,"thread":null,"pid":null,"source":"reftest","level":"DEBUG","message":"[CONTENT] OnDocumentLoad triggering AfterOnLoadScripts"}
04-17 01:25:38.810 3456 3471 I Gecko :
04-17 01:25:38.810 3456 3471 I Gecko : {"action":"log","time":1744853138810,"thread":null,"pid":null,"source":"reftest","level":"DEBUG","message":"Initializing canvas snapshot"}
04-17 01:25:38.810 3456 3471 I Gecko :
04-17 01:25:38.810 3456 3471 I Gecko : {"action":"log","time":1744853138810,"thread":null,"pid":null,"source":"reftest","level":"DEBUG","message":"DoDrawWindow 0,0,800,1000"}
04-17 01:25:38.824 3538 3569 E eglCodecCommon: glUtilsParamSize: unknow param 0x00008caa
04-17 01:25:38.961 3538 3569 E eglCodecCommon: glUtilsParamSize: unknow param 0x00008caa
04-17 01:25:39.056 3538 3569 E eglCodecCommon: glUtilsParamSize: unknow param 0x00008caa
04-17 01:25:39.142 3538 3569 E eglCodecCommon: glUtilsParamSize: unknow param 0x00008caa
04-17 01:25:39.224 3538 3569 E eglCodecCommon: glUtilsParamSize: unknow param 0x00000d02
04-17 01:25:39.233 3538 3569 E eglCodecCommon: glUtilsParamSize: unknow param 0x00008caa
04-17 01:25:39.263 3456 3471 I Gecko :
04-17 01:25:39.263 3456 3471 I Gecko : {"action":"log","time":1744853139263,"thread":null,"pid":null,"source":"reftest","level":"DEBUG","message":"[CONTENT] RecordResult fired"}
04-17 01:25:39.264 3456 3471 I Gecko :
04-17 01:25:39.264 3456 3471 I Gecko : {"action":"log","time":1744853139264,"thread":null,"pid":null,"source":"reftest","level":"DEBUG","message":"RecordResult fired"}
04-17 01:25:39.264 3456 3471 I Gecko : REFTEST TEST-LOAD | http://10.0.2.2:8854/tests/layout/reftests/bugs/139550-1-ref.html | 131 / 2088 (6%)
04-17 01:25:39.265 3456 3471 I Gecko :
04-17 01:25:39.265 3456 3471 I Gecko : {"action":"log","time":1744853139265,"thread":null,"pid":null,"source":"reftest","level":"DEBUG","message":"START http://10.0.2.2:8854/tests/layout/reftests/bugs/139550-1-ref.html"}
04-17 01:25:39.305 3488 3504 W Web Content: [JavaScript Warning: "This page is in Almost Standards Mode. Page layout may be impacted. For Standards Mode use “”." {file: "http://10.0.2.2:8854/tests/layout/reftests/bugs/139550-1-ref.html" line: 0}]
04-17 01:25:39.316 3456 3471 D GeckoViewContent: handleEvent: pagetitlechanged
04-17 01:25:39.331 3456 3471 I Gecko :
04-17 01:25:39.331 3456 3471 I Gecko : {"action":"log","time":1744853139330,"thread":null,"pid":null,"source":"reftest","level":"DEBUG","message":"[CONTENT] OnDocumentLoad triggering AfterOnLoadScripts"}
04-17 01:25:39.347 3538 3569 E eglCodecCommon: glUtilsParamSize: unknow param 0x00008caa
04-17 01:25:39.365 3456 3471 I Gecko :
04-17 01:25:39.365 3456 3471 I Gecko : {"action":"log","time":1744853139365,"thread":null,"pid":null,"source":"reftest","level":"DEBUG","message":"Initializing canvas snapshot"}
04-17 01:25:39.366 3456 3471 I Gecko :
04-17 01:25:39.366 3456 3471 I Gecko : {"action":"log","time":1744853139365,"thread":null,"pid":null,"source":"reftest","level":"DEBUG","message":"DoDrawWindow 0,0,800,1000"}
04-17 01:25:39.442 3538 3569 E eglCodecCommon: glUtilsParamSize: unknow param 0x00008caa
04-17 01:25:39.533 3538 3569 E eglCodecCommon: glUtilsParamSize: unknow param 0x00008caa
04-17 01:25:39.625 3538 3569 E eglCodecCommon: glUtilsParamSize: unknow param 0x00008caa
04-17 01:25:39.706 3538 3569 E eglCodecCommon: glUtilsParamSize: unknow param 0x00000d02
04-17 01:25:39.733 3538 3569 E eglCodecCommon: glUtilsParamSize: unknow param 0x00008caa
04-17 01:25:39.745 3456 3471 I Gecko :
04-17 01:25:39.745 3456 3471 I Gecko : {"action":"log","time":1744853139745,"thread":null,"pid":null,"source":"reftest","level":"DEBUG","message":"[CONTENT] RecordResult fired"}
04-17 01:25:39.746 3456 3471 I Gecko :
04-17 01:25:39.746 3456 3471 I Gecko : {"action":"log","time":1744853139746,"thread":null,"pid":null,"source":"reftest","level":"DEBUG","message":"RecordResult fired"}
04-17 01:25:39.747 3456 3471 I Gecko :
04-17 01:25:39.747 3456 3471 I Gecko : {"action":"test_status","time":1744853139747,"thread":null,"pid":null,"source":"reftest","test":"layout/reftests/bugs/139550-1a.html == layout/reftests/bugs/139550-1-ref.html","subtest":"image comparison, max difference: 0, number of differing pixels: 0","status":"PASS","extra":{"status_msg":"Pass","modifiers":["==","139550-1a.html","139550-1-ref.html"]}}
04-17 01:25:39.747 3456 3471 I Gecko :
04-17 01:25:39.747 3456 3471 I Gecko : {"action":"test_end","time":1744853139747,"thread":null,"pid":null,"source":"reftest","test":"layout/reftests/bugs/139550-1a.html == layout/reftests/bugs/139550-1-ref.html","status":"OK"}
04-17 01:25:39.747 3456 3471 I Gecko :
04-17 01:25:39.747 3456 3471 I Gecko : {"action":"log","time":1744853139747,"thread":null,"pid":null,"source":"reftest","level":"DEBUG","message":"Loading a blank page"}
04-17 01:25:39.770 3488 3504 W Web Content: [JavaScript Warning: "This page is in Quirks Mode. Page layout may be impacted. For Standards Mode use “”." {file: "data:text/html;charset=UTF-8,%3C%21%2D%2DCLEAR%2D%2D%3E" line: 0}]
04-17 01:25:39.780 3456 3471 D GeckoViewContent: handleEvent: pagetitlechanged
04-17 01:25:39.788 3456 3471 I Gecko :
04-17 01:25:39.788 3456 3471 I Gecko : {"action":"assertion_count","time":1744853139788,"thread":null,"pid":null,"source":"reftest","test":"layout/reftests/bugs/139550-1a.html == layout/reftests/bugs/139550-1-ref.html","min_expected":0,"max_expected":0,"count":0}
04-17 01:25:39.788 3456 3471 I Gecko :
04-17 01:25:39.788 3456 3471 I Gecko : {"action":"test_start","time":1744853139788,"thread":null,"pid":null,"source":"reftest","test":"layout/reftests/bugs/139550-1b.html == layout/reftests/bugs/139550-1-ref.html"}
04-17 01:25:39.789 3456 3471 I Gecko : REFTEST TEST-LOAD | http://10.0.2.2:8854/tests/layout/reftests/bugs/139550-1b.html | 132 / 2088 (6%)
04-17 01:25:39.789 3456 3471 I Gecko :
04-17 01:25:39.789 3456 3471 I Gecko : {"action":"log","time":1744853139789,"thread":null,"pid":null,"source":"reftest","level":"DEBUG","message":"START http://10.0.2.2:8854/tests/layout/reftests/bugs/139550-1b.html"}
04-17 01:25:39.831 3488 3504 W Web Content: [JavaScript Warning: "This page is in Almost Standards Mode. Page layout may be impacted. For Standards Mode use “”." {file: "http://10.0.2.2:8854/tests/layout/reftests/bugs/139550-1b.html" line: 0}]
04-17 01:25:39.835 3538 3569 E eglCodecCommon: glUtilsParamSize: unknow param 0x00008caa
04-17 01:25:39.840 3456 3471 D GeckoViewContent: handleEvent: pagetitlechanged
04-17 01:25:39.856 3456 3471 I Gecko :
04-17 01:25:39.856 3456 3471 I Gecko : {"action":"log","time":1744853139856,"thread":null,"pid":null,"source":"reftest","level":"DEBUG","message":"[CONTENT] OnDocumentLoad triggering AfterOnLoadScripts"}
04-17 01:25:39.870 3456 3471 I Gecko :
04-17 01:25:39.870 3456 3471 I Gecko : {"action":"log","time":1744853139870,"thread":null,"pid":null,"source":"reftest","level":"DEBUG","message":"Initializing canvas snapshot"}
04-17 01:25:39.870 3456 3471 I Gecko :
04-17 01:25:39.870 3456 3471 I Gecko : {"action":"log","time":1744853139870,"thread":null,"pid":null,"source":"reftest","level":"DEBUG","message":"DoDrawWindow 0,0,800,1000"}
04-17 01:25:39.937 3538 3569 E eglCodecCommon: glUtilsParamSize: unknow param 0x00008caa
04-17 01:25:40.081 3538 3569 E eglCodecCommon: glUtilsParamSize: unknow param 0x00008caa
04-17 01:25:40.170 3538 3569 E eglCodecCommon: glUtilsParamSize: unknow param 0x00008caa
04-17 01:25:40.255 3538 3569 E eglCodecCommon: glUtilsParamSize: unknow param 0x00008caa
04-17 01:25:40.339 3538 3569 E eglCodecCommon: glUtilsParamSize: unknow param 0x00000d02
04-17 01:25:40.348 3538 3569 E eglCodecCommon: glUtilsParamSize: unknow param 0x00008caa
04-17 01:25:40.377 3456 3471 I Gecko :
04-17 01:25:40.377 3456 3471 I Gecko : {"action":"log","time":1744853140376,"thread":null,"pid":null,"source":"reftest","level":"DEBUG","message":"[CONTENT] RecordResult fired"}
04-17 01:25:40.377 3456 3471 I Gecko :
04-17 01:25:40.377 3456 3471 I Gecko : {"action":"log","time":1744853140377,"thread":null,"pid":null,"source":"reftest","level":"DEBUG","message":"RecordResult fired"}
04-17 01:25:40.379 3456 3471 I Gecko :
04-17 01:25:40.379 3456 3471 I Gecko : {"action":"log","time":1744853140379,"thread":null,"pid":null,"source":"reftest","level":"DEBUG","message":"RecordResult fired"}
04-17 01:25:40.380 3456 3471 I Gecko :
04-17 01:25:40.380 3456 3471 I Gecko : {"action":"test_status","time":1744853140380,"thread":null,"pid":null,"source":"reftest","test":"layout/reftests/bugs/139550-1b.html == layout/reftests/bugs/139550-1-ref.html","subtest":"image comparison, max difference: 0, number of differing pixels: 0","status":"PASS","extra":{"status_msg":"Pass","modifiers":["==","139550-1b.html","139550-1-ref.html"]}}
04-17 01:25:40.380 3456 3471 I Gecko :
04-17 01:25:40.380 3456 3471 I Gecko : {"action":"test_end","time":1744853140380,"thread":null,"pid":null,"source":"reftest","test":"layout/reftests/bugs/139550-1b.html == layout/reftests/bugs/139550-1-ref.html","status":"OK"}
04-17 01:25:40.381 3456 3471 I Gecko :
04-17 01:25:40.381 3456 3471 I Gecko : {"action":"log","time":1744853140381,"thread":null,"pid":null,"source":"reftest","level":"DEBUG","message":"Loading a blank page"}
04-17 01:25:40.401 3488 3504 W Web Content: [JavaScript Warning: "This page is in Quirks Mode. Page layout may be impacted. For Standards Mode use “”." {file: "data:text/html;charset=UTF-8,%3C%21%2D%2DCLEAR%2D%2D%3E" line: 0}]
04-17 01:25:40.407 3456 3471 D GeckoViewContent: handleEvent: pagetitlechanged
04-17 01:25:40.416 3456 3471 I Gecko :
04-17 01:25:40.416 3456 3471 I Gecko : {"action":"assertion_count","time":1744853140416,"thread":null,"pid":null,"source":"reftest","test":"layout/reftests/bugs/139550-1b.html == layout/reftests/bugs/139550-1-ref.html","min_expected":0,"max_expected":0,"count":0}
04-17 01:25:40.416 3456 3471 I Gecko :
04-17 01:25:40.416 3456 3471 I Gecko : {"action":"test_start","time":1744853140416,"thread":null,"pid":null,"source":"reftest","test":"layout/reftests/bugs/142233-1.html == layout/reftests/bugs/142233-1-ref.html"}
04-17 01:25:40.417 3456 3471 I Gecko : REFTEST TEST-LOAD | http://10.0.2.2:8854/tests/layout/reftests/bugs/142233-1.html | 133 / 2088 (6%)
04-17 01:25:40.417 3456 3471 I Gecko :
04-17 01:25:40.417 3456 3471 I Gecko : {"action":"log","time":1744853140417,"thread":null,"pid":null,"source":"reftest","level":"DEBUG","message":"START http://10.0.2.2:8854/tests/layout/reftests/bugs/142233-1.html"}
04-17 01:25:40.445 3538 3569 E eglCodecCommon: glUtilsParamSize: unknow param 0x00008caa
04-17 01:25:40.455 3488 3504 W Web Content: [JavaScript Warning: "This page is in Quirks Mode. Page layout may be impacted. For Standards Mode use “”." {file: "http://10.0.2.2:8854/tests/layout/reftests/bugs/142233-1.html" line: 0}]
04-17 01:25:40.470 3456 3471 D GeckoViewContent: handleEvent: pagetitlechanged
04-17 01:25:40.481 3456 3471 I Gecko :
04-17 01:25:40.481 3456 3471 I Gecko : {"action":"log","time":1744853140481,"thread":null,"pid":null,"source":"reftest","level":"DEBUG","message":"[CONTENT] OnDocumentLoad triggering AfterOnLoadScripts"}
04-17 01:25:40.506 3456 3471 I Gecko :
04-17 01:25:40.506 3456 3471 I Gecko : {"action":"log","time":1744853140506,"thread":null,"pid":null,"source":"reftest","level":"DEBUG","message":"Initializing canvas snapshot"}
04-17 01:25:40.506 3456 3471 I Gecko :
04-17 01:25:40.506 3456 3471 I Gecko : {"action":"log","time":1744853140506,"thread":null,"pid":null,"source":"reftest","level":"DEBUG","message":"DoDrawWindow 0,0,800,1000"}
04-17 01:25:40.538 3538 3569 E eglCodecCommon: glUtilsParamSize: unknow param 0x00008caa
04-17 01:25:40.717 3538 3569 E eglCodecCommon: glUtilsParamSize: unknow param 0x00008caa
04-17 01:25:40.809 3538 3569 E eglCodecCommon: glUtilsParamSize: unknow param 0x00008caa
04-17 01:25:40.897 3538 3569 E eglCodecCommon: glUtilsParamSize: unknow param 0x00008caa
04-17 01:25:40.980 3538 3569 E eglCodecCommon: glUtilsParamSize: unknow param 0x00000d02
04-17 01:25:40.989 3538 3569 E eglCodecCommon: glUtilsParamSize: unknow param 0x00008caa
04-17 01:25:41.067 3456 3471 I Gecko :
04-17 01:25:41.067 3456 3471 I Gecko : {"action":"log","time":1744853141066,"thread":null,"pid":null,"source":"reftest","level":"DEBUG","message":"[CONTENT] RecordResult fired"}
04-17 01:25:41.067 3456 3471 I Gecko :
04-17 01:25:41.067 3456 3471 I Gecko : {"action":"log","time":1744853141067,"thread":null,"pid":null,"source":"reftest","level":"DEBUG","message":"RecordResult fired"}
04-17 01:25:41.068 3456 3471 I Gecko : REFTEST TEST-LOAD | http://10.0.2.2:8854/tests/layout/reftests/bugs/142233-1-ref.html | 133 / 2088 (6%)
04-17 01:25:41.068 3456 3471 I Gecko :
04-17 01:25:41.068 3456 3471 I Gecko : {"action":"log","time":1744853141068,"thread":null,"pid":null,"source":"reftest","level":"DEBUG","message":"START http://10.0.2.2:8854/tests/layout/reftests/bugs/142233-1-ref.html"}
04-17 01:25:41.144 3488 3504 W Web Content: [JavaScript Warning: "This page is in Quirks Mode. Page layout may be impacted. For Standards Mode use “”." {file: "http://10.0.2.2:8854/tests/layout/reftests/bugs/142233-1-ref.html" line: 0}]
04-17 01:25:41.153 3456 3471 D GeckoViewContent: handleEvent: pagetitlechanged
04-17 01:25:41.166 3456 3471 I Gecko :
04-17 01:25:41.166 3456 3471 I Gecko : {"action":"log","time":1744853141165,"thread":null,"pid":null,"source":"reftest","level":"DEBUG","message":"[CONTENT] OnDocumentLoad triggering AfterOnLoadScripts"}
04-17 01:25:41.180 3538 3569 E eglCodecCommon: glUtilsParamSize: unknow param 0x00008caa
04-17 01:25:41.187 3456 3471 I Gecko :
04-17 01:25:41.187 3456 3471 I Gecko : {"action":"log","time":1744853141187,"thread":null,"pid":null,"source":"reftest","level":"DEBUG","message":"Initializing canvas snapshot"}
04-17 01:25:41.187 3456 3471 I Gecko :
04-17 01:25:41.187 3456 3471 I Gecko : {"action":"log","time":1744853141187,"thread":null,"pid":null,"source":"reftest","level":"DEBUG","message":"DoDrawWindow 0,0,800,1000"}
04-17 01:25:41.270 3538 3569 E eglCodecCommon: glUtilsParamSize: unknow param 0x00008caa
04-17 01:25:41.358 3538 3569 E eglCodecCommon: glUtilsParamSize: unknow param 0x00008caa
04-17 01:25:41.449 3538 3569 E eglCodecCommon: glUtilsParamSize: unknow param 0x00008caa
04-17 01:25:41.535 3538 3569 E eglCodecCommon: glUtilsParamSize: unknow param 0x00000d02
04-17 01:25:41.546 3538 3569 E eglCodecCommon: glUtilsParamSize: unknow param 0x00008caa
04-17 01:25:41.575 3456 3471 I Gecko :
04-17 01:25:41.575 3456 3471 I Gecko : {"action":"log","time":1744853141575,"thread":null,"pid":null,"source":"reftest","level":"DEBUG","message":"[CONTENT] RecordResult fired"}
04-17 01:25:41.576 3456 3471 I Gecko :
04-17 01:25:41.576 3456 3471 I Gecko : {"action":"log","time":1744853141576,"thread":null,"pid":null,"source":"reftest","level":"DEBUG","message":"RecordResult fired"}
04-17 01:25:41.578 3456 3471 I Gecko :
04-17 01:25:41.578 3456 3471 I Gecko : {"action":"test_status","time":1744853141578,"thread":null,"pid":null,"source":"reftest","test":"layout/reftests/bugs/142233-1.html == layout/reftests/bugs/142233-1-ref.html","subtest":"image comparison, max difference: 0, number of differing pixels: 0","status":"PASS","extra":{"status_msg":"Pass","modifiers":["==","142233-1.html","142233-1-ref.html"]}}
04-17 01:25:41.578 3456 3471 I Gecko :
04-17 01:25:41.578 3456 3471 I Gecko : {"action":"test_end","time":1744853141578,"thread":null,"pid":null,"source":"reftest","test":"layout/reftests/bugs/142233-1.html == layout/reftests/bugs/142233-1-ref.html","status":"OK"}
04-17 01:25:41.578 3456 3471 I Gecko :
04-17 01:25:41.578 3456 3471 I Gecko : {"action":"log","time":1744853141578,"thread":null,"pid":null,"source":"reftest","level":"DEBUG","message":"Loading a blank page"}
04-17 01:25:41.602 3488 3504 W Web Content: [JavaScript Warning: "This page is in Quirks Mode. Page layout may be impacted. For Standards Mode use “”." {file: "data:text/html;charset=UTF-8,%3C%21%2D%2DCLEAR%2D%2D%3E" line: 0}]
04-17 01:25:41.608 3456 3471 D GeckoViewContent: handleEvent: pagetitlechanged
04-17 01:25:41.625 3456 3471 I Gecko :
04-17 01:25:41.625 3456 3471 I Gecko : {"action":"assertion_count","time":1744853141625,"thread":null,"pid":null,"source":"reftest","test":"layout/reftests/bugs/142233-1.html == layout/reftests/bugs/142233-1-ref.html","min_expected":0,"max_expected":0,"count":0}
04-17 01:25:41.625 3456 3471 I Gecko :
04-17 01:25:41.625 3456 3471 I Gecko : {"action":"test_start","time":1744853141625,"thread":null,"pid":null,"source":"reftest","test":"layout/reftests/bugs/144004-1.html == layout/reftests/bugs/144004-1-ref.html"}
04-17 01:25:41.627 3456 3471 I Gecko : REFTEST TEST-LOAD | http://10.0.2.2:8854/tests/layout/reftests/bugs/144004-1.html | 134 / 2088 (6%)
04-17 01:25:41.627 3456 3471 I Gecko :
04-17 01:25:41.627 3456 3471 I Gecko : {"action":"log","time":1744853141627,"thread":null,"pid":null,"source":"reftest","level":"DEBUG","message":"START http://10.0.2.2:8854/tests/layout/reftests/bugs/144004-1.html"}
04-17 01:25:41.660 3538 3569 E eglCodecCommon: glUtilsParamSize: unknow param 0x00008caa
04-17 01:25:41.695 3456 3471 D GeckoViewContent: handleEvent: pagetitlechanged
04-17 01:25:41.707 3456 3471 I Gecko :
04-17 01:25:41.707 3456 3471 I Gecko : {"action":"log","time":1744853141707,"thread":null,"pid":null,"source":"reftest","level":"DEBUG","message":"[CONTENT] OnDocumentLoad triggering AfterOnLoadScripts"}
04-17 01:25:41.723 3456 3471 I Gecko :
04-17 01:25:41.723 3456 3471 I Gecko : {"action":"log","time":1744853141722,"thread":null,"pid":null,"source":"reftest","level":"DEBUG","message":"Initializing canvas snapshot"}
04-17 01:25:41.723 3456 3471 I Gecko :
04-17 01:25:41.723 3456 3471 I Gecko : {"action":"log","time":1744853141723,"thread":null,"pid":null,"source":"reftest","level":"DEBUG","message":"DoDrawWindow 0,0,800,1000"}
04-17 01:25:41.759 3538 3569 E eglCodecCommon: glUtilsParamSize: unknow param 0x00008caa
04-17 01:25:41.906 3538 3569 E eglCodecCommon: glUtilsParamSize: unknow param 0x00008caa
04-17 01:25:42.002 3538 3569 E eglCodecCommon: glUtilsParamSize: unknow param 0x00008caa
04-17 01:25:42.092 3538 3569 E eglCodecCommon: glUtilsParamSize: unknow param 0x00008caa
04-17 01:25:42.180 3538 3569 E eglCodecCommon: glUtilsParamSize: unknow param 0x00000d02
04-17 01:25:42.190 3538 3569 E eglCodecCommon: glUtilsParamSize: unknow param 0x00008caa
04-17 01:25:42.219 3456 3471 I Gecko :
04-17 01:25:42.219 3456 3471 I Gecko : {"action":"log","time":1744853142219,"thread":null,"pid":null,"source":"reftest","level":"DEBUG","message":"[CONTENT] RecordResult fired"}
04-17 01:25:42.219 3456 3471 I Gecko :
04-17 01:25:42.219 3456 3471 I Gecko : {"action":"log","time":1744853142219,"thread":null,"pid":null,"source":"reftest","level":"DEBUG","message":"RecordResult fired"}
04-17 01:25:42.220 3456 3471 I Gecko : REFTEST TEST-LOAD | http://10.0.2.2:8854/tests/layout/reftests/bugs/144004-1-ref.html | 134 / 2088 (6%)
04-17 01:25:42.220 3456 3471 I Gecko :
04-17 01:25:42.220 3456 3471 I Gecko : {"action":"log","time":1744853142220,"thread":null,"pid":null,"source":"reftest","level":"DEBUG","message":"START http://10.0.2.2:8854/tests/layout/reftests/bugs/144004-1-ref.html"}
04-17 01:25:42.280 3456 3471 D GeckoViewContent: handleEvent: pagetitlechanged
04-17 01:25:42.296 3456 3471 I Gecko :
04-17 01:25:42.296 3456 3471 I Gecko : {"action":"log","time":1744853142296,"thread":null,"pid":null,"source":"reftest","level":"DEBUG","message":"[CONTENT] OnDocumentLoad triggering AfterOnLoadScripts"}
04-17 01:25:42.316 3538 3569 E eglCodecCommon: glUtilsParamSize: unknow param 0x00008caa
04-17 01:25:42.329 3456 3471 I Gecko :
04-17 01:25:42.329 3456 3471 I Gecko : {"action":"log","time":1744853142329,"thread":null,"pid":null,"source":"reftest","level":"DEBUG","message":"Initializing canvas snapshot"}
04-17 01:25:42.329 3456 3471 I Gecko :
04-17 01:25:42.329 3456 3471 I Gecko : {"action":"log","time":1744853142329,"thread":null,"pid":null,"source":"reftest","level":"DEBUG","message":"DoDrawWindow 0,0,800,1000"}
04-17 01:25:42.411 3538 3569 E eglCodecCommon: glUtilsParamSize: unknow param 0x00008caa
04-17 01:25:42.505 3538 3569 E eglCodecCommon: glUtilsParamSize: unknow param 0x00008caa
04-17 01:25:42.597 3538 3569 E eglCodecCommon: glUtilsParamSize: unknow param 0x00008caa
04-17 01:25:42.694 3538 3569 E eglCodecCommon: glUtilsParamSize: unknow param 0x00000d02
04-17 01:25:42.703 3538 3569 E eglCodecCommon: glUtilsParamSize: unknow param 0x00008caa
04-17 01:25:42.734 3456 3471 I Gecko :
04-17 01:25:42.734 3456 3471 I Gecko : {"action":"log","time":1744853142734,"thread":null,"pid":null,"source":"reftest","level":"DEBUG","message":"[CONTENT] RecordResult fired"}
04-17 01:25:42.735 3456 3471 I Gecko :
04-17 01:25:42.735 3456 3471 I Gecko : {"action":"log","time":1744853142735,"thread":null,"pid":null,"source":"reftest","level":"DEBUG","message":"RecordResult fired"}
04-17 01:25:42.736 3456 3471 I Gecko :
04-17 01:25:42.736 3456 3471 I Gecko : {"action":"test_status","time":1744853142736,"thread":null,"pid":null,"source":"reftest","test":"layout/reftests/bugs/144004-1.html == layout/reftests/bugs/144004-1-ref.html","subtest":"image comparison, max difference: 0, number of differing pixels: 0","status":"PASS","extra":{"status_msg":"Pass","modifiers":["==","144004-1.html","144004-1-ref.html"]}}
04-17 01:25:42.736 3456 3471 I Gecko :
04-17 01:25:42.736 3456 3471 I Gecko : {"action":"test_end","time":1744853142736,"thread":null,"pid":null,"source":"reftest","test":"layout/reftests/bugs/144004-1.html == layout/reftests/bugs/144004-1-ref.html","status":"OK"}
04-17 01:25:42.736 3456 3471 I Gecko :
04-17 01:25:42.736 3456 3471 I Gecko : {"action":"log","time":1744853142736,"thread":null,"pid":null,"source":"reftest","level":"DEBUG","message":"Loading a blank page"}
04-17 01:25:42.757 3488 3504 W Web Content: [JavaScript Warning: "This page is in Quirks Mode. Page layout may be impacted. For Standards Mode use “”." {file: "data:text/html;charset=UTF-8,%3C%21%2D%2DCLEAR%2D%2D%3E" line: 0}]
04-17 01:25:42.765 3456 3471 D GeckoViewContent: handleEvent: pagetitlechanged
04-17 01:25:42.774 3456 3471 I Gecko :
04-17 01:25:42.774 3456 3471 I Gecko : {"action":"assertion_count","time":1744853142774,"thread":null,"pid":null,"source":"reftest","test":"layout/reftests/bugs/144004-1.html == layout/reftests/bugs/144004-1-ref.html","min_expected":0,"max_expected":0,"count":0}
04-17 01:25:42.775 3456 3471 I Gecko :
04-17 01:25:42.775 3456 3471 I Gecko : {"action":"test_start","time":1744853142775,"thread":null,"pid":null,"source":"reftest","test":"layout/reftests/bugs/144004-2.html == layout/reftests/bugs/144004-2-ref.html"}
04-17 01:25:42.775 3456 3471 I Gecko : REFTEST TEST-LOAD | http://10.0.2.2:8854/tests/layout/reftests/bugs/144004-2.html | 135 / 2088 (6%)
04-17 01:25:42.775 3456 3471 I Gecko :
04-17 01:25:42.775 3456 3471 I Gecko : {"action":"log","time":1744853142775,"thread":null,"pid":null,"source":"reftest","level":"DEBUG","message":"START http://10.0.2.2:8854/tests/layout/reftests/bugs/144004-2.html"}
04-17 01:25:42.807 3538 3569 E eglCodecCommon: glUtilsParamSize: unknow param 0x00008caa
04-17 01:25:42.839 3456 3471 D GeckoViewContent: handleEvent: pagetitlechanged
04-17 01:25:42.853 3456 3471 I Gecko :
04-17 01:25:42.853 3456 3471 I Gecko : {"action":"log","time":1744853142853,"thread":null,"pid":null,"source":"reftest","level":"DEBUG","message":"[CONTENT] OnDocumentLoad triggering AfterOnLoadScripts"}
04-17 01:25:42.871 3456 3471 I Gecko :
04-17 01:25:42.871 3456 3471 I Gecko : {"action":"log","time":1744853142871,"thread":null,"pid":null,"source":"reftest","level":"DEBUG","message":"Initializing canvas snapshot"}
04-17 01:25:42.871 3456 3471 I Gecko :
04-17 01:25:42.871 3456 3471 I Gecko : {"action":"log","time":1744853142871,"thread":null,"pid":null,"source":"reftest","level":"DEBUG","message":"DoDrawWindow 0,0,800,1000"}
04-17 01:25:42.912 3538 3569 E eglCodecCommon: glUtilsParamSize: unknow param 0x00008caa
04-17 01:25:43.055 3538 3569 E eglCodecCommon: glUtilsParamSize: unknow param 0x00008caa
04-17 01:25:43.143 3538 3569 E eglCodecCommon: glUtilsParamSize: unknow param 0x00008caa
04-17 01:25:43.228 3538 3569 E eglCodecCommon: glUtilsParamSize: unknow param 0x00008caa
04-17 01:25:43.311 3538 3569 E eglCodecCommon: glUtilsParamSize: unknow param 0x00000d02
04-17 01:25:43.322 3538 3569 E eglCodecCommon: glUtilsParamSize: unknow param 0x00008caa
04-17 01:25:43.349 3456 3471 I Gecko :
04-17 01:25:43.349 3456 3471 I Gecko : {"action":"log","time":1744853143349,"thread":null,"pid":null,"source":"reftest","level":"DEBUG","message":"[CONTENT] RecordResult fired"}
04-17 01:25:43.350 3456 3471 I Gecko :
04-17 01:25:43.350 3456 3471 I Gecko : {"action":"log","time":1744853143350,"thread":null,"pid":null,"source":"reftest","level":"DEBUG","message":"RecordResult fired"}
04-17 01:25:43.351 3456 3471 I Gecko : REFTEST TEST-LOAD | http://10.0.2.2:8854/tests/layout/reftests/bugs/144004-2-ref.html | 135 / 2088 (6%)
04-17 01:25:43.351 3456 3471 I Gecko :
04-17 01:25:43.351 3456 3471 I Gecko : {"action":"log","time":1744853143351,"thread":null,"pid":null,"source":"reftest","level":"DEBUG","message":"START http://10.0.2.2:8854/tests/layout/reftests/bugs/144004-2-ref.html"}
04-17 01:25:43.406 3456 3471 D GeckoViewContent: handleEvent: pagetitlechanged
04-17 01:25:43.421 3456 3471 I Gecko :
04-17 01:25:43.421 3456 3471 I Gecko : {"action":"log","time":1744853143421,"thread":null,"pid":null,"source":"reftest","level":"DEBUG","message":"[CONTENT] OnDocumentLoad triggering AfterOnLoadScripts"}
04-17 01:25:43.433 3538 3569 E eglCodecCommon: glUtilsParamSize: unknow param 0x00008caa
04-17 01:25:43.439 3456 3471 I Gecko :
04-17 01:25:43.439 3456 3471 I Gecko : {"action":"log","time":1744853143439,"thread":null,"pid":null,"source":"reftest","level":"DEBUG","message":"Initializing canvas snapshot"}
04-17 01:25:43.439 3456 3471 I Gecko :
04-17 01:25:43.439 3456 3471 I Gecko : {"action":"log","time":1744853143439,"thread":null,"pid":null,"source":"reftest","level":"DEBUG","message":"DoDrawWindow 0,0,800,1000"}
04-17 01:25:43.524 3538 3569 E eglCodecCommon: glUtilsParamSize: unknow param 0x00008caa
04-17 01:25:43.616 3538 3569 E eglCodecCommon: glUtilsParamSize: unknow param 0x00008caa
04-17 01:25:43.709 3538 3569 E eglCodecCommon: glUtilsParamSize: unknow param 0x00008caa
04-17 01:25:43.794 3538 3569 E eglCodecCommon: glUtilsParamSize: unknow param 0x00000d02
04-17 01:25:43.806 3538 3569 E eglCodecCommon: glUtilsParamSize: unknow param 0x00008caa
04-17 01:25:43.834 3456 3471 I Gecko :
04-17 01:25:43.834 3456 3471 I Gecko : {"action":"log","time":1744853143834,"thread":null,"pid":null,"source":"reftest","level":"DEBUG","message":"[CONTENT] RecordResult fired"}
04-17 01:25:43.835 3456 3471 I Gecko :
04-17 01:25:43.835 3456 3471 I Gecko : {"action":"log","time":1744853143835,"thread":null,"pid":null,"source":"reftest","level":"DEBUG","message":"RecordResult fired"}
04-17 01:25:43.836 3456 3471 I Gecko :
04-17 01:25:43.836 3456 3471 I Gecko : {"action":"test_status","time":1744853143836,"thread":null,"pid":null,"source":"reftest","test":"layout/reftests/bugs/144004-2.html == layout/reftests/bugs/144004-2-ref.html","subtest":"image comparison, max difference: 0, number of differing pixels: 0","status":"PASS","extra":{"status_msg":"Pass","modifiers":["==","144004-2.html","144004-2-ref.html"]}}
04-17 01:25:43.837 3456 3471 I Gecko :
04-17 01:25:43.837 3456 3471 I Gecko : {"action":"test_end","time":1744853143837,"thread":null,"pid":null,"source":"reftest","test":"layout/reftests/bugs/144004-2.html == layout/reftests/bugs/144004-2-ref.html","status":"OK"}
04-17 01:25:43.837 3456 3471 I Gecko :
04-17 01:25:43.837 3456 3471 I Gecko : {"action":"log","time":1744853143837,"thread":null,"pid":null,"source":"reftest","level":"DEBUG","message":"Loading a blank page"}
04-17 01:25:43.861 3488 3504 W Web Content: [JavaScript Warning: "This page is in Quirks Mode. Page layout may be impacted. For Standards Mode use “”." {file: "data:text/html;charset=UTF-8,%3C%21%2D%2DCLEAR%2D%2D%3E" line: 0}]
04-17 01:25:43.867 3456 3471 D GeckoViewContent: handleEvent: pagetitlechanged
04-17 01:25:43.877 3456 3471 I Gecko :
04-17 01:25:43.877 3456 3471 I Gecko : {"action":"assertion_count","time":1744853143877,"thread":null,"pid":null,"source":"reftest","test":"layout/reftests/bugs/144004-2.html == layout/reftests/bugs/144004-2-ref.html","min_expected":0,"max_expected":0,"count":0}
04-17 01:25:43.877 3456 3471 I Gecko :
04-17 01:25:43.877 3456 3471 I Gecko : {"action":"test_start","time":1744853143877,"thread":null,"pid":null,"source":"reftest","test":"layout/reftests/bugs/144004-3.html != layout/reftests/bugs/144004-3-ref.html"}
04-17 01:25:43.878 3456 3471 I Gecko : REFTEST TEST-LOAD | http://10.0.2.2:8854/tests/layout/reftests/bugs/144004-3.html | 136 / 2088 (6%)
04-17 01:25:43.878 3456 3471 I Gecko :
04-17 01:25:43.878 3456 3471 I Gecko : {"action":"log","time":1744853143878,"thread":null,"pid":null,"source":"reftest","level":"DEBUG","message":"START http://10.0.2.2:8854/tests/layout/reftests/bugs/144004-3.html"}
04-17 01:25:43.909 3538 3569 E eglCodecCommon: glUtilsParamSize: unknow param 0x00008caa
04-17 01:25:43.949 3456 3471 D GeckoViewContent: handleEvent: pagetitlechanged
04-17 01:25:43.962 3456 3471 I Gecko :
04-17 01:25:43.962 3456 3471 I Gecko : {"action":"log","time":1744853143962,"thread":null,"pid":null,"source":"reftest","level":"DEBUG","message":"[CONTENT] OnDocumentLoad triggering AfterOnLoadScripts"}
04-17 01:25:43.990 3456 3471 I Gecko :
04-17 01:25:43.990 3456 3471 I Gecko : {"action":"log","time":1744853143990,"thread":null,"pid":null,"source":"reftest","level":"DEBUG","message":"Initializing canvas snapshot"}
04-17 01:25:43.990 3456 3471 I Gecko :
04-17 01:25:43.990 3456 3471 I Gecko : {"action":"log","time":1744853143990,"thread":null,"pid":null,"source":"reftest","level":"DEBUG","message":"DoDrawWindow 0,0,800,1000"}
04-17 01:25:44.008 3538 3569 E eglCodecCommon: glUtilsParamSize: unknow param 0x00008caa
04-17 01:25:44.180 3538 3569 E eglCodecCommon: glUtilsParamSize: unknow param 0x00008caa
04-17 01:25:44.272 3538 3569 E eglCodecCommon: glUtilsParamSize: unknow param 0x00008caa
04-17 01:25:44.359 3538 3569 E eglCodecCommon: glUtilsParamSize: unknow param 0x00008caa
04-17 01:25:44.453 3538 3569 E eglCodecCommon: glUtilsParamSize: unknow param 0x00000d02
04-17 01:25:44.464 3538 3569 E eglCodecCommon: glUtilsParamSize: unknow param 0x00008caa
04-17 01:25:44.492 3456 3471 I Gecko :
04-17 01:25:44.492 3456 3471 I Gecko : {"action":"log","time":1744853144492,"thread":null,"pid":null,"source":"reftest","level":"DEBUG","message":"[CONTENT] RecordResult fired"}
04-17 01:25:44.493 3456 3471 I Gecko :
04-17 01:25:44.493 3456 3471 I Gecko : {"action":"log","time":1744853144493,"thread":null,"pid":null,"source":"reftest","level":"DEBUG","message":"RecordResult fired"}
04-17 01:25:44.494 3456 3471 I Gecko : REFTEST TEST-LOAD | http://10.0.2.2:8854/tests/layout/reftests/bugs/144004-3-ref.html | 136 / 2088 (6%)
04-17 01:25:44.495 3456 3471 I Gecko :
04-17 01:25:44.495 3456 3471 I Gecko : {"action":"log","time":1744853144495,"thread":null,"pid":null,"source":"reftest","level":"DEBUG","message":"START http://10.0.2.2:8854/tests/layout/reftests/bugs/144004-3-ref.html"}
04-17 01:25:44.549 3456 3471 D GeckoViewContent: handleEvent: pagetitlechanged
04-17 01:25:44.563 3456 3471 I Gecko :
04-17 01:25:44.563 3456 3471 I Gecko : {"action":"log","time":1744853144563,"thread":null,"pid":null,"source":"reftest","level":"DEBUG","message":"[CONTENT] OnDocumentLoad triggering AfterOnLoadScripts"}
04-17 01:25:44.585 3538 3569 E eglCodecCommon: glUtilsParamSize: unknow param 0x00008caa
04-17 01:25:44.596 3456 3471 I Gecko :
04-17 01:25:44.596 3456 3471 I Gecko : {"action":"log","time":1744853144596,"thread":null,"pid":null,"source":"reftest","level":"DEBUG","message":"Initializing canvas snapshot"}
04-17 01:25:44.596 3456 3471 I Gecko :
04-17 01:25:44.596 3456 3471 I Gecko : {"action":"log","time":1744853144596,"thread":null,"pid":null,"source":"reftest","level":"DEBUG","message":"DoDrawWindow 0,0,800,1000"}
04-17 01:25:44.722 3538 3569 E eglCodecCommon: glUtilsParamSize: unknow param 0x00008caa
