04-17 01:27:21.247 3456 3471 I Gecko :
04-17 01:27:21.247 3456 3471 I Gecko : {"action":"log","time":1744853241246,"thread":null,"pid":null,"source":"reftest","level":"DEBUG","message":"[CONTENT] MakeProgress: STATE_WAITING_TO_FINISH"}
04-17 01:27:21.248 3456 3471 I Gecko :
04-17 01:27:21.248 3456 3471 I Gecko : {"action":"log","time":1744853241248,"thread":null,"pid":null,"source":"reftest","level":"DEBUG","message":"[CONTENT] MakeProgress: waiting for MozAfterPaint"}
04-17 01:27:21.249 3456 3471 I Gecko :
04-17 01:27:21.249 3456 3471 I Gecko : {"action":"log","time":1744853241249,"thread":null,"pid":null,"source":"reftest","level":"DEBUG","message":"[CONTENT] HandlePendingTasksAfterMakeProgress waiting for a MozAfterPaint"}
04-17 01:27:21.277 3538 3569 E eglCodecCommon: glUtilsParamSize: unknow param 0x00008caa
04-17 01:27:21.281 3456 3471 I Gecko :
04-17 01:27:21.281 3456 3471 I Gecko : {"action":"log","time":1744853241281,"thread":null,"pid":null,"source":"reftest","level":"DEBUG","message":"[CONTENT] AfterPaintListener in http://10.0.2.2:8854/tests/layout/reftests/bugs/234964-1-ref.html"}
04-17 01:27:21.282 3456 3471 I Gecko :
04-17 01:27:21.282 3456 3471 I Gecko : {"action":"log","time":1744853241282,"thread":null,"pid":null,"source":"reftest","level":"DEBUG","message":"[CONTENT] HandlePendingTasksAfterMakeProgress updating canvas"}
04-17 01:27:21.283 3456 3471 I Gecko :
04-17 01:27:21.283 3456 3471 I Gecko : {"action":"log","time":1744853241283,"thread":null,"pid":null,"source":"reftest","level":"DEBUG","message":"[CONTENT] Sending update whole canvas for invalidation"}
04-17 01:27:21.297 3456 3471 I Gecko :
04-17 01:27:21.297 3456 3471 I Gecko : {"action":"log","time":1744853241297,"thread":null,"pid":null,"source":"reftest","level":"DEBUG","message":"Updating entire canvas for invalidation"}
04-17 01:27:21.298 3456 3471 I Gecko :
04-17 01:27:21.298 3456 3471 I Gecko : {"action":"log","time":1744853241298,"thread":null,"pid":null,"source":"reftest","level":"DEBUG","message":"DoDrawWindow 0,0,800,1000"}
04-17 01:27:21.379 3538 3569 E eglCodecCommon: glUtilsParamSize: unknow param 0x00008caa
04-17 01:27:21.478 3538 3569 E eglCodecCommon: glUtilsParamSize: unknow param 0x00008caa
04-17 01:27:21.568 3538 3569 E eglCodecCommon: glUtilsParamSize: unknow param 0x00008caa
04-17 01:27:21.661 3538 3569 E eglCodecCommon: glUtilsParamSize: unknow param 0x00008caa
04-17 01:27:21.746 3538 3569 E eglCodecCommon: glUtilsParamSize: unknow param 0x00000d02
04-17 01:27:21.755 3538 3569 E eglCodecCommon: glUtilsParamSize: unknow param 0x00008caa
04-17 01:27:21.796 3456 3471 I Gecko :
04-17 01:27:21.796 3456 3471 I Gecko : {"action":"log","time":1744853241796,"thread":null,"pid":null,"source":"reftest","level":"DEBUG","message":"[CONTENT] MakeProgress"}
04-17 01:27:21.797 3456 3471 I Gecko :
04-17 01:27:21.797 3456 3471 I Gecko : {"action":"log","time":1744853241797,"thread":null,"pid":null,"source":"reftest","level":"DEBUG","message":"[CONTENT] MakeProgress: STATE_WAITING_TO_FINISH"}
04-17 01:27:21.798 3456 3471 I Gecko :
04-17 01:27:21.798 3456 3471 I Gecko : {"action":"log","time":1744853241798,"thread":null,"pid":null,"source":"reftest","level":"DEBUG","message":"[CONTENT] MakeProgress: Completed"}
04-17 01:27:21.798 3456 3471 I Gecko :
04-17 01:27:21.798 3456 3471 I Gecko : {"action":"log","time":1744853241798,"thread":null,"pid":null,"source":"reftest","level":"DEBUG","message":"[CONTENT] RecordResult fired"}
04-17 01:27:21.799 3456 3471 I Gecko :
04-17 01:27:21.799 3456 3471 I Gecko : {"action":"log","time":1744853241799,"thread":null,"pid":null,"source":"reftest","level":"DEBUG","message":"RecordResult fired"}
04-17 01:27:21.800 3456 3471 I Gecko :
04-17 01:27:21.800 3456 3471 I Gecko : {"action":"log","time":1744853241800,"thread":null,"pid":null,"source":"reftest","level":"INFO","message":"REFTEST fuzzy test (0, 0) <= (0, 0) <= (3, 1)"}
04-17 01:27:21.801 3456 3471 I Gecko :
04-17 01:27:21.801 3456 3471 I Gecko : {"action":"test_status","time":1744853241801,"thread":null,"pid":null,"source":"reftest","test":"layout/reftests/bugs/234964-1.html == layout/reftests/bugs/234964-1-ref.html","subtest":"image comparison, max difference: 0, number of differing pixels: 0","status":"PASS","extra":{"status_msg":"Pass","modifiers":["fuzzy(0-3,0-1)","==","234964-1.html","234964-1-ref.html"]}}
04-17 01:27:21.801 3456 3471 I Gecko :
04-17 01:27:21.801 3456 3471 I Gecko : {"action":"test_end","time":1744853241801,"thread":null,"pid":null,"source":"reftest","test":"layout/reftests/bugs/234964-1.html == layout/reftests/bugs/234964-1-ref.html","status":"OK"}
04-17 01:27:21.802 3456 3471 I Gecko :
04-17 01:27:21.802 3456 3471 I Gecko : {"action":"log","time":1744853241801,"thread":null,"pid":null,"source":"reftest","level":"DEBUG","message":"Loading a blank page"}
04-17 01:27:21.822 3488 3504 W Web Content: [JavaScript Warning: "This page is in Quirks Mode. Page layout may be impacted. For Standards Mode use “”." {file: "data:text/html;charset=UTF-8,%3C%21%2D%2DCLEAR%2D%2D%3E" line: 0}]
04-17 01:27:21.831 3456 3471 D GeckoViewContent: handleEvent: pagetitlechanged
04-17 01:27:21.840 3456 3471 I Gecko :
04-17 01:27:21.840 3456 3471 I Gecko : {"action":"assertion_count","time":1744853241840,"thread":null,"pid":null,"source":"reftest","test":"layout/reftests/bugs/234964-1.html == layout/reftests/bugs/234964-1-ref.html","min_expected":0,"max_expected":0,"count":0}
04-17 01:27:21.840 3456 3471 I Gecko :
04-17 01:27:21.840 3456 3471 I Gecko : {"action":"test_start","time":1744853241840,"thread":null,"pid":null,"source":"reftest","test":"layout/reftests/bugs/234964-2.html == layout/reftests/bugs/234964-2-ref.html"}
04-17 01:27:21.841 3456 3471 I Gecko : REFTEST TEST-LOAD | http://10.0.2.2:8854/tests/layout/reftests/bugs/234964-2.html | 235 / 2088 (11%)
04-17 01:27:21.842 3456 3471 I Gecko :
04-17 01:27:21.842 3456 3471 I Gecko : {"action":"log","time":1744853241842,"thread":null,"pid":null,"source":"reftest","level":"DEBUG","message":"START http://10.0.2.2:8854/tests/layout/reftests/bugs/234964-2.html"}
04-17 01:27:21.869 3538 3569 E eglCodecCommon: glUtilsParamSize: unknow param 0x00008caa
04-17 01:27:21.894 3488 3504 W Web Content: [JavaScript Warning: "This page is in Quirks Mode. Page layout may be impacted. For Standards Mode use “”." {file: "http://10.0.2.2:8854/tests/layout/reftests/bugs/234964-2.html" line: 0}]
04-17 01:27:21.907 3456 3471 D GeckoViewContent: handleEvent: pagetitlechanged
04-17 01:27:21.933 3456 3471 I Gecko :
04-17 01:27:21.933 3456 3471 I Gecko : {"action":"log","time":1744853241933,"thread":null,"pid":null,"source":"reftest","level":"DEBUG","message":"[CONTENT] OnDocumentLoad triggering AfterOnLoadScripts"}
04-17 01:27:21.959 3456 3471 I Gecko :
04-17 01:27:21.959 3456 3471 I Gecko : {"action":"log","time":1744853241959,"thread":null,"pid":null,"source":"reftest","level":"DEBUG","message":"Initializing canvas snapshot"}
04-17 01:27:21.959 3456 3471 I Gecko :
04-17 01:27:21.959 3456 3471 I Gecko : {"action":"log","time":1744853241959,"thread":null,"pid":null,"source":"reftest","level":"DEBUG","message":"DoDrawWindow 0,0,800,1000"}
04-17 01:27:21.965 3538 3569 E eglCodecCommon: glUtilsParamSize: unknow param 0x00008caa
04-17 01:27:22.088 3538 3569 E eglCodecCommon: glUtilsParamSize: unknow param 0x00008caa
04-17 01:27:22.174 3538 3569 E eglCodecCommon: glUtilsParamSize: unknow param 0x00008caa
04-17 01:27:22.259 3538 3569 E eglCodecCommon: glUtilsParamSize: unknow param 0x00008caa
04-17 01:27:22.345 3538 3569 E eglCodecCommon: glUtilsParamSize: unknow param 0x00000d02
04-17 01:27:22.354 3538 3569 E eglCodecCommon: glUtilsParamSize: unknow param 0x00008caa
04-17 01:27:22.385 3456 3471 I Gecko :
04-17 01:27:22.385 3456 3471 I Gecko : {"action":"log","time":1744853242385,"thread":null,"pid":null,"source":"reftest","level":"DEBUG","message":"[CONTENT] RecordResult fired"}
04-17 01:27:22.387 3456 3471 I Gecko :
04-17 01:27:22.387 3456 3471 I Gecko : {"action":"log","time":1744853242387,"thread":null,"pid":null,"source":"reftest","level":"DEBUG","message":"RecordResult fired"}
04-17 01:27:22.400 3456 3471 I Gecko : REFTEST TEST-LOAD | http://10.0.2.2:8854/tests/layout/reftests/bugs/234964-2-ref.html | 235 / 2088 (11%)
04-17 01:27:22.400 3456 3471 I Gecko :
04-17 01:27:22.400 3456 3471 I Gecko : {"action":"log","time":1744853242400,"thread":null,"pid":null,"source":"reftest","level":"DEBUG","message":"START http://10.0.2.2:8854/tests/layout/reftests/bugs/234964-2-ref.html"}
04-17 01:27:22.434 3488 3504 W Web Content: [JavaScript Warning: "This page is in Quirks Mode. Page layout may be impacted. For Standards Mode use “”." {file: "http://10.0.2.2:8854/tests/layout/reftests/bugs/234964-2-ref.html" line: 0}]
04-17 01:27:22.450 3456 3471 D GeckoViewContent: handleEvent: pagetitlechanged
04-17 01:27:22.462 3456 3471 I Gecko :
04-17 01:27:22.462 3456 3471 I Gecko : {"action":"log","time":1744853242462,"thread":null,"pid":null,"source":"reftest","level":"DEBUG","message":"[CONTENT] OnDocumentLoad triggering AfterOnLoadScripts"}
04-17 01:27:22.479 3538 3569 E eglCodecCommon: glUtilsParamSize: unknow param 0x00008caa
04-17 01:27:22.487 3456 3471 I Gecko :
04-17 01:27:22.487 3456 3471 I Gecko : {"action":"log","time":1744853242487,"thread":null,"pid":null,"source":"reftest","level":"DEBUG","message":"Initializing canvas snapshot"}
04-17 01:27:22.488 3456 3471 I Gecko :
04-17 01:27:22.488 3456 3471 I Gecko : {"action":"log","time":1744853242488,"thread":null,"pid":null,"source":"reftest","level":"DEBUG","message":"DoDrawWindow 0,0,800,1000"}
04-17 01:27:22.562 3538 3569 E eglCodecCommon: glUtilsParamSize: unknow param 0x00008caa
04-17 01:27:22.654 3538 3569 E eglCodecCommon: glUtilsParamSize: unknow param 0x00008caa
04-17 01:27:22.746 3538 3569 E eglCodecCommon: glUtilsParamSize: unknow param 0x00008caa
04-17 01:27:22.828 3538 3569 E eglCodecCommon: glUtilsParamSize: unknow param 0x00000d02
04-17 01:27:22.836 3538 3569 E eglCodecCommon: glUtilsParamSize: unknow param 0x00008caa
04-17 01:27:22.864 3456 3471 I Gecko :
04-17 01:27:22.864 3456 3471 I Gecko : {"action":"log","time":1744853242864,"thread":null,"pid":null,"source":"reftest","level":"DEBUG","message":"[CONTENT] RecordResult fired"}
04-17 01:27:22.865 3456 3471 I Gecko :
04-17 01:27:22.865 3456 3471 I Gecko : {"action":"log","time":1744853242865,"thread":null,"pid":null,"source":"reftest","level":"DEBUG","message":"RecordResult fired"}
04-17 01:27:22.867 3456 3471 I Gecko :
04-17 01:27:22.867 3456 3471 I Gecko : {"action":"test_status","time":1744853242867,"thread":null,"pid":null,"source":"reftest","test":"layout/reftests/bugs/234964-2.html == layout/reftests/bugs/234964-2-ref.html","subtest":"image comparison, max difference: 0, number of differing pixels: 0","status":"PASS","extra":{"status_msg":"Pass","modifiers":["==","234964-2.html","234964-2-ref.html"]}}
04-17 01:27:22.868 3456 3471 I Gecko :
04-17 01:27:22.868 3456 3471 I Gecko : {"action":"test_end","time":1744853242868,"thread":null,"pid":null,"source":"reftest","test":"layout/reftests/bugs/234964-2.html == layout/reftests/bugs/234964-2-ref.html","status":"OK"}
04-17 01:27:22.868 3456 3471 I Gecko :
04-17 01:27:22.868 3456 3471 I Gecko : {"action":"log","time":1744853242868,"thread":null,"pid":null,"source":"reftest","level":"DEBUG","message":"Loading a blank page"}
04-17 01:27:22.887 3488 3504 W Web Content: [JavaScript Warning: "This page is in Quirks Mode. Page layout may be impacted. For Standards Mode use “”." {file: "data:text/html;charset=UTF-8,%3C%21%2D%2DCLEAR%2D%2D%3E" line: 0}]
04-17 01:27:22.895 3456 3471 D GeckoViewContent: handleEvent: pagetitlechanged
04-17 01:27:22.904 3456 3471 I Gecko :
04-17 01:27:22.904 3456 3471 I Gecko : {"action":"assertion_count","time":1744853242904,"thread":null,"pid":null,"source":"reftest","test":"layout/reftests/bugs/234964-2.html == layout/reftests/bugs/234964-2-ref.html","min_expected":0,"max_expected":0,"count":0}
04-17 01:27:22.904 3456 3471 I Gecko :
04-17 01:27:22.904 3456 3471 I Gecko : {"action":"test_start","time":1744853242904,"thread":null,"pid":null,"source":"reftest","test":"layout/reftests/bugs/235593-1.html == layout/reftests/bugs/235593-1-ref.html"}
04-17 01:27:22.906 3456 3471 I Gecko : REFTEST TEST-LOAD | http://10.0.2.2:8854/tests/layout/reftests/bugs/235593-1.html | 236 / 2088 (11%)
04-17 01:27:22.906 3456 3471 I Gecko :
04-17 01:27:22.906 3456 3471 I Gecko : {"action":"log","time":1744853242906,"thread":null,"pid":null,"source":"reftest","level":"DEBUG","message":"START http://10.0.2.2:8854/tests/layout/reftests/bugs/235593-1.html"}
04-17 01:27:22.932 3538 3569 E eglCodecCommon: glUtilsParamSize: unknow param 0x00008caa
04-17 01:27:22.946 3488 3504 W Web Content: [JavaScript Warning: "This page is in Almost Standards Mode. Page layout may be impacted. For Standards Mode use “”." {file: "http://10.0.2.2:8854/tests/layout/reftests/bugs/235593-1.html" line: 0}]
04-17 01:27:22.961 3456 3471 D GeckoViewContent: handleEvent: pagetitlechanged
04-17 01:27:22.976 3456 3471 I Gecko :
04-17 01:27:22.976 3456 3471 I Gecko : {"action":"log","time":1744853242976,"thread":null,"pid":null,"source":"reftest","level":"DEBUG","message":"[CONTENT] OnDocumentLoad triggering AfterOnLoadScripts"}
04-17 01:27:23.014 3456 3471 I Gecko :
04-17 01:27:23.014 3456 3471 I Gecko : {"action":"log","time":1744853243014,"thread":null,"pid":null,"source":"reftest","level":"DEBUG","message":"Initializing canvas snapshot"}
04-17 01:27:23.014 3456 3471 I Gecko :
04-17 01:27:23.014 3456 3471 I Gecko : {"action":"log","time":1744853243014,"thread":null,"pid":null,"source":"reftest","level":"DEBUG","message":"DoDrawWindow 0,0,800,1000"}
04-17 01:27:23.028 3538 3569 E eglCodecCommon: glUtilsParamSize: unknow param 0x00008caa
04-17 01:27:23.166 3538 3569 E eglCodecCommon: glUtilsParamSize: unknow param 0x00008caa
04-17 01:27:23.252 3538 3569 E eglCodecCommon: glUtilsParamSize: unknow param 0x00008caa
04-17 01:27:23.345 3538 3569 E eglCodecCommon: glUtilsParamSize: unknow param 0x00008caa
04-17 01:27:23.429 3538 3569 E eglCodecCommon: glUtilsParamSize: unknow param 0x00000d02
04-17 01:27:23.438 3538 3569 E eglCodecCommon: glUtilsParamSize: unknow param 0x00008caa
04-17 01:27:23.514 3456 3471 I Gecko :
04-17 01:27:23.514 3456 3471 I Gecko : {"action":"log","time":1744853243514,"thread":null,"pid":null,"source":"reftest","level":"DEBUG","message":"[CONTENT] RecordResult fired"}
04-17 01:27:23.515 3456 3471 I Gecko :
04-17 01:27:23.515 3456 3471 I Gecko : {"action":"log","time":1744853243515,"thread":null,"pid":null,"source":"reftest","level":"DEBUG","message":"RecordResult fired"}
04-17 01:27:23.515 3456 3471 I Gecko : REFTEST TEST-LOAD | http://10.0.2.2:8854/tests/layout/reftests/bugs/235593-1-ref.html | 236 / 2088 (11%)
04-17 01:27:23.516 3456 3471 I Gecko :
04-17 01:27:23.516 3456 3471 I Gecko : {"action":"log","time":1744853243515,"thread":null,"pid":null,"source":"reftest","level":"DEBUG","message":"START http://10.0.2.2:8854/tests/layout/reftests/bugs/235593-1-ref.html"}
04-17 01:27:23.559 3488 3504 W Web Content: [JavaScript Warning: "This page is in Almost Standards Mode. Page layout may be impacted. For Standards Mode use “”." {file: "http://10.0.2.2:8854/tests/layout/reftests/bugs/235593-1-ref.html" line: 0}]
04-17 01:27:23.568 3456 3471 D GeckoViewContent: handleEvent: pagetitlechanged
04-17 01:27:23.580 3456 3471 I Gecko :
04-17 01:27:23.580 3456 3471 I Gecko : {"action":"log","time":1744853243580,"thread":null,"pid":null,"source":"reftest","level":"DEBUG","message":"[CONTENT] OnDocumentLoad triggering AfterOnLoadScripts"}
04-17 01:27:23.598 3538 3569 E eglCodecCommon: glUtilsParamSize: unknow param 0x00008caa
04-17 01:27:23.604 3456 3471 I Gecko :
04-17 01:27:23.604 3456 3471 I Gecko : {"action":"log","time":1744853243604,"thread":null,"pid":null,"source":"reftest","level":"DEBUG","message":"Initializing canvas snapshot"}
04-17 01:27:23.604 3456 3471 I Gecko :
04-17 01:27:23.604 3456 3471 I Gecko : {"action":"log","time":1744853243604,"thread":null,"pid":null,"source":"reftest","level":"DEBUG","message":"DoDrawWindow 0,0,800,1000"}
04-17 01:27:23.687 3538 3569 E eglCodecCommon: glUtilsParamSize: unknow param 0x00008caa
04-17 01:27:23.771 3538 3569 E eglCodecCommon: glUtilsParamSize: unknow param 0x00008caa
04-17 01:27:23.853 3538 3569 E eglCodecCommon: glUtilsParamSize: unknow param 0x00008caa
04-17 01:27:23.934 3538 3569 E eglCodecCommon: glUtilsParamSize: unknow param 0x00000d02
04-17 01:27:23.943 3538 3569 E eglCodecCommon: glUtilsParamSize: unknow param 0x00008caa
04-17 01:27:23.969 3456 3471 I Gecko :
04-17 01:27:23.969 3456 3471 I Gecko : {"action":"log","time":1744853243969,"thread":null,"pid":null,"source":"reftest","level":"DEBUG","message":"[CONTENT] RecordResult fired"}
04-17 01:27:23.970 3456 3471 I Gecko :
04-17 01:27:23.970 3456 3471 I Gecko : {"action":"log","time":1744853243970,"thread":null,"pid":null,"source":"reftest","level":"DEBUG","message":"RecordResult fired"}
04-17 01:27:23.971 3456 3471 I Gecko :
04-17 01:27:23.971 3456 3471 I Gecko : {"action":"test_status","time":1744853243971,"thread":null,"pid":null,"source":"reftest","test":"layout/reftests/bugs/235593-1.html == layout/reftests/bugs/235593-1-ref.html","subtest":"image comparison, max difference: 0, number of differing pixels: 0","status":"PASS","extra":{"status_msg":"Pass","modifiers":["==","235593-1.html","235593-1-ref.html"]}}
04-17 01:27:23.972 3456 3471 I Gecko :
04-17 01:27:23.972 3456 3471 I Gecko : {"action":"test_end","time":1744853243972,"thread":null,"pid":null,"source":"reftest","test":"layout/reftests/bugs/235593-1.html == layout/reftests/bugs/235593-1-ref.html","status":"OK"}
04-17 01:27:23.972 3456 3471 I Gecko :
04-17 01:27:23.972 3456 3471 I Gecko : {"action":"log","time":1744853243972,"thread":null,"pid":null,"source":"reftest","level":"DEBUG","message":"Loading a blank page"}
04-17 01:27:23.993 3488 3504 W Web Content: [JavaScript Warning: "This page is in Quirks Mode. Page layout may be impacted. For Standards Mode use “”." {file: "data:text/html;charset=UTF-8,%3C%21%2D%2DCLEAR%2D%2D%3E" line: 0}]
04-17 01:27:23.998 3456 3471 D GeckoViewContent: handleEvent: pagetitlechanged
04-17 01:27:24.006 3456 3471 I Gecko :
04-17 01:27:24.006 3456 3471 I Gecko : {"action":"assertion_count","time":1744853244006,"thread":null,"pid":null,"source":"reftest","test":"layout/reftests/bugs/235593-1.html == layout/reftests/bugs/235593-1-ref.html","min_expected":0,"max_expected":0,"count":0}
04-17 01:27:24.006 3456 3471 I Gecko :
04-17 01:27:24.006 3456 3471 I Gecko : {"action":"test_start","time":1744853244006,"thread":null,"pid":null,"source":"reftest","test":"layout/reftests/bugs/236539-1.html == layout/reftests/bugs/236539-1-ref.html"}
04-17 01:27:24.007 3456 3471 I Gecko : REFTEST TEST-LOAD | http://10.0.2.2:8854/tests/layout/reftests/bugs/236539-1.html | 237 / 2088 (11%)
04-17 01:27:24.007 3456 3471 I Gecko :
04-17 01:27:24.007 3456 3471 I Gecko : {"action":"log","time":1744853244007,"thread":null,"pid":null,"source":"reftest","level":"DEBUG","message":"START http://10.0.2.2:8854/tests/layout/reftests/bugs/236539-1.html"}
04-17 01:27:24.042 3538 3569 E eglCodecCommon: glUtilsParamSize: unknow param 0x00008caa
04-17 01:27:24.052 3488 3504 W Web Content: [JavaScript Warning: "This page is in Quirks Mode. Page layout may be impacted. For Standards Mode use “”." {file: "http://10.0.2.2:8854/tests/layout/reftests/bugs/236539-1.html" line: 0}]
04-17 01:27:24.080 3456 3471 D GeckoViewContent: handleEvent: pagetitlechanged
04-17 01:27:24.088 3456 3471 I Gecko :
04-17 01:27:24.088 3456 3471 I Gecko : {"action":"log","time":1744853244088,"thread":null,"pid":null,"source":"reftest","level":"DEBUG","message":"[CONTENT] OnDocumentLoad triggering AfterOnLoadScripts"}
04-17 01:27:24.106 3456 3471 I Gecko :
04-17 01:27:24.106 3456 3471 I Gecko : {"action":"log","time":1744853244105,"thread":null,"pid":null,"source":"reftest","level":"DEBUG","message":"Initializing canvas snapshot"}
04-17 01:27:24.106 3456 3471 I Gecko :
04-17 01:27:24.106 3456 3471 I Gecko : {"action":"log","time":1744853244106,"thread":null,"pid":null,"source":"reftest","level":"DEBUG","message":"DoDrawWindow 0,0,800,1000"}
04-17 01:27:24.141 3538 3569 E eglCodecCommon: glUtilsParamSize: unknow param 0x00008caa
04-17 01:27:24.349 3538 3569 E eglCodecCommon: glUtilsParamSize: unknow param 0x00008caa
04-17 01:27:24.436 3538 3569 E eglCodecCommon: glUtilsParamSize: unknow param 0x00008caa
04-17 01:27:24.529 3538 3569 E eglCodecCommon: glUtilsParamSize: unknow param 0x00008caa
04-17 01:27:24.614 3538 3569 E eglCodecCommon: glUtilsParamSize: unknow param 0x00000d02
04-17 01:27:24.624 3538 3569 E eglCodecCommon: glUtilsParamSize: unknow param 0x00008caa
04-17 01:27:24.651 3456 3471 I Gecko :
04-17 01:27:24.651 3456 3471 I Gecko : {"action":"log","time":1744853244651,"thread":null,"pid":null,"source":"reftest","level":"DEBUG","message":"[CONTENT] RecordResult fired"}
04-17 01:27:24.652 3456 3471 I Gecko :
04-17 01:27:24.652 3456 3471 I Gecko : {"action":"log","time":1744853244652,"thread":null,"pid":null,"source":"reftest","level":"DEBUG","message":"RecordResult fired"}
04-17 01:27:24.653 3456 3471 I Gecko : REFTEST TEST-LOAD | http://10.0.2.2:8854/tests/layout/reftests/bugs/236539-1-ref.html | 237 / 2088 (11%)
04-17 01:27:24.653 3456 3471 I Gecko :
04-17 01:27:24.653 3456 3471 I Gecko : {"action":"log","time":1744853244653,"thread":null,"pid":null,"source":"reftest","level":"DEBUG","message":"START http://10.0.2.2:8854/tests/layout/reftests/bugs/236539-1-ref.html"}
04-17 01:27:24.693 3488 3504 W Web Content: [JavaScript Warning: "This page is in Quirks Mode. Page layout may be impacted. For Standards Mode use “”." {file: "http://10.0.2.2:8854/tests/layout/reftests/bugs/236539-1-ref.html" line: 0}]
04-17 01:27:24.718 3456 3471 D GeckoViewContent: handleEvent: pagetitlechanged
04-17 01:27:24.726 3456 3471 I Gecko :
04-17 01:27:24.726 3456 3471 I Gecko : {"action":"log","time":1744853244726,"thread":null,"pid":null,"source":"reftest","level":"DEBUG","message":"[CONTENT] OnDocumentLoad triggering AfterOnLoadScripts"}
04-17 01:27:24.746 3538 3569 E eglCodecCommon: glUtilsParamSize: unknow param 0x00008caa
04-17 01:27:24.755 3456 3471 I Gecko :
04-17 01:27:24.755 3456 3471 I Gecko : {"action":"log","time":1744853244755,"thread":null,"pid":null,"source":"reftest","level":"DEBUG","message":"Initializing canvas snapshot"}
04-17 01:27:24.756 3456 3471 I Gecko :
04-17 01:27:24.756 3456 3471 I Gecko : {"action":"log","time":1744853244756,"thread":null,"pid":null,"source":"reftest","level":"DEBUG","message":"DoDrawWindow 0,0,800,1000"}
04-17 01:27:24.882 3538 3569 E eglCodecCommon: glUtilsParamSize: unknow param 0x00008caa
04-17 01:27:24.974 3538 3569 E eglCodecCommon: glUtilsParamSize: unknow param 0x00008caa
04-17 01:27:25.059 3538 3569 E eglCodecCommon: glUtilsParamSize: unknow param 0x00008caa
04-17 01:27:25.144 3538 3569 E eglCodecCommon: glUtilsParamSize: unknow param 0x00000d02
04-17 01:27:25.153 3538 3569 E eglCodecCommon: glUtilsParamSize: unknow param 0x00008caa
04-17 01:27:25.180 3456 3471 I Gecko :
04-17 01:27:25.180 3456 3471 I Gecko : {"action":"log","time":1744853245180,"thread":null,"pid":null,"source":"reftest","level":"DEBUG","message":"[CONTENT] RecordResult fired"}
04-17 01:27:25.181 3456 3471 I Gecko :
04-17 01:27:25.181 3456 3471 I Gecko : {"action":"log","time":1744853245180,"thread":null,"pid":null,"source":"reftest","level":"DEBUG","message":"RecordResult fired"}
04-17 01:27:25.182 3456 3471 I Gecko :
04-17 01:27:25.182 3456 3471 I Gecko : {"action":"log","time":1744853245182,"thread":null,"pid":null,"source":"reftest","level":"INFO","message":"REFTEST fuzzy test (0, 0) <= (0, 0) <= (4, 2)"}
04-17 01:27:25.182 3456 3471 I Gecko :
04-17 01:27:25.182 3456 3471 I Gecko : {"action":"test_status","time":1744853245182,"thread":null,"pid":null,"source":"reftest","test":"layout/reftests/bugs/236539-1.html == layout/reftests/bugs/236539-1-ref.html","subtest":"image comparison, max difference: 0, number of differing pixels: 0","status":"PASS","extra":{"status_msg":"Pass","modifiers":["fuzzy(0-4,0-2)","==","236539-1.html","236539-1-ref.html"]}}
04-17 01:27:25.183 3456 3471 I Gecko :
04-17 01:27:25.183 3456 3471 I Gecko : {"action":"test_end","time":1744853245182,"thread":null,"pid":null,"source":"reftest","test":"layout/reftests/bugs/236539-1.html == layout/reftests/bugs/236539-1-ref.html","status":"OK"}
04-17 01:27:25.183 3456 3471 I Gecko :
04-17 01:27:25.183 3456 3471 I Gecko : {"action":"log","time":1744853245183,"thread":null,"pid":null,"source":"reftest","level":"DEBUG","message":"Loading a blank page"}
04-17 01:27:25.201 3488 3504 W Web Content: [JavaScript Warning: "This page is in Quirks Mode. Page layout may be impacted. For Standards Mode use “”." {file: "data:text/html;charset=UTF-8,%3C%21%2D%2DCLEAR%2D%2D%3E" line: 0}]
04-17 01:27:25.206 3456 3471 D GeckoViewContent: handleEvent: pagetitlechanged
04-17 01:27:25.216 3456 3471 I Gecko :
04-17 01:27:25.216 3456 3471 I Gecko : {"action":"assertion_count","time":1744853245216,"thread":null,"pid":null,"source":"reftest","test":"layout/reftests/bugs/236539-1.html == layout/reftests/bugs/236539-1-ref.html","min_expected":0,"max_expected":0,"count":0}
04-17 01:27:25.216 3456 3471 I Gecko :
04-17 01:27:25.216 3456 3471 I Gecko : {"action":"test_start","time":1744853245216,"thread":null,"pid":null,"source":"reftest","test":"layout/reftests/bugs/240029-1.html == layout/reftests/bugs/240029-1-ref.html"}
04-17 01:27:25.217 3456 3471 I Gecko : REFTEST TEST-LOAD | http://10.0.2.2:8854/tests/layout/reftests/bugs/240029-1.html | 238 / 2088 (11%)
04-17 01:27:25.217 3456 3471 I Gecko :
04-17 01:27:25.217 3456 3471 I Gecko : {"action":"log","time":1744853245217,"thread":null,"pid":null,"source":"reftest","level":"DEBUG","message":"START http://10.0.2.2:8854/tests/layout/reftests/bugs/240029-1.html"}
04-17 01:27:25.254 3538 3569 E eglCodecCommon: glUtilsParamSize: unknow param 0x00008caa
04-17 01:27:25.283 3456 3471 D GeckoViewContent: handleEvent: pagetitlechanged
04-17 01:27:25.296 3456 3471 I Gecko :
04-17 01:27:25.296 3456 3471 I Gecko : {"action":"log","time":1744853245296,"thread":null,"pid":null,"source":"reftest","level":"DEBUG","message":"[CONTENT] OnDocumentLoad triggering AfterOnLoadScripts"}
04-17 01:27:25.321 3456 3471 I Gecko :
04-17 01:27:25.321 3456 3471 I Gecko : {"action":"log","time":1744853245321,"thread":null,"pid":null,"source":"reftest","level":"DEBUG","message":"Initializing canvas snapshot"}
04-17 01:27:25.321 3456 3471 I Gecko :
04-17 01:27:25.321 3456 3471 I Gecko : {"action":"log","time":1744853245321,"thread":null,"pid":null,"source":"reftest","level":"DEBUG","message":"DoDrawWindow 0,0,800,1000"}
04-17 01:27:25.349 3538 3569 E eglCodecCommon: glUtilsParamSize: unknow param 0x00008caa
04-17 01:27:25.506 3538 3569 E eglCodecCommon: glUtilsParamSize: unknow param 0x00008caa
04-17 01:27:25.595 3538 3569 E eglCodecCommon: glUtilsParamSize: unknow param 0x00008caa
04-17 01:27:25.682 3538 3569 E eglCodecCommon: glUtilsParamSize: unknow param 0x00008caa
04-17 01:27:25.759 3538 3569 E eglCodecCommon: glUtilsParamSize: unknow param 0x00000d02
04-17 01:27:25.767 3538 3569 E eglCodecCommon: glUtilsParamSize: unknow param 0x00008caa
04-17 01:27:25.796 3456 3471 I Gecko :
04-17 01:27:25.796 3456 3471 I Gecko : {"action":"log","time":1744853245796,"thread":null,"pid":null,"source":"reftest","level":"DEBUG","message":"[CONTENT] RecordResult fired"}
04-17 01:27:25.797 3456 3471 I Gecko :
04-17 01:27:25.797 3456 3471 I Gecko : {"action":"log","time":1744853245797,"thread":null,"pid":null,"source":"reftest","level":"DEBUG","message":"RecordResult fired"}
04-17 01:27:25.798 3456 3471 I Gecko : REFTEST TEST-LOAD | http://10.0.2.2:8854/tests/layout/reftests/bugs/240029-1-ref.html | 238 / 2088 (11%)
04-17 01:27:25.798 3456 3471 I Gecko :
04-17 01:27:25.798 3456 3471 I Gecko : {"action":"log","time":1744853245798,"thread":null,"pid":null,"source":"reftest","level":"DEBUG","message":"START http://10.0.2.2:8854/tests/layout/reftests/bugs/240029-1-ref.html"}
04-17 01:27:25.843 3456 3471 D GeckoViewContent: handleEvent: pagetitlechanged
04-17 01:27:25.854 3456 3471 I Gecko :
04-17 01:27:25.854 3456 3471 I Gecko : {"action":"log","time":1744853245853,"thread":null,"pid":null,"source":"reftest","level":"DEBUG","message":"[CONTENT] OnDocumentLoad triggering AfterOnLoadScripts"}
04-17 01:27:25.863 3538 3569 E eglCodecCommon: glUtilsParamSize: unknow param 0x00008caa
04-17 01:27:25.893 3456 3471 I Gecko :
04-17 01:27:25.893 3456 3471 I Gecko : {"action":"log","time":1744853245892,"thread":null,"pid":null,"source":"reftest","level":"DEBUG","message":"Initializing canvas snapshot"}
04-17 01:27:25.893 3456 3471 I Gecko :
04-17 01:27:25.893 3456 3471 I Gecko : {"action":"log","time":1744853245893,"thread":null,"pid":null,"source":"reftest","level":"DEBUG","message":"DoDrawWindow 0,0,800,1000"}
04-17 01:27:25.952 3538 3569 E eglCodecCommon: glUtilsParamSize: unknow param 0x00008caa
04-17 01:27:26.039 3538 3569 E eglCodecCommon: glUtilsParamSize: unknow param 0x00008caa
04-17 01:27:26.123 3538 3569 E eglCodecCommon: glUtilsParamSize: unknow param 0x00008caa
04-17 01:27:26.204 3538 3569 E eglCodecCommon: glUtilsParamSize: unknow param 0x00000d02
04-17 01:27:26.213 3538 3569 E eglCodecCommon: glUtilsParamSize: unknow param 0x00008caa
04-17 01:27:26.237 3456 3471 I Gecko :
04-17 01:27:26.237 3456 3471 I Gecko : {"action":"log","time":1744853246237,"thread":null,"pid":null,"source":"reftest","level":"DEBUG","message":"[CONTENT] RecordResult fired"}
04-17 01:27:26.238 3456 3471 I Gecko :
04-17 01:27:26.238 3456 3471 I Gecko : {"action":"log","time":1744853246238,"thread":null,"pid":null,"source":"reftest","level":"DEBUG","message":"RecordResult fired"}
04-17 01:27:26.239 3456 3471 I Gecko :
04-17 01:27:26.239 3456 3471 I Gecko : {"action":"test_status","time":1744853246239,"thread":null,"pid":null,"source":"reftest","test":"layout/reftests/bugs/240029-1.html == layout/reftests/bugs/240029-1-ref.html","subtest":"image comparison, max difference: 0, number of differing pixels: 0","status":"PASS","extra":{"status_msg":"Pass","modifiers":["==","240029-1.html","240029-1-ref.html"]}}
04-17 01:27:26.240 3456 3471 I Gecko :
04-17 01:27:26.240 3456 3471 I Gecko : {"action":"test_end","time":1744853246240,"thread":null,"pid":null,"source":"reftest","test":"layout/reftests/bugs/240029-1.html == layout/reftests/bugs/240029-1-ref.html","status":"OK"}
04-17 01:27:26.240 3456 3471 I Gecko :
04-17 01:27:26.240 3456 3471 I Gecko : {"action":"log","time":1744853246240,"thread":null,"pid":null,"source":"reftest","level":"DEBUG","message":"Loading a blank page"}
04-17 01:27:26.265 3488 3504 W Web Content: [JavaScript Warning: "This page is in Quirks Mode. Page layout may be impacted. For Standards Mode use “”." {file: "data:text/html;charset=UTF-8,%3C%21%2D%2DCLEAR%2D%2D%3E" line: 0}]
04-17 01:27:26.271 3456 3471 D GeckoViewContent: handleEvent: pagetitlechanged
04-17 01:27:26.285 3456 3471 I Gecko :
04-17 01:27:26.285 3456 3471 I Gecko : {"action":"assertion_count","time":1744853246285,"thread":null,"pid":null,"source":"reftest","test":"layout/reftests/bugs/240029-1.html == layout/reftests/bugs/240029-1-ref.html","min_expected":0,"max_expected":0,"count":0}
04-17 01:27:26.286 3456 3471 I Gecko :
04-17 01:27:26.286 3456 3471 I Gecko : {"action":"test_start","time":1744853246286,"thread":null,"pid":null,"source":"reftest","test":"layout/reftests/bugs/240470-1.html == layout/reftests/bugs/240470-1-ref.html"}
04-17 01:27:26.286 3456 3471 I Gecko : REFTEST TEST-LOAD | http://10.0.2.2:8854/tests/layout/reftests/bugs/240470-1.html | 239 / 2088 (11%)
04-17 01:27:26.286 3456 3471 I Gecko :
04-17 01:27:26.286 3456 3471 I Gecko : {"action":"log","time":1744853246286,"thread":null,"pid":null,"source":"reftest","level":"DEBUG","message":"START http://10.0.2.2:8854/tests/layout/reftests/bugs/240470-1.html"}
04-17 01:27:26.304 3538 3569 E eglCodecCommon: glUtilsParamSize: unknow param 0x00008caa
04-17 01:27:26.339 3456 3471 D GeckoViewContent: handleEvent: pagetitlechanged
04-17 01:27:26.354 3456 3471 I Gecko :
04-17 01:27:26.354 3456 3471 I Gecko : {"action":"log","time":1744853246354,"thread":null,"pid":null,"source":"reftest","level":"DEBUG","message":"[CONTENT] OnDocumentLoad triggering AfterOnLoadScripts"}
04-17 01:27:26.389 3456 3471 I Gecko :
04-17 01:27:26.389 3456 3471 I Gecko : {"action":"log","time":1744853246389,"thread":null,"pid":null,"source":"reftest","level":"DEBUG","message":"Initializing canvas snapshot"}
04-17 01:27:26.389 3456 3471 I Gecko :
04-17 01:27:26.389 3456 3471 I Gecko : {"action":"log","time":1744853246389,"thread":null,"pid":null,"source":"reftest","level":"DEBUG","message":"DoDrawWindow 0,0,800,1000"}
04-17 01:27:26.402 3538 3569 E eglCodecCommon: glUtilsParamSize: unknow param 0x00008caa
04-17 01:27:26.596 3538 3569 E eglCodecCommon: glUtilsParamSize: unknow param 0x00008caa
04-17 01:27:26.685 3538 3569 E eglCodecCommon: glUtilsParamSize: unknow param 0x00008caa
04-17 01:27:26.770 3538 3569 E eglCodecCommon: glUtilsParamSize: unknow param 0x00008caa
04-17 01:27:26.853 3538 3569 E eglCodecCommon: glUtilsParamSize: unknow param 0x00000d02
04-17 01:27:26.863 3538 3569 E eglCodecCommon: glUtilsParamSize: unknow param 0x00008caa
04-17 01:27:26.904 3456 3471 I Gecko :
04-17 01:27:26.904 3456 3471 I Gecko : {"action":"log","time":1744853246904,"thread":null,"pid":null,"source":"reftest","level":"DEBUG","message":"[CONTENT] RecordResult fired"}
04-17 01:27:26.905 3456 3471 I Gecko :
04-17 01:27:26.905 3456 3471 I Gecko : {"action":"log","time":1744853246905,"thread":null,"pid":null,"source":"reftest","level":"DEBUG","message":"RecordResult fired"}
04-17 01:27:26.906 3456 3471 I Gecko : REFTEST TEST-LOAD | http://10.0.2.2:8854/tests/layout/reftests/bugs/240470-1-ref.html | 239 / 2088 (11%)
04-17 01:27:26.906 3456 3471 I Gecko :
04-17 01:27:26.906 3456 3471 I Gecko : {"action":"log","time":1744853246906,"thread":null,"pid":null,"source":"reftest","level":"DEBUG","message":"START http://10.0.2.2:8854/tests/layout/reftests/bugs/240470-1-ref.html"}
04-17 01:27:26.983 3456 3471 D GeckoViewContent: handleEvent: pagetitlechanged
04-17 01:27:26.996 3456 3471 I Gecko :
04-17 01:27:26.996 3456 3471 I Gecko : {"action":"log","time":1744853246996,"thread":null,"pid":null,"source":"reftest","level":"DEBUG","message":"[CONTENT] OnDocumentLoad triggering AfterOnLoadScripts"}
04-17 01:27:27.013 3538 3569 E eglCodecCommon: glUtilsParamSize: unknow param 0x00008caa
04-17 01:27:27.021 3456 3471 I Gecko :
04-17 01:27:27.021 3456 3471 I Gecko : {"action":"log","time":1744853247021,"thread":null,"pid":null,"source":"reftest","level":"DEBUG","message":"Initializing canvas snapshot"}
04-17 01:27:27.021 3456 3471 I Gecko :
04-17 01:27:27.021 3456 3471 I Gecko : {"action":"log","time":1744853247021,"thread":null,"pid":null,"source":"reftest","level":"DEBUG","message":"DoDrawWindow 0,0,800,1000"}
04-17 01:27:27.095 3538 3569 E eglCodecCommon: glUtilsParamSize: unknow param 0x00008caa
04-17 01:27:27.182 3538 3569 E eglCodecCommon: glUtilsParamSize: unknow param 0x00008caa
04-17 01:27:27.266 3538 3569 E eglCodecCommon: glUtilsParamSize: unknow param 0x00008caa
04-17 01:27:27.345 3538 3569 E eglCodecCommon: glUtilsParamSize: unknow param 0x00000d02
04-17 01:27:27.354 3538 3569 E eglCodecCommon: glUtilsParamSize: unknow param 0x00008caa
04-17 01:27:27.381 3456 3471 I Gecko :
04-17 01:27:27.381 3456 3471 I Gecko : {"action":"log","time":1744853247381,"thread":null,"pid":null,"source":"reftest","level":"DEBUG","message":"[CONTENT] RecordResult fired"}
04-17 01:27:27.382 3456 3471 I Gecko :
04-17 01:27:27.382 3456 3471 I Gecko : {"action":"log","time":1744853247382,"thread":null,"pid":null,"source":"reftest","level":"DEBUG","message":"RecordResult fired"}
04-17 01:27:27.384 3456 3471 I Gecko :
04-17 01:27:27.384 3456 3471 I Gecko : {"action":"test_status","time":1744853247383,"thread":null,"pid":null,"source":"reftest","test":"layout/reftests/bugs/240470-1.html == layout/reftests/bugs/240470-1-ref.html","subtest":"image comparison, max difference: 0, number of differing pixels: 0","status":"PASS","extra":{"status_msg":"Pass","modifiers":["==","240470-1.html","240470-1-ref.html"]}}
04-17 01:27:27.384 3456 3471 I Gecko :
04-17 01:27:27.384 3456 3471 I Gecko : {"action":"test_end","time":1744853247384,"thread":null,"pid":null,"source":"reftest","test":"layout/reftests/bugs/240470-1.html == layout/reftests/bugs/240470-1-ref.html","status":"OK"}
04-17 01:27:27.384 3456 3471 I Gecko :
04-17 01:27:27.384 3456 3471 I Gecko : {"action":"log","time":1744853247384,"thread":null,"pid":null,"source":"reftest","level":"DEBUG","message":"Loading a blank page"}
04-17 01:27:27.407 3488 3504 W Web Content: [JavaScript Warning: "This page is in Quirks Mode. Page layout may be impacted. For Standards Mode use “”." {file: "data:text/html;charset=UTF-8,%3C%21%2D%2DCLEAR%2D%2D%3E" line: 0}]
04-17 01:27:27.415 3456 3471 D GeckoViewContent: handleEvent: pagetitlechanged
04-17 01:27:27.425 3456 3471 I Gecko :
04-17 01:27:27.425 3456 3471 I Gecko : {"action":"assertion_count","time":1744853247425,"thread":null,"pid":null,"source":"reftest","test":"layout/reftests/bugs/240470-1.html == layout/reftests/bugs/240470-1-ref.html","min_expected":0,"max_expected":0,"count":0}
04-17 01:27:27.426 3456 3471 I Gecko :
04-17 01:27:27.426 3456 3471 I Gecko : {"action":"test_start","time":1744853247425,"thread":null,"pid":null,"source":"reftest","test":"layout/reftests/bugs/240933-1.html == layout/reftests/bugs/240933-1-ref.html"}
04-17 01:27:27.426 3456 3471 I Gecko : REFTEST TEST-LOAD | http://10.0.2.2:8854/tests/layout/reftests/bugs/240933-1.html | 240 / 2088 (11%)
04-17 01:27:27.426 3456 3471 I Gecko :
04-17 01:27:27.426 3456 3471 I Gecko : {"action":"log","time":1744853247426,"thread":null,"pid":null,"source":"reftest","level":"DEBUG","message":"START http://10.0.2.2:8854/tests/layout/reftests/bugs/240933-1.html"}
04-17 01:27:27.455 3538 3569 E eglCodecCommon: glUtilsParamSize: unknow param 0x00008caa
04-17 01:27:27.485 3456 3471 D GeckoViewContent: handleEvent: pagetitlechanged
04-17 01:27:27.507 3456 3471 I Gecko :
04-17 01:27:27.507 3456 3471 I Gecko : {"action":"log","time":1744853247507,"thread":null,"pid":null,"source":"reftest","level":"DEBUG","message":"[CONTENT] OnDocumentLoad triggering WaitForTestEnd"}
04-17 01:27:27.509 3488 3504 I Gecko : [Child 3488, Main Thread] WARNING: NS_ENSURE_SUCCESS(rv, rv) failed with result 0x80520012 (NS_ERROR_FILE_NOT_FOUND): file /builds/worker/checkouts/gecko/js/xpconnect/loader/mozJSModuleLoader.cpp:672
04-17 01:27:27.509 3488 3504 I Gecko : [Child 3488, Main Thread] WARNING: NS_ENSURE_SUCCESS(rv, rv) failed with result 0x80520012 (NS_ERROR_FILE_NOT_FOUND): file /builds/worker/checkouts/gecko/js/loader/ModuleLoaderBase.cpp:504
04-17 01:27:27.510 3488 3504 I Gecko : [Child 3488, Main Thread] WARNING: NS_ENSURE_SUCCESS(rv, rv) failed with result 0x80520012 (NS_ERROR_FILE_NOT_FOUND): file /builds/worker/checkouts/gecko/js/xpconnect/loader/mozJSModuleLoader.cpp:672
04-17 01:27:27.510 3488 3504 I Gecko : [Child 3488, Main Thread] WARNING: NS_ENSURE_SUCCESS(rv, rv) failed with result 0x80520012 (NS_ERROR_FILE_NOT_FOUND): file /builds/worker/checkouts/gecko/js/loader/ModuleLoaderBase.cpp:504
04-17 01:27:27.510 3456 3471 I Gecko :
04-17 01:27:27.510 3456 3471 I Gecko : {"action":"log","time":1744853247510,"thread":null,"pid":null,"source":"reftest","level":"DEBUG","message":"[CONTENT] WaitForTestEnd: Adding listeners"}
04-17 01:27:27.522 3456 3471 I Gecko :
04-17 01:27:27.522 3456 3471 I Gecko : {"action":"log","time":1744853247521,"thread":null,"pid":null,"source":"reftest","level":"DEBUG","message":"Initializing canvas snapshot"}
04-17 01:27:27.522 3456 3471 I Gecko :
04-17 01:27:27.522 3456 3471 I Gecko : {"action":"log","time":1744853247522,"thread":null,"pid":null,"source":"reftest","level":"DEBUG","message":"DoDrawWindow 0,0,800,1000"}
04-17 01:27:27.555 3538 3569 E eglCodecCommon: glUtilsParamSize: unknow param 0x00008caa
04-17 01:27:27.727 3538 3569 E eglCodecCommon: glUtilsParamSize: unknow param 0x00008caa
04-17 01:27:27.810 3538 3569 E eglCodecCommon: glUtilsParamSize: unknow param 0x00008caa
04-17 01:27:27.893 3538 3569 E eglCodecCommon: glUtilsParamSize: unknow param 0x00008caa
04-17 01:27:27.977 3538 3569 E eglCodecCommon: glUtilsParamSize: unknow param 0x00000d02
04-17 01:27:27.986 3538 3569 E eglCodecCommon: glUtilsParamSize: unknow param 0x00008caa
04-17 01:27:28.014 3456 3471 I Gecko :
04-17 01:27:28.014 3456 3471 I Gecko : {"action":"log","time":1744853248014,"thread":null,"pid":null,"source":"reftest","level":"DEBUG","message":"[CONTENT] AfterPaintListener in http://10.0.2.2:8854/tests/layout/reftests/bugs/240933-1.html"}
04-17 01:27:28.015 3456 3471 I Gecko :
04-17 01:27:28.015 3456 3471 I Gecko : {"action":"log","time":1744853248015,"thread":null,"pid":null,"source":"reftest","level":"DEBUG","message":"[CONTENT] AfterPaintListener in http://10.0.2.2:8854/tests/layout/reftests/bugs/240933-1.html"}
04-17 01:27:28.016 3456 3471 I Gecko :
04-17 01:27:28.016 3456 3471 I Gecko : {"action":"log","time":1744853248016,"thread":null,"pid":null,"source":"reftest","level":"DEBUG","message":"[CONTENT] MakeProgress"}
04-17 01:27:28.025 3456 3471 I Gecko :
04-17 01:27:28.025 3456 3471 I Gecko : {"action":"log","time":1744853248025,"thread":null,"pid":null,"source":"reftest","level":"DEBUG","message":"[CONTENT] MakeProgress: STATE_WAITING_TO_FIRE_INVALIDATE_EVENT"}
04-17 01:27:28.026 3456 3471 I Gecko :
04-17 01:27:28.026 3456 3471 I Gecko : {"action":"log","time":1744853248026,"thread":null,"pid":null,"source":"reftest","level":"DEBUG","message":"[CONTENT] MakeProgress: waiting for updateCanvasPending"}
04-17 01:27:28.027 3456 3471 I Gecko :
04-17 01:27:28.027 3456 3471 I Gecko : {"action":"log","time":1744853248027,"thread":null,"pid":null,"source":"reftest","level":"DEBUG","message":"[CONTENT] HandlePendingTasksAfterMakeProgress updating canvas"}
04-17 01:27:28.028 3456 3471 I Gecko :
04-17 01:27:28.028 3456 3471 I Gecko : {"action":"log","time":1744853248028,"thread":null,"pid":null,"source":"reftest","level":"DEBUG","message":"[CONTENT] Sending update whole canvas for invalidation"}
04-17 01:27:28.038 3456 3471 I Gecko :
04-17 01:27:28.038 3456 3471 I Gecko : {"action":"log","time":1744853248038,"thread":null,"pid":null,"source":"reftest","level":"DEBUG","message":"Updating entire canvas for invalidation"}
04-17 01:27:28.039 3456 3471 I Gecko :
04-17 01:27:28.039 3456 3471 I Gecko : {"action":"log","time":1744853248038,"thread":null,"pid":null,"source":"reftest","level":"DEBUG","message":"DoDrawWindow 0,0,800,1000"}
04-17 01:27:28.080 3538 3569 E eglCodecCommon: glUtilsParamSize: unknow param 0x00008caa
04-17 01:27:28.169 3538 3569 E eglCodecCommon: glUtilsParamSize: unknow param 0x00008caa
04-17 01:27:28.255 3538 3569 E eglCodecCommon: glUtilsParamSize: unknow param 0x00008caa
04-17 01:27:28.338 3538 3569 E eglCodecCommon: glUtilsParamSize: unknow param 0x00000d02
04-17 01:27:28.352 3538 3569 E eglCodecCommon: glUtilsParamSize: unknow param 0x00008caa
04-17 01:27:28.377 3456 3471 I Gecko :
04-17 01:27:28.377 3456 3471 I Gecko : {"action":"log","time":1744853248377,"thread":null,"pid":null,"source":"reftest","level":"DEBUG","message":"[CONTENT] MakeProgress"}
04-17 01:27:28.386 3456 3471 I Gecko :
04-17 01:27:28.386 3456 3471 I Gecko : {"action":"log","time":1744853248386,"thread":null,"pid":null,"source":"reftest","level":"DEBUG","message":"[CONTENT] MakeProgress: STATE_WAITING_TO_FIRE_INVALIDATE_EVENT"}
04-17 01:27:28.387 3456 3471 I Gecko :
04-17 01:27:28.387 3456 3471 I Gecko : {"action":"log","time":1744853248387,"thread":null,"pid":null,"source":"reftest","level":"DEBUG","message":"[CONTENT] MakeProgress: dispatching MozReftestInvalidate"}
04-17 01:27:28.388 3456 3471 I Gecko :
04-17 01:27:28.388 3456 3471 I Gecko : {"action":"log","time":1744853248388,"thread":null,"pid":null,"source":"reftest","level":"DEBUG","message":"[CONTENT] MakeProgress"}
04-17 01:27:28.397 3456 3471 I Gecko :
04-17 01:27:28.397 3456 3471 I Gecko : {"action":"log","time":1744853248397,"thread":null,"pid":null,"source":"reftest","level":"DEBUG","message":"[CONTENT] MakeProgress: STATE_WAITING_FOR_REFTEST_WAIT_REMOVAL"}
04-17 01:27:28.398 3456 3471 I Gecko :
04-17 01:27:28.398 3456 3471 I Gecko : {"action":"log","time":1744853248398,"thread":null,"pid":null,"source":"reftest","level":"DEBUG","message":"[CONTENT] MakeProgress"}
04-17 01:27:28.414 3456 3471 I Gecko :
04-17 01:27:28.414 3456 3471 I Gecko : {"action":"log","time":1744853248414,"thread":null,"pid":null,"source":"reftest","level":"DEBUG","message":"[CONTENT] MakeProgress: STATE_WAITING_FOR_SPELL_CHECKS"}
04-17 01:27:28.415 3456 3471 I Gecko :
04-17 01:27:28.415 3456 3471 I Gecko : {"action":"log","time":1744853248415,"thread":null,"pid":null,"source":"reftest","level":"DEBUG","message":"[CONTENT] MakeProgress: STATE_WAITING_FOR_APZ_FLUSH"}
04-17 01:27:28.416 3456 3471 I Gecko :
04-17 01:27:28.416 3456 3471 I Gecko : {"action":"log","time":1744853248416,"thread":null,"pid":null,"source":"reftest","level":"DEBUG","message":"[CONTENT] MakeProgress: done requesting APZ flush"}
04-17 01:27:28.427 3456 3471 I Gecko :
04-17 01:27:28.427 3456 3471 I Gecko : {"action":"log","time":1744853248427,"thread":null,"pid":null,"source":"reftest","level":"DEBUG","message":"[CONTENT] MakeProgress: apz-repaints-flushed fired"}
04-17 01:27:28.428 3456 3471 I Gecko :
04-17 01:27:28.428 3456 3471 I Gecko : {"action":"log","time":1744853248428,"thread":null,"pid":null,"source":"reftest","level":"DEBUG","message":"[CONTENT] MakeProgress"}
04-17 01:27:28.430 3456 3471 I Gecko :
04-17 01:27:28.430 3456 3471 I Gecko : {"action":"log","time":1744853248430,"thread":null,"pid":null,"source":"reftest","level":"DEBUG","message":"[CONTENT] MakeProgress: STATE_WAITING_TO_FINISH"}
04-17 01:27:28.431 3456 3471 I Gecko :
04-17 01:27:28.431 3456 3471 I Gecko : {"action":"log","time":1744853248431,"thread":null,"pid":null,"source":"reftest","level":"DEBUG","message":"[CONTENT] MakeProgress: waiting for MozAfterPaint"}
04-17 01:27:28.432 3456 3471 I Gecko :
04-17 01:27:28.432 3456 3471 I Gecko : {"action":"log","time":1744853248432,"thread":null,"pid":null,"source":"reftest","level":"DEBUG","message":"[CONTENT] HandlePendingTasksAfterMakeProgress waiting for a MozAfterPaint"}
04-17 01:27:28.448 3538 3569 E eglCodecCommon: glUtilsParamSize: unknow param 0x00008caa
04-17 01:27:28.540 3456 3471 I Gecko :
04-17 01:27:28.540 3456 3471 I Gecko : {"action":"log","time":1744853248539,"thread":null,"pid":null,"source":"reftest","level":"DEBUG","message":"[CONTENT] AfterPaintListener in http://10.0.2.2:8854/tests/layout/reftests/bugs/240933-1.html"}
04-17 01:27:28.541 3456 3471 I Gecko :
04-17 01:27:28.541 3456 3471 I Gecko : {"action":"log","time":1744853248541,"thread":null,"pid":null,"source":"reftest","level":"DEBUG","message":"[CONTENT] HandlePendingTasksAfterMakeProgress updating canvas"}
04-17 01:27:28.542 3456 3471 I Gecko :
04-17 01:27:28.542 3456 3471 I Gecko : {"action":"log","time":1744853248542,"thread":null,"pid":null,"source":"reftest","level":"DEBUG","message":"[CONTENT] Sending update whole canvas for invalidation"}
04-17 01:27:28.552 3456 3471 I Gecko :
04-17 01:27:28.552 3456 3471 I Gecko : {"action":"log","time":1744853248552,"thread":null,"pid":null,"source":"reftest","level":"DEBUG","message":"Updating entire canvas for invalidation"}
04-17 01:27:28.552 3456 3471 I Gecko :
04-17 01:27:28.552 3456 3471 I Gecko : {"action":"log","time":1744853248552,"thread":null,"pid":null,"source":"reftest","level":"DEBUG","message":"DoDrawWindow 0,0,800,1000"}
04-17 01:27:28.560 3538 3569 E eglCodecCommon: glUtilsParamSize: unknow param 0x00008caa
04-17 01:27:28.644 3538 3569 E eglCodecCommon: glUtilsParamSize: unknow param 0x00008caa
04-17 01:27:28.734 3538 3569 E eglCodecCommon: glUtilsParamSize: unknow param 0x00008caa
04-17 01:27:28.812 3538 3569 E eglCodecCommon: glUtilsParamSize: unknow param 0x00000d02
04-17 01:27:28.822 3538 3569 E eglCodecCommon: glUtilsParamSize: unknow param 0x00008caa
04-17 01:27:28.852 3456 3471 I Gecko :
04-17 01:27:28.852 3456 3471 I Gecko : {"action":"log","time":1744853248852,"thread":null,"pid":null,"source":"reftest","level":"DEBUG","message":"[CONTENT] MakeProgress"}
04-17 01:27:28.853 3456 3471 I Gecko :
04-17 01:27:28.853 3456 3471 I Gecko : {"action":"log","time":1744853248853,"thread":null,"pid":null,"source":"reftest","level":"DEBUG","message":"[CONTENT] MakeProgress: STATE_WAITING_TO_FINISH"}
04-17 01:27:28.854 3456 3471 I Gecko :
04-17 01:27:28.854 3456 3471 I Gecko : {"action":"log","time":1744853248853,"thread":null,"pid":null,"source":"reftest","level":"DEBUG","message":"[CONTENT] MakeProgress: Completed"}
04-17 01:27:28.854 3456 3471 I Gecko :
04-17 01:27:28.854 3456 3471 I Gecko : {"action":"log","time":1744853248854,"thread":null,"pid":null,"source":"reftest","level":"DEBUG","message":"[CONTENT] RecordResult fired"}
04-17 01:27:28.855 3456 3471 I Gecko :
04-17 01:27:28.855 3456 3471 I Gecko : {"action":"log","time":1744853248855,"thread":null,"pid":null,"source":"reftest","level":"DEBUG","message":"RecordResult fired"}
04-17 01:27:28.855 3456 3471 I Gecko : REFTEST TEST-LOAD | http://10.0.2.2:8854/tests/layout/reftests/bugs/240933-1-ref.html | 240 / 2088 (11%)
04-17 01:27:28.855 3456 3471 I Gecko :
04-17 01:27:28.855 3456 3471 I Gecko : {"action":"log","time":1744853248855,"thread":null,"pid":null,"source":"reftest","level":"DEBUG","message":"START http://10.0.2.2:8854/tests/layout/reftests/bugs/240933-1-ref.html"}
04-17 01:27:28.902 3456 3471 D GeckoViewContent: handleEvent: pagetitlechanged
