04-17 01:26:24.013 3538 3569 E eglCodecCommon: glUtilsParamSize: unknow param 0x00008caa
04-17 01:26:24.013 3488 3504 I Gecko : [Child 3488, Main Thread] WARNING: NS_ENSURE_SUCCESS_VOID(rv) failed with result 0x804B000A (NS_ERROR_MALFORMED_URI): file /builds/worker/checkouts/gecko/dom/base/Document.cpp:16980
04-17 01:26:24.129 3456 3471 D GeckoViewContent: handleEvent: pagetitlechanged
04-17 01:26:24.138 3456 3471 I Gecko :
04-17 01:26:24.138 3456 3471 I Gecko : {"action":"log","time":1744853184138,"thread":null,"pid":null,"source":"reftest","level":"DEBUG","message":"[CONTENT] OnDocumentLoad triggering AfterOnLoadScripts"}
04-17 01:26:24.147 3538 3569 E eglCodecCommon: glUtilsParamSize: unknow param 0x00008caa
04-17 01:26:24.156 3456 3471 I Gecko :
04-17 01:26:24.156 3456 3471 I Gecko : {"action":"log","time":1744853184156,"thread":null,"pid":null,"source":"reftest","level":"DEBUG","message":"Initializing canvas snapshot"}
04-17 01:26:24.157 3456 3471 I Gecko :
04-17 01:26:24.157 3456 3471 I Gecko : {"action":"log","time":1744853184157,"thread":null,"pid":null,"source":"reftest","level":"DEBUG","message":"DoDrawWindow 0,0,800,1000"}
04-17 01:26:24.296 3538 3569 E eglCodecCommon: glUtilsParamSize: unknow param 0x00008caa
04-17 01:26:24.391 3538 3569 E eglCodecCommon: glUtilsParamSize: unknow param 0x00008caa
04-17 01:26:24.481 3538 3569 E eglCodecCommon: glUtilsParamSize: unknow param 0x00008caa
04-17 01:26:24.573 3538 3569 E eglCodecCommon: glUtilsParamSize: unknow param 0x00008caa
04-17 01:26:24.660 3538 3569 E eglCodecCommon: glUtilsParamSize: unknow param 0x00000d02
04-17 01:26:24.669 3538 3569 E eglCodecCommon: glUtilsParamSize: unknow param 0x00008caa
04-17 01:26:24.720 3456 3471 I Gecko :
04-17 01:26:24.720 3456 3471 I Gecko : {"action":"log","time":1744853184719,"thread":null,"pid":null,"source":"reftest","level":"DEBUG","message":"[CONTENT] RecordResult fired"}
04-17 01:26:24.720 3456 3471 I Gecko :
04-17 01:26:24.720 3456 3471 I Gecko : {"action":"log","time":1744853184720,"thread":null,"pid":null,"source":"reftest","level":"DEBUG","message":"RecordResult fired"}
04-17 01:26:24.721 3456 3471 I Gecko : REFTEST TEST-LOAD | chrome://reftest/content/bugs/192767-36.xhtml | 168 / 2088 (8%)
04-17 01:26:24.722 3456 3471 I Gecko :
04-17 01:26:24.722 3456 3471 I Gecko : {"action":"log","time":1744853184721,"thread":null,"pid":null,"source":"reftest","level":"DEBUG","message":"START chrome://reftest/content/bugs/192767-36.xhtml"}
04-17 01:26:24.734 3488 3504 I Gecko : [Child 3488, Main Thread] WARNING: NS_ENSURE_SUCCESS_VOID(rv) failed with result 0x804B000A (NS_ERROR_MALFORMED_URI): file /builds/worker/checkouts/gecko/dom/base/Document.cpp:16980
04-17 01:26:24.845 3456 3471 D GeckoViewContent: handleEvent: pagetitlechanged
04-17 01:26:24.855 3456 3471 I Gecko :
04-17 01:26:24.855 3456 3471 I Gecko : {"action":"log","time":1744853184855,"thread":null,"pid":null,"source":"reftest","level":"DEBUG","message":"[CONTENT] OnDocumentLoad triggering AfterOnLoadScripts"}
04-17 01:26:24.863 3538 3569 E eglCodecCommon: glUtilsParamSize: unknow param 0x00008caa
04-17 01:26:24.885 3456 3471 I Gecko :
04-17 01:26:24.885 3456 3471 I Gecko : {"action":"log","time":1744853184885,"thread":null,"pid":null,"source":"reftest","level":"DEBUG","message":"Initializing canvas snapshot"}
04-17 01:26:24.886 3456 3471 I Gecko :
04-17 01:26:24.886 3456 3471 I Gecko : {"action":"log","time":1744853184885,"thread":null,"pid":null,"source":"reftest","level":"DEBUG","message":"DoDrawWindow 0,0,800,1000"}
04-17 01:26:24.951 3538 3569 E eglCodecCommon: glUtilsParamSize: unknow param 0x00008caa
04-17 01:26:25.045 3538 3569 E eglCodecCommon: glUtilsParamSize: unknow param 0x00008caa
04-17 01:26:25.136 3538 3569 E eglCodecCommon: glUtilsParamSize: unknow param 0x00008caa
04-17 01:26:25.235 3538 3569 E eglCodecCommon: glUtilsParamSize: unknow param 0x00008caa
04-17 01:26:25.323 3538 3569 E eglCodecCommon: glUtilsParamSize: unknow param 0x00000d02
04-17 01:26:25.332 3538 3569 E eglCodecCommon: glUtilsParamSize: unknow param 0x00008caa
04-17 01:26:25.362 3456 3471 I Gecko :
04-17 01:26:25.362 3456 3471 I Gecko : {"action":"log","time":1744853185362,"thread":null,"pid":null,"source":"reftest","level":"DEBUG","message":"[CONTENT] RecordResult fired"}
04-17 01:26:25.363 3456 3471 I Gecko :
04-17 01:26:25.363 3456 3471 I Gecko : {"action":"log","time":1744853185363,"thread":null,"pid":null,"source":"reftest","level":"DEBUG","message":"RecordResult fired"}
04-17 01:26:25.364 3456 3471 I Gecko :
04-17 01:26:25.364 3456 3471 I Gecko : {"action":"test_status","time":1744853185364,"thread":null,"pid":null,"source":"reftest","test":"layout/reftests/bugs/192767-26.xhtml == layout/reftests/bugs/192767-36.xhtml","subtest":"image comparison, max difference: 0, number of differing pixels: 0","status":"PASS","extra":{"status_msg":"Pass","modifiers":["==","chrome://reftest/content/bugs/192767-26.xhtml","chrome://reftest/content/bugs/192767-36.xhtml"]}}
04-17 01:26:25.365 3456 3471 I Gecko :
04-17 01:26:25.365 3456 3471 I Gecko : {"action":"test_end","time":1744853185365,"thread":null,"pid":null,"source":"reftest","test":"layout/reftests/bugs/192767-26.xhtml == layout/reftests/bugs/192767-36.xhtml","status":"OK"}
04-17 01:26:25.365 3456 3471 I Gecko :
04-17 01:26:25.365 3456 3471 I Gecko : {"action":"log","time":1744853185365,"thread":null,"pid":null,"source":"reftest","level":"DEBUG","message":"Loading a blank page"}
04-17 01:26:25.387 3488 3504 W Web Content: [JavaScript Warning: "This page is in Quirks Mode. Page layout may be impacted. For Standards Mode use “”." {file: "data:text/html;charset=UTF-8,%3C%21%2D%2DCLEAR%2D%2D%3E" line: 0}]
04-17 01:26:25.408 3456 3471 D GeckoViewContent: handleEvent: pagetitlechanged
04-17 01:26:25.416 3456 3471 I Gecko :
04-17 01:26:25.416 3456 3471 I Gecko : {"action":"assertion_count","time":1744853185416,"thread":null,"pid":null,"source":"reftest","test":"layout/reftests/bugs/192767-26.xhtml == layout/reftests/bugs/192767-36.xhtml","min_expected":0,"max_expected":0,"count":0}
04-17 01:26:25.417 3456 3471 I Gecko :
04-17 01:26:25.417 3456 3471 I Gecko : {"action":"test_start","time":1744853185417,"thread":null,"pid":null,"source":"reftest","test":"layout/reftests/bugs/192767-27.xhtml == layout/reftests/bugs/192767-37.xhtml"}
04-17 01:26:25.417 3456 3471 I Gecko : REFTEST TEST-LOAD | chrome://reftest/content/bugs/192767-27.xhtml | 169 / 2088 (8%)
04-17 01:26:25.418 3456 3471 I Gecko :
04-17 01:26:25.418 3456 3471 I Gecko : {"action":"log","time":1744853185418,"thread":null,"pid":null,"source":"reftest","level":"DEBUG","message":"START chrome://reftest/content/bugs/192767-27.xhtml"}
04-17 01:26:25.426 3538 3569 E eglCodecCommon: glUtilsParamSize: unknow param 0x00008caa
04-17 01:26:25.436 3488 3504 I Gecko : [Child 3488, Main Thread] WARNING: NS_ENSURE_SUCCESS_VOID(rv) failed with result 0x804B000A (NS_ERROR_MALFORMED_URI): file /builds/worker/checkouts/gecko/dom/base/Document.cpp:16980
04-17 01:26:25.554 3456 3471 D GeckoViewContent: handleEvent: pagetitlechanged
04-17 01:26:25.562 3456 3471 I Gecko :
04-17 01:26:25.562 3456 3471 I Gecko : {"action":"log","time":1744853185561,"thread":null,"pid":null,"source":"reftest","level":"DEBUG","message":"[CONTENT] OnDocumentLoad triggering AfterOnLoadScripts"}
04-17 01:26:25.580 3538 3569 E eglCodecCommon: glUtilsParamSize: unknow param 0x00008caa
04-17 01:26:25.588 3456 3471 I Gecko :
04-17 01:26:25.588 3456 3471 I Gecko : {"action":"log","time":1744853185588,"thread":null,"pid":null,"source":"reftest","level":"DEBUG","message":"Initializing canvas snapshot"}
04-17 01:26:25.589 3456 3471 I Gecko :
04-17 01:26:25.589 3456 3471 I Gecko : {"action":"log","time":1744853185589,"thread":null,"pid":null,"source":"reftest","level":"DEBUG","message":"DoDrawWindow 0,0,800,1000"}
04-17 01:26:25.710 3538 3569 E eglCodecCommon: glUtilsParamSize: unknow param 0x00008caa
04-17 01:26:25.810 3538 3569 E eglCodecCommon: glUtilsParamSize: unknow param 0x00008caa
04-17 01:26:25.900 3538 3569 E eglCodecCommon: glUtilsParamSize: unknow param 0x00008caa
04-17 01:26:25.991 3538 3569 E eglCodecCommon: glUtilsParamSize: unknow param 0x00008caa
04-17 01:26:26.076 3538 3569 E eglCodecCommon: glUtilsParamSize: unknow param 0x00000d02
04-17 01:26:26.086 3538 3569 E eglCodecCommon: glUtilsParamSize: unknow param 0x00008caa
04-17 01:26:26.136 3456 3471 I Gecko :
04-17 01:26:26.136 3456 3471 I Gecko : {"action":"log","time":1744853186136,"thread":null,"pid":null,"source":"reftest","level":"DEBUG","message":"[CONTENT] RecordResult fired"}
04-17 01:26:26.137 3456 3471 I Gecko :
04-17 01:26:26.137 3456 3471 I Gecko : {"action":"log","time":1744853186137,"thread":null,"pid":null,"source":"reftest","level":"DEBUG","message":"RecordResult fired"}
04-17 01:26:26.138 3456 3471 I Gecko : REFTEST TEST-LOAD | chrome://reftest/content/bugs/192767-37.xhtml | 169 / 2088 (8%)
04-17 01:26:26.138 3456 3471 I Gecko :
04-17 01:26:26.138 3456 3471 I Gecko : {"action":"log","time":1744853186138,"thread":null,"pid":null,"source":"reftest","level":"DEBUG","message":"START chrome://reftest/content/bugs/192767-37.xhtml"}
04-17 01:26:26.151 3488 3504 I Gecko : [Child 3488, Main Thread] WARNING: NS_ENSURE_SUCCESS_VOID(rv) failed with result 0x804B000A (NS_ERROR_MALFORMED_URI): file /builds/worker/checkouts/gecko/dom/base/Document.cpp:16980
04-17 01:26:26.262 3456 3471 D GeckoViewContent: handleEvent: pagetitlechanged
04-17 01:26:26.271 3456 3471 I Gecko :
04-17 01:26:26.271 3456 3471 I Gecko : {"action":"log","time":1744853186271,"thread":null,"pid":null,"source":"reftest","level":"DEBUG","message":"[CONTENT] OnDocumentLoad triggering AfterOnLoadScripts"}
04-17 01:26:26.281 3538 3569 E eglCodecCommon: glUtilsParamSize: unknow param 0x00008caa
04-17 01:26:26.291 3456 3471 I Gecko :
04-17 01:26:26.291 3456 3471 I Gecko : {"action":"log","time":1744853186291,"thread":null,"pid":null,"source":"reftest","level":"DEBUG","message":"Initializing canvas snapshot"}
04-17 01:26:26.292 3456 3471 I Gecko :
04-17 01:26:26.292 3456 3471 I Gecko : {"action":"log","time":1744853186292,"thread":null,"pid":null,"source":"reftest","level":"DEBUG","message":"DoDrawWindow 0,0,800,1000"}
04-17 01:26:26.373 3538 3569 E eglCodecCommon: glUtilsParamSize: unknow param 0x00008caa
04-17 01:26:26.472 3538 3569 E eglCodecCommon: glUtilsParamSize: unknow param 0x00008caa
04-17 01:26:26.561 3538 3569 E eglCodecCommon: glUtilsParamSize: unknow param 0x00008caa
04-17 01:26:26.647 3538 3569 E eglCodecCommon: glUtilsParamSize: unknow param 0x00008caa
04-17 01:26:26.729 3538 3569 E eglCodecCommon: glUtilsParamSize: unknow param 0x00000d02
04-17 01:26:26.738 3538 3569 E eglCodecCommon: glUtilsParamSize: unknow param 0x00008caa
04-17 01:26:26.790 3456 3471 I Gecko :
04-17 01:26:26.790 3456 3471 I Gecko : {"action":"log","time":1744853186790,"thread":null,"pid":null,"source":"reftest","level":"DEBUG","message":"[CONTENT] RecordResult fired"}
04-17 01:26:26.792 3456 3471 I Gecko :
04-17 01:26:26.792 3456 3471 I Gecko : {"action":"log","time":1744853186792,"thread":null,"pid":null,"source":"reftest","level":"DEBUG","message":"RecordResult fired"}
04-17 01:26:26.796 3456 3471 I Gecko :
04-17 01:26:26.796 3456 3471 I Gecko : {"action":"test_status","time":1744853186796,"thread":null,"pid":null,"source":"reftest","test":"layout/reftests/bugs/192767-27.xhtml == layout/reftests/bugs/192767-37.xhtml","subtest":"image comparison, max difference: 0, number of differing pixels: 0","status":"PASS","extra":{"status_msg":"Pass","modifiers":["==","chrome://reftest/content/bugs/192767-27.xhtml","chrome://reftest/content/bugs/192767-37.xhtml"]}}
04-17 01:26:26.797 3456 3471 I Gecko :
04-17 01:26:26.797 3456 3471 I Gecko : {"action":"test_end","time":1744853186797,"thread":null,"pid":null,"source":"reftest","test":"layout/reftests/bugs/192767-27.xhtml == layout/reftests/bugs/192767-37.xhtml","status":"OK"}
04-17 01:26:26.798 3456 3471 I Gecko :
04-17 01:26:26.798 3456 3471 I Gecko : {"action":"log","time":1744853186798,"thread":null,"pid":null,"source":"reftest","level":"DEBUG","message":"Loading a blank page"}
04-17 01:26:26.820 3488 3504 W Web Content: [JavaScript Warning: "This page is in Quirks Mode. Page layout may be impacted. For Standards Mode use “”." {file: "data:text/html;charset=UTF-8,%3C%21%2D%2DCLEAR%2D%2D%3E" line: 0}]
04-17 01:26:26.827 3456 3471 D GeckoViewContent: handleEvent: pagetitlechanged
04-17 01:26:26.836 3456 3471 I Gecko :
04-17 01:26:26.836 3456 3471 I Gecko : {"action":"assertion_count","time":1744853186835,"thread":null,"pid":null,"source":"reftest","test":"layout/reftests/bugs/192767-27.xhtml == layout/reftests/bugs/192767-37.xhtml","min_expected":0,"max_expected":0,"count":0}
04-17 01:26:26.836 3456 3471 I Gecko :
04-17 01:26:26.836 3456 3471 I Gecko : {"action":"test_start","time":1744853186836,"thread":null,"pid":null,"source":"reftest","test":"layout/reftests/bugs/192767-01.xhtml != layout/reftests/bugs/192767-21.xhtml"}
04-17 01:26:26.844 3456 3471 I Gecko :
04-17 01:26:26.844 3456 3471 I Gecko : {"action":"log","time":1744853186844,"thread":null,"pid":null,"source":"reftest","level":"DEBUG","message":"RecordResult fired"}
04-17 01:26:26.846 3456 3471 I Gecko :
04-17 01:26:26.846 3456 3471 I Gecko : {"action":"log","time":1744853186846,"thread":null,"pid":null,"source":"reftest","level":"DEBUG","message":"RecordResult fired"}
04-17 01:26:26.848 3456 3471 I Gecko :
04-17 01:26:26.848 3456 3471 I Gecko : {"action":"test_status","time":1744853186848,"thread":null,"pid":null,"source":"reftest","test":"layout/reftests/bugs/192767-01.xhtml != layout/reftests/bugs/192767-21.xhtml","subtest":"image comparison, max difference: 255, number of differing pixels: 2526","status":"PASS","extra":{"status_msg":"Pass","modifiers":["!=","chrome://reftest/content/bugs/192767-01.xhtml","chrome://reftest/content/bugs/192767-21.xhtml"]}}
04-17 01:26:26.848 3456 3471 I Gecko :
04-17 01:26:26.848 3456 3471 I Gecko : {"action":"test_end","time":1744853186848,"thread":null,"pid":null,"source":"reftest","test":"layout/reftests/bugs/192767-01.xhtml != layout/reftests/bugs/192767-21.xhtml","status":"OK"}
04-17 01:26:26.848 3456 3471 I Gecko :
04-17 01:26:26.848 3456 3471 I Gecko : {"action":"log","time":1744853186848,"thread":null,"pid":null,"source":"reftest","level":"DEBUG","message":"Loading a blank page"}
04-17 01:26:26.852 3538 3569 E eglCodecCommon: glUtilsParamSize: unknow param 0x00008caa
04-17 01:26:26.870 3488 3504 W Web Content: [JavaScript Warning: "This page is in Quirks Mode. Page layout may be impacted. For Standards Mode use “”." {file: "data:text/html;charset=UTF-8,%3C%21%2D%2DCLEAR%2D%2D%3E" line: 0}]
04-17 01:26:26.876 3456 3471 D GeckoViewContent: handleEvent: pagetitlechanged
04-17 01:26:26.888 3456 3471 I Gecko :
04-17 01:26:26.888 3456 3471 I Gecko : {"action":"assertion_count","time":1744853186888,"thread":null,"pid":null,"source":"reftest","test":"layout/reftests/bugs/192767-01.xhtml != layout/reftests/bugs/192767-21.xhtml","min_expected":0,"max_expected":0,"count":0}
04-17 01:26:26.888 3456 3471 I Gecko :
04-17 01:26:26.888 3456 3471 I Gecko : {"action":"test_start","time":1744853186888,"thread":null,"pid":null,"source":"reftest","test":"layout/reftests/bugs/192767-02.xhtml != layout/reftests/bugs/192767-22.xhtml"}
04-17 01:26:26.896 3456 3471 I Gecko :
04-17 01:26:26.896 3456 3471 I Gecko : {"action":"log","time":1744853186896,"thread":null,"pid":null,"source":"reftest","level":"DEBUG","message":"RecordResult fired"}
04-17 01:26:26.898 3456 3471 I Gecko :
04-17 01:26:26.898 3456 3471 I Gecko : {"action":"log","time":1744853186898,"thread":null,"pid":null,"source":"reftest","level":"DEBUG","message":"RecordResult fired"}
04-17 01:26:26.899 3456 3471 I Gecko :
04-17 01:26:26.899 3456 3471 I Gecko : {"action":"test_status","time":1744853186899,"thread":null,"pid":null,"source":"reftest","test":"layout/reftests/bugs/192767-02.xhtml != layout/reftests/bugs/192767-22.xhtml","subtest":"image comparison, max difference: 54, number of differing pixels: 186","status":"PASS","extra":{"status_msg":"Pass","modifiers":["!=","chrome://reftest/content/bugs/192767-02.xhtml","chrome://reftest/content/bugs/192767-22.xhtml"]}}
04-17 01:26:26.900 3456 3471 I Gecko :
04-17 01:26:26.900 3456 3471 I Gecko : {"action":"test_end","time":1744853186900,"thread":null,"pid":null,"source":"reftest","test":"layout/reftests/bugs/192767-02.xhtml != layout/reftests/bugs/192767-22.xhtml","status":"OK"}
04-17 01:26:26.900 3456 3471 I Gecko :
04-17 01:26:26.900 3456 3471 I Gecko : {"action":"log","time":1744853186900,"thread":null,"pid":null,"source":"reftest","level":"DEBUG","message":"Loading a blank page"}
04-17 01:26:26.923 3488 3504 W Web Content: [JavaScript Warning: "This page is in Quirks Mode. Page layout may be impacted. For Standards Mode use “”." {file: "data:text/html;charset=UTF-8,%3C%21%2D%2DCLEAR%2D%2D%3E" line: 0}]
04-17 01:26:26.931 3456 3471 D GeckoViewContent: handleEvent: pagetitlechanged
04-17 01:26:26.948 3456 3471 I Gecko :
04-17 01:26:26.948 3456 3471 I Gecko : {"action":"assertion_count","time":1744853186948,"thread":null,"pid":null,"source":"reftest","test":"layout/reftests/bugs/192767-02.xhtml != layout/reftests/bugs/192767-22.xhtml","min_expected":0,"max_expected":0,"count":0}
04-17 01:26:26.949 3456 3471 I Gecko :
04-17 01:26:26.949 3456 3471 I Gecko : {"action":"test_start","time":1744853186949,"thread":null,"pid":null,"source":"reftest","test":"layout/reftests/bugs/192767-03.xhtml != layout/reftests/bugs/192767-23.xhtml"}
04-17 01:26:26.949 3538 3569 E eglCodecCommon: glUtilsParamSize: unknow param 0x00008caa
04-17 01:26:26.953 3456 3471 I Gecko :
04-17 01:26:26.953 3456 3471 I Gecko : {"action":"log","time":1744853186953,"thread":null,"pid":null,"source":"reftest","level":"DEBUG","message":"RecordResult fired"}
04-17 01:26:26.955 3456 3471 I Gecko :
04-17 01:26:26.955 3456 3471 I Gecko : {"action":"log","time":1744853186955,"thread":null,"pid":null,"source":"reftest","level":"DEBUG","message":"RecordResult fired"}
04-17 01:26:26.957 3456 3471 I Gecko :
04-17 01:26:26.957 3456 3471 I Gecko : {"action":"test_status","time":1744853186956,"thread":null,"pid":null,"source":"reftest","test":"layout/reftests/bugs/192767-03.xhtml != layout/reftests/bugs/192767-23.xhtml","subtest":"image comparison, max difference: 255, number of differing pixels: 1970","status":"PASS","extra":{"status_msg":"Pass","modifiers":["!=","chrome://reftest/content/bugs/192767-03.xhtml","chrome://reftest/content/bugs/192767-23.xhtml"]}}
04-17 01:26:26.957 3456 3471 I Gecko :
04-17 01:26:26.957 3456 3471 I Gecko : {"action":"test_end","time":1744853186957,"thread":null,"pid":null,"source":"reftest","test":"layout/reftests/bugs/192767-03.xhtml != layout/reftests/bugs/192767-23.xhtml","status":"OK"}
04-17 01:26:26.957 3456 3471 I Gecko :
04-17 01:26:26.957 3456 3471 I Gecko : {"action":"log","time":1744853186957,"thread":null,"pid":null,"source":"reftest","level":"DEBUG","message":"Loading a blank page"}
04-17 01:26:26.983 3488 3504 W Web Content: [JavaScript Warning: "This page is in Quirks Mode. Page layout may be impacted. For Standards Mode use “”." {file: "data:text/html;charset=UTF-8,%3C%21%2D%2DCLEAR%2D%2D%3E" line: 0}]
04-17 01:26:26.988 3456 3471 D GeckoViewContent: handleEvent: pagetitlechanged
04-17 01:26:27.000 3456 3471 I Gecko :
04-17 01:26:27.000 3456 3471 I Gecko : {"action":"assertion_count","time":1744853187000,"thread":null,"pid":null,"source":"reftest","test":"layout/reftests/bugs/192767-03.xhtml != layout/reftests/bugs/192767-23.xhtml","min_expected":0,"max_expected":0,"count":0}
04-17 01:26:27.001 3456 3471 I Gecko :
04-17 01:26:27.001 3456 3471 I Gecko : {"action":"test_start","time":1744853187001,"thread":null,"pid":null,"source":"reftest","test":"layout/reftests/bugs/192767-04.xhtml != layout/reftests/bugs/192767-24.xhtml"}
04-17 01:26:27.006 3456 3471 I Gecko :
04-17 01:26:27.006 3456 3471 I Gecko : {"action":"log","time":1744853187006,"thread":null,"pid":null,"source":"reftest","level":"DEBUG","message":"RecordResult fired"}
04-17 01:26:27.008 3456 3471 I Gecko :
04-17 01:26:27.008 3456 3471 I Gecko : {"action":"log","time":1744853187008,"thread":null,"pid":null,"source":"reftest","level":"DEBUG","message":"RecordResult fired"}
04-17 01:26:27.009 3456 3471 I Gecko :
04-17 01:26:27.009 3456 3471 I Gecko : {"action":"test_status","time":1744853187009,"thread":null,"pid":null,"source":"reftest","test":"layout/reftests/bugs/192767-04.xhtml != layout/reftests/bugs/192767-24.xhtml","subtest":"image comparison, max difference: 54, number of differing pixels: 192","status":"PASS","extra":{"status_msg":"Pass","modifiers":["!=","chrome://reftest/content/bugs/192767-04.xhtml","chrome://reftest/content/bugs/192767-24.xhtml"]}}
04-17 01:26:27.010 3456 3471 I Gecko :
04-17 01:26:27.010 3456 3471 I Gecko : {"action":"test_end","time":1744853187010,"thread":null,"pid":null,"source":"reftest","test":"layout/reftests/bugs/192767-04.xhtml != layout/reftests/bugs/192767-24.xhtml","status":"OK"}
04-17 01:26:27.010 3456 3471 I Gecko :
04-17 01:26:27.010 3456 3471 I Gecko : {"action":"log","time":1744853187010,"thread":null,"pid":null,"source":"reftest","level":"DEBUG","message":"Loading a blank page"}
04-17 01:26:27.029 3488 3504 W Web Content: [JavaScript Warning: "This page is in Quirks Mode. Page layout may be impacted. For Standards Mode use “”." {file: "data:text/html;charset=UTF-8,%3C%21%2D%2DCLEAR%2D%2D%3E" line: 0}]
04-17 01:26:27.035 3456 3471 D GeckoViewContent: handleEvent: pagetitlechanged
04-17 01:26:27.045 3456 3471 I Gecko :
04-17 01:26:27.045 3456 3471 I Gecko : {"action":"assertion_count","time":1744853187045,"thread":null,"pid":null,"source":"reftest","test":"layout/reftests/bugs/192767-04.xhtml != layout/reftests/bugs/192767-24.xhtml","min_expected":0,"max_expected":0,"count":0}
04-17 01:26:27.045 3456 3471 I Gecko :
04-17 01:26:27.045 3456 3471 I Gecko : {"action":"test_start","time":1744853187045,"thread":null,"pid":null,"source":"reftest","test":"layout/reftests/bugs/192767-05.xhtml != layout/reftests/bugs/192767-25.xhtml"}
04-17 01:26:27.050 3456 3471 I Gecko :
04-17 01:26:27.050 3456 3471 I Gecko : {"action":"log","time":1744853187050,"thread":null,"pid":null,"source":"reftest","level":"DEBUG","message":"RecordResult fired"}
04-17 01:26:27.052 3456 3471 I Gecko :
04-17 01:26:27.052 3456 3471 I Gecko : {"action":"log","time":1744853187052,"thread":null,"pid":null,"source":"reftest","level":"DEBUG","message":"RecordResult fired"}
04-17 01:26:27.054 3456 3471 I Gecko :
04-17 01:26:27.054 3456 3471 I Gecko : {"action":"test_status","time":1744853187054,"thread":null,"pid":null,"source":"reftest","test":"layout/reftests/bugs/192767-05.xhtml != layout/reftests/bugs/192767-25.xhtml","subtest":"image comparison, max difference: 54, number of differing pixels: 192","status":"PASS","extra":{"status_msg":"Pass","modifiers":["!=","chrome://reftest/content/bugs/192767-05.xhtml","chrome://reftest/content/bugs/192767-25.xhtml"]}}
04-17 01:26:27.054 3456 3471 I Gecko :
04-17 01:26:27.054 3456 3471 I Gecko : {"action":"test_end","time":1744853187054,"thread":null,"pid":null,"source":"reftest","test":"layout/reftests/bugs/192767-05.xhtml != layout/reftests/bugs/192767-25.xhtml","status":"OK"}
04-17 01:26:27.054 3456 3471 I Gecko :
04-17 01:26:27.054 3456 3471 I Gecko : {"action":"log","time":1744853187054,"thread":null,"pid":null,"source":"reftest","level":"DEBUG","message":"Loading a blank page"}
04-17 01:26:27.056 3538 3569 E eglCodecCommon: glUtilsParamSize: unknow param 0x00008caa
04-17 01:26:27.079 3488 3504 W Web Content: [JavaScript Warning: "This page is in Quirks Mode. Page layout may be impacted. For Standards Mode use “”." {file: "data:text/html;charset=UTF-8,%3C%21%2D%2DCLEAR%2D%2D%3E" line: 0}]
04-17 01:26:27.086 3456 3471 D GeckoViewContent: handleEvent: pagetitlechanged
04-17 01:26:27.100 3456 3471 I Gecko :
04-17 01:26:27.100 3456 3471 I Gecko : {"action":"assertion_count","time":1744853187100,"thread":null,"pid":null,"source":"reftest","test":"layout/reftests/bugs/192767-05.xhtml != layout/reftests/bugs/192767-25.xhtml","min_expected":0,"max_expected":0,"count":0}
04-17 01:26:27.101 3456 3471 I Gecko :
04-17 01:26:27.101 3456 3471 I Gecko : {"action":"test_start","time":1744853187101,"thread":null,"pid":null,"source":"reftest","test":"layout/reftests/bugs/192767-06.xhtml != layout/reftests/bugs/192767-26.xhtml"}
04-17 01:26:27.106 3456 3471 I Gecko :
04-17 01:26:27.106 3456 3471 I Gecko : {"action":"log","time":1744853187105,"thread":null,"pid":null,"source":"reftest","level":"DEBUG","message":"RecordResult fired"}
04-17 01:26:27.107 3456 3471 I Gecko :
04-17 01:26:27.107 3456 3471 I Gecko : {"action":"log","time":1744853187107,"thread":null,"pid":null,"source":"reftest","level":"DEBUG","message":"RecordResult fired"}
04-17 01:26:27.109 3456 3471 I Gecko :
04-17 01:26:27.109 3456 3471 I Gecko : {"action":"test_status","time":1744853187109,"thread":null,"pid":null,"source":"reftest","test":"layout/reftests/bugs/192767-06.xhtml != layout/reftests/bugs/192767-26.xhtml","subtest":"image comparison, max difference: 255, number of differing pixels: 1976","status":"PASS","extra":{"status_msg":"Pass","modifiers":["!=","chrome://reftest/content/bugs/192767-06.xhtml","chrome://reftest/content/bugs/192767-26.xhtml"]}}
04-17 01:26:27.109 3456 3471 I Gecko :
04-17 01:26:27.109 3456 3471 I Gecko : {"action":"test_end","time":1744853187109,"thread":null,"pid":null,"source":"reftest","test":"layout/reftests/bugs/192767-06.xhtml != layout/reftests/bugs/192767-26.xhtml","status":"OK"}
04-17 01:26:27.109 3456 3471 I Gecko :
04-17 01:26:27.109 3456 3471 I Gecko : {"action":"log","time":1744853187109,"thread":null,"pid":null,"source":"reftest","level":"DEBUG","message":"Loading a blank page"}
04-17 01:26:27.129 3488 3504 W Web Content: [JavaScript Warning: "This page is in Quirks Mode. Page layout may be impacted. For Standards Mode use “”." {file: "data:text/html;charset=UTF-8,%3C%21%2D%2DCLEAR%2D%2D%3E" line: 0}]
04-17 01:26:27.138 3456 3471 D GeckoViewContent: handleEvent: pagetitlechanged
04-17 01:26:27.150 3456 3471 I Gecko :
04-17 01:26:27.150 3456 3471 I Gecko : {"action":"assertion_count","time":1744853187150,"thread":null,"pid":null,"source":"reftest","test":"layout/reftests/bugs/192767-06.xhtml != layout/reftests/bugs/192767-26.xhtml","min_expected":0,"max_expected":0,"count":0}
04-17 01:26:27.150 3456 3471 I Gecko :
04-17 01:26:27.150 3456 3471 I Gecko : {"action":"test_start","time":1744853187150,"thread":null,"pid":null,"source":"reftest","test":"layout/reftests/bugs/192767-07.xhtml != layout/reftests/bugs/192767-27.xhtml"}
04-17 01:26:27.155 3456 3471 I Gecko :
04-17 01:26:27.155 3456 3471 I Gecko : {"action":"log","time":1744853187155,"thread":null,"pid":null,"source":"reftest","level":"DEBUG","message":"RecordResult fired"}
04-17 01:26:27.157 3456 3471 I Gecko :
04-17 01:26:27.157 3456 3471 I Gecko : {"action":"log","time":1744853187157,"thread":null,"pid":null,"source":"reftest","level":"DEBUG","message":"RecordResult fired"}
04-17 01:26:27.157 3538 3569 E eglCodecCommon: glUtilsParamSize: unknow param 0x00008caa
04-17 01:26:27.162 3456 3471 I Gecko :
04-17 01:26:27.162 3456 3471 I Gecko : {"action":"test_status","time":1744853187162,"thread":null,"pid":null,"source":"reftest","test":"layout/reftests/bugs/192767-07.xhtml != layout/reftests/bugs/192767-27.xhtml","subtest":"image comparison, max difference: 255, number of differing pixels: 1976","status":"PASS","extra":{"status_msg":"Pass","modifiers":["!=","chrome://reftest/content/bugs/192767-07.xhtml","chrome://reftest/content/bugs/192767-27.xhtml"]}}
04-17 01:26:27.162 3456 3471 I Gecko :
04-17 01:26:27.162 3456 3471 I Gecko : {"action":"test_end","time":1744853187162,"thread":null,"pid":null,"source":"reftest","test":"layout/reftests/bugs/192767-07.xhtml != layout/reftests/bugs/192767-27.xhtml","status":"OK"}
04-17 01:26:27.162 3456 3471 I Gecko :
04-17 01:26:27.162 3456 3471 I Gecko : {"action":"log","time":1744853187162,"thread":null,"pid":null,"source":"reftest","level":"DEBUG","message":"Loading a blank page"}
04-17 01:26:27.182 3488 3504 W Web Content: [JavaScript Warning: "This page is in Quirks Mode. Page layout may be impacted. For Standards Mode use “”." {file: "data:text/html;charset=UTF-8,%3C%21%2D%2DCLEAR%2D%2D%3E" line: 0}]
04-17 01:26:27.188 3456 3471 D GeckoViewContent: handleEvent: pagetitlechanged
04-17 01:26:27.198 3456 3471 I Gecko :
04-17 01:26:27.198 3456 3471 I Gecko : {"action":"assertion_count","time":1744853187198,"thread":null,"pid":null,"source":"reftest","test":"layout/reftests/bugs/192767-07.xhtml != layout/reftests/bugs/192767-27.xhtml","min_expected":0,"max_expected":0,"count":0}
04-17 01:26:27.198 3456 3471 I Gecko :
04-17 01:26:27.198 3456 3471 I Gecko : {"action":"test_start","time":1744853187198,"thread":null,"pid":null,"source":"reftest","test":"layout/reftests/bugs/192767-11.xhtml != layout/reftests/bugs/192767-31.xhtml"}
04-17 01:26:27.202 3456 3471 I Gecko :
04-17 01:26:27.202 3456 3471 I Gecko : {"action":"log","time":1744853187202,"thread":null,"pid":null,"source":"reftest","level":"DEBUG","message":"RecordResult fired"}
04-17 01:26:27.204 3456 3471 I Gecko :
04-17 01:26:27.204 3456 3471 I Gecko : {"action":"log","time":1744853187204,"thread":null,"pid":null,"source":"reftest","level":"DEBUG","message":"RecordResult fired"}
04-17 01:26:27.206 3456 3471 I Gecko :
04-17 01:26:27.206 3456 3471 I Gecko : {"action":"test_status","time":1744853187206,"thread":null,"pid":null,"source":"reftest","test":"layout/reftests/bugs/192767-11.xhtml != layout/reftests/bugs/192767-31.xhtml","subtest":"image comparison, max difference: 255, number of differing pixels: 2526","status":"PASS","extra":{"status_msg":"Pass","modifiers":["!=","chrome://reftest/content/bugs/192767-11.xhtml","chrome://reftest/content/bugs/192767-31.xhtml"]}}
04-17 01:26:27.206 3456 3471 I Gecko :
04-17 01:26:27.206 3456 3471 I Gecko : {"action":"test_end","time":1744853187206,"thread":null,"pid":null,"source":"reftest","test":"layout/reftests/bugs/192767-11.xhtml != layout/reftests/bugs/192767-31.xhtml","status":"OK"}
04-17 01:26:27.206 3456 3471 I Gecko :
04-17 01:26:27.206 3456 3471 I Gecko : {"action":"log","time":1744853187206,"thread":null,"pid":null,"source":"reftest","level":"DEBUG","message":"Loading a blank page"}
04-17 01:26:27.226 3488 3504 W Web Content: [JavaScript Warning: "This page is in Quirks Mode. Page layout may be impacted. For Standards Mode use “”." {file: "data:text/html;charset=UTF-8,%3C%21%2D%2DCLEAR%2D%2D%3E" line: 0}]
04-17 01:26:27.233 3456 3471 D GeckoViewContent: handleEvent: pagetitlechanged
04-17 01:26:27.243 3456 3471 I Gecko :
04-17 01:26:27.243 3456 3471 I Gecko : {"action":"assertion_count","time":1744853187243,"thread":null,"pid":null,"source":"reftest","test":"layout/reftests/bugs/192767-11.xhtml != layout/reftests/bugs/192767-31.xhtml","min_expected":0,"max_expected":0,"count":0}
04-17 01:26:27.243 3456 3471 I Gecko :
04-17 01:26:27.243 3456 3471 I Gecko : {"action":"test_start","time":1744853187243,"thread":null,"pid":null,"source":"reftest","test":"layout/reftests/bugs/192767-12.xhtml != layout/reftests/bugs/192767-32.xhtml"}
04-17 01:26:27.248 3456 3471 I Gecko :
04-17 01:26:27.248 3456 3471 I Gecko : {"action":"log","time":1744853187248,"thread":null,"pid":null,"source":"reftest","level":"DEBUG","message":"RecordResult fired"}
04-17 01:26:27.250 3456 3471 I Gecko :
04-17 01:26:27.250 3456 3471 I Gecko : {"action":"log","time":1744853187250,"thread":null,"pid":null,"source":"reftest","level":"DEBUG","message":"RecordResult fired"}
04-17 01:26:27.252 3456 3471 I Gecko :
04-17 01:26:27.252 3456 3471 I Gecko : {"action":"test_status","time":1744853187252,"thread":null,"pid":null,"source":"reftest","test":"layout/reftests/bugs/192767-12.xhtml != layout/reftests/bugs/192767-32.xhtml","subtest":"image comparison, max difference: 54, number of differing pixels: 186","status":"PASS","extra":{"status_msg":"Pass","modifiers":["!=","chrome://reftest/content/bugs/192767-12.xhtml","chrome://reftest/content/bugs/192767-32.xhtml"]}}
04-17 01:26:27.252 3456 3471 I Gecko :
04-17 01:26:27.252 3456 3471 I Gecko : {"action":"test_end","time":1744853187252,"thread":null,"pid":null,"source":"reftest","test":"layout/reftests/bugs/192767-12.xhtml != layout/reftests/bugs/192767-32.xhtml","status":"OK"}
04-17 01:26:27.252 3456 3471 I Gecko :
04-17 01:26:27.252 3456 3471 I Gecko : {"action":"log","time":1744853187252,"thread":null,"pid":null,"source":"reftest","level":"DEBUG","message":"Loading a blank page"}
04-17 01:26:27.266 3538 3569 E eglCodecCommon: glUtilsParamSize: unknow param 0x00008caa
04-17 01:26:27.272 3488 3504 W Web Content: [JavaScript Warning: "This page is in Quirks Mode. Page layout may be impacted. For Standards Mode use “”." {file: "data:text/html;charset=UTF-8,%3C%21%2D%2DCLEAR%2D%2D%3E" line: 0}]
04-17 01:26:27.280 3456 3471 D GeckoViewContent: handleEvent: pagetitlechanged
04-17 01:26:27.290 3456 3471 I Gecko :
04-17 01:26:27.290 3456 3471 I Gecko : {"action":"assertion_count","time":1744853187290,"thread":null,"pid":null,"source":"reftest","test":"layout/reftests/bugs/192767-12.xhtml != layout/reftests/bugs/192767-32.xhtml","min_expected":0,"max_expected":0,"count":0}
04-17 01:26:27.290 3456 3471 I Gecko :
04-17 01:26:27.290 3456 3471 I Gecko : {"action":"test_start","time":1744853187290,"thread":null,"pid":null,"source":"reftest","test":"layout/reftests/bugs/192767-13.xhtml != layout/reftests/bugs/192767-33.xhtml"}
04-17 01:26:27.296 3456 3471 I Gecko :
04-17 01:26:27.296 3456 3471 I Gecko : {"action":"log","time":1744853187296,"thread":null,"pid":null,"source":"reftest","level":"DEBUG","message":"RecordResult fired"}
04-17 01:26:27.298 3456 3471 I Gecko :
04-17 01:26:27.298 3456 3471 I Gecko : {"action":"log","time":1744853187298,"thread":null,"pid":null,"source":"reftest","level":"DEBUG","message":"RecordResult fired"}
04-17 01:26:27.299 3456 3471 I Gecko :
04-17 01:26:27.299 3456 3471 I Gecko : {"action":"test_status","time":1744853187299,"thread":null,"pid":null,"source":"reftest","test":"layout/reftests/bugs/192767-13.xhtml != layout/reftests/bugs/192767-33.xhtml","subtest":"image comparison, max difference: 255, number of differing pixels: 1970","status":"PASS","extra":{"status_msg":"Pass","modifiers":["!=","chrome://reftest/content/bugs/192767-13.xhtml","chrome://reftest/content/bugs/192767-33.xhtml"]}}
04-17 01:26:27.300 3456 3471 I Gecko :
04-17 01:26:27.300 3456 3471 I Gecko : {"action":"test_end","time":1744853187299,"thread":null,"pid":null,"source":"reftest","test":"layout/reftests/bugs/192767-13.xhtml != layout/reftests/bugs/192767-33.xhtml","status":"OK"}
04-17 01:26:27.300 3456 3471 I Gecko :
04-17 01:26:27.300 3456 3471 I Gecko : {"action":"log","time":1744853187300,"thread":null,"pid":null,"source":"reftest","level":"DEBUG","message":"Loading a blank page"}
04-17 01:26:27.323 3488 3504 W Web Content: [JavaScript Warning: "This page is in Quirks Mode. Page layout may be impacted. For Standards Mode use “”." {file: "data:text/html;charset=UTF-8,%3C%21%2D%2DCLEAR%2D%2D%3E" line: 0}]
04-17 01:26:27.331 3456 3471 D GeckoViewContent: handleEvent: pagetitlechanged
04-17 01:26:27.340 3456 3471 I Gecko :
04-17 01:26:27.340 3456 3471 I Gecko : {"action":"assertion_count","time":1744853187340,"thread":null,"pid":null,"source":"reftest","test":"layout/reftests/bugs/192767-13.xhtml != layout/reftests/bugs/192767-33.xhtml","min_expected":0,"max_expected":0,"count":0}
04-17 01:26:27.341 3456 3471 I Gecko :
04-17 01:26:27.341 3456 3471 I Gecko : {"action":"test_start","time":1744853187341,"thread":null,"pid":null,"source":"reftest","test":"layout/reftests/bugs/192767-14.xhtml != layout/reftests/bugs/192767-34.xhtml"}
04-17 01:26:27.348 3456 3471 I Gecko :
04-17 01:26:27.348 3456 3471 I Gecko : {"action":"log","time":1744853187348,"thread":null,"pid":null,"source":"reftest","level":"DEBUG","message":"RecordResult fired"}
04-17 01:26:27.350 3456 3471 I Gecko :
04-17 01:26:27.350 3456 3471 I Gecko : {"action":"log","time":1744853187350,"thread":null,"pid":null,"source":"reftest","level":"DEBUG","message":"RecordResult fired"}
04-17 01:26:27.352 3456 3471 I Gecko :
04-17 01:26:27.352 3456 3471 I Gecko : {"action":"test_status","time":1744853187351,"thread":null,"pid":null,"source":"reftest","test":"layout/reftests/bugs/192767-14.xhtml != layout/reftests/bugs/192767-34.xhtml","subtest":"image comparison, max difference: 54, number of differing pixels: 192","status":"PASS","extra":{"status_msg":"Pass","modifiers":["!=","chrome://reftest/content/bugs/192767-14.xhtml","chrome://reftest/content/bugs/192767-34.xhtml"]}}
04-17 01:26:27.352 3456 3471 I Gecko :
04-17 01:26:27.352 3456 3471 I Gecko : {"action":"test_end","time":1744853187352,"thread":null,"pid":null,"source":"reftest","test":"layout/reftests/bugs/192767-14.xhtml != layout/reftests/bugs/192767-34.xhtml","status":"OK"}
04-17 01:26:27.352 3456 3471 I Gecko :
04-17 01:26:27.352 3456 3471 I Gecko : {"action":"log","time":1744853187352,"thread":null,"pid":null,"source":"reftest","level":"DEBUG","message":"Loading a blank page"}
04-17 01:26:27.375 3488 3504 W Web Content: [JavaScript Warning: "This page is in Quirks Mode. Page layout may be impacted. For Standards Mode use “”." {file: "data:text/html;charset=UTF-8,%3C%21%2D%2DCLEAR%2D%2D%3E" line: 0}]
04-17 01:26:27.375 3538 3569 E eglCodecCommon: glUtilsParamSize: unknow param 0x00008caa
04-17 01:26:27.383 3456 3471 D GeckoViewContent: handleEvent: pagetitlechanged
04-17 01:26:27.393 3456 3471 I Gecko :
04-17 01:26:27.393 3456 3471 I Gecko : {"action":"assertion_count","time":1744853187393,"thread":null,"pid":null,"source":"reftest","test":"layout/reftests/bugs/192767-14.xhtml != layout/reftests/bugs/192767-34.xhtml","min_expected":0,"max_expected":0,"count":0}
04-17 01:26:27.393 3456 3471 I Gecko :
04-17 01:26:27.393 3456 3471 I Gecko : {"action":"test_start","time":1744853187393,"thread":null,"pid":null,"source":"reftest","test":"layout/reftests/bugs/192767-15.xhtml != layout/reftests/bugs/192767-35.xhtml"}
04-17 01:26:27.398 3456 3471 I Gecko :
04-17 01:26:27.398 3456 3471 I Gecko : {"action":"log","time":1744853187398,"thread":null,"pid":null,"source":"reftest","level":"DEBUG","message":"RecordResult fired"}
04-17 01:26:27.400 3456 3471 I Gecko :
04-17 01:26:27.400 3456 3471 I Gecko : {"action":"log","time":1744853187400,"thread":null,"pid":null,"source":"reftest","level":"DEBUG","message":"RecordResult fired"}
04-17 01:26:27.401 3456 3471 I Gecko :
04-17 01:26:27.401 3456 3471 I Gecko : {"action":"test_status","time":1744853187401,"thread":null,"pid":null,"source":"reftest","test":"layout/reftests/bugs/192767-15.xhtml != layout/reftests/bugs/192767-35.xhtml","subtest":"image comparison, max difference: 54, number of differing pixels: 192","status":"PASS","extra":{"status_msg":"Pass","modifiers":["!=","chrome://reftest/content/bugs/192767-15.xhtml","chrome://reftest/content/bugs/192767-35.xhtml"]}}
04-17 01:26:27.402 3456 3471 I Gecko :
04-17 01:26:27.402 3456 3471 I Gecko : {"action":"test_end","time":1744853187402,"thread":null,"pid":null,"source":"reftest","test":"layout/reftests/bugs/192767-15.xhtml != layout/reftests/bugs/192767-35.xhtml","status":"OK"}
04-17 01:26:27.402 3456 3471 I Gecko :
04-17 01:26:27.402 3456 3471 I Gecko : {"action":"log","time":1744853187402,"thread":null,"pid":null,"source":"reftest","level":"DEBUG","message":"Loading a blank page"}
04-17 01:26:27.425 3488 3504 W Web Content: [JavaScript Warning: "This page is in Quirks Mode. Page layout may be impacted. For Standards Mode use “”." {file: "data:text/html;charset=UTF-8,%3C%21%2D%2DCLEAR%2D%2D%3E" line: 0}]
04-17 01:26:27.434 3456 3471 D GeckoViewContent: handleEvent: pagetitlechanged
04-17 01:26:27.443 3456 3471 I Gecko :
04-17 01:26:27.443 3456 3471 I Gecko : {"action":"assertion_count","time":1744853187443,"thread":null,"pid":null,"source":"reftest","test":"layout/reftests/bugs/192767-15.xhtml != layout/reftests/bugs/192767-35.xhtml","min_expected":0,"max_expected":0,"count":0}
04-17 01:26:27.443 3456 3471 I Gecko :
04-17 01:26:27.443 3456 3471 I Gecko : {"action":"test_start","time":1744853187443,"thread":null,"pid":null,"source":"reftest","test":"layout/reftests/bugs/192767-16.xhtml != layout/reftests/bugs/192767-36.xhtml"}
04-17 01:26:27.447 3456 3471 I Gecko :
04-17 01:26:27.447 3456 3471 I Gecko : {"action":"log","time":1744853187447,"thread":null,"pid":null,"source":"reftest","level":"DEBUG","message":"RecordResult fired"}
04-17 01:26:27.449 3456 3471 I Gecko :
04-17 01:26:27.449 3456 3471 I Gecko : {"action":"log","time":1744853187449,"thread":null,"pid":null,"source":"reftest","level":"DEBUG","message":"RecordResult fired"}
04-17 01:26:27.450 3456 3471 I Gecko :
04-17 01:26:27.450 3456 3471 I Gecko : {"action":"test_status","time":1744853187450,"thread":null,"pid":null,"source":"reftest","test":"layout/reftests/bugs/192767-16.xhtml != layout/reftests/bugs/192767-36.xhtml","subtest":"image comparison, max difference: 255, number of differing pixels: 1976","status":"PASS","extra":{"status_msg":"Pass","modifiers":["!=","chrome://reftest/content/bugs/192767-16.xhtml","chrome://reftest/content/bugs/192767-36.xhtml"]}}
04-17 01:26:27.450 3456 3471 I Gecko :
04-17 01:26:27.450 3456 3471 I Gecko : {"action":"test_end","time":1744853187450,"thread":null,"pid":null,"source":"reftest","test":"layout/reftests/bugs/192767-16.xhtml != layout/reftests/bugs/192767-36.xhtml","status":"OK"}
04-17 01:26:27.450 3456 3471 I Gecko :
04-17 01:26:27.450 3456 3471 I Gecko : {"action":"log","time":1744853187450,"thread":null,"pid":null,"source":"reftest","level":"DEBUG","message":"Loading a blank page"}
04-17 01:26:27.472 3488 3504 W Web Content: [JavaScript Warning: "This page is in Quirks Mode. Page layout may be impacted. For Standards Mode use “”." {file: "data:text/html;charset=UTF-8,%3C%21%2D%2DCLEAR%2D%2D%3E" line: 0}]
04-17 01:26:27.481 3538 3569 E eglCodecCommon: glUtilsParamSize: unknow param 0x00008caa
04-17 01:26:27.481 3456 3471 D GeckoViewContent: handleEvent: pagetitlechanged
04-17 01:26:27.490 3456 3471 I Gecko :
04-17 01:26:27.490 3456 3471 I Gecko : {"action":"assertion_count","time":1744853187490,"thread":null,"pid":null,"source":"reftest","test":"layout/reftests/bugs/192767-16.xhtml != layout/reftests/bugs/192767-36.xhtml","min_expected":0,"max_expected":0,"count":0}
04-17 01:26:27.491 3456 3471 I Gecko :
04-17 01:26:27.491 3456 3471 I Gecko : {"action":"test_start","time":1744853187491,"thread":null,"pid":null,"source":"reftest","test":"layout/reftests/bugs/192767-17.xhtml != layout/reftests/bugs/192767-37.xhtml"}
04-17 01:26:27.499 3456 3471 I Gecko :
04-17 01:26:27.499 3456 3471 I Gecko : {"action":"log","time":1744853187499,"thread":null,"pid":null,"source":"reftest","level":"DEBUG","message":"RecordResult fired"}
04-17 01:26:27.502 3456 3471 I Gecko :
04-17 01:26:27.502 3456 3471 I Gecko : {"action":"log","time":1744853187501,"thread":null,"pid":null,"source":"reftest","level":"DEBUG","message":"RecordResult fired"}
04-17 01:26:27.503 3456 3471 I Gecko :
04-17 01:26:27.503 3456 3471 I Gecko : {"action":"test_status","time":1744853187503,"thread":null,"pid":null,"source":"reftest","test":"layout/reftests/bugs/192767-17.xhtml != layout/reftests/bugs/192767-37.xhtml","subtest":"image comparison, max difference: 255, number of differing pixels: 1976","status":"PASS","extra":{"status_msg":"Pass","modifiers":["!=","chrome://reftest/content/bugs/192767-17.xhtml","chrome://reftest/content/bugs/192767-37.xhtml"]}}
04-17 01:26:27.503 3456 3471 I Gecko :
04-17 01:26:27.503 3456 3471 I Gecko : {"action":"test_end","time":1744853187503,"thread":null,"pid":null,"source":"reftest","test":"layout/reftests/bugs/192767-17.xhtml != layout/reftests/bugs/192767-37.xhtml","status":"OK"}
04-17 01:26:27.503 3456 3471 I Gecko :
04-17 01:26:27.503 3456 3471 I Gecko : {"action":"log","time":1744853187503,"thread":null,"pid":null,"source":"reftest","level":"DEBUG","message":"Loading a blank page"}
04-17 01:26:27.528 3488 3504 W Web Content: [JavaScript Warning: "This page is in Quirks Mode. Page layout may be impacted. For Standards Mode use “”." {file: "data:text/html;charset=UTF-8,%3C%21%2D%2DCLEAR%2D%2D%3E" line: 0}]
04-17 01:26:27.534 3456 3471 D GeckoViewContent: handleEvent: pagetitlechanged
04-17 01:26:27.546 3456 3471 I Gecko :
04-17 01:26:27.546 3456 3471 I Gecko : {"action":"assertion_count","time":1744853187546,"thread":null,"pid":null,"source":"reftest","test":"layout/reftests/bugs/192767-17.xhtml != layout/reftests/bugs/192767-37.xhtml","min_expected":0,"max_expected":0,"count":0}
04-17 01:26:27.546 3456 3471 I Gecko :
04-17 01:26:27.546 3456 3471 I Gecko : {"action":"test_start","time":1744853187546,"thread":null,"pid":null,"source":"reftest","test":"layout/reftests/bugs/200774-1.html != about:blank"}
04-17 01:26:27.547 3456 3471 I Gecko : REFTEST TEST-LOAD | http://10.0.2.2:8854/tests/layout/reftests/bugs/200774-1.html | 184 / 2088 (8%)
04-17 01:26:27.547 3456 3471 I Gecko :
04-17 01:26:27.547 3456 3471 I Gecko : {"action":"log","time":1744853187547,"thread":null,"pid":null,"source":"reftest","level":"DEBUG","message":"START http://10.0.2.2:8854/tests/layout/reftests/bugs/200774-1.html"}
04-17 01:26:27.590 3538 3569 E eglCodecCommon: glUtilsParamSize: unknow param 0x00008caa
04-17 01:26:27.603 3456 3471 D GeckoViewContent: handleEvent: pagetitlechanged
04-17 01:26:27.627 3488 3504 I Gecko : [Child 3488, Main Thread] WARNING: Caller should supply a printer name.: file /builds/worker/checkouts/gecko/widget/nsPrintSettingsService.cpp:921
04-17 01:26:27.634 3456 3471 I Gecko :
04-17 01:26:27.634 3456 3471 I Gecko : {"action":"log","time":1744853187634,"thread":null,"pid":null,"source":"reftest","level":"DEBUG","message":"[CONTENT] OnDocumentLoad setting up print mode"}
04-17 01:26:27.636 3456 3471 I Gecko :
04-17 01:26:27.636 3456 3471 I Gecko : {"action":"log","time":1744853187635,"thread":null,"pid":null,"source":"reftest","level":"DEBUG","message":"[CONTENT] OnDocumentLoad triggering AfterOnLoadScripts"}
04-17 01:26:27.684 3456 3471 I Gecko :
04-17 01:26:27.684 3456 3471 I Gecko : {"action":"log","time":1744853187684,"thread":null,"pid":null,"source":"reftest","level":"DEBUG","message":"Initializing canvas snapshot"}
04-17 01:26:27.685 3456 3471 I Gecko :
04-17 01:26:27.685 3456 3471 I Gecko : {"action":"log","time":1744853187685,"thread":null,"pid":null,"source":"reftest","level":"DEBUG","message":"DoDrawWindow 0,0,800,1000"}
04-17 01:26:27.689 3538 3569 E eglCodecCommon: glUtilsParamSize: unknow param 0x00008caa
04-17 01:26:27.783 3538 3569 E eglCodecCommon: glUtilsParamSize: unknow param 0x00008caa
04-17 01:26:28.095 3538 3569 E eglCodecCommon: glUtilsParamSize: unknow param 0x00008741
04-17 01:26:28.244 3538 3569 E eglCodecCommon: glUtilsParamSize: unknow param 0x00008741
04-17 01:26:28.326 3538 3569 E eglCodecCommon: glUtilsParamSize: unknow param 0x00008741
04-17 01:26:28.732 3538 3569 E eglCodecCommon: glUtilsParamSize: unknow param 0x00008caa
04-17 01:26:28.895 3538 3569 E eglCodecCommon: glUtilsParamSize: unknow param 0x00008caa
04-17 01:26:29.054 3538 3569 E eglCodecCommon: glUtilsParamSize: unknow param 0x00000d02
04-17 01:26:29.063 3538 3569 E eglCodecCommon: glUtilsParamSize: unknow param 0x00008caa
04-17 01:26:29.090 3456 3471 I Gecko :
04-17 01:26:29.090 3456 3471 I Gecko : {"action":"log","time":1744853189089,"thread":null,"pid":null,"source":"reftest","level":"DEBUG","message":"[CONTENT] RecordResult fired"}
04-17 01:26:29.090 3456 3471 I Gecko :
04-17 01:26:29.090 3456 3471 I Gecko : {"action":"log","time":1744853189090,"thread":null,"pid":null,"source":"reftest","level":"DEBUG","message":"RecordResult fired"}
04-17 01:26:29.092 3456 3471 I Gecko : REFTEST TEST-LOAD | about:blank | 184 / 2088 (8%)
04-17 01:26:29.093 3456 3471 I Gecko :
04-17 01:26:29.093 3456 3471 I Gecko : {"action":"log","time":1744853189093,"thread":null,"pid":null,"source":"reftest","level":"DEBUG","message":"START about:blank"}
04-17 01:26:29.119 3456 3471 D GeckoViewContent: handleEvent: pagetitlechanged
04-17 01:26:29.131 3456 3471 I Gecko :
04-17 01:26:29.131 3456 3471 I Gecko : {"action":"log","time":1744853189131,"thread":null,"pid":null,"source":"reftest","level":"DEBUG","message":"[CONTENT] OnDocumentLoad triggering AfterOnLoadScripts"}
04-17 01:26:29.154 3456 3471 I Gecko :
04-17 01:26:29.154 3456 3471 I Gecko : {"action":"log","time":1744853189154,"thread":null,"pid":null,"source":"reftest","level":"DEBUG","message":"Initializing canvas snapshot"}
04-17 01:26:29.154 3456 3471 I Gecko :
04-17 01:26:29.154 3456 3471 I Gecko : {"action":"log","time":1744853189154,"thread":null,"pid":null,"source":"reftest","level":"DEBUG","message":"DoDrawWindow 0,0,800,1000"}
04-17 01:26:29.239 3538 3569 E eglCodecCommon: glUtilsParamSize: unknow param 0x00008caa
04-17 01:26:29.326 3538 3569 E eglCodecCommon: glUtilsParamSize: unknow param 0x00008caa
04-17 01:26:29.420 3538 3569 E eglCodecCommon: glUtilsParamSize: unknow param 0x00008caa
04-17 01:26:29.501 3538 3569 E eglCodecCommon: glUtilsParamSize: unknow param 0x00008caa
04-17 01:26:29.577 3538 3569 E eglCodecCommon: glUtilsParamSize: unknow param 0x00000d02
04-17 01:26:29.587 3538 3569 E eglCodecCommon: glUtilsParamSize: unknow param 0x00008caa
04-17 01:26:29.616 3456 3471 I Gecko :
04-17 01:26:29.616 3456 3471 I Gecko : {"action":"log","time":1744853189616,"thread":null,"pid":null,"source":"reftest","level":"DEBUG","message":"[CONTENT] RecordResult fired"}
04-17 01:26:29.617 3456 3471 I Gecko :
04-17 01:26:29.617 3456 3471 I Gecko : {"action":"log","time":1744853189617,"thread":null,"pid":null,"source":"reftest","level":"DEBUG","message":"RecordResult fired"}
04-17 01:26:29.618 3456 3471 I Gecko :
