04-17 01:26:46.321 3456 3471 I Gecko : {"action":"log","time":1744853206321,"thread":null,"pid":null,"source":"reftest","level":"DEBUG","message":"[CONTENT] HandlePendingTasksAfterMakeProgress updating canvas"}
04-17 01:26:46.322 3456 3471 I Gecko :
04-17 01:26:46.322 3456 3471 I Gecko : {"action":"log","time":1744853206322,"thread":null,"pid":null,"source":"reftest","level":"DEBUG","message":"[CONTENT] Sending update whole canvas for invalidation"}
04-17 01:26:46.330 3456 3471 I Gecko :
04-17 01:26:46.330 3456 3471 I Gecko : {"action":"log","time":1744853206330,"thread":null,"pid":null,"source":"reftest","level":"DEBUG","message":"Updating entire canvas for invalidation"}
04-17 01:26:46.330 3456 3471 I Gecko :
04-17 01:26:46.330 3456 3471 I Gecko : {"action":"log","time":1744853206330,"thread":null,"pid":null,"source":"reftest","level":"DEBUG","message":"DoDrawWindow 0,0,800,1000"}
04-17 01:26:46.369 3538 3569 E eglCodecCommon: glUtilsParamSize: unknow param 0x00008caa
04-17 01:26:46.460 3538 3569 E eglCodecCommon: glUtilsParamSize: unknow param 0x00008caa
04-17 01:26:46.549 3538 3569 E eglCodecCommon: glUtilsParamSize: unknow param 0x00008caa
04-17 01:26:46.637 3538 3569 E eglCodecCommon: glUtilsParamSize: unknow param 0x00008caa
04-17 01:26:46.719 3538 3569 E eglCodecCommon: glUtilsParamSize: unknow param 0x00000d02
04-17 01:26:46.727 3538 3569 E eglCodecCommon: glUtilsParamSize: unknow param 0x00008caa
04-17 01:26:46.758 3456 3471 I Gecko :
04-17 01:26:46.758 3456 3471 I Gecko : {"action":"log","time":1744853206757,"thread":null,"pid":null,"source":"reftest","level":"DEBUG","message":"[CONTENT] MakeProgress"}
04-17 01:26:46.765 3456 3471 I Gecko :
04-17 01:26:46.765 3456 3471 I Gecko : {"action":"log","time":1744853206765,"thread":null,"pid":null,"source":"reftest","level":"DEBUG","message":"[CONTENT] MakeProgress: STATE_WAITING_TO_FIRE_INVALIDATE_EVENT"}
04-17 01:26:46.766 3456 3471 I Gecko :
04-17 01:26:46.766 3456 3471 I Gecko : {"action":"log","time":1744853206766,"thread":null,"pid":null,"source":"reftest","level":"DEBUG","message":"[CONTENT] MakeProgress: dispatching MozReftestInvalidate"}
04-17 01:26:46.767 3456 3471 I Gecko :
04-17 01:26:46.767 3456 3471 I Gecko : {"action":"log","time":1744853206767,"thread":null,"pid":null,"source":"reftest","level":"DEBUG","message":"[CONTENT] MakeProgress"}
04-17 01:26:46.780 3456 3471 I Gecko :
04-17 01:26:46.780 3456 3471 I Gecko : {"action":"log","time":1744853206780,"thread":null,"pid":null,"source":"reftest","level":"DEBUG","message":"[CONTENT] MakeProgress: STATE_WAITING_FOR_REFTEST_WAIT_REMOVAL"}
04-17 01:26:46.781 3456 3471 I Gecko :
04-17 01:26:46.781 3456 3471 I Gecko : {"action":"log","time":1744853206781,"thread":null,"pid":null,"source":"reftest","level":"DEBUG","message":"[CONTENT] MakeProgress"}
04-17 01:26:46.800 3456 3471 I Gecko :
04-17 01:26:46.800 3456 3471 I Gecko : {"action":"log","time":1744853206800,"thread":null,"pid":null,"source":"reftest","level":"DEBUG","message":"[CONTENT] MakeProgress: STATE_WAITING_FOR_SPELL_CHECKS"}
04-17 01:26:46.800 3456 3471 I Gecko :
04-17 01:26:46.800 3456 3471 I Gecko : {"action":"log","time":1744853206800,"thread":null,"pid":null,"source":"reftest","level":"DEBUG","message":"[CONTENT] MakeProgress: STATE_WAITING_FOR_APZ_FLUSH"}
04-17 01:26:46.802 3456 3471 I Gecko :
04-17 01:26:46.802 3456 3471 I Gecko : {"action":"log","time":1744853206801,"thread":null,"pid":null,"source":"reftest","level":"DEBUG","message":"[CONTENT] MakeProgress: done requesting APZ flush"}
04-17 01:26:46.811 3456 3471 I Gecko :
04-17 01:26:46.811 3456 3471 I Gecko : {"action":"log","time":1744853206811,"thread":null,"pid":null,"source":"reftest","level":"DEBUG","message":"[CONTENT] MakeProgress: apz-repaints-flushed fired"}
04-17 01:26:46.812 3456 3471 I Gecko :
04-17 01:26:46.812 3456 3471 I Gecko : {"action":"log","time":1744853206812,"thread":null,"pid":null,"source":"reftest","level":"DEBUG","message":"[CONTENT] MakeProgress"}
04-17 01:26:46.814 3456 3471 I Gecko :
04-17 01:26:46.814 3456 3471 I Gecko : {"action":"log","time":1744853206814,"thread":null,"pid":null,"source":"reftest","level":"DEBUG","message":"[CONTENT] MakeProgress: STATE_WAITING_TO_FINISH"}
04-17 01:26:46.815 3456 3471 I Gecko :
04-17 01:26:46.815 3456 3471 I Gecko : {"action":"log","time":1744853206815,"thread":null,"pid":null,"source":"reftest","level":"DEBUG","message":"[CONTENT] MakeProgress: waiting for MozAfterPaint"}
04-17 01:26:46.816 3456 3471 I Gecko :
04-17 01:26:46.816 3456 3471 I Gecko : {"action":"log","time":1744853206815,"thread":null,"pid":null,"source":"reftest","level":"DEBUG","message":"[CONTENT] HandlePendingTasksAfterMakeProgress waiting for a MozAfterPaint"}
04-17 01:26:46.833 3538 3569 E eglCodecCommon: glUtilsParamSize: unknow param 0x00008caa
04-17 01:26:46.916 3456 3471 I Gecko :
04-17 01:26:46.916 3456 3471 I Gecko : {"action":"log","time":1744853206916,"thread":null,"pid":null,"source":"reftest","level":"DEBUG","message":"[CONTENT] AfterPaintListener in http://10.0.2.2:8854/tests/layout/reftests/bugs/212563-2.html"}
04-17 01:26:46.917 3456 3471 I Gecko :
04-17 01:26:46.917 3456 3471 I Gecko : {"action":"log","time":1744853206917,"thread":null,"pid":null,"source":"reftest","level":"DEBUG","message":"[CONTENT] HandlePendingTasksAfterMakeProgress updating canvas"}
04-17 01:26:46.918 3456 3471 I Gecko :
04-17 01:26:46.918 3456 3471 I Gecko : {"action":"log","time":1744853206918,"thread":null,"pid":null,"source":"reftest","level":"DEBUG","message":"[CONTENT] Sending update whole canvas for invalidation"}
04-17 01:26:46.921 3456 3471 I Gecko :
04-17 01:26:46.921 3456 3471 I Gecko : {"action":"log","time":1744853206921,"thread":null,"pid":null,"source":"reftest","level":"DEBUG","message":"[CONTENT] AfterPaintListener in http://10.0.2.2:8854/tests/layout/reftests/bugs/212563-2-innermost-a.html"}
04-17 01:26:46.926 3456 3471 I Gecko :
04-17 01:26:46.926 3456 3471 I Gecko : {"action":"log","time":1744853206926,"thread":null,"pid":null,"source":"reftest","level":"DEBUG","message":"[CONTENT] FromChildAfterPaintListener from http://10.0.2.2:8854/tests/layout/reftests/bugs/212563-2-innermost-a.html"}
04-17 01:26:46.927 3456 3471 I Gecko :
04-17 01:26:46.927 3456 3471 I Gecko : {"action":"log","time":1744853206927,"thread":null,"pid":null,"source":"reftest","level":"DEBUG","message":"Updating entire canvas for invalidation"}
04-17 01:26:46.928 3456 3471 I Gecko :
04-17 01:26:46.928 3456 3471 I Gecko : {"action":"log","time":1744853206928,"thread":null,"pid":null,"source":"reftest","level":"DEBUG","message":"DoDrawWindow 0,0,800,1000"}
04-17 01:26:46.935 3538 3569 E eglCodecCommon: glUtilsParamSize: unknow param 0x00008caa
04-17 01:26:47.017 3538 3569 E eglCodecCommon: glUtilsParamSize: unknow param 0x00008caa
04-17 01:26:47.103 3538 3569 E eglCodecCommon: glUtilsParamSize: unknow param 0x00008caa
04-17 01:26:47.188 3538 3569 E eglCodecCommon: glUtilsParamSize: unknow param 0x00008caa
04-17 01:26:47.272 3538 3569 E eglCodecCommon: glUtilsParamSize: unknow param 0x00000d02
04-17 01:26:47.281 3538 3569 E eglCodecCommon: glUtilsParamSize: unknow param 0x00008caa
04-17 01:26:47.312 3456 3471 I Gecko :
04-17 01:26:47.312 3456 3471 I Gecko : {"action":"log","time":1744853207312,"thread":null,"pid":null,"source":"reftest","level":"DEBUG","message":"[CONTENT] MakeProgress"}
04-17 01:26:47.313 3456 3471 I Gecko :
04-17 01:26:47.313 3456 3471 I Gecko : {"action":"log","time":1744853207313,"thread":null,"pid":null,"source":"reftest","level":"DEBUG","message":"[CONTENT] MakeProgress: STATE_WAITING_TO_FINISH"}
04-17 01:26:47.314 3456 3471 I Gecko :
04-17 01:26:47.314 3456 3471 I Gecko : {"action":"log","time":1744853207314,"thread":null,"pid":null,"source":"reftest","level":"DEBUG","message":"[CONTENT] MakeProgress: waiting for updateCanvasPending"}
04-17 01:26:47.314 3456 3471 I Gecko :
04-17 01:26:47.314 3456 3471 I Gecko : {"action":"log","time":1744853207314,"thread":null,"pid":null,"source":"reftest","level":"DEBUG","message":"[CONTENT] HandlePendingTasksAfterMakeProgress updating canvas"}
04-17 01:26:47.315 3456 3471 I Gecko :
04-17 01:26:47.315 3456 3471 I Gecko : {"action":"log","time":1744853207315,"thread":null,"pid":null,"source":"reftest","level":"DEBUG","message":"[CONTENT] Sending update whole canvas for invalidation"}
04-17 01:26:47.324 3456 3471 I Gecko :
04-17 01:26:47.324 3456 3471 I Gecko : {"action":"log","time":1744853207324,"thread":null,"pid":null,"source":"reftest","level":"DEBUG","message":"Updating entire canvas for invalidation"}
04-17 01:26:47.325 3456 3471 I Gecko :
04-17 01:26:47.325 3456 3471 I Gecko : {"action":"log","time":1744853207324,"thread":null,"pid":null,"source":"reftest","level":"DEBUG","message":"DoDrawWindow 0,0,800,1000"}
04-17 01:26:47.372 3538 3569 E eglCodecCommon: glUtilsParamSize: unknow param 0x00008caa
04-17 01:26:47.463 3538 3569 E eglCodecCommon: glUtilsParamSize: unknow param 0x00008caa
04-17 01:26:47.550 3538 3569 E eglCodecCommon: glUtilsParamSize: unknow param 0x00008caa
04-17 01:26:47.634 3538 3569 E eglCodecCommon: glUtilsParamSize: unknow param 0x00008caa
04-17 01:26:47.717 3538 3569 E eglCodecCommon: glUtilsParamSize: unknow param 0x00000d02
04-17 01:26:47.726 3538 3569 E eglCodecCommon: glUtilsParamSize: unknow param 0x00008caa
04-17 01:26:47.754 3456 3471 I Gecko :
04-17 01:26:47.754 3456 3471 I Gecko : {"action":"log","time":1744853207754,"thread":null,"pid":null,"source":"reftest","level":"DEBUG","message":"[CONTENT] MakeProgress"}
04-17 01:26:47.755 3456 3471 I Gecko :
04-17 01:26:47.755 3456 3471 I Gecko : {"action":"log","time":1744853207755,"thread":null,"pid":null,"source":"reftest","level":"DEBUG","message":"[CONTENT] MakeProgress: STATE_WAITING_TO_FINISH"}
04-17 01:26:47.756 3456 3471 I Gecko :
04-17 01:26:47.756 3456 3471 I Gecko : {"action":"log","time":1744853207756,"thread":null,"pid":null,"source":"reftest","level":"DEBUG","message":"[CONTENT] MakeProgress: Completed"}
04-17 01:26:47.756 3456 3471 I Gecko :
04-17 01:26:47.756 3456 3471 I Gecko : {"action":"log","time":1744853207756,"thread":null,"pid":null,"source":"reftest","level":"DEBUG","message":"[CONTENT] RecordResult fired"}
04-17 01:26:47.757 3456 3471 I Gecko :
04-17 01:26:47.757 3456 3471 I Gecko : {"action":"log","time":1744853207757,"thread":null,"pid":null,"source":"reftest","level":"DEBUG","message":"RecordResult fired"}
04-17 01:26:47.758 3456 3471 I Gecko : REFTEST TEST-LOAD | http://10.0.2.2:8854/tests/layout/reftests/bugs/212563-2-ref.html | 200 / 2088 (9%)
04-17 01:26:47.758 3456 3471 I Gecko :
04-17 01:26:47.758 3456 3471 I Gecko : {"action":"log","time":1744853207758,"thread":null,"pid":null,"source":"reftest","level":"DEBUG","message":"START http://10.0.2.2:8854/tests/layout/reftests/bugs/212563-2-ref.html"}
04-17 01:26:47.797 3488 3504 W Web Content: [JavaScript Warning: "This page is in Quirks Mode. Page layout may be impacted. For Standards Mode use “”." {file: "http://10.0.2.2:8854/tests/layout/reftests/bugs/212563-2-ref.html" line: 0}]
04-17 01:26:47.814 3456 3471 D GeckoViewContent: handleEvent: pagetitlechanged
04-17 01:26:47.852 3488 3504 W Web Content: [JavaScript Warning: "This page is in Quirks Mode. Page layout may be impacted. For Standards Mode use “”." {file: "http://10.0.2.2:8854/tests/layout/reftests/bugs/212563-2-ref-inner.html" line: 0}]
04-17 01:26:47.852 3538 3569 E eglCodecCommon: glUtilsParamSize: unknow param 0x00008caa
04-17 01:26:47.853 3488 3504 W Web Content: [JavaScript Warning: "The character encoding of a framed document was not declared. The document may appear different if viewed without the document framing it." {file: "http://10.0.2.2:8854/tests/layout/reftests/bugs/212563-2-ref-inner.html" line: 0}]
04-17 01:26:47.878 3456 3471 I Gecko :
04-17 01:26:47.878 3456 3471 I Gecko : {"action":"log","time":1744853207878,"thread":null,"pid":null,"source":"reftest","level":"DEBUG","message":"[CONTENT] OnDocumentLoad triggering AfterOnLoadScripts"}
04-17 01:26:47.985 3538 3569 E eglCodecCommon: glUtilsParamSize: unknow param 0x00008caa
04-17 01:26:48.013 3456 3471 I Gecko :
04-17 01:26:48.013 3456 3471 I Gecko : {"action":"log","time":1744853208013,"thread":null,"pid":null,"source":"reftest","level":"DEBUG","message":"Initializing canvas snapshot"}
04-17 01:26:48.013 3456 3471 I Gecko :
04-17 01:26:48.013 3456 3471 I Gecko : {"action":"log","time":1744853208013,"thread":null,"pid":null,"source":"reftest","level":"DEBUG","message":"DoDrawWindow 0,0,800,1000"}
04-17 01:26:48.087 3538 3569 E eglCodecCommon: glUtilsParamSize: unknow param 0x00008caa
04-17 01:26:48.225 3538 3569 E eglCodecCommon: glUtilsParamSize: unknow param 0x00008caa
04-17 01:26:48.315 3538 3569 E eglCodecCommon: glUtilsParamSize: unknow param 0x00008caa
04-17 01:26:48.402 3538 3569 E eglCodecCommon: glUtilsParamSize: unknow param 0x00008caa
04-17 01:26:48.488 3538 3569 E eglCodecCommon: glUtilsParamSize: unknow param 0x00000d02
04-17 01:26:48.496 3538 3569 E eglCodecCommon: glUtilsParamSize: unknow param 0x00008caa
04-17 01:26:48.525 3456 3471 I Gecko :
04-17 01:26:48.525 3456 3471 I Gecko : {"action":"log","time":1744853208524,"thread":null,"pid":null,"source":"reftest","level":"DEBUG","message":"[CONTENT] RecordResult fired"}
04-17 01:26:48.525 3456 3471 I Gecko :
04-17 01:26:48.525 3456 3471 I Gecko : {"action":"log","time":1744853208525,"thread":null,"pid":null,"source":"reftest","level":"DEBUG","message":"RecordResult fired"}
04-17 01:26:48.527 3456 3471 I Gecko :
04-17 01:26:48.527 3456 3471 I Gecko : {"action":"log","time":1744853208527,"thread":null,"pid":null,"source":"reftest","level":"INFO","message":"REFTEST fuzzy test (0, 0) <= (0, 0) <= (1, 5)"}
04-17 01:26:48.527 3456 3471 I Gecko :
04-17 01:26:48.527 3456 3471 I Gecko : {"action":"test_status","time":1744853208527,"thread":null,"pid":null,"source":"reftest","test":"layout/reftests/bugs/212563-2.html == layout/reftests/bugs/212563-2-ref.html","subtest":"image comparison, max difference: 0, number of differing pixels: 0","status":"PASS","extra":{"status_msg":"Pass","modifiers":["fuzzy(0-1,0-5)","==","212563-2.html","212563-2-ref.html"]}}
04-17 01:26:48.527 3456 3471 I Gecko :
04-17 01:26:48.527 3456 3471 I Gecko : {"action":"test_end","time":1744853208527,"thread":null,"pid":null,"source":"reftest","test":"layout/reftests/bugs/212563-2.html == layout/reftests/bugs/212563-2-ref.html","status":"OK"}
04-17 01:26:48.527 3456 3471 I Gecko :
04-17 01:26:48.527 3456 3471 I Gecko : {"action":"log","time":1744853208527,"thread":null,"pid":null,"source":"reftest","level":"DEBUG","message":"Loading a blank page"}
04-17 01:26:48.552 3488 3504 W Web Content: [JavaScript Warning: "This page is in Quirks Mode. Page layout may be impacted. For Standards Mode use “”." {file: "data:text/html;charset=UTF-8,%3C%21%2D%2DCLEAR%2D%2D%3E" line: 0}]
04-17 01:26:48.576 3456 3471 D GeckoViewContent: handleEvent: pagetitlechanged
04-17 01:26:48.585 3456 3471 I Gecko :
04-17 01:26:48.585 3456 3471 I Gecko : {"action":"assertion_count","time":1744853208585,"thread":null,"pid":null,"source":"reftest","test":"layout/reftests/bugs/212563-2.html == layout/reftests/bugs/212563-2-ref.html","min_expected":0,"max_expected":0,"count":0}
04-17 01:26:48.585 3456 3471 I Gecko :
04-17 01:26:48.585 3456 3471 I Gecko : {"action":"test_start","time":1744853208585,"thread":null,"pid":null,"source":"reftest","test":"layout/reftests/bugs/213834-1.html == layout/reftests/bugs/213834-1-ref.html"}
04-17 01:26:48.585 3456 3471 I Gecko : REFTEST TEST-LOAD | http://10.0.2.2:8854/tests/layout/reftests/bugs/213834-1.html | 201 / 2088 (9%)
04-17 01:26:48.586 3456 3471 I Gecko :
04-17 01:26:48.586 3456 3471 I Gecko : {"action":"log","time":1744853208585,"thread":null,"pid":null,"source":"reftest","level":"DEBUG","message":"START http://10.0.2.2:8854/tests/layout/reftests/bugs/213834-1.html"}
04-17 01:26:48.598 3538 3569 E eglCodecCommon: glUtilsParamSize: unknow param 0x00008caa
04-17 01:26:48.627 3488 3504 W Web Content: [JavaScript Warning: "This page is in Quirks Mode. Page layout may be impacted. For Standards Mode use “”." {file: "http://10.0.2.2:8854/tests/layout/reftests/bugs/213834-1.html" line: 0}]
04-17 01:26:48.639 3456 3471 D GeckoViewContent: handleEvent: pagetitlechanged
04-17 01:26:48.655 3456 3471 I Gecko :
04-17 01:26:48.655 3456 3471 I Gecko : {"action":"log","time":1744853208654,"thread":null,"pid":null,"source":"reftest","level":"DEBUG","message":"[CONTENT] OnDocumentLoad triggering AfterOnLoadScripts"}
04-17 01:26:48.688 3538 3569 E eglCodecCommon: glUtilsParamSize: unknow param 0x00008caa
04-17 01:26:48.692 3456 3471 I Gecko :
04-17 01:26:48.692 3456 3471 I Gecko : {"action":"log","time":1744853208691,"thread":null,"pid":null,"source":"reftest","level":"DEBUG","message":"Initializing canvas snapshot"}
04-17 01:26:48.692 3456 3471 I Gecko :
04-17 01:26:48.692 3456 3471 I Gecko : {"action":"log","time":1744853208692,"thread":null,"pid":null,"source":"reftest","level":"DEBUG","message":"DoDrawWindow 0,0,800,1000"}
04-17 01:26:48.843 3538 3569 E eglCodecCommon: glUtilsParamSize: unknow param 0x00008caa
04-17 01:26:48.975 3538 3569 E eglCodecCommon: glUtilsParamSize: unknow param 0x00008caa
04-17 01:26:49.063 3538 3569 E eglCodecCommon: glUtilsParamSize: unknow param 0x00008caa
04-17 01:26:49.151 3538 3569 E eglCodecCommon: glUtilsParamSize: unknow param 0x00008caa
04-17 01:26:49.235 3538 3569 E eglCodecCommon: glUtilsParamSize: unknow param 0x00000d02
04-17 01:26:49.247 3538 3569 E eglCodecCommon: glUtilsParamSize: unknow param 0x00008caa
04-17 01:26:49.275 3456 3471 I Gecko :
04-17 01:26:49.275 3456 3471 I Gecko : {"action":"log","time":1744853209275,"thread":null,"pid":null,"source":"reftest","level":"DEBUG","message":"[CONTENT] RecordResult fired"}
04-17 01:26:49.275 3456 3471 I Gecko :
04-17 01:26:49.275 3456 3471 I Gecko : {"action":"log","time":1744853209275,"thread":null,"pid":null,"source":"reftest","level":"DEBUG","message":"RecordResult fired"}
04-17 01:26:49.276 3456 3471 I Gecko : REFTEST TEST-LOAD | http://10.0.2.2:8854/tests/layout/reftests/bugs/213834-1-ref.html | 201 / 2088 (9%)
04-17 01:26:49.276 3456 3471 I Gecko :
04-17 01:26:49.276 3456 3471 I Gecko : {"action":"log","time":1744853209276,"thread":null,"pid":null,"source":"reftest","level":"DEBUG","message":"START http://10.0.2.2:8854/tests/layout/reftests/bugs/213834-1-ref.html"}
04-17 01:26:49.321 3488 3504 W Web Content: [JavaScript Warning: "This page is in Quirks Mode. Page layout may be impacted. For Standards Mode use “”." {file: "http://10.0.2.2:8854/tests/layout/reftests/bugs/213834-1-ref.html" line: 0}]
04-17 01:26:49.334 3456 3471 D GeckoViewContent: handleEvent: pagetitlechanged
04-17 01:26:49.350 3456 3471 I Gecko :
04-17 01:26:49.350 3456 3471 I Gecko : {"action":"log","time":1744853209350,"thread":null,"pid":null,"source":"reftest","level":"DEBUG","message":"[CONTENT] OnDocumentLoad triggering AfterOnLoadScripts"}
04-17 01:26:49.364 3538 3569 E eglCodecCommon: glUtilsParamSize: unknow param 0x00008caa
04-17 01:26:49.383 3456 3471 I Gecko :
04-17 01:26:49.383 3456 3471 I Gecko : {"action":"log","time":1744853209383,"thread":null,"pid":null,"source":"reftest","level":"DEBUG","message":"Initializing canvas snapshot"}
04-17 01:26:49.383 3456 3471 I Gecko :
04-17 01:26:49.383 3456 3471 I Gecko : {"action":"log","time":1744853209383,"thread":null,"pid":null,"source":"reftest","level":"DEBUG","message":"DoDrawWindow 0,0,800,1000"}
04-17 01:26:49.497 3538 3569 E eglCodecCommon: glUtilsParamSize: unknow param 0x00008caa
04-17 01:26:49.583 3538 3569 E eglCodecCommon: glUtilsParamSize: unknow param 0x00008caa
04-17 01:26:49.667 3538 3569 E eglCodecCommon: glUtilsParamSize: unknow param 0x00008caa
04-17 01:26:49.752 3538 3569 E eglCodecCommon: glUtilsParamSize: unknow param 0x00000d02
04-17 01:26:49.760 3538 3569 E eglCodecCommon: glUtilsParamSize: unknow param 0x00008caa
04-17 01:26:49.786 3456 3471 I Gecko :
04-17 01:26:49.786 3456 3471 I Gecko : {"action":"log","time":1744853209786,"thread":null,"pid":null,"source":"reftest","level":"DEBUG","message":"[CONTENT] RecordResult fired"}
04-17 01:26:49.787 3456 3471 I Gecko :
04-17 01:26:49.787 3456 3471 I Gecko : {"action":"log","time":1744853209787,"thread":null,"pid":null,"source":"reftest","level":"DEBUG","message":"RecordResult fired"}
04-17 01:26:49.789 3456 3471 I Gecko :
04-17 01:26:49.789 3456 3471 I Gecko : {"action":"test_status","time":1744853209789,"thread":null,"pid":null,"source":"reftest","test":"layout/reftests/bugs/213834-1.html == layout/reftests/bugs/213834-1-ref.html","subtest":"image comparison, max difference: 0, number of differing pixels: 0","status":"PASS","extra":{"status_msg":"Pass","modifiers":["==","213834-1.html","213834-1-ref.html"]}}
04-17 01:26:49.790 3456 3471 I Gecko :
04-17 01:26:49.790 3456 3471 I Gecko : {"action":"test_end","time":1744853209790,"thread":null,"pid":null,"source":"reftest","test":"layout/reftests/bugs/213834-1.html == layout/reftests/bugs/213834-1-ref.html","status":"OK"}
04-17 01:26:49.790 3456 3471 I Gecko :
04-17 01:26:49.790 3456 3471 I Gecko : {"action":"log","time":1744853209790,"thread":null,"pid":null,"source":"reftest","level":"DEBUG","message":"Loading a blank page"}
04-17 01:26:49.810 3488 3504 W Web Content: [JavaScript Warning: "This page is in Quirks Mode. Page layout may be impacted. For Standards Mode use “”." {file: "data:text/html;charset=UTF-8,%3C%21%2D%2DCLEAR%2D%2D%3E" line: 0}]
04-17 01:26:49.815 3456 3471 D GeckoViewContent: handleEvent: pagetitlechanged
04-17 01:26:49.826 3456 3471 I Gecko :
04-17 01:26:49.826 3456 3471 I Gecko : {"action":"assertion_count","time":1744853209826,"thread":null,"pid":null,"source":"reftest","test":"layout/reftests/bugs/213834-1.html == layout/reftests/bugs/213834-1-ref.html","min_expected":0,"max_expected":0,"count":0}
04-17 01:26:49.827 3456 3471 I Gecko :
04-17 01:26:49.827 3456 3471 I Gecko : {"action":"test_start","time":1744853209827,"thread":null,"pid":null,"source":"reftest","test":"layout/reftests/bugs/214077-1a.html == layout/reftests/bugs/214077-1-ref.html"}
04-17 01:26:49.829 3456 3471 I Gecko : REFTEST TEST-LOAD | http://10.0.2.2:8854/tests/layout/reftests/bugs/214077-1a.html | 202 / 2088 (9%)
04-17 01:26:49.829 3456 3471 I Gecko :
04-17 01:26:49.829 3456 3471 I Gecko : {"action":"log","time":1744853209829,"thread":null,"pid":null,"source":"reftest","level":"DEBUG","message":"START http://10.0.2.2:8854/tests/layout/reftests/bugs/214077-1a.html"}
04-17 01:26:49.864 3538 3569 E eglCodecCommon: glUtilsParamSize: unknow param 0x00008caa
04-17 01:26:49.887 3456 3471 D GeckoViewContent: handleEvent: pagetitlechanged
04-17 01:26:49.912 3456 3471 I Gecko :
04-17 01:26:49.912 3456 3471 I Gecko : {"action":"log","time":1744853209912,"thread":null,"pid":null,"source":"reftest","level":"DEBUG","message":"[CONTENT] OnDocumentLoad triggering AfterOnLoadScripts"}
04-17 01:26:49.939 3456 3471 I Gecko :
04-17 01:26:49.939 3456 3471 I Gecko : {"action":"log","time":1744853209939,"thread":null,"pid":null,"source":"reftest","level":"DEBUG","message":"Initializing canvas snapshot"}
04-17 01:26:49.939 3456 3471 I Gecko :
04-17 01:26:49.939 3456 3471 I Gecko : {"action":"log","time":1744853209939,"thread":null,"pid":null,"source":"reftest","level":"DEBUG","message":"DoDrawWindow 0,0,800,1000"}
04-17 01:26:49.959 3538 3569 E eglCodecCommon: glUtilsParamSize: unknow param 0x00008caa
04-17 01:26:50.132 3538 3569 E eglCodecCommon: glUtilsParamSize: unknow param 0x00008caa
04-17 01:26:50.218 3538 3569 E eglCodecCommon: glUtilsParamSize: unknow param 0x00008caa
04-17 01:26:50.304 3538 3569 E eglCodecCommon: glUtilsParamSize: unknow param 0x00008caa
04-17 01:26:50.386 3538 3569 E eglCodecCommon: glUtilsParamSize: unknow param 0x00000d02
04-17 01:26:50.396 3538 3569 E eglCodecCommon: glUtilsParamSize: unknow param 0x00008caa
04-17 01:26:50.418 3456 3471 I Gecko :
04-17 01:26:50.418 3456 3471 I Gecko : {"action":"log","time":1744853210418,"thread":null,"pid":null,"source":"reftest","level":"DEBUG","message":"[CONTENT] RecordResult fired"}
04-17 01:26:50.419 3456 3471 I Gecko :
04-17 01:26:50.419 3456 3471 I Gecko : {"action":"log","time":1744853210419,"thread":null,"pid":null,"source":"reftest","level":"DEBUG","message":"RecordResult fired"}
04-17 01:26:50.420 3456 3471 I Gecko : REFTEST TEST-LOAD | http://10.0.2.2:8854/tests/layout/reftests/bugs/214077-1-ref.html | 202 / 2088 (9%)
04-17 01:26:50.421 3456 3471 I Gecko :
04-17 01:26:50.421 3456 3471 I Gecko : {"action":"log","time":1744853210420,"thread":null,"pid":null,"source":"reftest","level":"DEBUG","message":"START http://10.0.2.2:8854/tests/layout/reftests/bugs/214077-1-ref.html"}
04-17 01:26:50.472 3456 3471 D GeckoViewContent: handleEvent: pagetitlechanged
04-17 01:26:50.490 3456 3471 I Gecko :
04-17 01:26:50.490 3456 3471 I Gecko : {"action":"log","time":1744853210490,"thread":null,"pid":null,"source":"reftest","level":"DEBUG","message":"[CONTENT] OnDocumentLoad triggering AfterOnLoadScripts"}
04-17 01:26:50.502 3538 3569 E eglCodecCommon: glUtilsParamSize: unknow param 0x00008caa
04-17 01:26:50.515 3456 3471 I Gecko :
04-17 01:26:50.515 3456 3471 I Gecko : {"action":"log","time":1744853210515,"thread":null,"pid":null,"source":"reftest","level":"DEBUG","message":"Initializing canvas snapshot"}
04-17 01:26:50.516 3456 3471 I Gecko :
04-17 01:26:50.516 3456 3471 I Gecko : {"action":"log","time":1744853210515,"thread":null,"pid":null,"source":"reftest","level":"DEBUG","message":"DoDrawWindow 0,0,800,1000"}
04-17 01:26:50.601 3538 3569 E eglCodecCommon: glUtilsParamSize: unknow param 0x00008caa
04-17 01:26:50.692 3538 3569 E eglCodecCommon: glUtilsParamSize: unknow param 0x00008caa
04-17 01:26:50.778 3538 3569 E eglCodecCommon: glUtilsParamSize: unknow param 0x00008caa
04-17 01:26:50.858 3538 3569 E eglCodecCommon: glUtilsParamSize: unknow param 0x00000d02
04-17 01:26:50.866 3538 3569 E eglCodecCommon: glUtilsParamSize: unknow param 0x00008caa
04-17 01:26:50.905 3456 3471 I Gecko :
04-17 01:26:50.905 3456 3471 I Gecko : {"action":"log","time":1744853210905,"thread":null,"pid":null,"source":"reftest","level":"DEBUG","message":"[CONTENT] RecordResult fired"}
04-17 01:26:50.906 3456 3471 I Gecko :
04-17 01:26:50.906 3456 3471 I Gecko : {"action":"log","time":1744853210906,"thread":null,"pid":null,"source":"reftest","level":"DEBUG","message":"RecordResult fired"}
04-17 01:26:50.907 3456 3471 I Gecko :
04-17 01:26:50.907 3456 3471 I Gecko : {"action":"test_status","time":1744853210907,"thread":null,"pid":null,"source":"reftest","test":"layout/reftests/bugs/214077-1a.html == layout/reftests/bugs/214077-1-ref.html","subtest":"image comparison, max difference: 0, number of differing pixels: 0","status":"PASS","extra":{"status_msg":"Pass","modifiers":["==","214077-1a.html","214077-1-ref.html"]}}
04-17 01:26:50.908 3456 3471 I Gecko :
04-17 01:26:50.908 3456 3471 I Gecko : {"action":"test_end","time":1744853210908,"thread":null,"pid":null,"source":"reftest","test":"layout/reftests/bugs/214077-1a.html == layout/reftests/bugs/214077-1-ref.html","status":"OK"}
04-17 01:26:50.908 3456 3471 I Gecko :
04-17 01:26:50.908 3456 3471 I Gecko : {"action":"log","time":1744853210908,"thread":null,"pid":null,"source":"reftest","level":"DEBUG","message":"Loading a blank page"}
04-17 01:26:50.933 3488 3504 W Web Content: [JavaScript Warning: "This page is in Quirks Mode. Page layout may be impacted. For Standards Mode use “”." {file: "data:text/html;charset=UTF-8,%3C%21%2D%2DCLEAR%2D%2D%3E" line: 0}]
04-17 01:26:50.939 3456 3471 D GeckoViewContent: handleEvent: pagetitlechanged
04-17 01:26:50.949 3456 3471 I Gecko :
04-17 01:26:50.949 3456 3471 I Gecko : {"action":"assertion_count","time":1744853210948,"thread":null,"pid":null,"source":"reftest","test":"layout/reftests/bugs/214077-1a.html == layout/reftests/bugs/214077-1-ref.html","min_expected":0,"max_expected":0,"count":0}
04-17 01:26:50.949 3456 3471 I Gecko :
04-17 01:26:50.949 3456 3471 I Gecko : {"action":"test_start","time":1744853210949,"thread":null,"pid":null,"source":"reftest","test":"layout/reftests/bugs/214077-1b.html == layout/reftests/bugs/214077-1-ref.html"}
04-17 01:26:50.949 3456 3471 I Gecko : REFTEST TEST-LOAD | http://10.0.2.2:8854/tests/layout/reftests/bugs/214077-1b.html | 203 / 2088 (9%)
04-17 01:26:50.950 3456 3471 I Gecko :
04-17 01:26:50.950 3456 3471 I Gecko : {"action":"log","time":1744853210949,"thread":null,"pid":null,"source":"reftest","level":"DEBUG","message":"START http://10.0.2.2:8854/tests/layout/reftests/bugs/214077-1b.html"}
04-17 01:26:50.964 3538 3569 E eglCodecCommon: glUtilsParamSize: unknow param 0x00008caa
04-17 01:26:51.003 3456 3471 D GeckoViewContent: handleEvent: pagetitlechanged
04-17 01:26:51.017 3456 3471 I Gecko :
04-17 01:26:51.017 3456 3471 I Gecko : {"action":"log","time":1744853211017,"thread":null,"pid":null,"source":"reftest","level":"DEBUG","message":"[CONTENT] OnDocumentLoad triggering AfterOnLoadScripts"}
04-17 01:26:51.058 3456 3471 I Gecko :
04-17 01:26:51.058 3456 3471 I Gecko : {"action":"log","time":1744853211058,"thread":null,"pid":null,"source":"reftest","level":"DEBUG","message":"Initializing canvas snapshot"}
04-17 01:26:51.058 3456 3471 I Gecko :
04-17 01:26:51.058 3456 3471 I Gecko : {"action":"log","time":1744853211058,"thread":null,"pid":null,"source":"reftest","level":"DEBUG","message":"DoDrawWindow 0,0,800,1000"}
04-17 01:26:51.069 3538 3569 E eglCodecCommon: glUtilsParamSize: unknow param 0x00008caa
04-17 01:26:51.206 3538 3569 E eglCodecCommon: glUtilsParamSize: unknow param 0x00008caa
04-17 01:26:51.295 3538 3569 E eglCodecCommon: glUtilsParamSize: unknow param 0x00008caa
04-17 01:26:51.383 3538 3569 E eglCodecCommon: glUtilsParamSize: unknow param 0x00008caa
04-17 01:26:51.462 3538 3569 E eglCodecCommon: glUtilsParamSize: unknow param 0x00000d02
04-17 01:26:51.471 3538 3569 E eglCodecCommon: glUtilsParamSize: unknow param 0x00008caa
04-17 01:26:51.521 3456 3471 I Gecko :
04-17 01:26:51.521 3456 3471 I Gecko : {"action":"log","time":1744853211520,"thread":null,"pid":null,"source":"reftest","level":"DEBUG","message":"[CONTENT] RecordResult fired"}
04-17 01:26:51.522 3456 3471 I Gecko :
04-17 01:26:51.522 3456 3471 I Gecko : {"action":"log","time":1744853211522,"thread":null,"pid":null,"source":"reftest","level":"DEBUG","message":"RecordResult fired"}
04-17 01:26:51.524 3456 3471 I Gecko :
04-17 01:26:51.524 3456 3471 I Gecko : {"action":"log","time":1744853211524,"thread":null,"pid":null,"source":"reftest","level":"DEBUG","message":"RecordResult fired"}
04-17 01:26:51.526 3456 3471 I Gecko :
04-17 01:26:51.526 3456 3471 I Gecko : {"action":"test_status","time":1744853211526,"thread":null,"pid":null,"source":"reftest","test":"layout/reftests/bugs/214077-1b.html == layout/reftests/bugs/214077-1-ref.html","subtest":"image comparison, max difference: 0, number of differing pixels: 0","status":"PASS","extra":{"status_msg":"Pass","modifiers":["==","214077-1b.html","214077-1-ref.html"]}}
04-17 01:26:51.526 3456 3471 I Gecko :
04-17 01:26:51.526 3456 3471 I Gecko : {"action":"test_end","time":1744853211526,"thread":null,"pid":null,"source":"reftest","test":"layout/reftests/bugs/214077-1b.html == layout/reftests/bugs/214077-1-ref.html","status":"OK"}
04-17 01:26:51.527 3456 3471 I Gecko :
04-17 01:26:51.527 3456 3471 I Gecko : {"action":"log","time":1744853211526,"thread":null,"pid":null,"source":"reftest","level":"DEBUG","message":"Loading a blank page"}
04-17 01:26:51.550 3488 3504 W Web Content: [JavaScript Warning: "This page is in Quirks Mode. Page layout may be impacted. For Standards Mode use “”." {file: "data:text/html;charset=UTF-8,%3C%21%2D%2DCLEAR%2D%2D%3E" line: 0}]
04-17 01:26:51.555 3456 3471 D GeckoViewContent: handleEvent: pagetitlechanged
04-17 01:26:51.572 3456 3471 I Gecko :
04-17 01:26:51.572 3456 3471 I Gecko : {"action":"assertion_count","time":1744853211572,"thread":null,"pid":null,"source":"reftest","test":"layout/reftests/bugs/214077-1b.html == layout/reftests/bugs/214077-1-ref.html","min_expected":0,"max_expected":0,"count":0}
04-17 01:26:51.573 3456 3471 I Gecko :
04-17 01:26:51.573 3456 3471 I Gecko : {"action":"test_start","time":1744853211573,"thread":null,"pid":null,"source":"reftest","test":"layout/reftests/bugs/218473-1.html == layout/reftests/bugs/218473-1-ref.html"}
04-17 01:26:51.574 3456 3471 I Gecko : REFTEST TEST-LOAD | http://10.0.2.2:8854/tests/layout/reftests/bugs/218473-1.html | 204 / 2088 (9%)
04-17 01:26:51.574 3456 3471 I Gecko :
04-17 01:26:51.574 3456 3471 I Gecko : {"action":"log","time":1744853211574,"thread":null,"pid":null,"source":"reftest","level":"DEBUG","message":"START http://10.0.2.2:8854/tests/layout/reftests/bugs/218473-1.html"}
04-17 01:26:51.585 3538 3569 E eglCodecCommon: glUtilsParamSize: unknow param 0x00008caa
04-17 01:26:51.626 3456 3471 D GeckoViewContent: handleEvent: pagetitlechanged
04-17 01:26:51.643 3456 3471 I Gecko :
04-17 01:26:51.643 3456 3471 I Gecko : {"action":"log","time":1744853211643,"thread":null,"pid":null,"source":"reftest","level":"DEBUG","message":"[CONTENT] OnDocumentLoad triggering AfterOnLoadScripts"}
04-17 01:26:51.676 3456 3471 I Gecko :
04-17 01:26:51.676 3456 3471 I Gecko : {"action":"log","time":1744853211676,"thread":null,"pid":null,"source":"reftest","level":"DEBUG","message":"Initializing canvas snapshot"}
04-17 01:26:51.676 3456 3471 I Gecko :
04-17 01:26:51.676 3456 3471 I Gecko : {"action":"log","time":1744853211676,"thread":null,"pid":null,"source":"reftest","level":"DEBUG","message":"DoDrawWindow 0,0,800,1000"}
04-17 01:26:51.681 3538 3569 E eglCodecCommon: glUtilsParamSize: unknow param 0x00008caa
04-17 01:26:51.844 3538 3569 E eglCodecCommon: glUtilsParamSize: unknow param 0x00008caa
04-17 01:26:51.930 3538 3569 E eglCodecCommon: glUtilsParamSize: unknow param 0x00008caa
04-17 01:26:52.018 3538 3569 E eglCodecCommon: glUtilsParamSize: unknow param 0x00008caa
04-17 01:26:52.103 3538 3569 E eglCodecCommon: glUtilsParamSize: unknow param 0x00000d02
04-17 01:26:52.111 3538 3569 E eglCodecCommon: glUtilsParamSize: unknow param 0x00008caa
04-17 01:26:52.144 3456 3471 I Gecko :
04-17 01:26:52.144 3456 3471 I Gecko : {"action":"log","time":1744853212144,"thread":null,"pid":null,"source":"reftest","level":"DEBUG","message":"[CONTENT] RecordResult fired"}
04-17 01:26:52.145 3456 3471 I Gecko :
04-17 01:26:52.145 3456 3471 I Gecko : {"action":"log","time":1744853212145,"thread":null,"pid":null,"source":"reftest","level":"DEBUG","message":"RecordResult fired"}
04-17 01:26:52.147 3456 3471 I Gecko : REFTEST TEST-LOAD | http://10.0.2.2:8854/tests/layout/reftests/bugs/218473-1-ref.html | 204 / 2088 (9%)
04-17 01:26:52.147 3456 3471 I Gecko :
04-17 01:26:52.147 3456 3471 I Gecko : {"action":"log","time":1744853212147,"thread":null,"pid":null,"source":"reftest","level":"DEBUG","message":"START http://10.0.2.2:8854/tests/layout/reftests/bugs/218473-1-ref.html"}
04-17 01:26:52.191 3456 3471 D GeckoViewContent: handleEvent: pagetitlechanged
04-17 01:26:52.206 3456 3471 I Gecko :
04-17 01:26:52.206 3456 3471 I Gecko : {"action":"log","time":1744853212206,"thread":null,"pid":null,"source":"reftest","level":"DEBUG","message":"[CONTENT] OnDocumentLoad triggering AfterOnLoadScripts"}
04-17 01:26:52.229 3538 3569 E eglCodecCommon: glUtilsParamSize: unknow param 0x00008caa
04-17 01:26:52.241 3456 3471 I Gecko :
04-17 01:26:52.241 3456 3471 I Gecko : {"action":"log","time":1744853212240,"thread":null,"pid":null,"source":"reftest","level":"DEBUG","message":"Initializing canvas snapshot"}
04-17 01:26:52.241 3456 3471 I Gecko :
04-17 01:26:52.241 3456 3471 I Gecko : {"action":"log","time":1744853212241,"thread":null,"pid":null,"source":"reftest","level":"DEBUG","message":"DoDrawWindow 0,0,800,1000"}
04-17 01:26:52.310 3538 3569 E eglCodecCommon: glUtilsParamSize: unknow param 0x00008caa
04-17 01:26:52.405 3538 3569 E eglCodecCommon: glUtilsParamSize: unknow param 0x00008caa
04-17 01:26:52.492 3538 3569 E eglCodecCommon: glUtilsParamSize: unknow param 0x00008caa
04-17 01:26:52.579 3538 3569 E eglCodecCommon: glUtilsParamSize: unknow param 0x00008caa
04-17 01:26:52.667 3538 3569 E eglCodecCommon: glUtilsParamSize: unknow param 0x00000d02
04-17 01:26:52.676 3538 3569 E eglCodecCommon: glUtilsParamSize: unknow param 0x00008caa
04-17 01:26:52.711 3456 3471 I Gecko :
04-17 01:26:52.711 3456 3471 I Gecko : {"action":"log","time":1744853212711,"thread":null,"pid":null,"source":"reftest","level":"DEBUG","message":"[CONTENT] RecordResult fired"}
04-17 01:26:52.712 3456 3471 I Gecko :
04-17 01:26:52.712 3456 3471 I Gecko : {"action":"log","time":1744853212712,"thread":null,"pid":null,"source":"reftest","level":"DEBUG","message":"RecordResult fired"}
04-17 01:26:52.715 3456 3471 I Gecko :
04-17 01:26:52.715 3456 3471 I Gecko : {"action":"test_status","time":1744853212714,"thread":null,"pid":null,"source":"reftest","test":"layout/reftests/bugs/218473-1.html == layout/reftests/bugs/218473-1-ref.html","subtest":"image comparison, max difference: 0, number of differing pixels: 0","status":"PASS","extra":{"status_msg":"Pass","modifiers":["==","218473-1.html","218473-1-ref.html"]}}
04-17 01:26:52.715 3456 3471 I Gecko :
04-17 01:26:52.715 3456 3471 I Gecko : {"action":"test_end","time":1744853212715,"thread":null,"pid":null,"source":"reftest","test":"layout/reftests/bugs/218473-1.html == layout/reftests/bugs/218473-1-ref.html","status":"OK"}
04-17 01:26:52.716 3456 3471 I Gecko :
04-17 01:26:52.716 3456 3471 I Gecko : {"action":"log","time":1744853212715,"thread":null,"pid":null,"source":"reftest","level":"DEBUG","message":"Loading a blank page"}
04-17 01:26:52.738 3488 3504 W Web Content: [JavaScript Warning: "This page is in Quirks Mode. Page layout may be impacted. For Standards Mode use “”." {file: "data:text/html;charset=UTF-8,%3C%21%2D%2DCLEAR%2D%2D%3E" line: 0}]
04-17 01:26:52.746 3456 3471 D GeckoViewContent: handleEvent: pagetitlechanged
04-17 01:26:52.756 3456 3471 I Gecko :
04-17 01:26:52.756 3456 3471 I Gecko : {"action":"assertion_count","time":1744853212756,"thread":null,"pid":null,"source":"reftest","test":"layout/reftests/bugs/218473-1.html == layout/reftests/bugs/218473-1-ref.html","min_expected":0,"max_expected":0,"count":0}
04-17 01:26:52.756 3456 3471 I Gecko :
04-17 01:26:52.756 3456 3471 I Gecko : {"action":"test_start","time":1744853212756,"thread":null,"pid":null,"source":"reftest","test":"layout/reftests/bugs/220165-1.svg == layout/reftests/bugs/220165-1-ref.svg"}
04-17 01:26:52.757 3456 3471 I Gecko : REFTEST TEST-LOAD | http://10.0.2.2:8854/tests/layout/reftests/bugs/220165-1.svg | 205 / 2088 (9%)
04-17 01:26:52.757 3456 3471 I Gecko :
04-17 01:26:52.757 3456 3471 I Gecko : {"action":"log","time":1744853212757,"thread":null,"pid":null,"source":"reftest","level":"DEBUG","message":"START http://10.0.2.2:8854/tests/layout/reftests/bugs/220165-1.svg"}
04-17 01:26:52.787 3538 3569 E eglCodecCommon: glUtilsParamSize: unknow param 0x00008caa
04-17 01:26:52.816 3456 3471 D GeckoViewContent: handleEvent: pagetitlechanged
04-17 01:26:52.830 3456 3471 I Gecko :
04-17 01:26:52.830 3456 3471 I Gecko : {"action":"log","time":1744853212830,"thread":null,"pid":null,"source":"reftest","level":"DEBUG","message":"[CONTENT] OnDocumentLoad triggering AfterOnLoadScripts"}
04-17 01:26:52.855 3456 3471 I Gecko :
04-17 01:26:52.855 3456 3471 I Gecko : {"action":"log","time":1744853212854,"thread":null,"pid":null,"source":"reftest","level":"DEBUG","message":"Initializing canvas snapshot"}
04-17 01:26:52.855 3456 3471 I Gecko :
04-17 01:26:52.855 3456 3471 I Gecko : {"action":"log","time":1744853212855,"thread":null,"pid":null,"source":"reftest","level":"DEBUG","message":"DoDrawWindow 0,0,800,1000"}
04-17 01:26:52.878 3538 3569 E eglCodecCommon: glUtilsParamSize: unknow param 0x00008caa
04-17 01:26:53.077 3538 3569 E eglCodecCommon: glUtilsParamSize: unknow param 0x00008caa
04-17 01:26:53.166 3538 3569 E eglCodecCommon: glUtilsParamSize: unknow param 0x00008caa
04-17 01:26:53.262 3538 3569 E eglCodecCommon: glUtilsParamSize: unknow param 0x00008caa
04-17 01:26:53.340 3538 3569 E eglCodecCommon: glUtilsParamSize: unknow param 0x00000d02
04-17 01:26:53.349 3538 3569 E eglCodecCommon: glUtilsParamSize: unknow param 0x00008caa
04-17 01:26:53.377 3456 3471 I Gecko :
04-17 01:26:53.377 3456 3471 I Gecko : {"action":"log","time":1744853213377,"thread":null,"pid":null,"source":"reftest","level":"DEBUG","message":"[CONTENT] RecordResult fired"}
04-17 01:26:53.378 3456 3471 I Gecko :
04-17 01:26:53.378 3456 3471 I Gecko : {"action":"log","time":1744853213378,"thread":null,"pid":null,"source":"reftest","level":"DEBUG","message":"RecordResult fired"}
04-17 01:26:53.379 3456 3471 I Gecko : REFTEST TEST-LOAD | http://10.0.2.2:8854/tests/layout/reftests/bugs/220165-1-ref.svg | 205 / 2088 (9%)
04-17 01:26:53.379 3456 3471 I Gecko :
04-17 01:26:53.379 3456 3471 I Gecko : {"action":"log","time":1744853213379,"thread":null,"pid":null,"source":"reftest","level":"DEBUG","message":"START http://10.0.2.2:8854/tests/layout/reftests/bugs/220165-1-ref.svg"}
04-17 01:26:53.422 3456 3471 D GeckoViewContent: handleEvent: pagetitlechanged
04-17 01:26:53.439 3456 3471 I Gecko :
04-17 01:26:53.439 3456 3471 I Gecko : {"action":"log","time":1744853213439,"thread":null,"pid":null,"source":"reftest","level":"DEBUG","message":"[CONTENT] OnDocumentLoad triggering AfterOnLoadScripts"}
04-17 01:26:53.448 3538 3569 E eglCodecCommon: glUtilsParamSize: unknow param 0x00008caa
04-17 01:26:53.455 3456 3471 I Gecko :
04-17 01:26:53.455 3456 3471 I Gecko : {"action":"log","time":1744853213455,"thread":null,"pid":null,"source":"reftest","level":"DEBUG","message":"Initializing canvas snapshot"}
04-17 01:26:53.455 3456 3471 I Gecko :
04-17 01:26:53.455 3456 3471 I Gecko : {"action":"log","time":1744853213455,"thread":null,"pid":null,"source":"reftest","level":"DEBUG","message":"DoDrawWindow 0,0,800,1000"}
04-17 01:26:53.601 3538 3569 E eglCodecCommon: glUtilsParamSize: unknow param 0x00008caa
04-17 01:26:53.693 3538 3569 E eglCodecCommon: glUtilsParamSize: unknow param 0x00008caa
04-17 01:26:53.782 3538 3569 E eglCodecCommon: glUtilsParamSize: unknow param 0x00008caa
04-17 01:26:53.863 3538 3569 E eglCodecCommon: glUtilsParamSize: unknow param 0x00000d02
04-17 01:26:53.871 3538 3569 E eglCodecCommon: glUtilsParamSize: unknow param 0x00008caa
04-17 01:26:53.901 3456 3471 I Gecko :
04-17 01:26:53.901 3456 3471 I Gecko : {"action":"log","time":1744853213901,"thread":null,"pid":null,"source":"reftest","level":"DEBUG","message":"[CONTENT] RecordResult fired"}
04-17 01:26:53.902 3456 3471 I Gecko :
04-17 01:26:53.902 3456 3471 I Gecko : {"action":"log","time":1744853213902,"thread":null,"pid":null,"source":"reftest","level":"DEBUG","message":"RecordResult fired"}
04-17 01:26:53.903 3456 3471 I Gecko :
04-17 01:26:53.903 3456 3471 I Gecko : {"action":"log","time":1744853213903,"thread":null,"pid":null,"source":"reftest","level":"INFO","message":"REFTEST fuzzy test (0, 0) <= (0, 0) <= (1, 8)"}
04-17 01:26:53.903 3456 3471 I Gecko :
04-17 01:26:53.903 3456 3471 I Gecko : {"action":"test_status","time":1744853213903,"thread":null,"pid":null,"source":"reftest","test":"layout/reftests/bugs/220165-1.svg == layout/reftests/bugs/220165-1-ref.svg","subtest":"image comparison, max difference: 0, number of differing pixels: 0","status":"PASS","extra":{"status_msg":"Pass","modifiers":["fuzzy(0-1,0-4)","fuzzy-if(isDebugBuild,0-1,0-8)","==","220165-1.svg","220165-1-ref.svg"]}}
04-17 01:26:53.903 3456 3471 I Gecko :
04-17 01:26:53.903 3456 3471 I Gecko : {"action":"test_end","time":1744853213903,"thread":null,"pid":null,"source":"reftest","test":"layout/reftests/bugs/220165-1.svg == layout/reftests/bugs/220165-1-ref.svg","status":"OK"}
04-17 01:26:53.904 3456 3471 I Gecko :
04-17 01:26:53.904 3456 3471 I Gecko : {"action":"log","time":1744853213903,"thread":null,"pid":null,"source":"reftest","level":"DEBUG","message":"Loading a blank page"}
04-17 01:26:53.922 3488 3504 W Web Content: [JavaScript Warning: "This page is in Quirks Mode. Page layout may be impacted. For Standards Mode use “”." {file: "data:text/html;charset=UTF-8,%3C%21%2D%2DCLEAR%2D%2D%3E" line: 0}]
04-17 01:26:53.929 3456 3471 D GeckoViewContent: handleEvent: pagetitlechanged
04-17 01:26:53.939 3456 3471 I Gecko :
04-17 01:26:53.939 3456 3471 I Gecko : {"action":"assertion_count","time":1744853213939,"thread":null,"pid":null,"source":"reftest","test":"layout/reftests/bugs/220165-1.svg == layout/reftests/bugs/220165-1-ref.svg","min_expected":0,"max_expected":0,"count":0}
04-17 01:26:53.939 3456 3471 I Gecko :
04-17 01:26:53.939 3456 3471 I Gecko : {"action":"test_start","time":1744853213939,"thread":null,"pid":null,"source":"reftest","test":"layout/reftests/bugs/223809-1.html == layout/reftests/bugs/223809-1-ref.html"}
04-17 01:26:53.940 3456 3471 I Gecko : REFTEST TEST-LOAD | http://10.0.2.2:8854/tests/layout/reftests/bugs/223809-1.html | 206 / 2088 (9%)
04-17 01:26:53.940 3456 3471 I Gecko :
04-17 01:26:53.940 3456 3471 I Gecko : {"action":"log","time":1744853213940,"thread":null,"pid":null,"source":"reftest","level":"DEBUG","message":"START http://10.0.2.2:8854/tests/layout/reftests/bugs/223809-1.html"}
04-17 01:26:53.966 3538 3569 E eglCodecCommon: glUtilsParamSize: unknow param 0x00008caa
04-17 01:26:53.996 3488 3504 W Web Content: [JavaScript Warning: "This page is in Quirks Mode. Page layout may be impacted. For Standards Mode use “”." {file: "http://10.0.2.2:8854/tests/layout/reftests/bugs/223809-1.html" line: 0}]
04-17 01:26:54.009 3456 3471 D GeckoViewContent: handleEvent: pagetitlechanged
04-17 01:26:54.025 3456 3471 I Gecko :
04-17 01:26:54.025 3456 3471 I Gecko : {"action":"log","time":1744853214025,"thread":null,"pid":null,"source":"reftest","level":"DEBUG","message":"[CONTENT] OnDocumentLoad triggering AfterOnLoadScripts"}
04-17 01:26:54.055 3456 3471 I Gecko :
04-17 01:26:54.055 3456 3471 I Gecko : {"action":"log","time":1744853214055,"thread":null,"pid":null,"source":"reftest","level":"DEBUG","message":"Initializing canvas snapshot"}
04-17 01:26:54.055 3456 3471 I Gecko :
04-17 01:26:54.055 3456 3471 I Gecko : {"action":"log","time":1744853214055,"thread":null,"pid":null,"source":"reftest","level":"DEBUG","message":"DoDrawWindow 0,0,800,1000"}
04-17 01:26:54.063 3538 3569 E eglCodecCommon: glUtilsParamSize: unknow param 0x00008caa
04-17 01:26:54.237 3538 3569 E eglCodecCommon: glUtilsParamSize: unknow param 0x00008caa
04-17 01:26:54.330 3538 3569 E eglCodecCommon: glUtilsParamSize: unknow param 0x00008caa
04-17 01:26:54.418 3538 3569 E eglCodecCommon: glUtilsParamSize: unknow param 0x00008caa
04-17 01:26:54.502 3538 3569 E eglCodecCommon: glUtilsParamSize: unknow param 0x00000d02
04-17 01:26:54.512 3538 3569 E eglCodecCommon: glUtilsParamSize: unknow param 0x00008caa
04-17 01:26:54.544 3456 3471 I Gecko :
04-17 01:26:54.544 3456 3471 I Gecko : {"action":"log","time":1744853214544,"thread":null,"pid":null,"source":"reftest","level":"DEBUG","message":"[CONTENT] RecordResult fired"}
04-17 01:26:54.545 3456 3471 I Gecko :
04-17 01:26:54.545 3456 3471 I Gecko : {"action":"log","time":1744853214545,"thread":null,"pid":null,"source":"reftest","level":"DEBUG","message":"RecordResult fired"}
04-17 01:26:54.545 3456 3471 I Gecko : REFTEST TEST-LOAD | http://10.0.2.2:8854/tests/layout/reftests/bugs/223809-1-ref.html | 206 / 2088 (9%)
04-17 01:26:54.545 3456 3471 I Gecko :
04-17 01:26:54.545 3456 3471 I Gecko : {"action":"log","time":1744853214545,"thread":null,"pid":null,"source":"reftest","level":"DEBUG","message":"START http://10.0.2.2:8854/tests/layout/reftests/bugs/223809-1-ref.html"}
04-17 01:26:54.580 3488 3504 W Web Content: [JavaScript Warning: "This page is in Quirks Mode. Page layout may be impacted. For Standards Mode use “”." {file: "http://10.0.2.2:8854/tests/layout/reftests/bugs/223809-1-ref.html" line: 0}]
04-17 01:26:54.588 3456 3471 D GeckoViewContent: handleEvent: pagetitlechanged
04-17 01:26:54.600 3456 3471 I Gecko :
04-17 01:26:54.600 3456 3471 I Gecko : {"action":"log","time":1744853214600,"thread":null,"pid":null,"source":"reftest","level":"DEBUG","message":"[CONTENT] OnDocumentLoad triggering AfterOnLoadScripts"}
04-17 01:26:54.613 3538 3569 E eglCodecCommon: glUtilsParamSize: unknow param 0x00008caa
04-17 01:26:54.621 3456 3471 I Gecko :
04-17 01:26:54.621 3456 3471 I Gecko : {"action":"log","time":1744853214621,"thread":null,"pid":null,"source":"reftest","level":"DEBUG","message":"Initializing canvas snapshot"}
04-17 01:26:54.622 3456 3471 I Gecko :
04-17 01:26:54.622 3456 3471 I Gecko : {"action":"log","time":1744853214622,"thread":null,"pid":null,"source":"reftest","level":"DEBUG","message":"DoDrawWindow 0,0,800,1000"}
04-17 01:26:54.706 3538 3569 E eglCodecCommon: glUtilsParamSize: unknow param 0x00008caa
04-17 01:26:54.802 3538 3569 E eglCodecCommon: glUtilsParamSize: unknow param 0x00008caa
04-17 01:26:54.890 3538 3569 E eglCodecCommon: glUtilsParamSize: unknow param 0x00008caa
04-17 01:26:54.977 3538 3569 E eglCodecCommon: glUtilsParamSize: unknow param 0x00000d02
04-17 01:26:54.986 3538 3569 E eglCodecCommon: glUtilsParamSize: unknow param 0x00008caa
04-17 01:26:55.014 3456 3471 I Gecko :
04-17 01:26:55.014 3456 3471 I Gecko : {"action":"log","time":1744853215014,"thread":null,"pid":null,"source":"reftest","level":"DEBUG","message":"[CONTENT] RecordResult fired"}
04-17 01:26:55.015 3456 3471 I Gecko :
04-17 01:26:55.015 3456 3471 I Gecko : {"action":"log","time":1744853215015,"thread":null,"pid":null,"source":"reftest","level":"DEBUG","message":"RecordResult fired"}
04-17 01:26:55.016 3456 3471 I Gecko :
