--------- beginning of main
04-16 20:58:39.360 1284 1284 W auditd : type=2000 audit(0.0:1): initialized
04-16 20:58:40.360 1284 1284 I auditd : type=1403 audit(0.0:2): policy loaded auid=4294967295 ses=4294967295
04-16 20:58:41.527 1292 1292 I : debuggerd: starting
04-16 20:58:41.546 1293 1293 I : debuggerd: starting --------- beginning of system
04-16 20:58:41.562 1294 1294 I vold : Vold 3.0 (the awakening) firing up
04-16 20:58:41.562 1294 1294 V vold : Detected support for: ext4 vfat
04-16 20:58:41.849 1294 1327 D vold : e4crypt_init_user0
04-16 20:58:41.849 1294 1327 D vold : e4crypt_prepare_user_storage for volume null, user 0, serial 0, flags 1
04-16 20:58:41.849 1294 1327 D vold : Preparing: /data/system/users/0
04-16 20:58:41.850 1294 1327 D vold : Preparing: /data/misc/profiles/cur/0
04-16 20:58:41.851 1294 1327 D vold : Preparing: /data/misc/profiles/cur/0/foreign-dex
04-16 20:58:41.851 1294 1327 D vold : Preparing: /data/system_de/0
04-16 20:58:41.852 1294 1327 D vold : Preparing: /data/misc_de/0
04-16 20:58:41.852 1294 1327 D vold : Preparing: /data/user_de/0
04-16 20:58:41.853 1294 1327 D vold : e4crypt_unlock_user_key 0 serial=0 token_present=0
04-16 20:58:41.854 1 1 I vdc : 200 1295 Command succeeded
04-16 20:58:41.871 1328 1328 I /system/bin/tzdatacheck: tzdata file /data/misc/zoneinfo/current/tzdata does not exist. No action required.
04-16 20:58:41.943 1332 1332 I qemu-props: connected to 'boot-properties' qemud service.
04-16 20:58:41.943 1332 1332 I qemu-props: receiving..
04-16 20:58:41.944 1332 1332 I qemu-props: received: qemu.cmdline=androidboot.logcat=*:V androidboot.consolepipe=qemu_pipe,pipe:logcat
04-16 20:58:41.950 1331 1331 I init.ranchu-cor: type=1400 audit(0.0:3): avc: denied { dac_override } for capability=1 scontext=u:r:goldfish_setup:s0 tcontext=u:r:goldfish_setup:s0 tclass=capability permissive=1
04-16 20:58:41.954 1332 1332 I qemu-props: receiving..
04-16 20:58:41.954 1332 1332 I qemu-props: received: qemu.logcat=start
04-16 20:58:41.988 1332 1332 I qemu-props: receiving..
04-16 20:58:41.988 1332 1332 I qemu-props: received: ro.opengles.version=196608
04-16 20:58:41.999 1332 1332 I qemu-props: receiving..
04-16 20:58:41.999 1332 1332 I qemu-props: received: qemu.sf.fake_camera=back
04-16 20:58:42.004 1332 1332 I qemu-props: receiving..
04-16 20:58:42.004 1332 1332 I qemu-props: received: dalvik.vm.heapsize=576m
04-16 20:58:42.005 1332 1332 I qemu-props: receiving..
04-16 20:58:42.005 1332 1332 I qemu-props: received: qemu.hw.mainkeys=1
04-16 20:58:42.006 1334 1334 I lowmemorykiller: Using in-kernel low memory killer interface
04-16 20:58:42.009 1332 1332 I qemu-props: receiving..
04-16 20:58:42.009 1332 1332 I qemu-props: received: qemu.sf.lcd_density=320
04-16 20:58:42.013 1332 1332 I qemu-props: receiving..
04-16 20:58:42.013 1332 1332 I qemu-props: received: ro.test_harness=true
04-16 20:58:42.027 1332 1332 I qemu-props: receiving..
04-16 20:58:42.027 1332 1332 I qemu-props: received: qemu.timezone=Etc/UTC
04-16 20:58:42.027 1332 1332 I qemu-props: receiving..
04-16 20:58:42.028 1332 1332 I qemu-props: exiting (9 properties set).
04-16 20:58:42.066 1337 1337 I SurfaceFlinger: SurfaceFlinger is starting
04-16 20:58:42.066 1337 1337 I SurfaceFlinger: SurfaceFlinger's main thread ready to run. Initializing graphics H/W...
04-16 20:58:42.066 1337 1337 D libEGL : Emulator has host GPU support, qemu.gles is set to 1.
04-16 20:58:42.294 1348 1348 I cameraserver: ServiceManager: 0xecb9af80
04-16 20:58:42.294 1337 1337 E libEGL : load_driver(/system/lib64/egl/libGLES_emulation.so): dlopen failed: library "/system/lib64/egl/libGLES_emulation.so" not found
04-16 20:58:42.295 1348 1348 I CameraService: CameraService started (pid=1348)
04-16 20:58:42.295 1348 1348 I CameraService: CameraService process starting
04-16 20:58:42.295 1348 1348 W BatteryNotifier: batterystats service unavailable!
04-16 20:58:42.295 1348 1348 W BatteryNotifier: batterystats service unavailable!
04-16 20:58:42.299 1352 1352 I mediacodec: @@@ mediacodecservice starting
04-16 20:58:42.299 1352 1352 W : No seccomp filter defined for this architecture.
04-16 20:58:42.305 1345 1345 I : sMaxFastTracks = 8
04-16 20:58:42.308 1363 1363 I audioserver: ServiceManager: 0xee59af80
04-16 20:58:42.309 1363 1363 W BatteryNotifier: batterystats service unavailable!
04-16 20:58:42.309 1363 1363 I AudioFlinger: Using default 3000 mSec as standby time.
04-16 20:58:42.309 1353 1353 I mediaserver: ServiceManager: 0xf053c000
04-16 20:58:42.310 1348 1348 D EmulatedCamera_QemuClient: Emulated camera list:
04-16 20:58:42.311 1348 1348 D EmulatedCamera_FakeCamera: Initialize: Fake camera is facing back
04-16 20:58:42.312 1348 1348 V EmulatedCamera_Device: initializeWhiteBalanceModes with auto, 1.000000, 1.000000
04-16 20:58:42.312 1348 1348 V EmulatedCamera_Device: initializeWhiteBalanceModes with incandescent, 1.380000, 0.600000
04-16 20:58:42.312 1348 1348 V EmulatedCamera_Device: initializeWhiteBalanceModes with daylight, 1.090000, 0.920000
04-16 20:58:42.312 1348 1348 V EmulatedCamera_Device: initializeWhiteBalanceModes with twilight, 0.920000, 1.220000
04-16 20:58:42.312 1348 1348 V EmulatedCamera_Device: setWhiteBalanceMode with white balance auto
04-16 20:58:42.312 1348 1348 E EmulatedCamera_Factory: 1 cameras are being emulated. 0 of them are fake cameras.
04-16 20:58:42.312 1348 1348 E EmulatedCamera_HotplugThread: createFileIfNotExists: Could not create file '/data/misc/media/emulator.camera.hotplug.0', error: 'Permission denied' (13)
04-16 20:58:42.312 1348 1348 I CameraService: Loaded "Emulated Camera Module" camera module
04-16 20:58:42.313 1348 1348 E CameraService: setUpVendorTags: Vendor tag operations not fully defined. Ignoring definitions.
04-16 20:58:42.313 1348 1348 V EmulatedCamera_Camera: getCameraInfo
04-16 20:58:42.313 1348 1348 V EmulatedCamera_BaseCamera: getCameraInfo
04-16 20:58:42.313 1348 1348 I CameraFlashlight: Opening camera 0
04-16 20:58:42.313 1348 1348 V EmulatedCamera_Camera: getCameraInfo
04-16 20:58:42.313 1348 1348 V EmulatedCamera_BaseCamera: getCameraInfo
04-16 20:58:42.313 1348 1348 V EmulatedCamera_Camera: connectCamera
04-16 20:58:42.313 1348 1348 V EmulatedCamera_FakeDevice: connectDevice
04-16 20:58:42.313 1348 1348 V EmulatedCamera_CallbackNotifier: setCallbacks: 0xed337d30, 0xed337d80, 0xed337ea0, 0xed337fc0 (0xecbc30a0)
04-16 20:58:42.315 1348 1348 I ServiceManager: Waiting for service SurfaceFlinger...
04-16 20:58:42.319 1354 1354 V MediaUtils: physMem: 3152834560
04-16 20:58:42.319 1354 1354 V MediaUtils: requested limit: 630566900
04-16 20:58:42.319 1354 1354 V MediaUtils: actual limit: 630566900
04-16 20:58:42.319 1354 1354 V MediaUtils: original limits: 4294967295/4294967295
04-16 20:58:42.320 1354 1354 V MediaUtils: new limits: 630566900/4294967295
04-16 20:58:42.320 1355 1355 I mediaserver: ServiceManager: 0xef13c000
04-16 20:58:42.321 1363 1363 I AudioPolicyService: AudioPolicyService CSTOR in new mode
04-16 20:58:42.321 1354 1354 W /system/bin/mediaextractor: libminijail: allowing syscall: socketcall
04-16 20:58:42.321 1354 1354 W /system/bin/mediaextractor: libminijail: allowing syscall: writev
04-16 20:58:42.321 1354 1354 W /system/bin/mediaextractor: libminijail: allowing syscall: fcntl64
04-16 20:58:42.321 1354 1354 W /system/bin/mediaextractor: libminijail: allowing syscall: clock_gettime
04-16 20:58:42.322 1354 1354 W /system/bin/mediaextractor: libminijail: logging seccomp filter failures
04-16 20:58:42.326 1355 1355 W BatteryNotifier: batterystats service unavailable!
04-16 20:58:42.332 1363 1363 I APM::ConfigParsingUtils: loadAudioPolicyConfig() loaded /system/etc/audio_policy.conf
04-16 20:58:42.336 1363 1363 D audio_hw_generic: Emulator host-side ALSA audio emulation detected.
04-16 20:58:42.336 1363 1363 D audio_hw_generic: mixer 0 name Master Playback Volume
04-16 20:58:42.336 1363 1363 D audio_hw_generic: set ctl 0 to 100
04-16 20:58:42.336 1363 1363 D audio_hw_generic: set ctl 1 to 100
04-16 20:58:42.337 1363 1363 D audio_hw_generic: mixer 1 name Master Playback Switch
04-16 20:58:42.337 1363 1363 D audio_hw_generic: set ctl 0 to 1
04-16 20:58:42.337 1363 1363 D audio_hw_generic: set ctl 1 to 1
04-16 20:58:42.337 1363 1363 D audio_hw_generic: mixer 2 name Capture Volume
04-16 20:58:42.337 1363 1363 D audio_hw_generic: set ctl 0 to 100
04-16 20:58:42.337 1363 1363 D audio_hw_generic: set ctl 1 to 100
04-16 20:58:42.338 1363 1363 D audio_hw_generic: mixer 3 name Capture Switch
04-16 20:58:42.338 1363 1363 D audio_hw_generic: set ctl 0 to 1
04-16 20:58:42.338 1363 1363 D audio_hw_generic: set ctl 1 to 1
04-16 20:58:42.339 1363 1363 D audio_hw_generic: mixer 4 name Line Phantom Jack
04-16 20:58:42.339 1363 1363 D audio_hw_generic: mixer 5 name Line Out Phantom Jack
04-16 20:58:42.339 1363 1363 D audio_hw_generic: mixer 6 name Playback Channel Map
04-16 20:58:42.339 1363 1363 D audio_hw_generic: mixer 7 name Capture Channel Map
04-16 20:58:42.339 1363 1363 I AudioFlinger: loadHwModule() Loaded primary audio interface from Generic audio HW HAL (audio) handle 10
04-16 20:58:42.339 1363 1363 I AudioFlinger: openOutput(), module 10 Device 2, SamplingRate 48000, Format 0x000001, Channels 3, flags 2
04-16 20:58:42.341 1363 1363 I AudioFlinger: HAL output buffer size 720 frames, normal sink buffer size 1152 frames
04-16 20:58:42.347 1363 1363 I BufferProvider: found effect "Multichannel Downmix To Stereo" from The Android Open Source Project
04-16 20:58:42.349 1363 1375 I AudioFlinger: AudioFlinger's thread 0xee003980 ready to run
04-16 20:58:42.349 1363 1363 I AudioFlinger: Using module 10 has the primary audio interface
04-16 20:58:42.351 1359 1359 I fingerprintd: Starting fingerprintd
04-16 20:58:42.354 1363 1375 W BatteryNotifier: batterystats service unavailable!
04-16 20:58:42.355 1363 1375 W BatteryNotifier: batterystats service unavailable!
04-16 20:58:42.356 1363 1375 W BatteryNotifier: batterystats service unavailable!
04-16 20:58:42.357 1363 1375 W AudioFlinger: no wake lock to update, system not ready yet
04-16 20:58:42.357 1337 1337 D libEGL : loaded /system/lib64/egl/libEGL_emulation.so
04-16 20:58:42.368 1363 1377 I AudioFlinger: AudioFlinger's thread 0xedb03080 ready to run
04-16 20:58:42.370 1363 1363 I r_submix: adev_open(name=audio_hw_if)
04-16 20:58:42.370 1363 1363 I r_submix: adev_init_check()
04-16 20:58:42.370 1363 1363 I AudioFlinger: loadHwModule() Loaded r_submix audio interface from Wifi Display audio HAL (audio) handle 18
04-16 20:58:42.371 1363 1363 D r_submix: adev_open_input_stream(addr=0)
04-16 20:58:42.371 1363 1363 D r_submix: submix_audio_device_create_pipe_l(addr=0, idx=9)
04-16 20:58:42.371 1363 1363 D r_submix: now using address 0 for route 9
04-16 20:58:42.372 1363 1378 I AudioFlinger: AudioFlinger's thread 0xedc03100 ready to run
04-16 20:58:42.372 1363 1363 D r_submix: adev_close_input_stream()
04-16 20:58:42.372 1363 1363 D r_submix: submix_audio_device_release_pipe_l(idx=9) addr=0
04-16 20:58:42.372 1363 1363 D r_submix: submix_audio_device_destroy_pipe_l(): pipe destroyed
04-16 20:58:42.373 1363 1363 I RadioService: RadioService
04-16 20:58:42.373 1363 1363 I RadioService: onFirstRef
04-16 20:58:42.373 1363 1363 E RadioService: couldn't load radio module radio.primary (No such file or directory)
04-16 20:58:42.374 1363 1363 E SoundTriggerHwService: couldn't load sound trigger module sound_trigger.primary (No such file or directory)
04-16 20:58:42.381 1337 1337 D libEGL : loaded /system/lib64/egl/libGLESv1_CM_emulation.so
04-16 20:58:42.386 1337 1337 D libEGL : loaded /system/lib64/egl/libGLESv2_emulation.so
04-16 20:58:42.389 1337 1337 D : HostConnection::get() New Host Connection established 0x7a7e2302d540, tid 1337
04-16 20:58:42.433 1350 1350 I : installd firing up
04-16 20:58:42.443 1360 1360 I gatekeeperd: Starting gatekeeperd...
04-16 20:58:42.450 1360 1360 W gatekeeperd: falling back to software GateKeeper
04-16 20:58:42.452 1351 1351 I keystore: Found keymaster0 module Keymaster OpenSSL HAL, version 2
04-16 20:58:42.452 1351 1351 I SoftKeymaster: system/keymaster/soft_keymaster_device.cpp, Line 131: Creating device
04-16 20:58:42.452 1351 1351 D SoftKeymaster: system/keymaster/soft_keymaster_device.cpp, Line 132: Device address: 0x73989a03d000
04-16 20:58:42.452 1351 1351 I keystore: Keymaster0 module is software-only. Using SoftKeymasterDevice instead.
04-16 20:58:42.452 1351 1351 I SoftKeymaster: system/keymaster/soft_keymaster_device.cpp, Line 131: Creating device
04-16 20:58:42.452 1351 1351 D SoftKeymaster: system/keymaster/soft_keymaster_device.cpp, Line 132: Device address: 0x73989a03d400
04-16 20:58:42.482 1389 1389 I perfprofd: starting Android Wide Profiling daemon
04-16 20:58:42.482 1389 1389 E perfprofd: unable to open configuration file /data/data/com.google.android.gms/files/perfprofd.conf
04-16 20:58:42.482 1389 1389 I perfprofd: random seed set to 4037396526
04-16 20:58:42.507 1337 1337 E SurfaceFlinger: hwcomposer module not found
04-16 20:58:42.507 1337 1337 I SurfaceFlinger: EGL information:
04-16 20:58:42.507 1337 1337 I SurfaceFlinger: vendor : Android
04-16 20:58:42.507 1337 1337 I SurfaceFlinger: version : 1.4 Android META-EGL
04-16 20:58:42.507 1337 1337 I SurfaceFlinger: extensions: EGL_KHR_get_all_proc_addresses EGL_ANDROID_presentation_time EGL_KHR_swap_buffers_with_damage EGL_ANDROID_create_native_client_buffer EGL_ANDROID_front_buffer_auto_refresh EGL_KHR_image EGL_KHR_image_base EGL_KHR_gl_texture_2D_image EGL_KHR_fence_sync EGL_KHR_create_context EGL_ANDROID_image_native_buffer EGL_ANDROID_recordable
04-16 20:58:42.507 1337 1337 I SurfaceFlinger: Client API: OpenGL_ES
04-16 20:58:42.507 1337 1337 I SurfaceFlinger: EGLSurface: 8-8-8-8, config=0x2
04-16 20:58:42.510 1337 1337 D EGL_emulation: eglCreateContext: 0x7a7e23042140: maj 3 min 0 rcv 3
04-16 20:58:42.516 1337 1337 D EGL_emulation: eglMakeCurrent: 0x7a7e23042140: ver 3 0 (tinfo 0x7a7e2302bea0)
04-16 20:58:42.517 1337 1337 E eglCodecCommon: glUtilsParamSize: unknow param 0x00008cdf
04-16 20:58:42.517 1337 1337 E eglCodecCommon: glUtilsParamSize: unknow param 0x00008824
04-16 20:58:42.519 1337 1337 I SurfaceFlinger: OpenGL ES informations:
04-16 20:58:42.519 1337 1337 I SurfaceFlinger: vendor : Google (VMware, Inc.)
04-16 20:58:42.519 1337 1337 I SurfaceFlinger: renderer : Android Emulator OpenGL ES Translator (llvmpipe (LLVM 10.0.0, 256 bits))
04-16 20:58:42.519 1337 1337 I SurfaceFlinger: version : OpenGL ES 3.0 (3.3 (Core Profile) Mesa 20.0.8)
04-16 20:58:42.519 1337 1337 I SurfaceFlinger: extensions: GL_EXT_debug_marker GL_OES_EGL_sync GL_OES_EGL_image GL_OES_EGL_image_external GL_OES_depth24 GL_OES_depth32 GL_OES_element_index_uint GL_OES_texture_float GL_OES_texture_float_linear GL_OES_compressed_paletted_texture GL_OES_compressed_ETC1_RGB8_texture GL_OES_depth_texture GL_OES_texture_half_float GL_OES_texture_half_float_linear GL_OES_packed_depth_stencil GL_OES_vertex_half_float GL_OES_texture_npot GL_OES_rgb8_rgba8 GL_EXT_color_buffer_float GL_EXT_color_buffer_half_float GL_EXT_texture_format_BGRA8888 GL_APPLE_texture_format_BGRA8888 ANDROID_EMU_CHECKSUM_HELPER_v1 ANDROID_EMU_native_sync_v2 ANDROID_EMU_native_sync_v3 ANDROID_EMU_native_sync_v4 ANDROID_EMU_dma_v1 ANDROID_EMU_sync_buffer_data GL_OES_EGL_image_external_essl3 GL_OES_vertex_array_object GL_KHR_texture_compression_astc_ldr ANDROID_EMU_host_side_tracing ANDROID_EMU_gles_max_version_3_0
04-16 20:58:42.520 1337 1337 I SurfaceFlinger: GL_MAX_TEXTURE_SIZE = 8192
04-16 20:58:42.520 1337 1337 I SurfaceFlinger: GL_MAX_VIEWPORT_DIMS = 8192
04-16 20:58:42.522 1337 1337 D gralloc_ranchu: gralloc_alloc: Creating ashmem region of size 4096
04-16 20:58:42.526 1337 1337 D EGL_emulation: eglMakeCurrent: 0x7a7e23042140: ver 3 0 (tinfo 0x7a7e2302bea0)
04-16 20:58:42.526 1356 1356 I Netd : Netd 1.0 starting
04-16 20:58:42.528 1356 1356 D TetherController: Setting IP forward enable = 0
04-16 20:58:42.537 1337 1337 D SurfaceFlinger: Set power mode=2, type=0 flinger=0x7a7e230479c0
04-16 20:58:42.702 1337 1337 D SurfaceFlinger: shader cache generated - 24 shaders in 151.827911 ms
04-16 20:58:42.742 1337 1340 E SurfaceFlinger: ro.sf.lcd_density must be defined as a build property
04-16 20:58:42.791 1337 1337 D gralloc_ranchu: gralloc_alloc: Creating ashmem region of size 4096
04-16 20:58:42.818 1344 1344 D AndroidRuntime: >>>>>> START com.android.internal.os.ZygoteInit uid 0 <<<<<<
04-16 20:58:42.835 1344 1344 D AndroidRuntime: CheckJNI is OFF
04-16 20:58:42.839 1344 1344 I art : option[0]=-Xzygote
04-16 20:58:42.839 1344 1344 I art : option[1]=-Xstacktracefile:/data/anr/traces.txt
04-16 20:58:42.839 1344 1344 I art : option[2]=exit
04-16 20:58:42.839 1344 1344 I art : option[3]=vfprintf
04-16 20:58:42.839 1344 1344 I art : option[4]=sensitiveThread
04-16 20:58:42.839 1344 1344 I art : option[5]=-verbose:gc
04-16 20:58:42.839 1344 1344 I art : option[6]=-Xms4m
04-16 20:58:42.840 1344 1344 I art : option[7]=-Xmx576m
04-16 20:58:42.840 1344 1344 I art : option[8]=-Xusejit:true
04-16 20:58:42.840 1344 1344 I art : option[9]=-Xjitsaveprofilinginfo
04-16 20:58:42.840 1344 1344 I art : option[10]=-agentlib:jdwp=transport=dt_android_adb,suspend=n,server=y
04-16 20:58:42.840 1344 1344 I art : option[11]=-Xlockprofthreshold:500
04-16 20:58:42.840 1344 1344 I art : option[12]=-Ximage-compiler-option
04-16 20:58:42.840 1344 1344 I art : option[13]=--runtime-arg
04-16 20:58:42.840 1344 1344 I art : option[14]=-Ximage-compiler-option
04-16 20:58:42.840 1344 1344 I art : option[15]=-Xms64m
04-16 20:58:42.840 1344 1344 I art : option[16]=-Ximage-compiler-option
04-16 20:58:42.840 1344 1344 I art : option[17]=--runtime-arg
04-16 20:58:42.840 1344 1344 I art : option[18]=-Ximage-compiler-option
04-16 20:58:42.840 1344 1344 I art : option[19]=-Xmx64m
04-16 20:58:42.840 1344 1344 I art : option[20]=-Ximage-compiler-option
04-16 20:58:42.840 1344 1344 I art : option[21]=--image-classes=/system/etc/preloaded-classes
04-16 20:58:42.840 1344 1344 I art : option[22]=-Ximage-compiler-option
04-16 20:58:42.840 1344 1344 I art : option[23]=--compiled-classes=/system/etc/compiled-classes
04-16 20:58:42.840 1344 1344 I art : option[24]=-Xcompiler-option
04-16 20:58:42.841 1344 1344 I art : option[25]=--runtime-arg
04-16 20:58:42.841 1344 1344 I art : option[26]=-Xcompiler-option
04-16 20:58:42.841 1344 1344 I art : option[27]=-Xms64m
04-16 20:58:42.841 1344 1344 I art : option[28]=-Xcompiler-option
04-16 20:58:42.841 1344 1344 I art : option[29]=--runtime-arg
04-16 20:58:42.841 1344 1344 I art : option[30]=-Xcompiler-option
04-16 20:58:42.841 1344 1344 I art : option[31]=-Xmx512m
04-16 20:58:42.841 1344 1344 I art : option[32]=-Ximage-compiler-option
04-16 20:58:42.841 1344 1344 I art : option[33]=--instruction-set-variant=x86
04-16 20:58:42.841 1344 1344 I art : option[34]=-Xcompiler-option
04-16 20:58:42.841 1344 1344 I art : option[35]=--instruction-set-variant=x86
04-16 20:58:42.841 1344 1344 I art : option[36]=-Ximage-compiler-option
04-16 20:58:42.841 1344 1344 I art : option[37]=--instruction-set-features=default
04-16 20:58:42.841 1344 1344 I art : option[38]=-Xcompiler-option
04-16 20:58:42.841 1344 1344 I art : option[39]=--instruction-set-features=default
04-16 20:58:42.841 1344 1344 I art : option[40]=-Duser.locale=en-US
04-16 20:58:42.841 1344 1344 I art : option[41]=--cpu-abilist=x86
04-16 20:58:42.841 1344 1344 I art : option[42]=-Xfingerprint:Android/sdk_phone_x86_64/generic_x86_64:7.0/NYC/4174735:userdebug/test-keys
04-16 20:58:42.864 1404 1453 D libEGL : Emulator has host GPU support, qemu.gles is set to 1.
04-16 20:58:42.864 1404 1453 E libEGL : load_driver(/system/lib64/egl/libGLES_emulation.so): dlopen failed: library "/system/lib64/egl/libGLES_emulation.so" not found
04-16 20:58:42.866 1404 1453 D libEGL : loaded /system/lib64/egl/libEGL_emulation.so
04-16 20:58:42.866 1404 1453 D libEGL : loaded /system/lib64/egl/libGLESv1_CM_emulation.so
04-16 20:58:42.869 1404 1453 D libEGL : loaded /system/lib64/egl/libGLESv2_emulation.so
04-16 20:58:42.873 1404 1453 D : HostConnection::get() New Host Connection established 0x76d90541d860, tid 1453
04-16 20:58:42.877 1337 1343 D : HostConnection::get() New Host Connection established 0x7a7e2302d660, tid 1343
04-16 20:58:42.887 1404 1453 D EGL_emulation: eglCreateContext: 0x76d905413640: maj 1 min 0 rcv 1
04-16 20:58:42.910 1404 1453 D EGL_emulation: eglMakeCurrent: 0x76d905413640: ver 1 0 (tinfo 0x76d905418140)
04-16 20:58:42.976 1337 1340 D : HostConnection::get() New Host Connection established 0x7a7e22c1b360, tid 1340
04-16 20:58:43.001 1341 1341 D AndroidRuntime: >>>>>> START com.android.internal.os.ZygoteInit uid 0 <<<<<<
04-16 20:58:43.023 1341 1341 D AndroidRuntime: CheckJNI is OFF
04-16 20:58:43.036 1341 1341 I art : option[0]=-Xzygote
04-16 20:58:43.037 1341 1341 I art : option[1]=-Xstacktracefile:/data/anr/traces.txt
04-16 20:58:43.037 1341 1341 I art : option[2]=exit
04-16 20:58:43.037 1341 1341 I art : option[3]=vfprintf
04-16 20:58:43.037 1341 1341 I art : option[4]=sensitiveThread
04-16 20:58:43.037 1341 1341 I art : option[5]=-verbose:gc
04-16 20:58:43.037 1341 1341 I art : option[6]=-Xms4m
04-16 20:58:43.037 1341 1341 I art : option[7]=-Xmx576m
04-16 20:58:43.037 1341 1341 I art : option[8]=-Xusejit:true
04-16 20:58:43.037 1341 1341 I art : option[9]=-Xjitsaveprofilinginfo
04-16 20:58:43.037 1341 1341 I art : option[10]=-agentlib:jdwp=transport=dt_android_adb,suspend=n,server=y
04-16 20:58:43.037 1341 1341 I art : option[11]=-Xlockprofthreshold:500
04-16 20:58:43.037 1341 1341 I art : option[12]=-Ximage-compiler-option
04-16 20:58:43.037 1341 1341 I art : option[13]=--runtime-arg
04-16 20:58:43.037 1341 1341 I art : option[14]=-Ximage-compiler-option
04-16 20:58:43.037 1341 1341 I art : option[15]=-Xms64m
04-16 20:58:43.037 1341 1341 I art : option[16]=-Ximage-compiler-option
04-16 20:58:43.037 1341 1341 I art : option[17]=--runtime-arg
04-16 20:58:43.037 1341 1341 I art : option[18]=-Ximage-compiler-option
04-16 20:58:43.037 1341 1341 I art : option[19]=-Xmx64m
04-16 20:58:43.037 1341 1341 I art : option[20]=-Ximage-compiler-option
04-16 20:58:43.038 1341 1341 I art : option[21]=--image-classes=/system/etc/preloaded-classes
04-16 20:58:43.038 1341 1341 I art : option[22]=-Ximage-compiler-option
04-16 20:58:43.038 1341 1341 I art : option[23]=--compiled-classes=/system/etc/compiled-classes
04-16 20:58:43.038 1341 1341 I art : option[24]=-Xcompiler-option
04-16 20:58:43.038 1341 1341 I art : option[25]=--runtime-arg
04-16 20:58:43.038 1341 1341 I art : option[26]=-Xcompiler-option
04-16 20:58:43.038 1341 1341 I art : option[27]=-Xms64m
04-16 20:58:43.038 1341 1341 I art : option[28]=-Xcompiler-option
04-16 20:58:43.038 1341 1341 I art : option[29]=--runtime-arg
04-16 20:58:43.038 1341 1341 I art : option[30]=-Xcompiler-option
04-16 20:58:43.038 1341 1341 I art : option[31]=-Xmx512m
04-16 20:58:43.038 1341 1341 I art : option[32]=-Ximage-compiler-option
04-16 20:58:43.038 1341 1341 I art : option[33]=--instruction-set-variant=x86_64
04-16 20:58:43.039 1341 1341 I art : option[34]=-Xcompiler-option
04-16 20:58:43.039 1341 1341 I art : option[35]=--instruction-set-variant=x86_64
04-16 20:58:43.039 1341 1341 I art : option[36]=-Ximage-compiler-option
04-16 20:58:43.039 1341 1341 I art : option[37]=--instruction-set-features=default
04-16 20:58:43.039 1341 1341 I art : option[38]=-Xcompiler-option
04-16 20:58:43.039 1341 1341 I art : option[39]=--instruction-set-features=default
04-16 20:58:43.039 1341 1341 I art : option[40]=-Duser.locale=en-US
04-16 20:58:43.039 1341 1341 I art : option[41]=--cpu-abilist=x86_64
04-16 20:58:43.039 1341 1341 I art : option[42]=-Xfingerprint:Android/sdk_phone_x86_64/generic_x86_64:7.0/NYC/4174735:userdebug/test-keys
04-16 20:58:43.131 1344 1344 D ICU : No timezone override file found: /data/misc/zoneinfo/current/icu/icu_tzdata.dat
04-16 20:58:43.289 1344 1344 E memtrack: Couldn't load memtrack module (No such file or directory)
04-16 20:58:43.289 1344 1344 E android.os.Debug: failed to load memtrack module: -2
04-16 20:58:43.292 1344 1344 I Radio-JNI: register_android_hardware_Radio DONE
04-16 20:58:43.306 1344 1344 I SamplingProfilerIntegration: Profiling disabled.
04-16 20:58:43.308 1344 1344 D Zygote : begin preload
04-16 20:58:43.308 1344 1344 I Zygote : Installing ICU cache reference pinning...
04-16 20:58:43.308 1344 1344 I Zygote : Preloading ICU data...
04-16 20:58:43.316 1348 1348 V EmulatedCamera_Preview: setPreviewWindow: current: 0x0 -> new: 0xecbc30b0
04-16 20:58:43.316 1348 1348 V EmulatedCamera_Preview: setPreviewWindow: current: 0xecbc30b0 -> new: 0x0
04-16 20:58:43.317 1348 1348 V EmulatedCamera_Camera: doStopPreview
04-16 20:58:43.317 1348 1348 V EmulatedCamera_Preview: setPreviewWindow: current: 0x0 -> new: 0x0
04-16 20:58:43.317 1348 1348 V EmulatedCamera_Camera: releaseCamera
04-16 20:58:43.317 1348 1348 V EmulatedCamera_Camera: doStopPreview
04-16 20:58:43.317 1348 1348 V EmulatedCamera_FakeDevice: disconnectDevice
04-16 20:58:43.317 1348 1348 W EmulatedCamera_Device: Initialize: Emulated camera device is already initialized: mState = 1
04-16 20:58:43.317 1348 1348 D EmulatedCamera_FakeCamera: Initialize: Fake camera is facing back
04-16 20:58:43.317 1348 1348 V EmulatedCamera_Device: initializeWhiteBalanceModes with auto, 1.000000, 1.000000
04-16 20:58:43.317 1348 1348 V EmulatedCamera_Device: initializeWhiteBalanceModes with incandescent, 1.380000, 0.600000
04-16 20:58:43.317 1348 1348 V EmulatedCamera_Device: initializeWhiteBalanceModes with daylight, 1.090000, 0.920000
04-16 20:58:43.317 1348 1348 V EmulatedCamera_Device: initializeWhiteBalanceModes with twilight, 0.920000, 1.220000
04-16 20:58:43.317 1348 1348 V EmulatedCamera_Device: setWhiteBalanceMode with white balance auto
04-16 20:58:43.317 1348 1348 I CameraFlashlight: Destroying camera 0
04-16 20:58:43.317 1348 1348 V EmulatedCamera_Camera: closeCamera
04-16 20:58:43.317 1348 1348 V EmulatedCamera_Camera: doStopPreview
04-16 20:58:43.317 1348 1348 W EmulatedCamera_Device: Initialize: Emulated camera device is already initialized: mState = 1
04-16 20:58:43.317 1348 1348 D EmulatedCamera_FakeCamera: Initialize: Fake camera is facing back
04-16 20:58:43.317 1348 1348 V EmulatedCamera_Device: initializeWhiteBalanceModes with auto, 1.000000, 1.000000
04-16 20:58:43.317 1348 1348 V EmulatedCamera_Device: initializeWhiteBalanceModes with incandescent, 1.380000, 0.600000
04-16 20:58:43.318 1348 1348 V EmulatedCamera_Device: initializeWhiteBalanceModes with daylight, 1.090000, 0.920000
04-16 20:58:43.318 1348 1348 V EmulatedCamera_Device: initializeWhiteBalanceModes with twilight, 0.920000, 1.220000
04-16 20:58:43.318 1348 1348 V EmulatedCamera_Device: setWhiteBalanceMode with white balance auto
04-16 20:58:43.318 1348 1348 V EmulatedCamera_Camera: getCameraInfo
04-16 20:58:43.318 1348 1348 V EmulatedCamera_BaseCamera: getCameraInfo
04-16 20:58:43.318 1348 1348 I ServiceManager: Waiting for service media.camera.proxy...
04-16 20:58:43.325 1341 1341 D ICU : No timezone override file found: /data/misc/zoneinfo/current/icu/icu_tzdata.dat
04-16 20:58:43.376 1356 1356 I iptables: iptables v1.4.20: Couldn't find target `fw_dozable'
04-16 20:58:43.376 1356 1356 I iptables:
04-16 20:58:43.376 1356 1356 I iptables: Try `iptables -h' or 'iptables --help' for more information.
04-16 20:58:43.376 1356 1356 I iptables: iptables terminated by exit(2)
04-16 20:58:43.376 1356 1356 E Netd : exec() res=0, status=512 for /system/bin/iptables -w -t filter -D fw_INPUT -j fw_dozable
04-16 20:58:43.379 1344 1344 I Zygote : Preloading classes...
04-16 20:58:43.384 1356 1356 I ip6tables: ip6tables v1.4.20: Couldn't find target `fw_dozable'
04-16 20:58:43.384 1356 1356 I ip6tables:
04-16 20:58:43.384 1356 1356 I ip6tables: Try `ip6tables -h' or 'ip6tables --help' for more information.
04-16 20:58:43.384 1356 1356 I ip6tables: ip6tables terminated by exit(2)
04-16 20:58:43.385 1356 1356 E Netd : exec() res=0, status=512 for /system/bin/ip6tables -w -t filter -D fw_INPUT -j fw_dozable
04-16 20:58:43.397 1356 1356 I iptables: iptables v1.4.20: Couldn't find target `fw_standby'
04-16 20:58:43.398 1356 1356 I iptables:
04-16 20:58:43.398 1356 1356 I iptables: Try `iptables -h' or 'iptables --help' for more information.
04-16 20:58:43.398 1356 1356 I iptables: iptables terminated by exit(2)
04-16 20:58:43.398 1356 1356 E Netd : exec() res=0, status=512 for /system/bin/iptables -w -t filter -D fw_INPUT -j fw_standby
04-16 20:58:43.407 1356 1356 I ip6tables: ip6tables v1.4.20: Couldn't find target `fw_standby'
04-16 20:58:43.407 1356 1356 I ip6tables:
04-16 20:58:43.407 1356 1356 I ip6tables: Try `ip6tables -h' or 'ip6tables --help' for more information.
04-16 20:58:43.407 1356 1356 I ip6tables: ip6tables terminated by exit(2)
04-16 20:58:43.407 1356 1356 E Netd : exec() res=0, status=512 for /system/bin/ip6tables -w -t filter -D fw_INPUT -j fw_standby
04-16 20:58:43.422 1356 1356 I iptables: iptables v1.4.20: Couldn't find target `fw_powersave'
04-16 20:58:43.422 1356 1356 I iptables:
04-16 20:58:43.422 1356 1356 I iptables: Try `iptables -h' or 'iptables --help' for more information.
04-16 20:58:43.422 1356 1356 I iptables: iptables terminated by exit(2)
04-16 20:58:43.422 1356 1356 E Netd : exec() res=0, status=512 for /system/bin/iptables -w -t filter -D fw_INPUT -j fw_powersave
04-16 20:58:43.426 1356 1356 I ip6tables: ip6tables v1.4.20: Couldn't find target `fw_powersave'
04-16 20:58:43.426 1356 1356 I ip6tables:
04-16 20:58:43.426 1356 1356 I ip6tables: Try `ip6tables -h' or 'ip6tables --help' for more information.
04-16 20:58:43.427 1356 1356 I ip6tables: ip6tables terminated by exit(2)
04-16 20:58:43.427 1356 1356 E Netd : exec() res=0, status=512 for /system/bin/ip6tables -w -t filter -D fw_INPUT -j fw_powersave
04-16 20:58:43.441 1356 1356 V NatController: runCmd(/system/bin/iptables -w -F natctrl_FORWARD) res=0
04-16 20:58:43.444 1356 1356 V NatController: runCmd(/system/bin/iptables -w -A natctrl_FORWARD -j DROP) res=0
04-16 20:58:43.448 1356 1356 V NatController: runCmd(/system/bin/iptables -w -t nat -F natctrl_nat_POSTROUTING) res=0
04-16 20:58:43.450 1356 1356 V NatController: runCmd(/system/bin/iptables -w -F natctrl_tether_counters) res=1
04-16 20:58:43.450 1582 1582 E ipv6proxy: Failed to forward Neighbor Solicitation for fe80::6851:1bff:fe66:fbab from radio0-peer to eth0: Cannot assign requested address
04-16 20:58:43.453 1356 1356 V NatController: runCmd(/system/bin/iptables -w -X natctrl_tether_counters) res=1
04-16 20:58:43.458 1356 1356 V NatController: runCmd(/system/bin/iptables -w -N natctrl_tether_counters) res=0
04-16 20:58:43.462 1356 1356 V NatController: runCmd(/system/bin/iptables -w -t mangle -A natctrl_mangle_FORWARD -p tcp --tcp-flags SYN SYN -j TCPMSS --clamp-mss-to-pmtu) res=0
04-16 20:58:43.477 1620 1620 I dnsmasq : started, version 2.51 DNS disabled
04-16 20:58:43.477 1620 1620 I dnsmasq : compile time options: IPv6 GNU-getopt no-DBus no-I18N DHCP no-scripts no-TFTP
04-16 20:58:43.477 1620 1620 I dnsmasq : DHCP, IP range 192.168.100.100 -- 192.168.100.200, lease time 4h
04-16 20:58:43.493 1616 1616 E hostapd : Configuration file: /system/etc/simulated_hostapd.conf
04-16 20:58:43.540 1341 1341 E memtrack: Couldn't load memtrack module (No such file or directory)
04-16 20:58:43.540 1341 1341 E android.os.Debug: failed to load memtrack module: -2
04-16 20:58:43.545 1341 1341 I Radio-JNI: register_android_hardware_Radio DONE
04-16 20:58:43.559 1341 1341 I SamplingProfilerIntegration: Profiling disabled.
04-16 20:58:43.561 1341 1341 D Zygote : begin preload
04-16 20:58:43.561 1341 1341 I Zygote : Installing ICU cache reference pinning...
04-16 20:58:43.562 1341 1341 I Zygote : Preloading ICU data...
04-16 20:58:43.612 1341 1341 I Zygote : Preloading classes...
04-16 20:58:43.647 1344 1344 E Typeface: Error mapping font file /system/fonts/DroidSansFallback.ttf
04-16 20:58:43.660 1616 1616 I hostapd : rfkill: Cannot get wiphy information
04-16 20:58:43.661 1616 1616 I hostapd : nl80211: Could not re-add multicast membership for vendor events: -2 (No such file or directory)
04-16 20:58:43.661 1616 1616 I hostapd : wlan1: interface state UNINITIALIZED->COUNTRY_UPDATE
04-16 20:58:43.672 1341 1341 E Typeface: Error mapping font file /system/fonts/DroidSansFallback.ttf
04-16 20:58:43.683 1356 1356 E Netd : cannot find interface dummy0
04-16 20:58:43.684 1356 1356 D MDnsDS : MDnsSdListener::Hander starting up
04-16 20:58:43.687 1356 1650 D MDnsDS : MDnsSdListener starting to monitor
04-16 20:58:43.687 1356 1650 D MDnsDS : Going to poll with pollCount 1
04-16 20:58:43.854 1341 1341 I art : Thread[1,tid=1341,Native,Thread*=0x757abc695a00,peer=0x12c060d0,"main"] recursive attempt to load library "/system/lib64/libmedia_jni.so"
04-16 20:58:43.855 1341 1341 D MtpDeviceJNI: register_android_mtp_MtpDevice
04-16 20:58:43.856 1341 1341 I art : Thread[1,tid=1341,Native,Thread*=0x757abc695a00,peer=0x12c060d0,"main"] recursive attempt to load library "/system/lib64/libmedia_jni.so"
04-16 20:58:43.856 1341 1341 I art : Thread[1,tid=1341,Native,Thread*=0x757abc695a00,peer=0x12c060d0,"main"] recursive attempt to load library "/system/lib64/libmedia_jni.so"
04-16 20:58:43.863 1344 1344 I art : Thread[1,tid=1344,Native,Thread*=0xe3c8b400,peer=0x12c060d0,"main"] recursive attempt to load library "/system/lib/libmedia_jni.so"
04-16 20:58:43.864 1344 1344 D MtpDeviceJNI: register_android_mtp_MtpDevice
04-16 20:58:43.864 1344 1344 I art : Thread[1,tid=1344,Native,Thread*=0xe3c8b400,peer=0x12c060d0,"main"] recursive attempt to load library "/system/lib/libmedia_jni.so"
04-16 20:58:43.864 1344 1344 I art : Thread[1,tid=1344,Native,Thread*=0xe3c8b400,peer=0x12c060d0,"main"] recursive attempt to load library "/system/lib/libmedia_jni.so"
04-16 20:58:43.981 1344 1344 I System : Loaded time zone names for "" in 9ms (8ms in ICU)
04-16 20:58:43.982 1341 1341 I System : Loaded time zone names for "" in 20ms (20ms in ICU)
04-16 20:58:43.994 1341 1341 I System : Loaded time zone names for "en_US" in 12ms (12ms in ICU)
04-16 20:58:43.994 1344 1344 I System : Loaded time zone names for "en_US" in 12ms (12ms in ICU)
04-16 20:58:44.033 1344 1344 I Zygote : ...preloaded 4161 classes in 654ms.
04-16 20:58:44.033 1344 1344 I art : VMRuntime.preloadDexCaches starting
04-16 20:58:44.033 1341 1341 I Zygote : ...preloaded 4161 classes in 421ms.
04-16 20:58:44.034 1341 1341 I art : VMRuntime.preloadDexCaches starting
04-16 20:58:44.064 1344 1344 I art : VMRuntime.preloadDexCaches strings total=282307 before=39273 after=39273
04-16 20:58:44.065 1344 1344 I art : VMRuntime.preloadDexCaches types total=23484 before=7830 after=7857
04-16 20:58:44.065 1344 1344 I art : VMRuntime.preloadDexCaches fields total=111408 before=40626 after=40840
04-16 20:58:44.065 1344 1344 I art : VMRuntime.preloadDexCaches methods total=196735 before=82126 after=82686
04-16 20:58:44.065 1344 1344 I art : VMRuntime.preloadDexCaches finished
04-16 20:58:44.074 1341 1341 I art : VMRuntime.preloadDexCaches strings total=282307 before=39273 after=39273
04-16 20:58:44.075 1341 1341 I art : VMRuntime.preloadDexCaches types total=23484 before=7830 after=7857
04-16 20:58:44.075 1341 1341 I art : VMRuntime.preloadDexCaches fields total=111408 before=40626 after=40840
04-16 20:58:44.075 1341 1341 I art : VMRuntime.preloadDexCaches methods total=196735 before=82126 after=82686
04-16 20:58:44.075 1341 1341 I art : VMRuntime.preloadDexCaches finished
04-16 20:58:44.150 1344 1344 I Zygote : Preloading resources...
04-16 20:58:44.150 1341 1341 I Zygote : Preloading resources...
04-16 20:58:44.181 1341 1341 W Resources: Preloaded drawable resource #0x1080298 (android:drawable/editbox_dropdown_background_dark) that varies with configuration!!
04-16 20:58:44.181 1344 1344 W Resources: Preloaded drawable resource #0x1080298 (android:drawable/editbox_dropdown_background_dark) that varies with configuration!!
04-16 20:58:44.194 1341 1341 W Resources: Preloaded drawable resource #0x108030b (android:drawable/ic_clear_disabled) that varies with configuration!!
04-16 20:58:44.194 1341 1341 W Resources: Preloaded drawable resource #0x1080310 (android:drawable/ic_clear_normal) that varies with configuration!!
04-16 20:58:44.195 1341 1341 W Resources: Preloaded drawable resource #0x1080345 (android:drawable/ic_go) that varies with configuration!!
04-16 20:58:44.201 1341 1341 W Resources: Preloaded drawable resource #0x1080038 (android:drawable/ic_menu_close_clear_cancel) that varies with configuration!!
04-16 20:58:44.204 1344 1344 W Resources: Preloaded drawable resource #0x108030b (android:drawable/ic_clear_disabled) that varies with configuration!!
04-16 20:58:44.204 1341 1341 W Resources: Preloaded drawable resource #0x1080045 (android:drawable/ic_menu_more) that varies with configuration!!
04-16 20:58:44.204 1344 1344 W Resources: Preloaded drawable resource #0x1080310 (android:drawable/ic_clear_normal) that varies with configuration!!
04-16 20:58:44.209 1344 1344 W Resources: Preloaded drawable resource #0x1080345 (android:drawable/ic_go) that varies with configuration!!
04-16 20:58:44.215 1344 1344 W Resources: Preloaded drawable resource #0x1080038 (android:drawable/ic_menu_close_clear_cancel) that varies with configuration!!
04-16 20:58:44.217 1344 1344 W Resources: Preloaded drawable resource #0x1080045 (android:drawable/ic_menu_more) that varies with configuration!!
04-16 20:58:44.222 1341 1341 W Resources: Preloaded drawable resource #0x10804d3 (android:drawable/menu_background_fill_parent_width) that varies with configuration!!
04-16 20:58:44.229 1344 1344 W Resources: Preloaded drawable resource #0x10804d3 (android:drawable/menu_background_fill_parent_width) that varies with configuration!!
04-16 20:58:44.241 1341 1341 W Resources: Preloaded drawable resource #0x1080766 (android:drawable/text_edit_paste_window) that varies with configuration!!
04-16 20:58:44.242 1341 1341 W Resources: Preloaded drawable resource #0x1080096 (android:drawable/toast_frame) that varies with configuration!!
04-16 20:58:44.242 1341 1341 I Zygote : ...preloaded 114 resources in 92ms.
04-16 20:58:44.243 1341 1341 I Zygote : ...preloaded 41 resources in 1ms.
04-16 20:58:44.243 1341 1341 D libEGL : Emulator has host GPU support, qemu.gles is set to 1.
04-16 20:58:44.244 1341 1341 E libEGL : load_driver(/system/lib64/egl/libGLES_emulation.so): dlopen failed: library "/system/lib64/egl/libGLES_emulation.so" not found
04-16 20:58:44.244 1341 1341 D libEGL : loaded /system/lib64/egl/libEGL_emulation.so
04-16 20:58:44.245 1341 1341 D libEGL : loaded /system/lib64/egl/libGLESv1_CM_emulation.so
04-16 20:58:44.247 1341 1341 D libEGL : loaded /system/lib64/egl/libGLESv2_emulation.so
04-16 20:58:44.249 1341 1341 I Zygote : Preloading shared libraries...
04-16 20:58:44.251 1344 1344 W Resources: Preloaded drawable resource #0x1080766 (android:drawable/text_edit_paste_window) that varies with configuration!!
04-16 20:58:44.252 1344 1344 W Resources: Preloaded drawable resource #0x1080096 (android:drawable/toast_frame) that varies with configuration!!
04-16 20:58:44.252 1344 1344 I Zygote : ...preloaded 114 resources in 102ms.
04-16 20:58:44.254 1344 1344 I Zygote : ...preloaded 41 resources in 2ms.
04-16 20:58:44.254 1344 1344 D libEGL : Emulator has host GPU support, qemu.gles is set to 1.
04-16 20:58:44.256 1344 1344 E libEGL : load_driver(/system/lib/egl/libGLES_emulation.so): dlopen failed: library "/system/lib/egl/libGLES_emulation.so" not found
04-16 20:58:44.258 1341 1341 E Hyphenator: error loading hyphenation /system/usr/hyphen-data/hyph-as.hyb
04-16 20:58:44.258 1341 1341 E Hyphenator: java.io.FileNotFoundException: /system/usr/hyphen-data/hyph-as.hyb: open failed: ENOENT (No such file or directory)
04-16 20:58:44.258 1341 1341 E Hyphenator: at libcore.io.IoBridge.open(IoBridge.java:455)
04-16 20:58:44.258 1341 1341 E Hyphenator: at java.io.RandomAccessFile.(RandomAccessFile.java:247)
04-16 20:58:44.258 1341 1341 E Hyphenator: at android.text.Hyphenator.loadHyphenator(Hyphenator.java:118)
04-16 20:58:44.258 1341 1341 E Hyphenator: at android.text.Hyphenator.init(Hyphenator.java:224)
04-16 20:58:44.258 1341 1341 E Hyphenator: at com.android.internal.os.ZygoteInit.preloadTextResources(ZygoteInit.java:252)
04-16 20:58:44.258 1341 1341 E Hyphenator: at com.android.internal.os.ZygoteInit.preload(ZygoteInit.java:206)
04-16 20:58:44.258 1341 1341 E Hyphenator: at com.android.internal.os.ZygoteInit.main(ZygoteInit.java:723)
04-16 20:58:44.258 1341 1341 E Hyphenator: Caused by: android.system.ErrnoException: open failed: ENOENT (No such file or directory)
04-16 20:58:44.258 1341 1341 E Hyphenator: at libcore.io.Posix.open(Native Method)
04-16 20:58:44.258 1341 1341 E Hyphenator: at libcore.io.BlockGuardOs.open(BlockGuardOs.java:187)
04-16 20:58:44.258 1341 1341 E Hyphenator: at libcore.io.IoBridge.open(IoBridge.java:441)
04-16 20:58:44.258 1341 1341 E Hyphenator: ... 6 more
04-16 20:58:44.259 1341 1341 E Hyphenator: error loading hyphenation /system/usr/hyphen-data/hyph-bn.hyb
04-16 20:58:44.259 1341 1341 E Hyphenator: java.io.FileNotFoundException: /system/usr/hyphen-data/hyph-bn.hyb: open failed: ENOENT (No such file or directory)
04-16 20:58:44.259 1341 1341 E Hyphenator: at libcore.io.IoBridge.open(IoBridge.java:455)
04-16 20:58:44.259 1341 1341 E Hyphenator: at java.io.RandomAccessFile.(RandomAccessFile.java:247)
04-16 20:58:44.259 1341 1341 E Hyphenator: at android.text.Hyphenator.loadHyphenator(Hyphenator.java:118)
04-16 20:58:44.259 1341 1341 E Hyphenator: at android.text.Hyphenator.init(Hyphenator.java:224)
04-16 20:58:44.259 1341 1341 E Hyphenator: at com.android.internal.os.ZygoteInit.preloadTextResources(ZygoteInit.java:252)
04-16 20:58:44.259 1341 1341 E Hyphenator: at com.android.internal.os.ZygoteInit.preload(ZygoteInit.java:206)
04-16 20:58:44.259 1341 1341 E Hyphenator: at com.android.internal.os.ZygoteInit.main(ZygoteInit.java:723)
04-16 20:58:44.259 1341 1341 E Hyphenator: Caused by: android.system.ErrnoException: open failed: ENOENT (No such file or directory)
04-16 20:58:44.259 1341 1341 E Hyphenator: at libcore.io.Posix.open(Native Method)
04-16 20:58:44.259 1341 1341 E Hyphenator: at libcore.io.BlockGuardOs.open(BlockGuardOs.java:187)
04-16 20:58:44.259 1341 1341 E Hyphenator: at libcore.io.IoBridge.open(IoBridge.java:441)
04-16 20:58:44.259 1341 1341 E Hyphenator: ... 6 more
04-16 20:58:44.259 1341 1341 E Hyphenator: error loading hyphenation /system/usr/hyphen-data/hyph-cy.hyb
04-16 20:58:44.259 1341 1341 E Hyphenator: java.io.FileNotFoundException: /system/usr/hyphen-data/hyph-cy.hyb: open failed: ENOENT (No such file or directory)
04-16 20:58:44.259 1341 1341 E Hyphenator: at libcore.io.IoBridge.open(IoBridge.java:455)
04-16 20:58:44.259 1341 1341 E Hyphenator: at java.io.RandomAccessFile.(RandomAccessFile.java:247)
04-16 20:58:44.259 1341 1341 E Hyphenator: at android.text.Hyphenator.loadHyphenator(Hyphenator.java:118)
04-16 20:58:44.259 1341 1341 E Hyphenator: at android.text.Hyphenator.init(Hyphenator.java:224)
04-16 20:58:44.259 1341 1341 E Hyphenator: at com.android.internal.os.ZygoteInit.preloadTextResources(ZygoteInit.java:252)
04-16 20:58:44.259 1341 1341 E Hyphenator: at com.android.internal.os.ZygoteInit.preload(ZygoteInit.java:206)
04-16 20:58:44.259 1341 1341 E Hyphenator: at com.android.internal.os.ZygoteInit.main(ZygoteInit.java:723)
04-16 20:58:44.259 1341 1341 E Hyphenator: Caused by: android.system.ErrnoException: open failed: ENOENT (No such file or directory)
04-16 20:58:44.259 1341 1341 E Hyphenator: at libcore.io.Posix.open(Native Method)
04-16 20:58:44.259 1341 1341 E Hyphenator: at libcore.io.BlockGuardOs.open(BlockGuardOs.java:187)
04-16 20:58:44.259 1341 1341 E Hyphenator: at libcore.io.IoBridge.open(IoBridge.java:441)
04-16 20:58:44.259 1341 1341 E Hyphenator: ... 6 more
04-16 20:58:44.259 1341 1341 E Hyphenator: error loading hyphenation /system/usr/hyphen-data/hyph-da.hyb
04-16 20:58:44.259 1341 1341 E Hyphenator: java.io.FileNotFoundException: /system/usr/hyphen-data/hyph-da.hyb: open failed: ENOENT (No such file or directory)
04-16 20:58:44.259 1341 1341 E Hyphenator: at libcore.io.IoBridge.open(IoBridge.java:455)
04-16 20:58:44.259 1341 1341 E Hyphenator: at java.io.RandomAccessFile.(RandomAccessFile.java:247)
04-16 20:58:44.259 1341 1341 E Hyphenator: at android.text.Hyphenator.loadHyphenator(Hyphenator.java:118)
04-16 20:58:44.259 1341 1341 E Hyphenator: at android.text.Hyphenator.init(Hyphenator.java:224)
04-16 20:58:44.259 1341 1341 E Hyphenator: at com.android.internal.os.ZygoteInit.preloadTextResources(ZygoteInit.java:252)
04-16 20:58:44.259 1341 1341 E Hyphenator: at com.android.internal.os.ZygoteInit.preload(ZygoteInit.java:206)
04-16 20:58:44.259 1341 1341 E Hyphenator: at com.android.internal.os.ZygoteInit.main(ZygoteInit.java:723)
04-16 20:58:44.259 1341 1341 E Hyphenator: Caused by: android.system.ErrnoException: open failed: ENOENT (No such file or directory)
04-16 20:58:44.259 1341 1341 E Hyphenator: at libcore.io.Posix.open(Native Method)
04-16 20:58:44.259 1341 1341 E Hyphenator: at libcore.io.BlockGuardOs.open(BlockGuardOs.java:187)
04-16 20:58:44.259 1341 1341 E Hyphenator: at libcore.io.IoBridge.open(IoBridge.java:441)
04-16 20:58:44.259 1341 1341 E Hyphenator: ... 6 more
04-16 20:58:44.259 1341 1341 E Hyphenator: error loading hyphenation /system/usr/hyphen-data/hyph-de-1901.hyb
04-16 20:58:44.259 1341 1341 E Hyphenator: java.io.FileNotFoundException: /system/usr/hyphen-data/hyph-de-1901.hyb: open failed: ENOENT (No such file or directory)
04-16 20:58:44.259 1341 1341 E Hyphenator: at libcore.io.IoBridge.open(IoBridge.java:455)
04-16 20:58:44.259 1341 1341 E Hyphenator: at java.io.RandomAccessFile.(RandomAccessFile.java:247)
04-16 20:58:44.259 1341 1341 E Hyphenator: at android.text.Hyphenator.loadHyphenator(Hyphenator.java:118)
04-16 20:58:44.259 1341 1341 E Hyphenator: at android.text.Hyphenator.init(Hyphenator.java:224)
04-16 20:58:44.259 1341 1341 E Hyphenator: at com.android.internal.os.ZygoteInit.preloadTextResources(ZygoteInit.java:252)
04-16 20:58:44.259 1341 1341 E Hyphenator: at com.android.internal.os.ZygoteInit.preload(ZygoteInit.java:206)
04-16 20:58:44.259 1341 1341 E Hyphenator: at com.android.internal.os.ZygoteInit.main(ZygoteInit.java:723)
04-16 20:58:44.259 1341 1341 E Hyphenator: Caused by: android.system.ErrnoException: open failed: ENOENT (No such file or directory)
04-16 20:58:44.259 1341 1341 E Hyphenator: at libcore.io.Posix.open(Native Method)
04-16 20:58:44.259 1341 1341 E Hyphenator: at libcore.io.BlockGuardOs.open(BlockGuardOs.java:187)
04-16 20:58:44.259 1341 1341 E Hyphenator: at libcore.io.IoBridge.open(IoBridge.java:441)
04-16 20:58:44.259 1341 1341 E Hyphenator: ... 6 more
04-16 20:58:44.259 1341 1341 E Hyphenator: error loading hyphenation /system/usr/hyphen-data/hyph-de-1996.hyb
04-16 20:58:44.259 1341 1341 E Hyphenator: java.io.FileNotFoundException: /system/usr/hyphen-data/hyph-de-1996.hyb: open failed: ENOENT (No such file or directory)
04-16 20:58:44.259 1341 1341 E Hyphenator: at libcore.io.IoBridge.open(IoBridge.java:455)
04-16 20:58:44.259 1341 1341 E Hyphenator: at java.io.RandomAccessFile.(RandomAccessFile.java:247)
04-16 20:58:44.259 1341 1341 E Hyphenator: at android.text.Hyphenator.loadHyphenator(Hyphenator.java:118)
04-16 20:58:44.259 1341 1341 E Hyphenator: at android.text.Hyphenator.init(Hyphenator.java:224)
04-16 20:58:44.259 1341 1341 E Hyphenator: at com.android.internal.os.ZygoteInit.preloadTextResources(ZygoteInit.java:252)
04-16 20:58:44.259 1341 1341 E Hyphenator: at com.android.internal.os.ZygoteInit.preload(ZygoteInit.java:206)
04-16 20:58:44.259 1341 1341 E Hyphenator: at com.android.internal.os.ZygoteInit.main(ZygoteInit.java:723)
04-16 20:58:44.259 1341 1341 E Hyphenator: Caused by: android.system.ErrnoException: open failed: ENOENT (No such file or directory)
04-16 20:58:44.259 1341 1341 E Hyphenator: at libcore.io.Posix.open(Native Method)
04-16 20:58:44.259 1341 1341 E Hyphenator: at libcore.io.BlockGuardOs.open(BlockGuardOs.java:187)
04-16 20:58:44.259 1341 1341 E Hyphenator: at libcore.io.IoBridge.open(IoBridge.java:441)
04-16 20:58:44.259 1341 1341 E Hyphenator: ... 6 more
04-16 20:58:44.259 1341 1341 E Hyphenator: error loading hyphenation /system/usr/hyphen-data/hyph-de-ch-1901.hyb
04-16 20:58:44.259 1341 1341 E Hyphenator: java.io.FileNotFoundException: /system/usr/hyphen-data/hyph-de-ch-1901.hyb: open failed: ENOENT (No such file or directory)
04-16 20:58:44.259 1341 1341 E Hyphenator: at libcore.io.IoBridge.open(IoBridge.java:455)
04-16 20:58:44.259 1341 1341 E Hyphenator: at java.io.RandomAccessFile.(RandomAccessFile.java:247)
04-16 20:58:44.259 1341 1341 E Hyphenator: at android.text.Hyphenator.loadHyphenator(Hyphenator.java:118)
04-16 20:58:44.259 1341 1341 E Hyphenator: at android.text.Hyphenator.init(Hyphenator.java:224)
04-16 20:58:44.259 1341 1341 E Hyphenator: at com.android.internal.os.ZygoteInit.preloadTextResources(ZygoteInit.java:252)
04-16 20:58:44.259 1341 1341 E Hyphenator: at com.android.internal.os.ZygoteInit.preload(ZygoteInit.java:206)
04-16 20:58:44.259 1341 1341 E Hyphenator: at com.android.internal.os.ZygoteInit.main(ZygoteInit.java:723)
04-16 20:58:44.259 1341 1341 E Hyphenator: Caused by: android.system.ErrnoException: open failed: ENOENT (No such file or directory)
04-16 20:58:44.259 1341 1341 E Hyphenator: at libcore.io.Posix.open(Native Method)
04-16 20:58:44.259 1341 1341 E Hyphenator: at libcore.io.BlockGuardOs.open(BlockGuardOs.java:187)
04-16 20:58:44.259 1341 1341 E Hyphenator: at libcore.io.IoBridge.open(IoBridge.java:441)
04-16 20:58:44.259 1341 1341 E Hyphenator: ... 6 more
04-16 20:58:44.259 1341 1341 E Hyphenator: error loading hyphenation /system/usr/hyphen-data/hyph-en-gb.hyb
