04-16 20:58:46.776 1352 1352 I OMXMaster: makeComponentInstance(OMX.google.vorbis.decoder) in mediacodec process
04-16 20:58:46.779 1741 1741 V MediaRouter: Adding route: RouteInfo{ name=Phone, description=null, status=null, category=RouteCategory{ name=null types=ROUTE_TYPE_LIVE_AUDIO ROUTE_TYPE_LIVE_VIDEO groupable=false }, supportedTypes=ROUTE_TYPE_LIVE_AUDIO ROUTE_TYPE_LIVE_VIDEO , presentationDisplay=null }
04-16 20:58:46.781 1741 1741 V MediaRouter: Updating audio routes: AudioRoutesInfo{ type=SPEAKER }
04-16 20:58:46.782 1741 1741 V MediaRouter: Selecting route: RouteInfo{ name=Phone, description=null, status=null, category=RouteCategory{ name=null types=ROUTE_TYPE_LIVE_AUDIO ROUTE_TYPE_LIVE_VIDEO groupable=false }, supportedTypes=ROUTE_TYPE_LIVE_AUDIO ROUTE_TYPE_LIVE_VIDEO , presentationDisplay=null }
04-16 20:58:46.789 1355 1355 I MediaPlayerService: MediaPlayerService::getOMX
04-16 20:58:46.789 1355 1355 I OMXClient: MuxOMX ctor
04-16 20:58:46.790 1352 1362 I OMXMaster: makeComponentInstance(OMX.google.opus.decoder) in mediacodec process
04-16 20:58:46.802 1657 1657 W NetworkManagement: setDataSaverMode(): already false
04-16 20:58:46.810 1355 1355 I MediaPlayerService: MediaPlayerService::getOMX
04-16 20:58:46.811 1355 1355 I OMXClient: MuxOMX ctor
04-16 20:58:46.811 1352 1791 I OMXMaster: makeComponentInstance(OMX.google.raw.decoder) in mediacodec process
04-16 20:58:46.817 1355 1355 I MediaPlayerService: MediaPlayerService::getOMX
04-16 20:58:46.817 1355 1355 I OMXClient: MuxOMX ctor
04-16 20:58:46.818 1352 1352 I OMXMaster: makeComponentInstance(OMX.google.aac.encoder) in mediacodec process
04-16 20:58:46.831 1355 1355 I MediaPlayerService: MediaPlayerService::getOMX
04-16 20:58:46.832 1355 1355 I OMXClient: MuxOMX ctor
04-16 20:58:46.832 1352 1362 I OMXMaster: makeComponentInstance(OMX.google.amrnb.encoder) in mediacodec process
04-16 20:58:46.836 1355 1355 I MediaPlayerService: MediaPlayerService::getOMX
04-16 20:58:46.837 1355 1355 I OMXClient: MuxOMX ctor
04-16 20:58:46.837 1352 1791 I OMXMaster: makeComponentInstance(OMX.google.amrwb.encoder) in mediacodec process
04-16 20:58:46.841 1355 1355 I MediaPlayerService: MediaPlayerService::getOMX
04-16 20:58:46.841 1355 1355 I OMXClient: MuxOMX ctor
04-16 20:58:46.841 1352 1352 I OMXMaster: makeComponentInstance(OMX.google.flac.encoder) in mediacodec process
04-16 20:58:46.842 1657 1657 I NetworkPolicy: adding default package com.android.providers.downloads (uid 10010 for user 0) to restrict background whitelist
04-16 20:58:46.855 1657 1657 D NetworkPolicy: setRestrictBackgroundLocked(): false
04-16 20:58:46.856 1657 1657 W NetworkManagement: setDataSaverMode(): already false
04-16 20:58:46.861 1355 1355 I MediaPlayerService: MediaPlayerService::getOMX
04-16 20:58:46.861 1355 1355 I OMXClient: MuxOMX ctor
04-16 20:58:46.862 1352 1791 I OMXMaster: makeComponentInstance(OMX.google.gsm.decoder) in mediacodec process
04-16 20:58:46.866 1768 1768 I art : System.exit called, status: 0
04-16 20:58:46.866 1768 1768 I AndroidRuntime: VM exiting with result code 0, cleanup skipped.
04-16 20:58:46.885 1355 1355 I MediaPlayerService: MediaPlayerService::getOMX
04-16 20:58:46.885 1355 1355 I OMXClient: MuxOMX ctor
04-16 20:58:46.885 1352 1352 I OMXMaster: makeComponentInstance(OMX.google.mpeg4.decoder) in mediacodec process
04-16 20:58:46.896 1352 1352 E OMXNodeInstance: getExtensionIndex(548000f:google.mpeg4.decoder, OMX.google.android.index.configureVideoTunnelMode) ERROR: UnsupportedIndex(0x8000101a)
04-16 20:58:46.896 1352 1791 W OMXNodeInstance: [548000f:google.mpeg4.decoder] component does not support metadata mode; using fallback
04-16 20:58:46.896 1657 1657 I SystemServiceManager: Starting phase 600
04-16 20:58:46.898 1355 1355 I MediaPlayerService: MediaPlayerService::getOMX
04-16 20:58:46.898 1355 1355 I OMXClient: MuxOMX ctor
04-16 20:58:46.898 1352 1362 I OMXMaster: makeComponentInstance(OMX.google.h263.decoder) in mediacodec process
04-16 20:58:46.905 1657 1657 D SensorNotificationService: Cannot obtain dynamic meta sensor, not supported.
04-16 20:58:46.907 1352 1791 E OMXNodeInstance: getExtensionIndex(5480010:google.h263.decoder, OMX.google.android.index.configureVideoTunnelMode) ERROR: UnsupportedIndex(0x8000101a)
04-16 20:58:46.907 1352 1352 W OMXNodeInstance: [5480010:google.h263.decoder] component does not support metadata mode; using fallback
04-16 20:58:46.910 1727 1727 W InputAttributes: No editor info for this field. Bug?
04-16 20:58:46.912 1355 1355 I MediaPlayerService: MediaPlayerService::getOMX
04-16 20:58:46.913 1355 1355 I OMXClient: MuxOMX ctor
04-16 20:58:46.913 1352 1362 I OMXMaster: makeComponentInstance(OMX.google.h264.decoder) in mediacodec process
04-16 20:58:46.929 1727 1858 I LatinIME:LogUtils: Dictionary info: dictionary = userunigram.en_US ; version = 1744837126 ; date = ?
04-16 20:58:46.930 1355 1355 W ACodec : [OMX.google.h264.decoder] stopping checking profiles after 32: 2/8000
04-16 20:58:46.930 1352 1791 E OMXNodeInstance: getExtensionIndex(5480011:google.h264.decoder, OMX.google.android.index.configureVideoTunnelMode) ERROR: UnsupportedIndex(0x8000101a)
04-16 20:58:46.930 1352 1352 W OMXNodeInstance: [5480011:google.h264.decoder] component does not support metadata mode; using fallback
04-16 20:58:46.931 1727 1858 E ActivityThread: Failed to find provider info for user_dictionary
04-16 20:58:46.932 1727 1858 I LatinIME:LogUtils: Dictionary info: dictionary = UserHistoryDictionary.en_US ; version = 1744837126 ; date = ?
04-16 20:58:46.933 1355 1355 I MediaPlayerService: MediaPlayerService::getOMX
04-16 20:58:46.934 1355 1355 I OMXClient: MuxOMX ctor
04-16 20:58:46.934 1352 1362 I OMXMaster: makeComponentInstance(OMX.google.hevc.decoder) in mediacodec process
04-16 20:58:46.948 1657 1657 I GnssLocationProvider: WakeLock acquired by sendMessage(13, 0, null)
04-16 20:58:46.951 1657 1670 W GnssLocationProvider: Could not open GPS configuration file /etc/gps.conf
04-16 20:58:46.951 1657 1670 E GnssLocationProvider: no AGPS interface in set_agps_server
04-16 20:58:46.955 1657 1657 W LocationProviderProxy-network: Odd, no component found for service com.android.location.service.v3.NetworkLocationProvider
04-16 20:58:46.959 1657 1657 W GeocoderProxy: Odd, no component found for service com.android.location.service.GeocodeProvider
04-16 20:58:46.959 1657 1657 E FlpHardwareProvider: Error hw_get_module 'flp': -2
04-16 20:58:46.959 1657 1657 D LocationManagerService: FLP HAL not supported
04-16 20:58:46.963 1741 1864 E WVMExtractor: Failed to open libwvm.so: dlopen failed: library "libwvm.so" not found
04-16 20:58:46.964 1657 1657 W GeofenceProxy: Odd, no component found for service com.android.location.service.GeofenceProvider
04-16 20:58:46.965 1657 1657 E ActivityRecognitionHardware: Error hw_get_module: -2
04-16 20:58:46.965 1657 1657 D LocationManagerService: Hardware Activity-Recognition not supported.
04-16 20:58:46.965 1657 1657 W ActivityRecognitionProxy: Odd, no component found for service com.android.location.service.ActivityRecognitionProvider
04-16 20:58:46.966 1657 1657 I GnssLocationProvider: WakeLock acquired by sendMessage(2, 1, null)
04-16 20:58:46.967 1657 1670 I GnssLocationProvider: WakeLock released by handleMessage(13, 0, null)
04-16 20:58:46.968 1657 1670 E GnssLocationProvider: no AGPS interface in set_agps_server
04-16 20:58:46.969 1657 1670 I GnssLocationProvider: WakeLock released by handleMessage(2, 1, null)
04-16 20:58:46.969 1352 1352 E OMXNodeInstance: getExtensionIndex(5480012:google.hevc.decoder, OMX.google.android.index.configureVideoTunnelMode) ERROR: UnsupportedIndex(0x8000101a)
04-16 20:58:46.969 1352 1791 W OMXNodeInstance: [5480012:google.hevc.decoder] component does not support metadata mode; using fallback
04-16 20:58:46.970 1355 1355 I MediaPlayerService: MediaPlayerService::getOMX
04-16 20:58:46.970 1355 1355 I OMXClient: MuxOMX ctor
04-16 20:58:46.971 1352 1352 I OMXMaster: makeComponentInstance(OMX.google.vp8.decoder) in mediacodec process
04-16 20:58:46.972 1657 1657 I CommonTimeManagementService: No common time service detected on this platform. Common time services will be unavailable.
04-16 20:58:46.973 1773 1773 I art : System.exit called, status: 0
04-16 20:58:46.974 1773 1773 I AndroidRuntime: VM exiting with result code 0, cleanup skipped.
04-16 20:58:46.974 1657 1696 I InputReader: Reconfiguring input devices. changes=0x00000020
04-16 20:58:46.976 1657 1696 I InputReader: Reconfiguring input devices. changes=0x00000010
04-16 20:58:46.977 1657 1657 I MmsServiceBroker: Delay connecting to MmsService until an API is called
04-16 20:58:46.978 1657 1705 D WifiController: DEFERRED_TOGGLE handled
04-16 20:58:46.979 1657 1657 W VoiceInteractionManagerService: no available voice interaction services found for user 0
04-16 20:58:46.979 1657 1657 W VoiceInteractionManagerService: no available voice recognition services found for user 0
04-16 20:58:46.979 1356 1654 D SoftapController: Softap fwReload - Ok
04-16 20:58:46.981 1727 1858 I LatinIME:LogUtils: Dictionary info: dictionary = main:en ; version = 54 ; date = 1414726273
04-16 20:58:46.983 1356 1654 D CommandListener: Setting iface cfg
04-16 20:58:46.983 1356 1654 D CommandListener: Trying to bring down wlan0
04-16 20:58:46.983 1356 1654 D CommandListener: Clearing all IP addresses on wlan0
04-16 20:58:46.984 1352 1362 E OMXNodeInstance: getExtensionIndex(5480013:google.vp8.decoder, OMX.google.android.index.configureVideoTunnelMode) ERROR: UnsupportedIndex(0x8000101a)
04-16 20:58:46.984 1352 1791 W OMXNodeInstance: [5480013:google.vp8.decoder] component does not support metadata mode; using fallback
04-16 20:58:46.984 1871 1871 W art : Unexpected CPU variant for X86 using defaults: x86_64
04-16 20:58:46.985 1355 1355 I MediaPlayerService: MediaPlayerService::getOMX
04-16 20:58:46.985 1657 1657 I ActivityManager: Start proc 1871:com.android.phone/1001 for added application com.android.phone
04-16 20:58:46.985 1355 1355 I OMXClient: MuxOMX ctor
04-16 20:58:46.986 1352 1352 I OMXMaster: makeComponentInstance(OMX.google.vp9.decoder) in mediacodec process
04-16 20:58:46.986 1657 1657 I ActivityManager: START u0 {act=android.intent.action.MAIN cat=[android.intent.category.HOME] flg=0x10000100 cmp=com.android.settings/.FallbackHome} from uid 0 on display 0
04-16 20:58:46.987 1657 1657 W System : ClassLoader referenced unknown path:
04-16 20:58:46.987 1657 1657 W System : ClassLoader referenced unknown path: /system/priv-app/Settings/lib/x86_64
04-16 20:58:46.991 1657 1706 E WifiMonitor: killSupplicant p2pfalse init.svc.wpa_supplicant=unknown init.svc.p2p_supplicant=unknown
04-16 20:58:46.997 1657 1706 E wifi : Can not initialize the vendor function pointer table
04-16 20:58:46.997 1657 1706 E WifiNative-HAL: Could not start hal
04-16 20:58:46.997 1657 1706 E WifiStateMachine: Failed to start HAL
04-16 20:58:46.999 1352 1791 E OMXNodeInstance: getExtensionIndex(5480014:google.vp9.decoder, OMX.google.android.index.configureVideoTunnelMode) ERROR: UnsupportedIndex(0x8000101a)
04-16 20:58:46.999 1352 1352 W OMXNodeInstance: [5480014:google.vp9.decoder] component does not support metadata mode; using fallback
04-16 20:58:46.999 1355 1355 I MediaPlayerService: MediaPlayerService::getOMX
04-16 20:58:46.999 1355 1355 I OMXClient: MuxOMX ctor
04-16 20:58:47.000 1352 1362 I OMXMaster: makeComponentInstance(OMX.google.h263.encoder) in mediacodec process
04-16 20:58:47.008 1657 1657 I ActivityManager: Loaded persisted task ids for user 0
04-16 20:58:47.012 1352 1362 I SoftMPEG4Encoder: Construct SoftMPEG4Encoder
04-16 20:58:47.017 1355 1355 W ACodec : do not know color format 0x7f000789 = 2130708361
04-16 20:58:47.017 1352 1352 E OMXNodeInstance: getConfig(5480015:google.h263.encoder, ConfigAndroidIntraRefresh(0x6f60000a)) ERROR: Undefined(0x80001001)
04-16 20:58:47.020 1355 1355 I MediaPlayerService: MediaPlayerService::getOMX
04-16 20:58:47.021 1355 1355 I OMXClient: MuxOMX ctor
04-16 20:58:47.021 1352 1352 I OMXMaster: makeComponentInstance(OMX.google.h264.encoder) in mediacodec process
04-16 20:58:47.026 1896 1896 W art : Unexpected CPU variant for X86 using defaults: x86_64
04-16 20:58:47.029 1657 1657 I ActivityManager: Start proc 1896:com.android.settings/1000 for activity com.android.settings/.FallbackHome
04-16 20:58:47.032 1657 1657 I SystemServer: Enabled StrictMode for system server main thread.
04-16 20:58:47.038 1355 1355 W ACodec : do not know color format 0x7f000789 = 2130708361
04-16 20:58:47.038 1657 1706 D WifiMonitor: startMonitoring(wlan0) with mConnected = false
04-16 20:58:47.039 1355 1355 I MediaPlayerService: MediaPlayerService::getOMX
04-16 20:58:47.039 1355 1355 I OMXClient: MuxOMX ctor
04-16 20:58:47.039 1352 1352 I OMXMaster: makeComponentInstance(OMX.google.mpeg4.encoder) in mediacodec process
04-16 20:58:47.040 1657 1657 W ContextImpl: Calling a method in the system process without a qualified user: android.app.ContextImpl.startService:1385 com.android.server.content.SyncManager$13.run:631 android.os.Handler.handleCallback:751 android.os.Handler.dispatchMessage:95 android.os.Looper.loop:154
04-16 20:58:47.043 1657 1670 W LocationProviderProxy-network: Odd, no component found for service com.android.location.service.v3.NetworkLocationProvider
04-16 20:58:47.044 1657 1670 W GeocoderProxy: Odd, no component found for service com.android.location.service.GeocodeProvider
04-16 20:58:47.044 1657 1670 W GeofenceProxy: Odd, no component found for service com.android.location.service.GeofenceProvider
04-16 20:58:47.044 1657 1670 W ActivityRecognitionProxy: Odd, no component found for service com.android.location.service.ActivityRecognitionProvider
04-16 20:58:47.048 1657 1657 D ConditionProviders.SCP: onConnected
04-16 20:58:47.048 1657 1657 D ZenLog : set_zen_mode: off,readXml
04-16 20:58:47.052 1657 1657 D ConditionProviders: Subscribing to condition://android/schedule?days=6.7&start=23.30&end=10.0&exitAtAlarm=false with ComponentInfo{android/com.android.server.notification.ScheduleConditionProvider}
04-16 20:58:47.052 1657 1657 D ZenLog : subscribe: condition://android/schedule?days=6.7&start=23.30&end=10.0&exitAtAlarm=false,ok
04-16 20:58:47.053 1657 1657 D ConditionProviders: Subscribing to condition://android/schedule?days=1.2.3.4.5&start=22.0&end=7.0&exitAtAlarm=false with ComponentInfo{android/com.android.server.notification.ScheduleConditionProvider}
04-16 20:58:47.053 1657 1657 D ZenLog : subscribe: condition://android/schedule?days=1.2.3.4.5&start=22.0&end=7.0&exitAtAlarm=false,ok
04-16 20:58:47.053 1657 1657 D ConditionProviders: Subscribing to condition://android/event?userId=-10000&calendar=&reply=1 with ComponentInfo{android/com.android.server.notification.EventConditionProvider}
04-16 20:58:47.053 1657 1657 D ZenLog : subscribe: condition://android/event?userId=-10000&calendar=&reply=1,ok
04-16 20:58:47.065 1352 1352 I SoftMPEG4Encoder: Construct SoftMPEG4Encoder
04-16 20:58:47.066 1657 1708 I WifiScanningService: wifi driver unloaded
04-16 20:58:47.066 1355 1355 W ACodec : do not know color format 0x7f000789 = 2130708361
04-16 20:58:47.066 1352 1362 E OMXNodeInstance: getConfig(5480017:google.mpeg4.encoder, ConfigAndroidIntraRefresh(0x6f60000a)) ERROR: Undefined(0x80001001)
04-16 20:58:47.067 1657 1657 D RttService: SCAN_AVAILABLE : 1
04-16 20:58:47.067 1657 1657 D ZenLog : set_zen_mode: off,cleanUpZenRules
04-16 20:58:47.067 1355 1355 I MediaPlayerService: MediaPlayerService::getOMX
04-16 20:58:47.067 1355 1355 I OMXClient: MuxOMX ctor
04-16 20:58:47.067 1352 1352 I OMXMaster: makeComponentInstance(OMX.google.vp8.encoder) in mediacodec process
04-16 20:58:47.068 1657 1709 D RttService: DefaultState got{ when=0 what=160513 target=com.android.internal.util.StateMachine$SmHandler }
04-16 20:58:47.069 1896 1896 W System : ClassLoader referenced unknown path: /system/priv-app/Settings/lib/x86_64
04-16 20:58:47.074 1657 1657 W System : ClassLoader referenced unknown path: /system/priv-app/Telecom/lib/x86_64
04-16 20:58:47.084 1871 1871 W System : ClassLoader referenced unknown path: /system/priv-app/TeleService/lib/x86_64
04-16 20:58:47.089 1355 1355 W ACodec : do not know color format 0x7f000789 = 2130708361
04-16 20:58:47.090 1352 1791 E OMXNodeInstance: getConfig(5480018:google.vp8.encoder, ConfigAndroidIntraRefresh(0x6f60000a)) ERROR: Undefined(0x80001001)
04-16 20:58:47.092 1355 1355 I MediaPlayerService: MediaPlayerService::getOMX
04-16 20:58:47.093 1355 1355 I OMXClient: MuxOMX ctor
04-16 20:58:47.097 1355 1355 I MediaPlayerService: MediaPlayerService::getOMX
04-16 20:58:47.098 1355 1355 I OMXClient: MuxOMX ctor
04-16 20:58:47.098 1355 1355 W MediaCodecList: unable to open media codecs configuration xml file: /data/misc/media/media_codecs_profiling_results.xml
04-16 20:58:47.100 1355 1796 I MediaPlayerService: MediaPlayerService::getOMX
04-16 20:58:47.100 1355 1796 I MediaPlayerService: MediaPlayerService::getOMX
04-16 20:58:47.102 1741 1891 I OMXClient: MuxOMX ctor
04-16 20:58:47.102 1352 1352 I OMXMaster: makeComponentInstance(OMX.google.vorbis.decoder) in mediacodec process
04-16 20:58:47.104 1890 1890 I wpa_supplicant: Successfully initialized wpa_supplicant
04-16 20:58:47.105 1657 1767 I OMXClient: MuxOMX ctor
04-16 20:58:47.106 1890 1890 I wpa_supplicant: rfkill: Cannot open RFKILL control device
04-16 20:58:47.114 1890 1890 I wpa_supplicant: nl80211: Could not re-add multicast membership for vendor events: -2 (No such file or directory)
04-16 20:58:47.118 1352 1362 I OMXMaster: makeComponentInstance(OMX.google.vorbis.decoder) in mediacodec process
04-16 20:58:47.119 1871 1871 W System : ClassLoader referenced unknown path: /system/priv-app/TelephonyProvider/lib/x86_64
04-16 20:58:47.152 1657 1657 E BluetoothAdapter: Bluetooth binder is null
04-16 20:58:47.157 1741 1741 I vol.Events: writeEvent collection_started
04-16 20:58:47.159 1871 1871 D TelephonyProvider: dbh.onOpen: ok, queried table=siminfo
04-16 20:58:47.159 1871 1871 D TelephonyProvider: dbh.onOpen: ok, queried table=carriers
04-16 20:58:47.161 1657 1657 I Telecom : SystemStateProvider: Registering car mode receiver: android.content.IntentFilter@e2830f3: TS.init@AAA
04-16 20:58:47.169 1741 1929 I vol.Events: writeEvent external_ringer_mode_changed normal
04-16 20:58:47.170 1337 1340 E SurfaceFlinger: ro.sf.lcd_density must be defined as a build property
04-16 20:58:47.173 1657 1931 I Telecom : Telecom: Non-call EVENT: AUDIO_ROUTE, Entering state QuiescentEarpieceRoute
04-16 20:58:47.175 1741 1929 I vol.Events: writeEvent internal_ringer_mode_changed normal
04-16 20:58:47.181 1657 1934 I Telecom : CallAudioModeStateMachine: Message received: null.: TS.init->CAMSM.pM_1@AAA_0
04-16 20:58:47.183 1896 1896 D : HostConnection::get() New Host Connection established 0x757ab1fd9e20, tid 1896
04-16 20:58:47.189 1657 1657 E BluetoothAdapter: Bluetooth binder is null
04-16 20:58:47.189 1657 1936 E ActivityThread: Failed to find provider info for call_log
04-16 20:58:47.201 1355 1355 I MediaPlayerService: MediaPlayerService::getOMX
04-16 20:58:47.201 1657 1937 I OMXClient: MuxOMX ctor
04-16 20:58:47.202 1352 1791 I OMXMaster: makeComponentInstance(OMX.google.vorbis.decoder) in mediacodec process
04-16 20:58:47.205 1657 1657 I Telecom : Class: TelecomSystem.INSTANCE being set
04-16 20:58:47.206 1657 1657 E BluetoothAdapter: Bluetooth binder is null
04-16 20:58:47.220 1896 1932 D : HostConnection::get() New Host Connection established 0x757ab1fd9ee0, tid 1932
04-16 20:58:47.230 1890 1890 E wpa_supplicant: global ctrl interface @android:wpa_wlan0 matches ctrl interface wlan0 - do not open per-interface ctrl interface
04-16 20:58:47.235 1657 1706 D WifiConfigManager: Loading config and enabling all networks
04-16 20:58:47.237 1896 1932 I OpenGLRenderer: Initialized EGL, version 1.4
04-16 20:58:47.237 1896 1932 D OpenGLRenderer: Swap behavior 1
04-16 20:58:47.237 1896 1932 W OpenGLRenderer: Failed to choose config with EGL_SWAP_BEHAVIOR_PRESERVED, retrying without...
04-16 20:58:47.237 1896 1932 D OpenGLRenderer: Swap behavior 0
04-16 20:58:47.243 1355 1895 I MediaPlayerService: MediaPlayerService::getOMX
04-16 20:58:47.243 1741 1947 I OMXClient: MuxOMX ctor
04-16 20:58:47.243 1352 1791 I OMXMaster: makeComponentInstance(OMX.google.vorbis.decoder) in mediacodec process
04-16 20:58:47.246 1896 1932 D EGL_emulation: eglCreateContext: 0x757abc773140: maj 3 min 0 rcv 3
04-16 20:58:47.259 1657 1715 D NotificationSQLiteLog: Pruned event entries: 0
04-16 20:58:47.264 1657 1657 W System : ClassLoader referenced unknown path: /system/priv-app/FusedLocation/lib/x86_64
04-16 20:58:47.268 1896 1932 D EGL_emulation: eglMakeCurrent: 0x757abc773140: ver 3 0 (tinfo 0x757ab1fdb600)
04-16 20:58:47.271 1657 1706 W WifiNetworkHistory: Upgrading network 0 to android.uid.system:1000
04-16 20:58:47.271 1657 1706 D WifiConfigManager: loaded 0 passpoint configs
04-16 20:58:47.272 1896 1932 E eglCodecCommon: glUtilsParamSize: unknow param 0x00008cdf
04-16 20:58:47.272 1896 1932 E eglCodecCommon: glUtilsParamSize: unknow param 0x00008824
04-16 20:58:47.272 1657 1706 E IpConfigStore: Error parsing configuration: java.io.FileNotFoundException: /data/misc/wifi/ipconfig.txt (No such file or directory)
04-16 20:58:47.278 1657 1657 D GpsNetInitiatedHandler: location enabled :true
04-16 20:58:47.278 1657 1657 V WiredAccessoryManager: notifyWiredAccessoryChanged: when=0 bits= mask=54
04-16 20:58:47.279 1657 1657 V WiredAccessoryManager: newName=h2w newState=0 headsetState=0 prev headsetState=0
04-16 20:58:47.279 1657 1657 E WiredAccessoryManager: No state change.
04-16 20:58:47.279 1657 1657 V WiredAccessoryManager: init()
04-16 20:58:47.293 1657 1706 D WifiNative-HAL: Setting external_sim to 1
04-16 20:58:47.294 1896 1932 D EGL_emulation: eglMakeCurrent: 0x757abc773140: ver 3 0 (tinfo 0x757ab1fdb600)
04-16 20:58:47.295 1657 1706 D WifiStateMachine: Setting OUI to DA-A1-19
04-16 20:58:47.296 1657 1706 D WifiCountryCode: Succeeded to set country code to: US
04-16 20:58:47.299 1657 1706 I WifiConnectivityManager: PNO settings: min5GHzRssi -82 min24GHzRssi -85 currentConnectionBonus 16 sameNetworkBonus 24 secureNetworkBonus 80 initialScoreMax 100
04-16 20:58:47.299 1657 1706 I WifiConnectivityManager: ConnectivityScanManager initialized
04-16 20:58:47.299 1657 1706 E WifiLogger: no ring buffers found
04-16 20:58:47.299 1657 1706 E WifiLogger: Failed to start packet fate monitoring
04-16 20:58:47.301 1355 1355 I MediaPlayerService: MediaPlayerService::getOMX
04-16 20:58:47.302 1657 1962 I OMXClient: MuxOMX ctor
04-16 20:58:47.302 1352 1352 I OMXMaster: makeComponentInstance(OMX.google.vorbis.decoder) in mediacodec process
04-16 20:58:47.308 1657 1657 D AccessibilityManagerService: Ignoring non-encryption-aware service ComponentInfo{com.example.android.apis/com.example.android.apis.accessibility.ClockBackService}
04-16 20:58:47.308 1657 1657 D AccessibilityManagerService: Ignoring non-encryption-aware service ComponentInfo{com.example.android.apis/com.example.android.apis.accessibility.MagnificationService}
04-16 20:58:47.309 1657 1657 D AccessibilityManagerService: Ignoring non-encryption-aware service ComponentInfo{com.example.android.apis/com.example.android.apis.accessibility.TaskBackService}
04-16 20:58:47.309 1337 1588 D PermissionCache: checking android.permission.HARDWARE_TEST for uid=1000 => granted (443 us)
04-16 20:58:47.309 1657 1706 I WifiConnectivityManager: Set WiFi enabled
04-16 20:58:47.314 1657 1706 I WifiConnectivityManager: scheduleWatchdogTimer
04-16 20:58:47.319 1657 1706 W AlarmManager: Unrecognized alarm listener com.android.server.wifi.WifiConnectivityManager$3@3b6a0cd
04-16 20:58:47.319 1657 1706 E WifiScanner: listener cannot be found
04-16 20:58:47.320 1657 1657 W VibratorService: Tried to stop vibrating but there is no vibrator device.
04-16 20:58:47.321 1657 1706 D WifiNative-HAL: Failing getSupportedFeatureset because HAL isn't started
04-16 20:58:47.322 1657 1674 E BatteryStatsService: no controller energy info supplied
04-16 20:58:47.322 1657 1674 E KernelCpuSpeedReader: Failed to read cpu-freq: /sys/devices/system/cpu/cpu0/cpufreq/stats/time_in_state (No such file or directory)
04-16 20:58:47.322 1657 1674 E KernelUidCpuTimeReader: Failed to read uid_cputime: /proc/uid_cputime/show_uid_stat (No such file or directory)
04-16 20:58:47.326 1657 1706 E WifiConnectivityManager: SingleScanListener onFailure: reason: -1 description: not available
04-16 20:58:47.327 1657 1706 D WifiNative-HAL: Failing getSupportedFeatureset because HAL isn't started
04-16 20:58:47.328 1657 1674 E BatteryStatsService: no controller energy info supplied
04-16 20:58:47.328 1657 1674 E KernelCpuSpeedReader: Failed to read cpu-freq: /sys/devices/system/cpu/cpu0/cpufreq/stats/time_in_state (No such file or directory)
04-16 20:58:47.329 1657 1674 E KernelUidCpuTimeReader: Failed to read uid_cputime: /proc/uid_cputime/show_uid_stat (No such file or directory)
04-16 20:58:47.336 1741 1929 I vol.Events: writeEvent level_changed STREAM_ALARM 6
04-16 20:58:47.337 1741 1929 I vol.Events: writeEvent level_changed STREAM_BLUETOOTH_SCO 7
04-16 20:58:47.338 1741 1929 I vol.Events: writeEvent level_changed STREAM_MUSIC 11
04-16 20:58:47.339 1741 1929 I vol.Events: writeEvent level_changed STREAM_RING 5
04-16 20:58:47.339 1741 1929 I vol.Events: writeEvent level_changed STREAM_SYSTEM 5
04-16 20:58:47.340 1657 1657 D ConditionProviders.SCP: onSubscribe condition://android/schedule?days=6.7&start=23.30&end=10.0&exitAtAlarm=false
04-16 20:58:47.340 1657 1657 D ConditionProviders.SCP: setRegistered true
04-16 20:58:47.341 1657 1657 D ConditionProviders.SCP: notifyCondition condition://android/schedule?days=6.7&start=23.30&end=10.0&exitAtAlarm=false STATE_FALSE reason=!meetsSchedule
04-16 20:58:47.341 1657 1670 I SyncManager: Got SyncJobService instance.
04-16 20:58:47.342 1657 1657 D ConditionProviders.SCP: Scheduling evaluate for Wed Apr 16 23:30:00 UTC 2025 (1744846200000), in +2h31m12s659ms, now=Wed Apr 16 20:58:47 UTC 2025 (1744837127341)
04-16 20:58:47.342 1657 1657 D ConditionProviders.SCP: onSubscribe condition://android/schedule?days=1.2.3.4.5&start=22.0&end=7.0&exitAtAlarm=false
04-16 20:58:47.343 1657 1657 D ConditionProviders.SCP: notifyCondition condition://android/schedule?days=6.7&start=23.30&end=10.0&exitAtAlarm=false STATE_FALSE reason=!meetsSchedule
04-16 20:58:47.343 1657 1657 D ConditionProviders.SCP: notifyCondition condition://android/schedule?days=1.2.3.4.5&start=22.0&end=7.0&exitAtAlarm=false STATE_FALSE reason=!meetsSchedule
04-16 20:58:47.343 1741 1929 I vol.Events: writeEvent level_changed STREAM_VOICE_CALL 4
04-16 20:58:47.343 1657 1657 D ConditionProviders.SCP: Scheduling evaluate for Wed Apr 16 22:00:00 UTC 2025 (1744840800000), in +1h1m12s657ms, now=Wed Apr 16 20:58:47 UTC 2025 (1744837127343)
04-16 20:58:47.348 1337 1340 E SurfaceFlinger: ro.sf.lcd_density must be defined as a build property
04-16 20:58:47.351 1657 1657 I Telecom : WiredHeadsetManager: ACTION_HEADSET_PLUG event, plugged in: false, : WHC.oADA@AAE
04-16 20:58:47.354 1741 1741 D : HostConnection::get() New Host Connection established 0x757aa3439900, tid 1741
04-16 20:58:47.359 1657 1716 E ActivityThread: Failed to find provider info for com.android.calendar
04-16 20:58:47.362 1657 1657 I ActivityManager: user 0 is still locked. Cannot load recents
04-16 20:58:47.363 1657 1678 I ActivityManager: Displayed com.android.settings/.FallbackHome: +347ms
04-16 20:58:47.365 1657 1671 V KeyguardServiceDelegate: *** Keyguard started
04-16 20:58:47.365 1657 1671 W KeyguardServiceDelegate: onScreenTurningOn(): no keyguard service!
04-16 20:58:47.368 1657 1716 E ActivityThread: Failed to find provider info for com.android.calendar
04-16 20:58:47.378 1741 1741 D StorageNotification: Notifying about private volume: VolumeInfo{private}:
04-16 20:58:47.378 1741 1741 D StorageNotification: type=PRIVATE diskId=null partGuid=null mountFlags=0 mountUserId=-1
04-16 20:58:47.378 1741 1741 D StorageNotification: state=MOUNTED
04-16 20:58:47.378 1741 1741 D StorageNotification: fsType=null fsUuid=null fsLabel=null
04-16 20:58:47.378 1741 1741 D StorageNotification: path=/data internalPath=null
04-16 20:58:47.380 1355 1895 I MediaPlayerService: MediaPlayerService::getOMX
04-16 20:58:47.381 1741 1975 I OMXClient: MuxOMX ctor
04-16 20:58:47.381 1352 1927 I OMXMaster: makeComponentInstance(OMX.google.vorbis.decoder) in mediacodec process
04-16 20:58:47.383 1355 1796 I MediaPlayerService: MediaPlayerService::getOMX
04-16 20:58:47.384 1657 1978 I OMXClient: MuxOMX ctor
04-16 20:58:47.388 1657 1708 I WifiScanningService: wifi driver loaded with scan capabilities: max buckets=16
04-16 20:58:47.392 1657 1657 D RttService: SCAN_AVAILABLE : 3
04-16 20:58:47.393 1657 1709 D RttService: DefaultState got{ when=-1ms what=160512 target=com.android.internal.util.StateMachine$SmHandler }
04-16 20:58:47.393 1352 1791 I OMXMaster: makeComponentInstance(OMX.google.vorbis.decoder) in mediacodec process
04-16 20:58:47.396 1657 1657 I FusedLocation: engine started (com.android.location.fused)
04-16 20:58:47.462 1871 1871 D PhoneSwitcherNetworkRequstListener: Registering NetworkFactory
04-16 20:58:47.462 1657 1710 D ConnectivityService: Got NetworkFactory Messenger for PhoneSwitcherNetworkRequstListener
04-16 20:58:47.464 1355 1372 I MediaPlayerService: MediaPlayerService::getOMX
04-16 20:58:47.464 1657 1987 I OMXClient: MuxOMX ctor
04-16 20:58:47.465 1352 1352 I OMXMaster: makeComponentInstance(OMX.google.vorbis.decoder) in mediacodec process
04-16 20:58:47.469 1657 1710 D ConnectivityService: Got NetworkFactory Messenger for TelephonyNetworkFactory[0]
04-16 20:58:47.488 1871 1991 E ActivityThread: Failed to find provider info for com.android.contacts
04-16 20:58:47.488 1871 1991 W CallerInfoCache: cursor is null
04-16 20:58:47.491 1871 1871 D CarrierConfigLoader: CarrierConfigLoader has started
04-16 20:58:47.511 1871 1871 E BluetoothAdapter: Bluetooth binder is null
04-16 20:58:47.516 1337 1588 I SurfaceFlinger: Boot is finished (5453 ms)
04-16 20:58:47.528 1657 1672 V KeyguardServiceDelegate: *** Keyguard connected (yay!)
04-16 20:58:47.533 1871 1871 I Telephony: TtyManager: updateUiTtyMode -1 -> 0
04-16 20:58:47.545 1657 1861 I StatusBarManagerService: registerStatusBar bar=com.android.internal.statusbar.IStatusBar$Stub$Proxy@2a8ef77
04-16 20:58:47.549 1657 1657 I GnssLocationProvider: WakeLock acquired by sendMessage(12, 0, null)
04-16 20:58:47.552 1657 1670 I GnssLocationProvider: WakeLock released by handleMessage(12, 0, null)
04-16 20:58:47.556 1657 1836 D AlarmManagerService: Kernel timezone updated to 0 minutes west of GMT
04-16 20:58:47.565 1995 1995 W art : Unexpected CPU variant for X86 using defaults: x86_64
04-16 20:58:47.571 1657 1671 I ActivityManager: Start proc 1995:com.android.cellbroadcastreceiver/u0a4 for broadcast com.android.cellbroadcastreceiver/.CellBroadcastReceiver
04-16 20:58:47.573 1657 1861 D AlarmManagerService: Setting time of day to sec=1744837128
04-16 20:58:48.825 1657 1861 W AlarmManagerService: Unable to set rtc to 1744837128: No such device
04-16 20:58:48.829 1657 1657 D ConditionProviders.SCP: onReceive android.intent.action.TIME_SET
04-16 20:58:48.829 1657 1657 D ConditionProviders.SCP: notifyCondition condition://android/schedule?days=6.7&start=23.30&end=10.0&exitAtAlarm=false STATE_FALSE reason=!meetsSchedule
04-16 20:58:48.829 1657 1657 D ConditionProviders.SCP: notifyCondition condition://android/schedule?days=1.2.3.4.5&start=22.0&end=7.0&exitAtAlarm=false STATE_FALSE reason=!meetsSchedule
04-16 20:58:48.830 1657 1657 D ConditionProviders.SCP: Scheduling evaluate for Wed Apr 16 22:00:00 UTC 2025 (1744840800000), in +1h1m11s171ms, now=Wed Apr 16 20:58:48 UTC 2025 (1744837128829)
04-16 20:58:48.832 1657 1716 E ActivityThread: Failed to find provider info for com.android.calendar
04-16 20:58:48.832 1657 1716 E ActivityThread: Failed to find provider info for com.android.calendar
04-16 20:58:48.847 1355 1355 I MediaPlayerService: MediaPlayerService::getOMX
04-16 20:58:48.847 1657 2008 I OMXClient: MuxOMX ctor
04-16 20:58:48.847 1352 1791 I OMXMaster: makeComponentInstance(OMX.google.vorbis.decoder) in mediacodec process
04-16 20:58:48.858 1995 1995 W System : ClassLoader referenced unknown path: /system/priv-app/CellBroadcastReceiver/lib/x86_64
04-16 20:58:48.878 1995 1995 D CellBroadcastReceiver: Service state changed! 3 Full: 3 3 voice home data home null null null null null null Unknown Unknown CSS not supported -1 -1 RoamInd=-1 DefRoamInd=-1 EmergOnly=false IsDataRoamingFromRegistration=false Current state=-1
04-16 20:58:48.894 2013 2013 W art : Unexpected CPU variant for X86 using defaults: x86_64
04-16 20:58:48.895 1657 1684 I ActivityManager: Start proc 2013:com.android.deskclock/u0a32 for broadcast com.android.deskclock/.AlarmInitReceiver
04-16 20:58:48.908 1871 1871 D PhoneSwitcherNetworkRequstListener: got request NetworkRequest [ id=1, legacyType=-1, [ Capabilities: INTERNET&NOT_RESTRICTED&TRUSTED&NOT_VPN] ] with score 0
04-16 20:58:48.910 1871 1871 D TelephonyDebugService: TelephonyDebugService()
04-16 20:58:48.911 1871 1871 D CarrierConfigLoader: mHandler: 12 phoneId: 0
04-16 20:58:48.915 1871 1871 E PhoneInterfaceManager: [PhoneIntfMgr] getIccId: No UICC
04-16 20:58:48.923 1657 1836 I Telecom : PhoneAccountRegistrar: New phone account registered: [[ ] PhoneAccount: ComponentInfo{com.android.phone/com.android.services.telephony.TelephonyConnectionService}, [e0184adedf913b076626646d3f52c3b49c39ad6d], UserHandle{0} Capabilities: CallProvider MultiUser PlaceEmerg SimSub Schemes: tel voicemail Extras: null]: TSI.rPA@AAM
04-16 20:58:48.925 1657 1836 I Telecom : : Sending phone-account registered intent as user: TSI.rPA@AAM
04-16 20:58:48.926 1871 1871 I Telephony: AccountEntry: Registered phoneAccount: [[ ] PhoneAccount: ComponentInfo{com.android.phone/com.android.services.telephony.TelephonyConnectionService}, [e0184adedf913b076626646d3f52c3b49c39ad6d], UserHandle{0} Capabilities: CallProvider MultiUser PlaceEmerg SimSub Schemes: tel voicemail Extras: null] with handle: ComponentInfo{com.android.phone/com.android.services.telephony.TelephonyConnectionService}, [e0184adedf913b076626646d3f52c3b49c39ad6d], UserHandle{0}
04-16 20:58:48.927 1871 1871 I Telephony: PstnIncomingCallNotifier: Registering: Handler (com.android.internal.telephony.GsmCdmaPhone) {452239c}
04-16 20:58:48.931 1871 1871 I Telephony: TelecomAccountRegistry: Unregistering phone account ComponentInfo{com.android.phone/com.android.services.telephony.TelephonyConnectionService}, [e2f7d48dd2b5ca523e7313cf4ba0f6ea830b6281], UserHandle{0}.
04-16 20:58:48.932 1657 1684 I Telecom : : Sending phone-account unregistered intent as user: TSI.uPA@AAU
04-16 20:58:48.944 2013 2013 W System : ClassLoader referenced unknown path: /system/app/DeskClock/lib/x86_64
04-16 20:58:48.951 1657 1657 I GnssLocationProvider: WakeLock acquired by sendMessage(12, 0, null)
04-16 20:58:48.953 1657 1670 I GnssLocationProvider: WakeLock released by handleMessage(12, 0, null)
04-16 20:58:48.953 1871 1871 D MccTable: updateMccMncConfiguration mccmnc='310260' fromServiceState=true
04-16 20:58:48.954 1871 1871 D MccTable: updateMccMncConfiguration defaultMccMnc=
04-16 20:58:48.954 1871 1871 D MccTable: updateMccMncConfiguration: mcc=310, mnc=260
04-16 20:58:48.954 1871 1871 D MccTable: WIFI_COUNTRY_CODE set to us
04-16 20:58:48.955 1657 1861 I WifiService: WifiService trying to set country code to us with persist set to true
04-16 20:58:48.955 1657 1861 D WifiCountryCode: Succeeded to set country code to: US
04-16 20:58:48.986 1657 1678 I SystemServiceManager: Starting phase 1000
04-16 20:58:48.997 1741 1741 W System : ClassLoader referenced unknown path:
04-16 20:58:48.997 1741 1741 W System : ClassLoader referenced unknown path: /system/priv-app/Dialer/lib/x86_64
04-16 20:58:49.002 1657 1678 I ActivityManager: Start proc 2036:android.ext.services/u0a12 for on-hold
04-16 20:58:49.003 2036 2036 W art : Unexpected CPU variant for X86 using defaults: x86_64
04-16 20:58:49.003 1657 1678 D ActivityManager: Finishing user boot 0
04-16 20:58:49.004 1657 1678 D CryptdConnector: SND -> {3 cryptfs prepare_user_storage ! 0 0 2}
04-16 20:58:49.004 1294 1327 D vold : e4crypt_prepare_user_storage for volume null, user 0, serial 0, flags 2
04-16 20:58:49.005 1294 1327 D vold : Preparing: /data/system_ce/0
04-16 20:58:49.005 1294 1327 D vold : Preparing: /data/misc_ce/0
04-16 20:58:49.005 1294 1327 D vold : Preparing: /data/media/0
04-16 20:58:49.005 1294 1327 D vold : Preparing: /data/data
04-16 20:58:49.005 1657 1699 D CryptdConnector: RCV <- {200 3 Command succeeded}
04-16 20:58:49.005 1657 1678 V UserManagerService: Found /data/user/0 with serial number 0
04-16 20:58:49.005 1657 1678 V UserManagerService: Found /data/system_ce/0 with serial number 0
04-16 20:58:49.006 1657 1678 V PackageManager: reconcileAppsData for null u0 0x2
04-16 20:58:49.089 1657 1678 V PackageManager: reconcileAppsData finished 79 packages; restoreconNeeded was false
04-16 20:58:49.098 2036 2036 W System : ClassLoader referenced unknown path: /system/priv-app/ExtServices/lib/x86_64
04-16 20:58:49.104 1871 1871 I Telephony: PstnIncomingCallNotifier: Unregistering: Handler (com.android.internal.telephony.GsmCdmaPhone) {452239c}
04-16 20:58:49.105 1871 1871 E PhoneInterfaceManager: [PhoneIntfMgr] getIccId: No UICC
04-16 20:58:49.105 1657 1671 D MountService: onUnlockUser 0
04-16 20:58:49.105 1657 1671 D VoldConnector: SND -> {6 volume user_started 0}
04-16 20:58:49.105 1294 1326 D vold : Linking /storage/emulated/0 to /mnt/user/0/primary
04-16 20:58:49.106 1657 1698 D VoldConnector: RCV <- {200 6 Command succeeded}
04-16 20:58:49.107 1657 1697 D MountService: Volume emulated broadcasting mounted to UserHandle{0}
04-16 20:58:49.109 1727 1727 I InputAttributes: InputType.TYPE_NULL is specified
04-16 20:58:49.111 1657 2052 I Telecom : PhoneAccountRegistrar: [ComponentInfo{com.android.phone/com.android.services.telephony.TelephonyConnectionService}, [e0184adedf913b076626646d3f52c3b49c39ad6d], UserHandle{0}(icon: Icon(typ=BITMAP size=38x48) -> Icon(typ=BITMAP size=38x48))]: TSI.rPA@AAg
04-16 20:58:49.114 1657 2052 I Telecom : : Sending phone-account registered intent as user: TSI.rPA@AAg
04-16 20:58:49.120 1871 1871 I Telephony: AccountEntry: Registered phoneAccount: [[ ] PhoneAccount: ComponentInfo{com.android.phone/com.android.services.telephony.TelephonyConnectionService}, [e0184adedf913b076626646d3f52c3b49c39ad6d], UserHandle{0} Capabilities: CallProvider MultiUser PlaceEmerg SimSub Schemes: tel voicemail Extras: null] with handle: ComponentInfo{com.android.phone/com.android.services.telephony.TelephonyConnectionService}, [e0184adedf913b076626646d3f52c3b49c39ad6d], UserHandle{0}
04-16 20:58:49.120 1871 1871 I Telephony: PstnIncomingCallNotifier: Registering: Handler (com.android.internal.telephony.GsmCdmaPhone) {452239c}
04-16 20:58:49.131 2013 2013 I AlarmClock: AlarmInitReceiver android.intent.action.TIME_SET
04-16 20:58:49.133 1741 1741 E BluetoothAdapter: Bluetooth binder is null
04-16 20:58:49.147 1657 1671 V BackupManagerService: No ancestral data
04-16 20:58:49.149 1741 1741 I CameraManagerGlobal: Connecting to camera service
04-16 20:58:49.151 1348 1348 V EmulatedCamera_Camera: getCameraInfo
04-16 20:58:49.151 1348 1348 V EmulatedCamera_BaseCamera: getCameraInfo
04-16 20:58:49.151 1348 1348 I CameraService: getCameraCharacteristics: Switching to HAL1 shim implementation...
04-16 20:58:49.151 1348 1348 V EmulatedCamera_Camera: getCameraInfo
04-16 20:58:49.152 1348 1348 V EmulatedCamera_BaseCamera: getCameraInfo
04-16 20:58:49.152 1348 1348 I CameraService: CameraService::connect call (PID -1 "cameraserver", camera ID 0) for HAL version default and Camera API version 1
04-16 20:58:49.152 1348 1348 E CameraService: getCameraPriorityFromProcState: Received invalid process state -1 from ActivityManagerService!
04-16 20:58:49.152 1348 1348 V EmulatedCamera_Camera: getCameraInfo
04-16 20:58:49.152 1348 1348 V EmulatedCamera_BaseCamera: getCameraInfo
04-16 20:58:49.155 1355 2061 E WVMExtractor: Failed to open libwvm.so: dlopen failed: library "libwvm.so" not found
04-16 20:58:49.164 1355 2059 D NuPlayerDriver: notifyListener_l(0xef128f60), (1, 0, 0), loop setting(0, 0)
04-16 20:58:49.164 1657 1671 V KeyValueBackupJob: Scheduling k/v pass in 241 minutes
04-16 20:58:49.172 1355 2062 D NuPlayerDriver: notifyListener_l(0xef1290e0), (1, 0, 0), loop setting(0, 0)
04-16 20:58:49.182 1355 2068 D NuPlayerDriver: notifyListener_l(0xef129140), (1, 0, 0), loop setting(0, 0)
04-16 20:58:49.184 1348 1348 I CameraFlashlight: Opening camera 0
04-16 20:58:49.184 1348 1348 V EmulatedCamera_Camera: getCameraInfo
04-16 20:58:49.184 1348 1348 V EmulatedCamera_BaseCamera: getCameraInfo
04-16 20:58:49.184 1348 1348 V EmulatedCamera_Camera: connectCamera
04-16 20:58:49.184 1348 1348 V EmulatedCamera_FakeDevice: connectDevice
04-16 20:58:49.184 1348 1348 V EmulatedCamera_CallbackNotifier: setCallbacks: 0xed337d30, 0xed337d80, 0xed337ea0, 0xed337fc0 (0xecbc3280)
04-16 20:58:49.184 1348 1348 V EmulatedCamera_CallbackNotifier: enableMessage: msg_type = 0xc0d
04-16 20:58:49.184 1348 1348 V EmulatedCamera_CallbackNotifier: CAMERA_MSG_ERROR
04-16 20:58:49.184 1348 1348 V EmulatedCamera_CallbackNotifier: CAMERA_MSG_FOCUS
04-16 20:58:49.184 1348 1348 V EmulatedCamera_CallbackNotifier: CAMERA_MSG_ZOOM
04-16 20:58:49.184 1348 1348 V EmulatedCamera_CallbackNotifier: CAMERA_MSG_PREVIEW_METADATA
04-16 20:58:49.184 1348 1348 V EmulatedCamera_CallbackNotifier: **** Currently enabled messages:
04-16 20:58:49.184 1348 1348 V EmulatedCamera_CallbackNotifier: CAMERA_MSG_ERROR
04-16 20:58:49.184 1348 1348 V EmulatedCamera_CallbackNotifier: CAMERA_MSG_FOCUS
04-16 20:58:49.185 1348 1348 V EmulatedCamera_CallbackNotifier: CAMERA_MSG_ZOOM
04-16 20:58:49.185 1348 1348 V EmulatedCamera_CallbackNotifier: CAMERA_MSG_PREVIEW_METADATA
04-16 20:58:49.185 1348 1348 V EmulatedCamera_CallbackNotifier: disableMessage: msg_type = 0xffff
04-16 20:58:49.185 1348 1348 V EmulatedCamera_CallbackNotifier: CAMERA_MSG_ERROR
04-16 20:58:49.185 1348 1348 V EmulatedCamera_CallbackNotifier: CAMERA_MSG_SHUTTER
04-16 20:58:49.185 1348 1348 V EmulatedCamera_CallbackNotifier: CAMERA_MSG_FOCUS
04-16 20:58:49.185 1348 1348 V EmulatedCamera_CallbackNotifier: CAMERA_MSG_ZOOM
04-16 20:58:49.185 1348 1348 V EmulatedCamera_CallbackNotifier: CAMERA_MSG_PREVIEW_FRAME
04-16 20:58:49.185 1348 1348 V EmulatedCamera_CallbackNotifier: CAMERA_MSG_VIDEO_FRAME
04-16 20:58:49.185 1348 1348 V EmulatedCamera_CallbackNotifier: CAMERA_MSG_POSTVIEW_FRAME
04-16 20:58:49.185 1348 1348 V EmulatedCamera_CallbackNotifier: CAMERA_MSG_RAW_IMAGE
04-16 20:58:49.185 1348 1348 V EmulatedCamera_CallbackNotifier: CAMERA_MSG_COMPRESSED_IMAGE
04-16 20:58:49.185 1348 1348 V EmulatedCamera_CallbackNotifier: CAMERA_MSG_RAW_IMAGE_NOTIFY
04-16 20:58:49.185 1348 1348 V EmulatedCamera_CallbackNotifier: CAMERA_MSG_PREVIEW_METADATA
04-16 20:58:49.185 1348 1348 V EmulatedCamera_CallbackNotifier: **** Currently enabled messages:
04-16 20:58:49.185 1348 1348 V EmulatedCamera_Preview: setPreviewWindow: current: 0x0 -> new: 0x0
04-16 20:58:49.185 1348 1348 V EmulatedCamera_Camera: doStopPreview
04-16 20:58:49.186 1348 1348 V EmulatedCamera_Camera: cancelPicture
04-16 20:58:49.186 1348 1348 V EmulatedCamera_Camera: releaseCamera
04-16 20:58:49.186 1348 1348 V EmulatedCamera_Camera: doStopPreview
04-16 20:58:49.186 1348 1348 V EmulatedCamera_FakeDevice: disconnectDevice
04-16 20:58:49.186 1348 1348 W EmulatedCamera_Device: Initialize: Emulated camera device is already initialized: mState = 1
04-16 20:58:49.186 1348 1348 D EmulatedCamera_FakeCamera: Initialize: Fake camera is facing back
04-16 20:58:49.186 1348 1348 V EmulatedCamera_Device: initializeWhiteBalanceModes with auto, 1.000000, 1.000000
04-16 20:58:49.186 1348 1348 V EmulatedCamera_Device: initializeWhiteBalanceModes with incandescent, 1.380000, 0.600000
04-16 20:58:49.186 1348 1348 V EmulatedCamera_Device: initializeWhiteBalanceModes with daylight, 1.090000, 0.920000
04-16 20:58:49.186 1348 1348 V EmulatedCamera_Device: initializeWhiteBalanceModes with twilight, 0.920000, 1.220000
04-16 20:58:49.186 1348 1348 V EmulatedCamera_Device: setWhiteBalanceMode with white balance auto
04-16 20:58:49.186 1348 1348 I CameraFlashlight: Destroying camera 0
04-16 20:58:49.187 1348 1348 V EmulatedCamera_Camera: closeCamera
04-16 20:58:49.187 1348 1348 V EmulatedCamera_Camera: doStopPreview
04-16 20:58:49.187 1348 1348 W EmulatedCamera_Device: Initialize: Emulated camera device is already initialized: mState = 1
04-16 20:58:49.187 1348 1348 D EmulatedCamera_FakeCamera: Initialize: Fake camera is facing back
04-16 20:58:49.187 1348 1348 V EmulatedCamera_Device: initializeWhiteBalanceModes with auto, 1.000000, 1.000000
04-16 20:58:49.187 1348 1348 V EmulatedCamera_Device: initializeWhiteBalanceModes with incandescent, 1.380000, 0.600000
04-16 20:58:49.187 1348 1348 V EmulatedCamera_Device: initializeWhiteBalanceModes with daylight, 1.090000, 0.920000
04-16 20:58:49.187 1348 1348 V EmulatedCamera_Device: initializeWhiteBalanceModes with twilight, 0.920000, 1.220000
04-16 20:58:49.187 1348 1348 V EmulatedCamera_Device: setWhiteBalanceMode with white balance auto
04-16 20:58:49.187 1348 1348 I CameraService: disconnect: Disconnected client for camera 0 for PID 1348
04-16 20:58:49.188 1355 1372 D NuPlayerDriver: reset(0xef128f60) at state 4
04-16 20:58:49.188 1355 1372 D NuPlayerDriver: notifyListener_l(0xef128f60), (8, 0, 0), loop setting(0, 0)
04-16 20:58:49.188 1355 2059 D NuPlayerDriver: notifyResetComplete(0xef128f60)
04-16 20:58:49.188 1355 1895 D NuPlayerDriver: reset(0xef1290e0) at state 4
04-16 20:58:49.189 1355 1895 D NuPlayerDriver: notifyListener_l(0xef1290e0), (8, 0, 0), loop setting(0, 0)
04-16 20:58:49.190 1355 2062 D NuPlayerDriver: notifyResetComplete(0xef1290e0)
04-16 20:58:49.191 1355 1355 D NuPlayerDriver: reset(0xef129140) at state 4
04-16 20:58:49.191 1355 1355 D NuPlayerDriver: notifyListener_l(0xef129140), (8, 0, 0), loop setting(0, 0)
04-16 20:58:49.194 1355 2068 D NuPlayerDriver: notifyResetComplete(0xef129140)
04-16 20:58:49.195 1348 1721 V EmulatedCamera_Camera: getCameraInfo
04-16 20:58:49.195 1348 1721 V EmulatedCamera_BaseCamera: getCameraInfo
04-16 20:58:49.195 1348 1348 V EmulatedCamera_Camera: getCameraInfo
04-16 20:58:49.195 1348 1348 V EmulatedCamera_BaseCamera: getCameraInfo
04-16 20:58:49.196 1995 1995 D CellBroadcastReceiver: Service state changed! 0 Full: 0 0 voice home data home Android Android 310260 Android Android 310260 Unknown LTE CSS not supported -1 -1 RoamInd=-1 DefRoamInd=-1 EmergOnly=false IsDataRoamingFromRegistration=false Current state=3
04-16 20:58:49.196 1995 1995 D CellBroadcastReceiver: Start Cell Broadcast configuration.
04-16 20:58:49.199 2013 2013 I AlarmClock: AlarmInitReceiver android.intent.action.LOCKED_BOOT_COMPLETED
04-16 20:58:49.200 2013 2064 V AlarmClock: AlarmInitReceiver finished
04-16 20:58:49.201 1657 1671 V BackupManagerService: Starting with transport android/com.android.internal.backup.LocalTransport
04-16 20:58:49.201 1657 1671 V BackupManagerService: Found transports: 1
04-16 20:58:49.201 1657 1671 W BackupManagerService: Proposed transport ComponentInfo{android/com.android.internal.backup.LocalTransportService} not whitelisted; ignoring
04-16 20:58:49.201 1657 1671 I BackupManagerService: Found stale backup journal, scheduling
04-16 20:58:49.202 1657 1671 I BackupManagerService: Backup enabled => false
04-16 20:58:49.214 1657 1671 W VoiceInteractionManagerService: no available voice interaction services found for user 0
04-16 20:58:49.214 1657 1671 W VoiceInteractionManagerService: no available voice recognition services found for user 0
04-16 20:58:49.215 1657 1671 I ActivityManager: Loading recents for user 0 into memory.
04-16 20:58:49.217 2013 2013 D AlarmClock/Events: [Stopwatch] [Reset] [Reboot]
04-16 20:58:49.218 1657 1671 D ActivityManager: Sending BOOT_COMPLETE user #0
04-16 20:58:49.220 1871 1871 D MccTable: updateMccMncConfiguration mccmnc='310260' fromServiceState=false
04-16 20:58:49.220 1871 1871 D MccTable: updateMccMncConfiguration defaultMccMnc=
04-16 20:58:49.220 1871 1871 D MccTable: updateMccMncConfiguration: mcc=310, mnc=260
04-16 20:58:49.220 1871 1871 D MccTable: updateMccMncConfiguration updateConfig config={1.0 310mcc260mnc ?localeList ?layoutDir ?swdp ?wdp ?hdp ?density ?lsize ?long ?orien ?uimode ?night ?touch ?keyb/?/? ?nav/?}
04-16 20:58:49.221 1657 1684 I ActivityManager: Config changes=3 {1.0 310mcc260mnc [en_US] ldltr sw400dp w400dp h616dp 320dpi nrml port finger qwerty/v/v tball/v s.6}
04-16 20:58:49.229 1896 1932 D EGL_emulation: eglMakeCurrent: 0x757abc773140: ver 3 0 (tinfo 0x757ab1fdb600)
04-16 20:58:49.239 2013 2064 V AlarmClock: AlarmInitReceiver finished
04-16 20:58:49.248 1657 1670 I ActivityManager: Start proc 2087:com.android.printspooler/u0a50 for service com.android.printspooler/.model.PrintSpoolerService
04-16 20:58:49.251 1657 2052 I WindowManager: Destroying surface Surface(name=com.android.settings/com.android.settings.FallbackHome) called by com.android.server.wm.WindowStateAnimator.destroySurface:2014 com.android.server.wm.WindowStateAnimator.destroySurfaceLocked:881 com.android.server.wm.WindowState.removeLocked:1449 com.android.server.wm.WindowManagerService.removeWindowInnerLocked:2478 com.android.server.wm.WindowManagerService.removeWindowLocked:2436 com.android.server.wm.WindowManagerService.removeWindowLocked:2305 com.android.server.wm.WindowManagerService.removeWindow:2300 com.android.server.wm.Session.remove:193
04-16 20:58:49.255 2087 2087 W art : Unexpected CPU variant for X86 using defaults: x86_64
04-16 20:58:49.255 1657 1657 I GnssLocationProvider: WakeLock acquired by sendMessage(12, 0, null)
