04-16 21:01:21.489 5601 5616 E GeckoConsole: get contentPrincipal@chrome://global/content/elements/browser-custom-element.js:661:1
04-16 21:01:21.489 5601 5616 E GeckoConsole: onLocationChange@resource://gre/modules/GeckoViewNavigation.sys.mjs:640:34
04-16 21:01:21.506 5601 5616 E GeckoConsole: [JavaScript Error: "TypeError: can't access property "title", this.contentDocument is null" {file: "chrome://global/content/elements/browser-custom-element.js" line: 630}]
04-16 21:01:21.506 5601 5616 E GeckoConsole: get contentTitle@chrome://global/content/elements/browser-custom-element.js:630:1
04-16 21:01:21.506 5601 5616 E GeckoConsole: handleEvent@resource://gre/modules/GeckoViewContent.sys.mjs:379:11
04-16 21:01:21.536 5682 5714 E eglCodecCommon: glUtilsParamSize: unknow param 0x00008caa
04-16 21:01:21.575 5682 5714 E eglCodecCommon: glUtilsParamSize: unknow param 0x00008caa
04-16 21:01:21.587 5682 5714 E eglCodecCommon: glUtilsParamSize: unknow param 0x00008caa
04-16 21:01:21.601 5682 5714 E eglCodecCommon: glUtilsParamSize: unknow param 0x00008caa
04-16 21:01:21.613 5682 5714 E eglCodecCommon: glUtilsParamSize: unknow param 0x00000d02
04-16 21:01:21.630 5682 5714 E eglCodecCommon: glUtilsParamSize: unknow param 0x00008caa
04-16 21:01:21.640 5601 5616 I Gecko : 1744837281640 Marionette INFO No differences allowed
04-16 21:01:21.729 5601 5616 I Gecko : 1744837281729 Marionette INFO Testing http://web-platform.test:8000/css/CSS2/lists/list-style-applies-to-013.xht == http://web-platform.test:8000/css/reference/single_square_list_marker.xht
04-16 21:01:21.776 5601 5616 E GeckoConsole: [JavaScript Error: "TypeError: can't access property "nodePrincipal", this.contentDocument is null" {file: "chrome://global/content/elements/browser-custom-element.js" line: 661}]
04-16 21:01:21.776 5601 5616 E GeckoConsole: get contentPrincipal@chrome://global/content/elements/browser-custom-element.js:661:1
04-16 21:01:21.776 5601 5616 E GeckoConsole: onLocationChange@resource://gre/modules/GeckoViewNavigation.sys.mjs:640:34
04-16 21:01:21.797 5601 5616 E GeckoConsole: [JavaScript Error: "TypeError: can't access property "title", this.contentDocument is null" {file: "chrome://global/content/elements/browser-custom-element.js" line: 630}]
04-16 21:01:21.797 5601 5616 E GeckoConsole: get contentTitle@chrome://global/content/elements/browser-custom-element.js:630:1
04-16 21:01:21.797 5601 5616 E GeckoConsole: handleEvent@resource://gre/modules/GeckoViewContent.sys.mjs:379:11
04-16 21:01:21.820 5682 5714 E eglCodecCommon: glUtilsParamSize: unknow param 0x00008caa
04-16 21:01:21.879 5682 5714 E eglCodecCommon: glUtilsParamSize: unknow param 0x00008caa
04-16 21:01:21.891 5682 5714 E eglCodecCommon: glUtilsParamSize: unknow param 0x00008caa
04-16 21:01:21.901 5682 5714 E eglCodecCommon: glUtilsParamSize: unknow param 0x00008caa
04-16 21:01:21.911 5682 5714 E eglCodecCommon: glUtilsParamSize: unknow param 0x00000d02
04-16 21:01:21.924 5682 5714 E eglCodecCommon: glUtilsParamSize: unknow param 0x00008caa
04-16 21:01:21.933 5601 5616 I Gecko : 1744837281933 Marionette INFO No differences allowed
04-16 21:01:22.034 5601 5616 I Gecko : 1744837282034 Marionette INFO Testing http://web-platform.test:8000/css/CSS2/lists/list-style-applies-to-014.xht == http://web-platform.test:8000/css/reference/single_square_list_marker.xht
04-16 21:01:22.075 5601 5616 E GeckoConsole: [JavaScript Error: "TypeError: can't access property "nodePrincipal", this.contentDocument is null" {file: "chrome://global/content/elements/browser-custom-element.js" line: 661}]
04-16 21:01:22.075 5601 5616 E GeckoConsole: get contentPrincipal@chrome://global/content/elements/browser-custom-element.js:661:1
04-16 21:01:22.075 5601 5616 E GeckoConsole: onLocationChange@resource://gre/modules/GeckoViewNavigation.sys.mjs:640:34
04-16 21:01:22.091 5601 5616 E GeckoConsole: [JavaScript Error: "TypeError: can't access property "title", this.contentDocument is null" {file: "chrome://global/content/elements/browser-custom-element.js" line: 630}]
04-16 21:01:22.091 5601 5616 E GeckoConsole: get contentTitle@chrome://global/content/elements/browser-custom-element.js:630:1
04-16 21:01:22.091 5601 5616 E GeckoConsole: handleEvent@resource://gre/modules/GeckoViewContent.sys.mjs:379:11
04-16 21:01:22.120 5682 5714 E eglCodecCommon: glUtilsParamSize: unknow param 0x00008caa
04-16 21:01:22.158 5682 5714 E eglCodecCommon: glUtilsParamSize: unknow param 0x00008caa
04-16 21:01:22.169 5682 5714 E eglCodecCommon: glUtilsParamSize: unknow param 0x00008caa
04-16 21:01:22.184 5682 5714 E eglCodecCommon: glUtilsParamSize: unknow param 0x00008caa
04-16 21:01:22.194 5682 5714 E eglCodecCommon: glUtilsParamSize: unknow param 0x00000d02
04-16 21:01:22.213 5601 5616 I Gecko : 1744837282213 Marionette INFO No differences allowed
04-16 21:01:22.216 5682 5714 E eglCodecCommon: glUtilsParamSize: unknow param 0x00008caa
04-16 21:01:22.221 5601 5616 W GeckoEventDispatcher: No listener for GeckoView:StateUpdated
04-16 21:01:22.311 5601 5616 I Gecko : 1744837282311 Marionette INFO Testing http://web-platform.test:8000/css/CSS2/lists/list-style-applies-to-015.xht == http://web-platform.test:8000/css/reference/single_square_list_marker.xht
04-16 21:01:22.358 5601 5616 E GeckoConsole: [JavaScript Error: "TypeError: can't access property "nodePrincipal", this.contentDocument is null" {file: "chrome://global/content/elements/browser-custom-element.js" line: 661}]
04-16 21:01:22.358 5601 5616 E GeckoConsole: get contentPrincipal@chrome://global/content/elements/browser-custom-element.js:661:1
04-16 21:01:22.358 5601 5616 E GeckoConsole: onLocationChange@resource://gre/modules/GeckoViewNavigation.sys.mjs:640:34
04-16 21:01:22.374 5601 5616 E GeckoConsole: [JavaScript Error: "TypeError: can't access property "title", this.contentDocument is null" {file: "chrome://global/content/elements/browser-custom-element.js" line: 630}]
04-16 21:01:22.374 5601 5616 E GeckoConsole: get contentTitle@chrome://global/content/elements/browser-custom-element.js:630:1
04-16 21:01:22.374 5601 5616 E GeckoConsole: handleEvent@resource://gre/modules/GeckoViewContent.sys.mjs:379:11
04-16 21:01:22.403 5682 5714 E eglCodecCommon: glUtilsParamSize: unknow param 0x00008caa
04-16 21:01:22.441 5682 5714 E eglCodecCommon: glUtilsParamSize: unknow param 0x00008caa
04-16 21:01:22.453 5682 5714 E eglCodecCommon: glUtilsParamSize: unknow param 0x00008caa
04-16 21:01:22.468 5682 5714 E eglCodecCommon: glUtilsParamSize: unknow param 0x00008caa
04-16 21:01:22.478 5682 5714 E eglCodecCommon: glUtilsParamSize: unknow param 0x00000d02
04-16 21:01:22.493 5682 5714 E eglCodecCommon: glUtilsParamSize: unknow param 0x00008caa
04-16 21:01:22.499 5601 5616 I Gecko : 1744837282499 Marionette INFO No differences allowed
04-16 21:01:22.589 5601 5616 I Gecko : 1744837282589 Marionette INFO Testing http://web-platform.test:8000/css/CSS2/lists/list-style-image-004.xht == http://web-platform.test:8000/css/CSS2/lists/list-style-image-004-ref.xht
04-16 21:01:22.632 5601 5616 E GeckoConsole: [JavaScript Error: "TypeError: can't access property "nodePrincipal", this.contentDocument is null" {file: "chrome://global/content/elements/browser-custom-element.js" line: 661}]
04-16 21:01:22.632 5601 5616 E GeckoConsole: get contentPrincipal@chrome://global/content/elements/browser-custom-element.js:661:1
04-16 21:01:22.632 5601 5616 E GeckoConsole: onLocationChange@resource://gre/modules/GeckoViewNavigation.sys.mjs:640:34
04-16 21:01:22.648 5601 5616 E GeckoConsole: [JavaScript Error: "TypeError: can't access property "title", this.contentDocument is null" {file: "chrome://global/content/elements/browser-custom-element.js" line: 630}]
04-16 21:01:22.648 5601 5616 E GeckoConsole: get contentTitle@chrome://global/content/elements/browser-custom-element.js:630:1
04-16 21:01:22.648 5601 5616 E GeckoConsole: handleEvent@resource://gre/modules/GeckoViewContent.sys.mjs:379:11
04-16 21:01:22.670 5682 5714 E eglCodecCommon: glUtilsParamSize: unknow param 0x00008caa
04-16 21:01:22.725 5682 5714 E eglCodecCommon: glUtilsParamSize: unknow param 0x00008caa
04-16 21:01:22.736 5682 5714 E eglCodecCommon: glUtilsParamSize: unknow param 0x00008caa
04-16 21:01:22.751 5682 5714 E eglCodecCommon: glUtilsParamSize: unknow param 0x00008caa
04-16 21:01:22.761 5682 5714 E eglCodecCommon: glUtilsParamSize: unknow param 0x00000d02
04-16 21:01:22.774 5682 5714 E eglCodecCommon: glUtilsParamSize: unknow param 0x00008caa
04-16 21:01:22.845 5601 5616 E GeckoConsole: [JavaScript Error: "TypeError: can't access property "nodePrincipal", this.contentDocument is null" {file: "chrome://global/content/elements/browser-custom-element.js" line: 661}]
04-16 21:01:22.845 5601 5616 E GeckoConsole: get contentPrincipal@chrome://global/content/elements/browser-custom-element.js:661:1
04-16 21:01:22.845 5601 5616 E GeckoConsole: onLocationChange@resource://gre/modules/GeckoViewNavigation.sys.mjs:640:34
04-16 21:01:22.863 5601 5616 E GeckoConsole: [JavaScript Error: "TypeError: can't access property "title", this.contentDocument is null" {file: "chrome://global/content/elements/browser-custom-element.js" line: 630}]
04-16 21:01:22.863 5601 5616 E GeckoConsole: get contentTitle@chrome://global/content/elements/browser-custom-element.js:630:1
04-16 21:01:22.863 5601 5616 E GeckoConsole: handleEvent@resource://gre/modules/GeckoViewContent.sys.mjs:379:11
04-16 21:01:22.903 5682 5714 E eglCodecCommon: glUtilsParamSize: unknow param 0x00008caa
04-16 21:01:22.942 5682 5714 E eglCodecCommon: glUtilsParamSize: unknow param 0x00008caa
04-16 21:01:22.953 5682 5714 E eglCodecCommon: glUtilsParamSize: unknow param 0x00008caa
04-16 21:01:22.967 5682 5714 E eglCodecCommon: glUtilsParamSize: unknow param 0x00008caa
04-16 21:01:22.979 5682 5714 E eglCodecCommon: glUtilsParamSize: unknow param 0x00000d02
04-16 21:01:23.006 5682 5714 E eglCodecCommon: glUtilsParamSize: unknow param 0x00008caa
04-16 21:01:23.009 5601 5616 I Gecko : 1744837283009 Marionette INFO No differences allowed
04-16 21:01:23.098 5601 5616 I Gecko : 1744837283098 Marionette INFO Testing http://web-platform.test:8000/css/CSS2/lists/list-style-image-005.xht == http://web-platform.test:8000/css/CSS2/lists/list-style-image-005-ref.xht
04-16 21:01:23.136 5601 5616 E GeckoConsole: [JavaScript Error: "TypeError: can't access property "nodePrincipal", this.contentDocument is null" {file: "chrome://global/content/elements/browser-custom-element.js" line: 661}]
04-16 21:01:23.136 5601 5616 E GeckoConsole: get contentPrincipal@chrome://global/content/elements/browser-custom-element.js:661:1
04-16 21:01:23.136 5601 5616 E GeckoConsole: onLocationChange@resource://gre/modules/GeckoViewNavigation.sys.mjs:640:34
04-16 21:01:23.154 5601 5616 E GeckoConsole: [JavaScript Error: "TypeError: can't access property "title", this.contentDocument is null" {file: "chrome://global/content/elements/browser-custom-element.js" line: 630}]
04-16 21:01:23.154 5601 5616 E GeckoConsole: get contentTitle@chrome://global/content/elements/browser-custom-element.js:630:1
04-16 21:01:23.154 5601 5616 E GeckoConsole: handleEvent@resource://gre/modules/GeckoViewContent.sys.mjs:379:11
04-16 21:01:23.187 5682 5714 E eglCodecCommon: glUtilsParamSize: unknow param 0x00008caa
04-16 21:01:23.222 5682 5714 E eglCodecCommon: glUtilsParamSize: unknow param 0x00008caa
04-16 21:01:23.242 5682 5714 E eglCodecCommon: glUtilsParamSize: unknow param 0x00008caa
04-16 21:01:23.253 5682 5714 E eglCodecCommon: glUtilsParamSize: unknow param 0x00008caa
04-16 21:01:23.272 5682 5714 E eglCodecCommon: glUtilsParamSize: unknow param 0x00008caa
04-16 21:01:23.288 5682 5714 E eglCodecCommon: glUtilsParamSize: unknow param 0x00000d02
04-16 21:01:23.303 5682 5714 E eglCodecCommon: glUtilsParamSize: unknow param 0x00008caa
04-16 21:01:23.342 5601 5616 W GeckoEventDispatcher: No listener for GeckoView:StateUpdated
04-16 21:01:23.365 5601 5616 E GeckoConsole: [JavaScript Error: "TypeError: can't access property "nodePrincipal", this.contentDocument is null" {file: "chrome://global/content/elements/browser-custom-element.js" line: 661}]
04-16 21:01:23.365 5601 5616 E GeckoConsole: get contentPrincipal@chrome://global/content/elements/browser-custom-element.js:661:1
04-16 21:01:23.365 5601 5616 E GeckoConsole: onLocationChange@resource://gre/modules/GeckoViewNavigation.sys.mjs:640:34
04-16 21:01:23.382 5601 5616 E GeckoConsole: [JavaScript Error: "TypeError: can't access property "title", this.contentDocument is null" {file: "chrome://global/content/elements/browser-custom-element.js" line: 630}]
04-16 21:01:23.382 5601 5616 E GeckoConsole: get contentTitle@chrome://global/content/elements/browser-custom-element.js:630:1
04-16 21:01:23.382 5601 5616 E GeckoConsole: handleEvent@resource://gre/modules/GeckoViewContent.sys.mjs:379:11
04-16 21:01:23.419 5682 5714 E eglCodecCommon: glUtilsParamSize: unknow param 0x00008caa
04-16 21:01:23.455 5682 5714 E eglCodecCommon: glUtilsParamSize: unknow param 0x00008caa
04-16 21:01:23.475 5682 5714 E eglCodecCommon: glUtilsParamSize: unknow param 0x00008caa
04-16 21:01:23.485 5682 5714 E eglCodecCommon: glUtilsParamSize: unknow param 0x00008caa
04-16 21:01:23.505 5682 5714 E eglCodecCommon: glUtilsParamSize: unknow param 0x00008caa
04-16 21:01:23.521 5682 5714 E eglCodecCommon: glUtilsParamSize: unknow param 0x00000d02
04-16 21:01:23.533 5682 5714 E eglCodecCommon: glUtilsParamSize: unknow param 0x00008caa
04-16 21:01:23.550 5601 5616 I Gecko : 1744837283550 Marionette INFO No differences allowed
04-16 21:01:23.632 5601 5616 I Gecko : 1744837283631 Marionette INFO Testing http://web-platform.test:8000/css/CSS2/lists/list-style-image-007.html == http://web-platform.test:8000/css/CSS2/lists/list-style-image-007-ref.html
04-16 21:01:23.672 5601 5616 E GeckoConsole: [JavaScript Error: "TypeError: can't access property "nodePrincipal", this.contentDocument is null" {file: "chrome://global/content/elements/browser-custom-element.js" line: 661}]
04-16 21:01:23.672 5601 5616 E GeckoConsole: get contentPrincipal@chrome://global/content/elements/browser-custom-element.js:661:1
04-16 21:01:23.672 5601 5616 E GeckoConsole: onLocationChange@resource://gre/modules/GeckoViewNavigation.sys.mjs:640:34
04-16 21:01:23.677 5601 5616 E GeckoConsole: [JavaScript Error: "TypeError: can't access property "title", this.contentDocument is null" {file: "chrome://global/content/elements/browser-custom-element.js" line: 630}]
04-16 21:01:23.677 5601 5616 E GeckoConsole: get contentTitle@chrome://global/content/elements/browser-custom-element.js:630:1
04-16 21:01:23.677 5601 5616 E GeckoConsole: handleEvent@resource://gre/modules/GeckoViewContent.sys.mjs:379:11
04-16 21:01:23.703 5682 5714 E eglCodecCommon: glUtilsParamSize: unknow param 0x00008caa
04-16 21:01:23.758 5682 5714 E eglCodecCommon: glUtilsParamSize: unknow param 0x00008caa
04-16 21:01:23.768 5682 5714 E eglCodecCommon: glUtilsParamSize: unknow param 0x00008caa
04-16 21:01:23.784 5682 5714 E eglCodecCommon: glUtilsParamSize: unknow param 0x00008caa
04-16 21:01:23.796 5682 5714 E eglCodecCommon: glUtilsParamSize: unknow param 0x00000d02
04-16 21:01:23.806 5682 5714 E eglCodecCommon: glUtilsParamSize: unknow param 0x00008caa
04-16 21:01:23.874 5601 5616 E GeckoConsole: [JavaScript Error: "TypeError: can't access property "nodePrincipal", this.contentDocument is null" {file: "chrome://global/content/elements/browser-custom-element.js" line: 661}]
04-16 21:01:23.874 5601 5616 E GeckoConsole: get contentPrincipal@chrome://global/content/elements/browser-custom-element.js:661:1
04-16 21:01:23.874 5601 5616 E GeckoConsole: onLocationChange@resource://gre/modules/GeckoViewNavigation.sys.mjs:640:34
04-16 21:01:23.879 5601 5616 E GeckoConsole: [JavaScript Error: "TypeError: can't access property "title", this.contentDocument is null" {file: "chrome://global/content/elements/browser-custom-element.js" line: 630}]
04-16 21:01:23.879 5601 5616 E GeckoConsole: get contentTitle@chrome://global/content/elements/browser-custom-element.js:630:1
04-16 21:01:23.879 5601 5616 E GeckoConsole: handleEvent@resource://gre/modules/GeckoViewContent.sys.mjs:379:11
04-16 21:01:23.920 5682 5714 E eglCodecCommon: glUtilsParamSize: unknow param 0x00008caa
04-16 21:01:23.936 5682 5714 E eglCodecCommon: glUtilsParamSize: unknow param 0x00008caa
04-16 21:01:23.978 5682 5714 E eglCodecCommon: glUtilsParamSize: unknow param 0x00008caa
04-16 21:01:23.993 5682 5714 E eglCodecCommon: glUtilsParamSize: unknow param 0x00008caa
04-16 21:01:24.003 5682 5714 E eglCodecCommon: glUtilsParamSize: unknow param 0x00008caa
04-16 21:01:24.019 5682 5714 E eglCodecCommon: glUtilsParamSize: unknow param 0x00000d02
04-16 21:01:24.031 5682 5714 E eglCodecCommon: glUtilsParamSize: unknow param 0x00008caa
04-16 21:01:24.043 5601 5616 I Gecko : 1744837284042 Marionette INFO No differences allowed
04-16 21:01:24.128 5601 5616 I Gecko : 1744837284128 Marionette INFO Testing http://web-platform.test:8000/css/CSS2/lists/list-style-position-018.xht == http://web-platform.test:8000/css/CSS2/lists/list-style-position-018-ref.xht
04-16 21:01:24.170 5601 5616 E GeckoConsole: [JavaScript Error: "TypeError: can't access property "nodePrincipal", this.contentDocument is null" {file: "chrome://global/content/elements/browser-custom-element.js" line: 661}]
04-16 21:01:24.170 5601 5616 E GeckoConsole: get contentPrincipal@chrome://global/content/elements/browser-custom-element.js:661:1
04-16 21:01:24.170 5601 5616 E GeckoConsole: onLocationChange@resource://gre/modules/GeckoViewNavigation.sys.mjs:640:34
04-16 21:01:24.187 5601 5616 E GeckoConsole: [JavaScript Error: "TypeError: can't access property "title", this.contentDocument is null" {file: "chrome://global/content/elements/browser-custom-element.js" line: 630}]
04-16 21:01:24.187 5601 5616 E GeckoConsole: get contentTitle@chrome://global/content/elements/browser-custom-element.js:630:1
04-16 21:01:24.187 5601 5616 E GeckoConsole: handleEvent@resource://gre/modules/GeckoViewContent.sys.mjs:379:11
04-16 21:01:24.220 5682 5714 E eglCodecCommon: glUtilsParamSize: unknow param 0x00008caa
04-16 21:01:24.274 5682 5714 E eglCodecCommon: glUtilsParamSize: unknow param 0x00008caa
04-16 21:01:24.285 5682 5714 E eglCodecCommon: glUtilsParamSize: unknow param 0x00008caa
04-16 21:01:24.300 5682 5714 E eglCodecCommon: glUtilsParamSize: unknow param 0x00008caa
04-16 21:01:24.310 5682 5714 E eglCodecCommon: glUtilsParamSize: unknow param 0x00000d02
04-16 21:01:24.320 5682 5714 E eglCodecCommon: glUtilsParamSize: unknow param 0x00008caa
04-16 21:01:24.373 5601 5616 W GeckoEventDispatcher: No listener for GeckoView:StateUpdated
04-16 21:01:24.398 5601 5616 E GeckoConsole: [JavaScript Error: "TypeError: can't access property "nodePrincipal", this.contentDocument is null" {file: "chrome://global/content/elements/browser-custom-element.js" line: 661}]
04-16 21:01:24.398 5601 5616 E GeckoConsole: get contentPrincipal@chrome://global/content/elements/browser-custom-element.js:661:1
04-16 21:01:24.398 5601 5616 E GeckoConsole: onLocationChange@resource://gre/modules/GeckoViewNavigation.sys.mjs:640:34
04-16 21:01:24.416 5601 5616 E GeckoConsole: [JavaScript Error: "TypeError: can't access property "title", this.contentDocument is null" {file: "chrome://global/content/elements/browser-custom-element.js" line: 630}]
04-16 21:01:24.416 5601 5616 E GeckoConsole: get contentTitle@chrome://global/content/elements/browser-custom-element.js:630:1
04-16 21:01:24.416 5601 5616 E GeckoConsole: handleEvent@resource://gre/modules/GeckoViewContent.sys.mjs:379:11
04-16 21:01:24.453 5682 5714 E eglCodecCommon: glUtilsParamSize: unknow param 0x00008caa
04-16 21:01:24.509 5682 5714 E eglCodecCommon: glUtilsParamSize: unknow param 0x00008caa
04-16 21:01:24.519 5682 5714 E eglCodecCommon: glUtilsParamSize: unknow param 0x00008caa
04-16 21:01:24.534 5682 5714 E eglCodecCommon: glUtilsParamSize: unknow param 0x00008caa
04-16 21:01:24.543 5682 5714 E eglCodecCommon: glUtilsParamSize: unknow param 0x00000d02
04-16 21:01:24.564 5682 5714 E eglCodecCommon: glUtilsParamSize: unknow param 0x00008caa
04-16 21:01:24.564 5601 5616 I Gecko : 1744837284564 Marionette INFO No differences allowed
04-16 21:01:24.651 5601 5616 I Gecko : 1744837284651 Marionette INFO Testing http://web-platform.test:8000/css/CSS2/lists/list-style-position-023.xht == http://web-platform.test:8000/css/CSS2/lists/list-style-position-023-ref.xht
04-16 21:01:24.696 5601 5616 E GeckoConsole: [JavaScript Error: "TypeError: can't access property "nodePrincipal", this.contentDocument is null" {file: "chrome://global/content/elements/browser-custom-element.js" line: 661}]
04-16 21:01:24.696 5601 5616 E GeckoConsole: get contentPrincipal@chrome://global/content/elements/browser-custom-element.js:661:1
04-16 21:01:24.696 5601 5616 E GeckoConsole: onLocationChange@resource://gre/modules/GeckoViewNavigation.sys.mjs:640:34
04-16 21:01:24.711 5601 5616 E GeckoConsole: [JavaScript Error: "TypeError: can't access property "title", this.contentDocument is null" {file: "chrome://global/content/elements/browser-custom-element.js" line: 630}]
04-16 21:01:24.711 5601 5616 E GeckoConsole: get contentTitle@chrome://global/content/elements/browser-custom-element.js:630:1
04-16 21:01:24.711 5601 5616 E GeckoConsole: handleEvent@resource://gre/modules/GeckoViewContent.sys.mjs:379:11
04-16 21:01:24.737 5682 5714 E eglCodecCommon: glUtilsParamSize: unknow param 0x00008caa
04-16 21:01:24.769 5682 5714 E eglCodecCommon: glUtilsParamSize: unknow param 0x00008caa
04-16 21:01:24.794 5682 5714 E eglCodecCommon: glUtilsParamSize: unknow param 0x00008caa
04-16 21:01:24.805 5682 5714 E eglCodecCommon: glUtilsParamSize: unknow param 0x00008caa
04-16 21:01:24.827 5682 5714 E eglCodecCommon: glUtilsParamSize: unknow param 0x00008caa
04-16 21:01:24.838 5682 5714 E eglCodecCommon: glUtilsParamSize: unknow param 0x00000d02
04-16 21:01:24.847 5682 5714 E eglCodecCommon: glUtilsParamSize: unknow param 0x00008caa
04-16 21:01:24.920 5601 5616 E GeckoConsole: [JavaScript Error: "TypeError: can't access property "nodePrincipal", this.contentDocument is null" {file: "chrome://global/content/elements/browser-custom-element.js" line: 661}]
04-16 21:01:24.920 5601 5616 E GeckoConsole: get contentPrincipal@chrome://global/content/elements/browser-custom-element.js:661:1
04-16 21:01:24.920 5601 5616 E GeckoConsole: onLocationChange@resource://gre/modules/GeckoViewNavigation.sys.mjs:640:34
04-16 21:01:24.940 5601 5616 E GeckoConsole: [JavaScript Error: "TypeError: can't access property "title", this.contentDocument is null" {file: "chrome://global/content/elements/browser-custom-element.js" line: 630}]
04-16 21:01:24.940 5601 5616 E GeckoConsole: get contentTitle@chrome://global/content/elements/browser-custom-element.js:630:1
04-16 21:01:24.940 5601 5616 E GeckoConsole: handleEvent@resource://gre/modules/GeckoViewContent.sys.mjs:379:11
04-16 21:01:24.970 5682 5714 E eglCodecCommon: glUtilsParamSize: unknow param 0x00008caa
04-16 21:01:25.004 5682 5714 E eglCodecCommon: glUtilsParamSize: unknow param 0x00008caa
04-16 21:01:25.025 5682 5714 E eglCodecCommon: glUtilsParamSize: unknow param 0x00008caa
04-16 21:01:25.037 5682 5714 E eglCodecCommon: glUtilsParamSize: unknow param 0x00008caa
04-16 21:01:25.064 5682 5714 E eglCodecCommon: glUtilsParamSize: unknow param 0x00008caa
04-16 21:01:25.071 5682 5714 E eglCodecCommon: glUtilsParamSize: unknow param 0x00000d02
04-16 21:01:25.085 5682 5714 E eglCodecCommon: glUtilsParamSize: unknow param 0x00008caa
04-16 21:01:25.094 5601 5616 I Gecko : 1744837285093 Marionette INFO No differences allowed
04-16 21:01:25.179 5601 5616 I Gecko : 1744837285179 Marionette INFO Testing http://web-platform.test:8000/css/CSS2/lists/list-style-position-024.xht == http://web-platform.test:8000/css/CSS2/lists/list-style-position-024-ref.xht
04-16 21:01:25.220 5601 5616 E GeckoConsole: [JavaScript Error: "TypeError: can't access property "nodePrincipal", this.contentDocument is null" {file: "chrome://global/content/elements/browser-custom-element.js" line: 661}]
04-16 21:01:25.220 5601 5616 E GeckoConsole: get contentPrincipal@chrome://global/content/elements/browser-custom-element.js:661:1
04-16 21:01:25.220 5601 5616 E GeckoConsole: onLocationChange@resource://gre/modules/GeckoViewNavigation.sys.mjs:640:34
04-16 21:01:25.227 5635 5653 W Web Content: [JavaScript Warning: "When rendering the element, the used values of CSS properties “writing-mode”, “direction”, and “text-orientation” on the element are taken from the computed values of the element, not from the element’s own values. Consider setting these properties on the :root CSS pseudo-class. For more information see “The Principal Writing Mode” in https://www.w3.org/TR/css-writing-modes-3/#principal-flow" {file: "http://web-platform.test:8000/css/CSS2/lists/list-style-position-024-ref.xht" line: 0}]
04-16 21:01:25.238 5601 5616 E GeckoConsole: [JavaScript Error: "TypeError: can't access property "title", this.contentDocument is null" {file: "chrome://global/content/elements/browser-custom-element.js" line: 630}]
04-16 21:01:25.238 5601 5616 E GeckoConsole: get contentTitle@chrome://global/content/elements/browser-custom-element.js:630:1
04-16 21:01:25.238 5601 5616 E GeckoConsole: handleEvent@resource://gre/modules/GeckoViewContent.sys.mjs:379:11
04-16 21:01:25.270 5682 5714 E eglCodecCommon: glUtilsParamSize: unknow param 0x00008caa
04-16 21:01:25.303 5682 5714 E eglCodecCommon: glUtilsParamSize: unknow param 0x00008caa
04-16 21:01:25.325 5682 5714 E eglCodecCommon: glUtilsParamSize: unknow param 0x00008caa
04-16 21:01:25.337 5682 5714 E eglCodecCommon: glUtilsParamSize: unknow param 0x00008caa
04-16 21:01:25.355 5682 5714 E eglCodecCommon: glUtilsParamSize: unknow param 0x00008caa
04-16 21:01:25.365 5682 5714 E eglCodecCommon: glUtilsParamSize: unknow param 0x00000d02
04-16 21:01:25.378 5682 5714 E eglCodecCommon: glUtilsParamSize: unknow param 0x00008caa
04-16 21:01:25.396 5601 5616 W GeckoEventDispatcher: No listener for GeckoView:StateUpdated
04-16 21:01:25.451 5601 5616 E GeckoConsole: [JavaScript Error: "TypeError: can't access property "nodePrincipal", this.contentDocument is null" {file: "chrome://global/content/elements/browser-custom-element.js" line: 661}]
04-16 21:01:25.451 5601 5616 E GeckoConsole: get contentPrincipal@chrome://global/content/elements/browser-custom-element.js:661:1
04-16 21:01:25.451 5601 5616 E GeckoConsole: onLocationChange@resource://gre/modules/GeckoViewNavigation.sys.mjs:640:34
04-16 21:01:25.470 5601 5616 E GeckoConsole: [JavaScript Error: "TypeError: can't access property "title", this.contentDocument is null" {file: "chrome://global/content/elements/browser-custom-element.js" line: 630}]
04-16 21:01:25.470 5601 5616 E GeckoConsole: get contentTitle@chrome://global/content/elements/browser-custom-element.js:630:1
04-16 21:01:25.470 5601 5616 E GeckoConsole: handleEvent@resource://gre/modules/GeckoViewContent.sys.mjs:379:11
04-16 21:01:25.503 5682 5714 E eglCodecCommon: glUtilsParamSize: unknow param 0x00008caa
04-16 21:01:25.537 5682 5714 E eglCodecCommon: glUtilsParamSize: unknow param 0x00008caa
04-16 21:01:25.559 5682 5714 E eglCodecCommon: glUtilsParamSize: unknow param 0x00008caa
04-16 21:01:25.570 5682 5714 E eglCodecCommon: glUtilsParamSize: unknow param 0x00008caa
04-16 21:01:25.589 5682 5714 E eglCodecCommon: glUtilsParamSize: unknow param 0x00008caa
04-16 21:01:25.598 5682 5714 E eglCodecCommon: glUtilsParamSize: unknow param 0x00000d02
04-16 21:01:25.612 5682 5714 E eglCodecCommon: glUtilsParamSize: unknow param 0x00008caa
04-16 21:01:25.623 5601 5616 I Gecko : 1744837285623 Marionette INFO No differences allowed
04-16 21:01:25.707 5601 5616 I Gecko : 1744837285707 Marionette INFO Testing http://web-platform.test:8000/css/CSS2/lists/list-style-type-applies-to-001.xht == http://web-platform.test:8000/css/reference/single_square_list_marker.xht
04-16 21:01:25.749 5601 5616 E GeckoConsole: [JavaScript Error: "TypeError: can't access property "nodePrincipal", this.contentDocument is null" {file: "chrome://global/content/elements/browser-custom-element.js" line: 661}]
04-16 21:01:25.749 5601 5616 E GeckoConsole: get contentPrincipal@chrome://global/content/elements/browser-custom-element.js:661:1
04-16 21:01:25.749 5601 5616 E GeckoConsole: onLocationChange@resource://gre/modules/GeckoViewNavigation.sys.mjs:640:34
04-16 21:01:25.766 5601 5616 E GeckoConsole: [JavaScript Error: "TypeError: can't access property "title", this.contentDocument is null" {file: "chrome://global/content/elements/browser-custom-element.js" line: 630}]
04-16 21:01:25.766 5601 5616 E GeckoConsole: get contentTitle@chrome://global/content/elements/browser-custom-element.js:630:1
04-16 21:01:25.766 5601 5616 E GeckoConsole: handleEvent@resource://gre/modules/GeckoViewContent.sys.mjs:379:11
04-16 21:01:25.803 5682 5714 E eglCodecCommon: glUtilsParamSize: unknow param 0x00008caa
04-16 21:01:25.859 5682 5714 E eglCodecCommon: glUtilsParamSize: unknow param 0x00008caa
04-16 21:01:25.870 5682 5714 E eglCodecCommon: glUtilsParamSize: unknow param 0x00008caa
04-16 21:01:25.884 5682 5714 E eglCodecCommon: glUtilsParamSize: unknow param 0x00008caa
04-16 21:01:25.896 5682 5714 E eglCodecCommon: glUtilsParamSize: unknow param 0x00000d02
04-16 21:01:25.907 5682 5714 E eglCodecCommon: glUtilsParamSize: unknow param 0x00008caa
04-16 21:01:25.915 5601 5616 I Gecko : 1744837285915 Marionette INFO No differences allowed
04-16 21:01:26.011 5601 5616 I Gecko : 1744837286011 Marionette INFO Testing http://web-platform.test:8000/css/CSS2/lists/list-style-type-applies-to-002.xht == http://web-platform.test:8000/css/reference/single_square_list_marker.xht
04-16 21:01:26.063 5601 5616 E GeckoConsole: [JavaScript Error: "TypeError: can't access property "nodePrincipal", this.contentDocument is null" {file: "chrome://global/content/elements/browser-custom-element.js" line: 661}]
04-16 21:01:26.063 5601 5616 E GeckoConsole: get contentPrincipal@chrome://global/content/elements/browser-custom-element.js:661:1
04-16 21:01:26.063 5601 5616 E GeckoConsole: onLocationChange@resource://gre/modules/GeckoViewNavigation.sys.mjs:640:34
04-16 21:01:26.080 5601 5616 E GeckoConsole: [JavaScript Error: "TypeError: can't access property "title", this.contentDocument is null" {file: "chrome://global/content/elements/browser-custom-element.js" line: 630}]
04-16 21:01:26.080 5601 5616 E GeckoConsole: get contentTitle@chrome://global/content/elements/browser-custom-element.js:630:1
04-16 21:01:26.080 5601 5616 E GeckoConsole: handleEvent@resource://gre/modules/GeckoViewContent.sys.mjs:379:11
04-16 21:01:26.103 5682 5714 E eglCodecCommon: glUtilsParamSize: unknow param 0x00008caa
04-16 21:01:26.159 5682 5714 E eglCodecCommon: glUtilsParamSize: unknow param 0x00008caa
04-16 21:01:26.171 5682 5714 E eglCodecCommon: glUtilsParamSize: unknow param 0x00008caa
04-16 21:01:26.184 5682 5714 E eglCodecCommon: glUtilsParamSize: unknow param 0x00008caa
04-16 21:01:26.195 5682 5714 E eglCodecCommon: glUtilsParamSize: unknow param 0x00000d02
04-16 21:01:26.206 5682 5714 E eglCodecCommon: glUtilsParamSize: unknow param 0x00008caa
04-16 21:01:26.215 5601 5616 I Gecko : 1744837286214 Marionette INFO No differences allowed
04-16 21:01:26.314 5601 5616 I Gecko : 1744837286314 Marionette INFO Testing http://web-platform.test:8000/css/CSS2/lists/list-style-type-applies-to-003.xht == http://web-platform.test:8000/css/reference/single_square_list_marker.xht
04-16 21:01:26.358 5601 5616 E GeckoConsole: [JavaScript Error: "TypeError: can't access property "nodePrincipal", this.contentDocument is null" {file: "chrome://global/content/elements/browser-custom-element.js" line: 661}]
04-16 21:01:26.358 5601 5616 E GeckoConsole: get contentPrincipal@chrome://global/content/elements/browser-custom-element.js:661:1
04-16 21:01:26.358 5601 5616 E GeckoConsole: onLocationChange@resource://gre/modules/GeckoViewNavigation.sys.mjs:640:34
04-16 21:01:26.374 5601 5616 E GeckoConsole: [JavaScript Error: "TypeError: can't access property "title", this.contentDocument is null" {file: "chrome://global/content/elements/browser-custom-element.js" line: 630}]
04-16 21:01:26.374 5601 5616 E GeckoConsole: get contentTitle@chrome://global/content/elements/browser-custom-element.js:630:1
04-16 21:01:26.374 5601 5616 E GeckoConsole: handleEvent@resource://gre/modules/GeckoViewContent.sys.mjs:379:11
04-16 21:01:26.403 5682 5714 E eglCodecCommon: glUtilsParamSize: unknow param 0x00008caa
04-16 21:01:26.441 5682 5714 E eglCodecCommon: glUtilsParamSize: unknow param 0x00008caa
04-16 21:01:26.452 5682 5714 E eglCodecCommon: glUtilsParamSize: unknow param 0x00008caa
04-16 21:01:26.467 5682 5714 E eglCodecCommon: glUtilsParamSize: unknow param 0x00008caa
04-16 21:01:26.477 5682 5714 E eglCodecCommon: glUtilsParamSize: unknow param 0x00000d02
04-16 21:01:26.488 5682 5714 E eglCodecCommon: glUtilsParamSize: unknow param 0x00008caa
04-16 21:01:26.495 5601 5616 I Gecko : 1744837286495 Marionette INFO No differences allowed
04-16 21:01:26.537 5601 5616 W GeckoEventDispatcher: No listener for GeckoView:StateUpdated
04-16 21:01:26.585 5601 5616 I Gecko : 1744837286585 Marionette INFO Testing http://web-platform.test:8000/css/CSS2/lists/list-style-type-applies-to-004.xht == http://web-platform.test:8000/css/reference/single_square_list_marker.xht
04-16 21:01:26.628 5601 5616 E GeckoConsole: [JavaScript Error: "TypeError: can't access property "nodePrincipal", this.contentDocument is null" {file: "chrome://global/content/elements/browser-custom-element.js" line: 661}]
04-16 21:01:26.628 5601 5616 E GeckoConsole: get contentPrincipal@chrome://global/content/elements/browser-custom-element.js:661:1
04-16 21:01:26.628 5601 5616 E GeckoConsole: onLocationChange@resource://gre/modules/GeckoViewNavigation.sys.mjs:640:34
04-16 21:01:26.643 5601 5616 E GeckoConsole: [JavaScript Error: "TypeError: can't access property "title", this.contentDocument is null" {file: "chrome://global/content/elements/browser-custom-element.js" line: 630}]
04-16 21:01:26.643 5601 5616 E GeckoConsole: get contentTitle@chrome://global/content/elements/browser-custom-element.js:630:1
04-16 21:01:26.643 5601 5616 E GeckoConsole: handleEvent@resource://gre/modules/GeckoViewContent.sys.mjs:379:11
04-16 21:01:26.669 5682 5714 E eglCodecCommon: glUtilsParamSize: unknow param 0x00008caa
04-16 21:01:26.708 5682 5714 E eglCodecCommon: glUtilsParamSize: unknow param 0x00008caa
04-16 21:01:26.718 5682 5714 E eglCodecCommon: glUtilsParamSize: unknow param 0x00008caa
04-16 21:01:26.734 5682 5714 E eglCodecCommon: glUtilsParamSize: unknow param 0x00008caa
04-16 21:01:26.744 5682 5714 E eglCodecCommon: glUtilsParamSize: unknow param 0x00000d02
04-16 21:01:26.759 5682 5714 E eglCodecCommon: glUtilsParamSize: unknow param 0x00008caa
04-16 21:01:26.766 5601 5616 I Gecko : 1744837286766 Marionette INFO No differences allowed
04-16 21:01:26.848 5601 5616 I Gecko : 1744837286848 Marionette INFO Testing http://web-platform.test:8000/css/CSS2/lists/list-style-type-applies-to-007.xht == http://web-platform.test:8000/css/reference/single_square_list_marker.xht
04-16 21:01:26.891 5601 5616 E GeckoConsole: [JavaScript Error: "TypeError: can't access property "nodePrincipal", this.contentDocument is null" {file: "chrome://global/content/elements/browser-custom-element.js" line: 661}]
04-16 21:01:26.891 5601 5616 E GeckoConsole: get contentPrincipal@chrome://global/content/elements/browser-custom-element.js:661:1
04-16 21:01:26.891 5601 5616 E GeckoConsole: onLocationChange@resource://gre/modules/GeckoViewNavigation.sys.mjs:640:34
04-16 21:01:26.908 5601 5616 E GeckoConsole: [JavaScript Error: "TypeError: can't access property "title", this.contentDocument is null" {file: "chrome://global/content/elements/browser-custom-element.js" line: 630}]
04-16 21:01:26.908 5601 5616 E GeckoConsole: get contentTitle@chrome://global/content/elements/browser-custom-element.js:630:1
04-16 21:01:26.908 5601 5616 E GeckoConsole: handleEvent@resource://gre/modules/GeckoViewContent.sys.mjs:379:11
04-16 21:01:26.936 5682 5714 E eglCodecCommon: glUtilsParamSize: unknow param 0x00008caa
04-16 21:01:26.976 5682 5714 E eglCodecCommon: glUtilsParamSize: unknow param 0x00008caa
04-16 21:01:26.988 5682 5714 E eglCodecCommon: glUtilsParamSize: unknow param 0x00008caa
04-16 21:01:27.000 5682 5714 E eglCodecCommon: glUtilsParamSize: unknow param 0x00008caa
04-16 21:01:27.010 5682 5714 E eglCodecCommon: glUtilsParamSize: unknow param 0x00000d02
04-16 21:01:27.027 5682 5714 E eglCodecCommon: glUtilsParamSize: unknow param 0x00008caa
04-16 21:01:27.030 5601 5616 I Gecko : 1744837287030 Marionette INFO No differences allowed
04-16 21:01:27.118 5601 5616 I Gecko : 1744837287118 Marionette INFO Testing http://web-platform.test:8000/css/CSS2/lists/list-style-type-applies-to-008.xht == http://web-platform.test:8000/css/reference/single_square_list_marker.xht
04-16 21:01:27.165 5601 5616 E GeckoConsole: [JavaScript Error: "TypeError: can't access property "nodePrincipal", this.contentDocument is null" {file: "chrome://global/content/elements/browser-custom-element.js" line: 661}]
04-16 21:01:27.165 5601 5616 E GeckoConsole: get contentPrincipal@chrome://global/content/elements/browser-custom-element.js:661:1
04-16 21:01:27.165 5601 5616 E GeckoConsole: onLocationChange@resource://gre/modules/GeckoViewNavigation.sys.mjs:640:34
04-16 21:01:27.181 5601 5616 E GeckoConsole: [JavaScript Error: "TypeError: can't access property "title", this.contentDocument is null" {file: "chrome://global/content/elements/browser-custom-element.js" line: 630}]
04-16 21:01:27.181 5601 5616 E GeckoConsole: get contentTitle@chrome://global/content/elements/browser-custom-element.js:630:1
04-16 21:01:27.181 5601 5616 E GeckoConsole: handleEvent@resource://gre/modules/GeckoViewContent.sys.mjs:379:11
04-16 21:01:27.205 5682 5714 E eglCodecCommon: glUtilsParamSize: unknow param 0x00008caa
04-16 21:01:27.258 5682 5714 E eglCodecCommon: glUtilsParamSize: unknow param 0x00008caa
04-16 21:01:27.269 5682 5714 E eglCodecCommon: glUtilsParamSize: unknow param 0x00008caa
04-16 21:01:27.284 5682 5714 E eglCodecCommon: glUtilsParamSize: unknow param 0x00008caa
04-16 21:01:27.295 5682 5714 E eglCodecCommon: glUtilsParamSize: unknow param 0x00000d02
04-16 21:01:27.307 5682 5714 E eglCodecCommon: glUtilsParamSize: unknow param 0x00008caa
04-16 21:01:27.315 5601 5616 I Gecko : 1744837287314 Marionette INFO No differences allowed
04-16 21:01:27.400 5601 5616 I Gecko : 1744837287400 Marionette INFO Testing http://web-platform.test:8000/css/CSS2/lists/list-style-type-applies-to-009.xht == http://web-platform.test:8000/css/reference/single_square_list_marker.xht
04-16 21:01:27.443 5601 5616 E GeckoConsole: [JavaScript Error: "TypeError: can't access property "nodePrincipal", this.contentDocument is null" {file: "chrome://global/content/elements/browser-custom-element.js" line: 661}]
04-16 21:01:27.443 5601 5616 E GeckoConsole: get contentPrincipal@chrome://global/content/elements/browser-custom-element.js:661:1
04-16 21:01:27.443 5601 5616 E GeckoConsole: onLocationChange@resource://gre/modules/GeckoViewNavigation.sys.mjs:640:34
04-16 21:01:27.460 5601 5616 E GeckoConsole: [JavaScript Error: "TypeError: can't access property "title", this.contentDocument is null" {file: "chrome://global/content/elements/browser-custom-element.js" line: 630}]
04-16 21:01:27.460 5601 5616 E GeckoConsole: get contentTitle@chrome://global/content/elements/browser-custom-element.js:630:1
04-16 21:01:27.460 5601 5616 E GeckoConsole: handleEvent@resource://gre/modules/GeckoViewContent.sys.mjs:379:11
04-16 21:01:27.486 5682 5714 E eglCodecCommon: glUtilsParamSize: unknow param 0x00008caa
04-16 21:01:27.524 5682 5714 E eglCodecCommon: glUtilsParamSize: unknow param 0x00008caa
04-16 21:01:27.535 5682 5714 E eglCodecCommon: glUtilsParamSize: unknow param 0x00008caa
04-16 21:01:27.550 5682 5714 E eglCodecCommon: glUtilsParamSize: unknow param 0x00008caa
04-16 21:01:27.560 5682 5714 E eglCodecCommon: glUtilsParamSize: unknow param 0x00000d02
04-16 21:01:27.572 5682 5714 E eglCodecCommon: glUtilsParamSize: unknow param 0x00008caa
04-16 21:01:27.581 5601 5616 I Gecko : 1744837287581 Marionette INFO No differences allowed
04-16 21:01:27.635 5601 5616 W GeckoEventDispatcher: No listener for GeckoView:StateUpdated
04-16 21:01:27.674 5601 5616 I Gecko : 1744837287674 Marionette INFO Testing http://web-platform.test:8000/css/CSS2/lists/list-style-type-applies-to-010.xht == http://web-platform.test:8000/css/reference/single_square_list_marker.xht
04-16 21:01:27.716 5601 5616 E GeckoConsole: [JavaScript Error: "TypeError: can't access property "nodePrincipal", this.contentDocument is null" {file: "chrome://global/content/elements/browser-custom-element.js" line: 661}]
04-16 21:01:27.716 5601 5616 E GeckoConsole: get contentPrincipal@chrome://global/content/elements/browser-custom-element.js:661:1
04-16 21:01:27.716 5601 5616 E GeckoConsole: onLocationChange@resource://gre/modules/GeckoViewNavigation.sys.mjs:640:34
04-16 21:01:27.731 5601 5616 E GeckoConsole: [JavaScript Error: "TypeError: can't access property "title", this.contentDocument is null" {file: "chrome://global/content/elements/browser-custom-element.js" line: 630}]
04-16 21:01:27.731 5601 5616 E GeckoConsole: get contentTitle@chrome://global/content/elements/browser-custom-element.js:630:1
04-16 21:01:27.731 5601 5616 E GeckoConsole: handleEvent@resource://gre/modules/GeckoViewContent.sys.mjs:379:11
04-16 21:01:27.770 5682 5714 E eglCodecCommon: glUtilsParamSize: unknow param 0x00008caa
04-16 21:01:27.809 5682 5714 E eglCodecCommon: glUtilsParamSize: unknow param 0x00008caa
04-16 21:01:27.819 5682 5714 E eglCodecCommon: glUtilsParamSize: unknow param 0x00008caa
04-16 21:01:27.834 5682 5714 E eglCodecCommon: glUtilsParamSize: unknow param 0x00008caa
04-16 21:01:27.844 5682 5714 E eglCodecCommon: glUtilsParamSize: unknow param 0x00000d02
04-16 21:01:27.854 5682 5714 E eglCodecCommon: glUtilsParamSize: unknow param 0x00008caa
04-16 21:01:27.867 5601 5616 I Gecko : 1744837287867 Marionette INFO No differences allowed
04-16 21:01:27.957 5601 5616 I Gecko : 1744837287956 Marionette INFO Testing http://web-platform.test:8000/css/CSS2/lists/list-style-type-applies-to-012.xht == http://web-platform.test:8000/css/reference/single_square_list_marker.xht
04-16 21:01:27.996 5601 5616 E GeckoConsole: [JavaScript Error: "TypeError: can't access property "nodePrincipal", this.contentDocument is null" {file: "chrome://global/content/elements/browser-custom-element.js" line: 661}]
04-16 21:01:27.996 5601 5616 E GeckoConsole: get contentPrincipal@chrome://global/content/elements/browser-custom-element.js:661:1
04-16 21:01:27.996 5601 5616 E GeckoConsole: onLocationChange@resource://gre/modules/GeckoViewNavigation.sys.mjs:640:34
04-16 21:01:28.012 5601 5616 E GeckoConsole: [JavaScript Error: "TypeError: can't access property "title", this.contentDocument is null" {file: "chrome://global/content/elements/browser-custom-element.js" line: 630}]
04-16 21:01:28.012 5601 5616 E GeckoConsole: get contentTitle@chrome://global/content/elements/browser-custom-element.js:630:1
04-16 21:01:28.012 5601 5616 E GeckoConsole: handleEvent@resource://gre/modules/GeckoViewContent.sys.mjs:379:11
04-16 21:01:28.036 5682 5714 E eglCodecCommon: glUtilsParamSize: unknow param 0x00008caa
04-16 21:01:28.074 5682 5714 E eglCodecCommon: glUtilsParamSize: unknow param 0x00008caa
04-16 21:01:28.085 5682 5714 E eglCodecCommon: glUtilsParamSize: unknow param 0x00008caa
04-16 21:01:28.101 5682 5714 E eglCodecCommon: glUtilsParamSize: unknow param 0x00008caa
04-16 21:01:28.110 5682 5714 E eglCodecCommon: glUtilsParamSize: unknow param 0x00000d02
04-16 21:01:28.121 5682 5714 E eglCodecCommon: glUtilsParamSize: unknow param 0x00008caa
04-16 21:01:28.134 5601 5616 I Gecko : 1744837288134 Marionette INFO No differences allowed
04-16 21:01:28.224 5601 5616 I Gecko : 1744837288224 Marionette INFO Testing http://web-platform.test:8000/css/CSS2/lists/list-style-type-applies-to-013.xht == http://web-platform.test:8000/css/reference/single_square_list_marker.xht
04-16 21:01:28.271 5601 5616 E GeckoConsole: [JavaScript Error: "TypeError: can't access property "nodePrincipal", this.contentDocument is null" {file: "chrome://global/content/elements/browser-custom-element.js" line: 661}]
04-16 21:01:28.271 5601 5616 E GeckoConsole: get contentPrincipal@chrome://global/content/elements/browser-custom-element.js:661:1
04-16 21:01:28.271 5601 5616 E GeckoConsole: onLocationChange@resource://gre/modules/GeckoViewNavigation.sys.mjs:640:34
04-16 21:01:28.288 5601 5616 E GeckoConsole: [JavaScript Error: "TypeError: can't access property "title", this.contentDocument is null" {file: "chrome://global/content/elements/browser-custom-element.js" line: 630}]
04-16 21:01:28.288 5601 5616 E GeckoConsole: get contentTitle@chrome://global/content/elements/browser-custom-element.js:630:1
04-16 21:01:28.288 5601 5616 E GeckoConsole: handleEvent@resource://gre/modules/GeckoViewContent.sys.mjs:379:11
04-16 21:01:28.321 5682 5714 E eglCodecCommon: glUtilsParamSize: unknow param 0x00008caa
04-16 21:01:28.358 5682 5714 E eglCodecCommon: glUtilsParamSize: unknow param 0x00008caa
04-16 21:01:28.367 5682 5714 E eglCodecCommon: glUtilsParamSize: unknow param 0x00008caa
04-16 21:01:28.384 5682 5714 E eglCodecCommon: glUtilsParamSize: unknow param 0x00008caa
04-16 21:01:28.393 5682 5714 E eglCodecCommon: glUtilsParamSize: unknow param 0x00000d02
04-16 21:01:28.412 5682 5714 E eglCodecCommon: glUtilsParamSize: unknow param 0x00008caa
04-16 21:01:28.421 5601 5616 I Gecko : 1744837288421 Marionette INFO No differences allowed
04-16 21:01:28.509 5601 5616 I Gecko : 1744837288509 Marionette INFO Testing http://web-platform.test:8000/css/CSS2/lists/list-style-type-applies-to-014.xht == http://web-platform.test:8000/css/reference/single_square_list_marker.xht
04-16 21:01:28.552 5601 5616 E GeckoConsole: [JavaScript Error: "TypeError: can't access property "nodePrincipal", this.contentDocument is null" {file: "chrome://global/content/elements/browser-custom-element.js" line: 661}]
04-16 21:01:28.552 5601 5616 E GeckoConsole: get contentPrincipal@chrome://global/content/elements/browser-custom-element.js:661:1
04-16 21:01:28.552 5601 5616 E GeckoConsole: onLocationChange@resource://gre/modules/GeckoViewNavigation.sys.mjs:640:34
04-16 21:01:28.570 5601 5616 E GeckoConsole: [JavaScript Error: "TypeError: can't access property "title", this.contentDocument is null" {file: "chrome://global/content/elements/browser-custom-element.js" line: 630}]
04-16 21:01:28.570 5601 5616 E GeckoConsole: get contentTitle@chrome://global/content/elements/browser-custom-element.js:630:1
04-16 21:01:28.570 5601 5616 E GeckoConsole: handleEvent@resource://gre/modules/GeckoViewContent.sys.mjs:379:11
04-16 21:01:28.603 5682 5714 E eglCodecCommon: glUtilsParamSize: unknow param 0x00008caa
04-16 21:01:28.658 5682 5714 E eglCodecCommon: glUtilsParamSize: unknow param 0x00008caa
04-16 21:01:28.669 5682 5714 E eglCodecCommon: glUtilsParamSize: unknow param 0x00008caa
04-16 21:01:28.684 5682 5714 E eglCodecCommon: glUtilsParamSize: unknow param 0x00008caa
04-16 21:01:28.695 5682 5714 E eglCodecCommon: glUtilsParamSize: unknow param 0x00000d02
04-16 21:01:28.710 5682 5714 E eglCodecCommon: glUtilsParamSize: unknow param 0x00008caa
04-16 21:01:28.716 5601 5616 I Gecko : 1744837288715 Marionette INFO No differences allowed
04-16 21:01:28.735 5601 5616 W GeckoEventDispatcher: No listener for GeckoView:StateUpdated
04-16 21:01:28.808 5601 5616 I Gecko : 1744837288808 Marionette INFO Testing http://web-platform.test:8000/css/CSS2/lists/list-style-type-applies-to-015.xht == http://web-platform.test:8000/css/reference/single_square_list_marker.xht
04-16 21:01:28.853 5601 5616 E GeckoConsole: [JavaScript Error: "TypeError: can't access property "nodePrincipal", this.contentDocument is null" {file: "chrome://global/content/elements/browser-custom-element.js" line: 661}]
04-16 21:01:28.853 5601 5616 E GeckoConsole: get contentPrincipal@chrome://global/content/elements/browser-custom-element.js:661:1
04-16 21:01:28.853 5601 5616 E GeckoConsole: onLocationChange@resource://gre/modules/GeckoViewNavigation.sys.mjs:640:34
04-16 21:01:28.870 5601 5616 E GeckoConsole: [JavaScript Error: "TypeError: can't access property "title", this.contentDocument is null" {file: "chrome://global/content/elements/browser-custom-element.js" line: 630}]
04-16 21:01:28.870 5601 5616 E GeckoConsole: get contentTitle@chrome://global/content/elements/browser-custom-element.js:630:1
04-16 21:01:28.870 5601 5616 E GeckoConsole: handleEvent@resource://gre/modules/GeckoViewContent.sys.mjs:379:11
04-16 21:01:28.902 5682 5714 E eglCodecCommon: glUtilsParamSize: unknow param 0x00008caa
04-16 21:01:28.942 5682 5714 E eglCodecCommon: glUtilsParamSize: unknow param 0x00008caa
04-16 21:01:28.953 5682 5714 E eglCodecCommon: glUtilsParamSize: unknow param 0x00008caa
04-16 21:01:28.967 5682 5714 E eglCodecCommon: glUtilsParamSize: unknow param 0x00008caa
04-16 21:01:28.978 5682 5714 E eglCodecCommon: glUtilsParamSize: unknow param 0x00000d02
04-16 21:01:28.987 5682 5714 E eglCodecCommon: glUtilsParamSize: unknow param 0x00008caa
04-16 21:01:28.998 5601 5616 I Gecko : 1744837288998 Marionette INFO No differences allowed
04-16 21:01:29.083 5601 5616 I Gecko : 1744837289083 Marionette INFO Testing http://web-platform.test:8000/css/CSS2/lists/reset-counter-001.xht == http://web-platform.test:8000/css/reference/pass_if_number_5.xht
04-16 21:01:29.128 5601 5616 E GeckoConsole: [JavaScript Error: "TypeError: can't access property "nodePrincipal", this.contentDocument is null" {file: "chrome://global/content/elements/browser-custom-element.js" line: 661}]
