04-16 20:58:49.267 1657 1669 I ActivityManager: Start proc 2102:android.process.media/u0a10 for broadcast com.android.providers.downloads/.DownloadReceiver
04-16 20:58:49.270 2102 2102 W art : Unexpected CPU variant for X86 using defaults: x86_64
04-16 20:58:49.292 1657 1657 I AccountManagerService: User 0 is unlocked - opening CE database
04-16 20:58:49.295 2119 2119 W art : Unexpected CPU variant for X86 using defaults: x86_64
04-16 20:58:49.299 1657 1958 I ActivityManager: Start proc 2119:com.android.keychain/1000 for service com.android.keychain/.KeyChainService
04-16 20:58:49.310 1896 1896 D FallbackHome: User unlocked and real home found; let's go!
04-16 20:58:49.312 1871 1871 I Telephony: PstnIncomingCallNotifier: Unregistering: Handler (com.android.internal.telephony.GsmCdmaPhone) {452239c}
04-16 20:58:49.315 1871 1871 E PhoneInterfaceManager: [PhoneIntfMgr] getIccId: No UICC
04-16 20:58:49.316 1657 2092 I Telecom : PhoneAccountRegistrar: [ComponentInfo{com.android.phone/com.android.services.telephony.TelephonyConnectionService}, [e0184adedf913b076626646d3f52c3b49c39ad6d], UserHandle{0}(addr: tel:************ -> tel:)(icon: Icon(typ=BITMAP size=38x48) -> Icon(typ=BITMAP size=38x48))(subAddr: tel:************ -> tel:)]: TSI.rPA@AA4
04-16 20:58:49.318 1657 2092 I Telecom : : Sending phone-account registered intent as user: TSI.rPA@AA4
04-16 20:58:49.319 1871 1871 I Telephony: AccountEntry: Registered phoneAccount: [[ ] PhoneAccount: ComponentInfo{com.android.phone/com.android.services.telephony.TelephonyConnectionService}, [e0184adedf913b076626646d3f52c3b49c39ad6d], UserHandle{0} Capabilities: CallProvider MultiUser PlaceEmerg SimSub Schemes: tel voicemail Extras: null] with handle: ComponentInfo{com.android.phone/com.android.services.telephony.TelephonyConnectionService}, [e0184adedf913b076626646d3f52c3b49c39ad6d], UserHandle{0}
04-16 20:58:49.319 1871 1871 I Telephony: PstnIncomingCallNotifier: Registering: Handler (com.android.internal.telephony.GsmCdmaPhone) {452239c}
04-16 20:58:49.323 1657 1668 I ActivityManager: START u0 {act=android.intent.action.MAIN cat=[android.intent.category.HOME] flg=0x10000100 cmp=com.android.launcher3/.Launcher} from uid 0 on display 0
04-16 20:58:49.327 1871 1871 D CarrierSvcBindHelper: Received android.intent.action.USER_UNLOCKED
04-16 20:58:49.328 2102 2102 W System : ClassLoader referenced unknown path: /system/priv-app/DownloadProvider/lib/x86_64
04-16 20:58:49.332 1871 1871 D CarrierSvcBindHelper: No carrier app for: 0
04-16 20:58:49.340 2119 2119 W System : ClassLoader referenced unknown path: /system/app/KeyChain/lib/x86_64
04-16 20:58:49.343 2144 2144 W art : Unexpected CPU variant for X86 using defaults: x86_64
04-16 20:58:49.347 1657 1668 I ActivityManager: Start proc 2144:com.android.launcher3/u0a14 for activity com.android.launcher3/.Launcher
04-16 20:58:49.362 2102 2102 W System : ClassLoader referenced unknown path: /system/priv-app/MediaProvider/lib/x86_64
04-16 20:58:49.374 2158 2158 W art : Unexpected CPU variant for X86 using defaults: x86_64
04-16 20:58:49.377 1657 1668 I ActivityManager: Start proc 2158:android.process.acore/u0a1 for content provider com.android.providers.contacts/.ContactsProvider2
04-16 20:58:49.389 1741 1971 D OpenGLRenderer: profile bars disabled
04-16 20:58:49.389 1741 1971 D OpenGLRenderer: ambientRatio = 1.50
04-16 20:58:49.392 1871 1871 I Telephony: PstnIncomingCallNotifier: Unregistering: Handler (com.android.internal.telephony.GsmCdmaPhone) {452239c}
04-16 20:58:49.392 1871 1871 E PhoneInterfaceManager: [PhoneIntfMgr] getIccId: No UICC
04-16 20:58:49.394 1741 1741 D PhoneStatusBar: disable: < EXPAND* icons alerts system_info BACK* HOME* RECENT* clock SEARCH* quick_settings
> 04-16 20:58:49.397 1657 2092 I Telecom : PhoneAccountRegistrar: [ComponentInfo{com.android.phone/com.android.services.telephony.TelephonyConnectionService}, [e0184adedf913b076626646d3f52c3b49c39ad6d], UserHandle{0}(icon: Icon(typ=BITMAP size=38x48) -> Icon(typ=BITMAP size=38x48))]: TSI.rPA@ABI
04-16 20:58:49.398 1657 2092 I Telecom : : Sending phone-account registered intent as user: TSI.rPA@ABI
04-16 20:58:49.403 1871 1871 I Telephony: AccountEntry: Registered phoneAccount: [[ ] PhoneAccount: ComponentInfo{com.android.phone/com.android.services.telephony.TelephonyConnectionService}, [e0184adedf913b076626646d3f52c3b49c39ad6d], UserHandle{0} Capabilities: CallProvider MultiUser PlaceEmerg SimSub Schemes: tel voicemail Extras: null] with handle: ComponentInfo{com.android.phone/com.android.services.telephony.TelephonyConnectionService}, [e0184adedf913b076626646d3f52c3b49c39ad6d], UserHandle{0}
04-16 20:58:49.404 1871 1871 I Telephony: PstnIncomingCallNotifier: Registering: Handler (com.android.internal.telephony.GsmCdmaPhone) {452239c}
04-16 20:58:49.405 2144 2144 W System : ClassLoader referenced unknown path: /system/priv-app/Launcher3/lib/x86_64
04-16 20:58:49.412 1657 1657 I GnssLocationProvider: WakeLock acquired by sendMessage(12, 0, null)
04-16 20:58:49.416 2158 2158 W System : ClassLoader referenced unknown path: /system/priv-app/ContactsProvider/lib/x86_64
04-16 20:58:49.424 1741 1741 D PhoneStatusBar: heads up is enabled
04-16 20:58:49.440 1337 1340 D gralloc_ranchu: gralloc_alloc: Creating ashmem region of size 4096000
04-16 20:58:49.451 1871 1871 D MccTable: updateMccMncConfiguration mccmnc='310260' fromServiceState=false
04-16 20:58:49.452 1871 1871 D MccTable: updateMccMncConfiguration defaultMccMnc=310260
04-16 20:58:49.452 1871 1871 D MccTable: updateMccMncConfiguration: mcc=310, mnc=260
04-16 20:58:49.452 1871 1871 D MccTable: updateMccMncConfiguration updateConfig config={1.0 310mcc260mnc ?localeList ?layoutDir ?swdp ?wdp ?hdp ?density ?lsize ?long ?orien ?uimode ?night ?touch ?keyb/?/? ?nav/?}
04-16 20:58:49.466 1657 1670 W GnssLocationProvider: Could not open GPS configuration file /etc/gps.conf
04-16 20:58:49.466 1657 1670 E GnssLocationProvider: no AGPS interface in set_agps_server
04-16 20:58:49.466 1657 1670 I GnssLocationProvider: WakeLock released by handleMessage(12, 0, null)
04-16 20:58:49.466 1657 1670 W LocationProviderProxy-network: Odd, no component found for service com.android.location.service.v3.NetworkLocationProvider
04-16 20:58:49.466 1657 1670 W GeocoderProxy: Odd, no component found for service com.android.location.service.GeocodeProvider
04-16 20:58:49.467 1657 1670 W GeofenceProxy: Odd, no component found for service com.android.location.service.GeofenceProvider
04-16 20:58:49.467 1657 1670 W ActivityRecognitionProxy: Odd, no component found for service com.android.location.service.ActivityRecognitionProvider
04-16 20:58:49.474 1657 1657 I GnssLocationProvider: WakeLock acquired by sendMessage(12, 0, null)
04-16 20:58:49.477 1657 1670 W GnssLocationProvider: Could not open GPS configuration file /etc/gps.conf
04-16 20:58:49.477 1657 1670 E GnssLocationProvider: no AGPS interface in set_agps_server
04-16 20:58:49.477 1657 1670 I GnssLocationProvider: WakeLock released by handleMessage(12, 0, null)
04-16 20:58:49.477 1657 1670 W GnssLocationProvider: Could not open GPS configuration file /etc/gps.conf
04-16 20:58:49.477 1657 1670 E GnssLocationProvider: no AGPS interface in set_agps_server
04-16 20:58:49.478 1657 1670 I GnssLocationProvider: WakeLock released by handleMessage(12, 0, null)
04-16 20:58:49.481 2158 2158 W System : ClassLoader referenced unknown path: /system/priv-app/BlockedNumberProvider/lib/x86_64
04-16 20:58:49.504 2158 2158 W System : ClassLoader referenced unknown path: /system/app/UserDictionaryProvider/lib/x86_64
04-16 20:58:49.523 2102 2102 D MediaScannerReceiver: action: android.intent.action.MEDIA_MOUNTED path: /storage/emulated/0
04-16 20:58:49.532 1657 2092 V KeyguardServiceDelegate: **** SHOWN CALLED ****
04-16 20:58:49.538 1741 1741 D ViewRootImpl[StatusBar]: changeCanvasOpacity: opaque=true
04-16 20:58:49.550 2144 2144 V Launcher: LauncherAppState inited
04-16 20:58:49.555 1657 1678 I WindowManager: Destroying surface Surface(name=KeyguardScrim) called by com.android.server.wm.WindowStateAnimator.destroySurface:2014 com.android.server.wm.WindowStateAnimator.destroySurfaceLocked:881 com.android.server.wm.WindowState.destroyOrSaveSurface:2073 com.android.server.wm.WindowSurfacePlacer.performSurfacePlacementInner:429 com.android.server.wm.WindowSurfacePlacer.performSurfacePlacementLoop:232 com.android.server.wm.WindowSurfacePlacer.performSurfacePlacement:180 com.android.server.wm.WindowManagerService$H.handleMessage:8079 android.os.Handler.dispatchMessage:102
04-16 20:58:49.555 1657 1678 D : HostConnection::get() New Host Connection established 0x757ab481bd80, tid 1678
04-16 20:58:49.570 2144 2144 D Launcher.Model: Old launcher provider: content://com.android.launcher2.settings/favorites?notify=true
04-16 20:58:49.571 2144 2144 D Launcher.Model: Old launcher provider does not exist.
04-16 20:58:49.596 2158 2175 I ContactLocale: AddressBook Labels [[en_US]]: […, A, B, C, D, E, F, G, H, I, J, K, L, M, N, O, P, Q, R, S, T, U, V, W, X, Y, Z, Α, Β, Γ, Δ, Ε, Ζ, Η, Θ, Ι, Κ, Λ, Μ, Ν, Ξ, Ο, Π, Ρ, Σ, Τ, Υ, Φ, Χ, Ψ, Ω, …, А, Б, В, Г, Д, Ђ, Е, Є, Ж, З, И, І, Й, Ј, К, Л, Љ, М, Н, Њ, О, П, Р, С, Т, Ћ, У, Ф, Х, Ц, Ч, Џ, Ш, Щ, Ю, Я, …, א, ב, ג, ד, ה, ו, ז, ח, ט, י, כ, ל, מ, נ, ס, ע, פ, צ, ק, ר, ש, ת, …, ا, ب, ت, ث, ج, ح, خ, د, ذ, ر, ز, س, ش, ص, ض, ط, ظ, ع, غ, ف, ق, ك, ل, م, ن, ه, و, ي, …, ก, ข, ฃ, ค, ฅ, ฆ, ง, จ, ฉ, ช, ซ, ฌ, ญ, ฎ, ฏ, ฐ, ฑ, ฒ, ณ, ด, ต, ถ, ท, ธ, น, บ, ป, ผ, ฝ, พ, ฟ, ภ, ม, ย, ร, ฤ, ล, ฦ, ว, ศ, ษ, ส, ห, ฬ, อ, ฮ, …, ㄱ, ㄴ, ㄷ, ㄹ, ㅁ, ㅂ, ㅅ, ㅇ, ㅈ, ㅊ, ㅋ, ㅌ, ㅍ, ㅎ, …, あ, か, さ, た, な, は, ま, や, ら, わ, #, …]
04-16 20:58:49.603 2102 2183 V MediaScanner: pruneDeadThumbnailFiles... android.content.ContentProviderClient$CursorWrapperInner@f1c7799
04-16 20:58:49.607 1657 1657 I GnssLocationProvider: WakeLock acquired by sendMessage(12, 0, null)
04-16 20:58:49.608 1657 1670 W GnssLocationProvider: Could not open GPS configuration file /etc/gps.conf
04-16 20:58:49.608 1657 1670 E GnssLocationProvider: no AGPS interface in set_agps_server
04-16 20:58:49.609 1741 1971 D : HostConnection::get() New Host Connection established 0x757aa3439a20, tid 1971
04-16 20:58:49.609 1871 1871 D MccTable: updateMccMncConfiguration mccmnc='310260' fromServiceState=false
04-16 20:58:49.609 1871 1871 D MccTable: updateMccMncConfiguration defaultMccMnc=310260
04-16 20:58:49.609 1871 1871 D MccTable: updateMccMncConfiguration: mcc=310, mnc=260
04-16 20:58:49.610 1871 1871 D MccTable: updateMccMncConfiguration updateConfig config={1.0 310mcc260mnc ?localeList ?layoutDir ?swdp ?wdp ?hdp ?density ?lsize ?long ?orien ?uimode ?night ?touch ?keyb/?/? ?nav/?}
04-16 20:58:49.613 1657 1670 I GnssLocationProvider: WakeLock released by handleMessage(12, 0, null)
04-16 20:58:49.613 1741 1971 I OpenGLRenderer: Initialized EGL, version 1.4
04-16 20:58:49.614 1741 1971 D OpenGLRenderer: Swap behavior 1
04-16 20:58:49.614 1741 1971 W OpenGLRenderer: Failed to choose config with EGL_SWAP_BEHAVIOR_PRESERVED, retrying without...
04-16 20:58:49.614 1741 1971 D OpenGLRenderer: Swap behavior 0
04-16 20:58:49.616 1741 1971 D EGL_emulation: eglCreateContext: 0x757aa348d020: maj 3 min 0 rcv 3
04-16 20:58:49.620 1657 1705 D WifiService: New client listening to asynchronous messages
04-16 20:58:49.621 1741 1971 D EGL_emulation: eglMakeCurrent: 0x757aa348d020: ver 3 0 (tinfo 0x757aa3492a40)
04-16 20:58:49.621 1741 1971 E eglCodecCommon: glUtilsParamSize: unknow param 0x00008cdf
04-16 20:58:49.621 1741 1971 E eglCodecCommon: glUtilsParamSize: unknow param 0x00008824
04-16 20:58:49.621 2102 2183 V MediaScanner: /pruneDeadThumbnailFiles... android.content.ContentProviderClient$CursorWrapperInner@f1c7799
04-16 20:58:49.645 1657 1657 I GnssLocationProvider: WakeLock acquired by sendMessage(12, 0, null)
04-16 20:58:49.646 1657 1670 W GnssLocationProvider: Could not open GPS configuration file /etc/gps.conf
04-16 20:58:49.646 1657 1670 E GnssLocationProvider: no AGPS interface in set_agps_server
04-16 20:58:49.647 1657 1670 I GnssLocationProvider: WakeLock released by handleMessage(12, 0, null)
04-16 20:58:49.661 1741 1741 W KeyguardUpdateMonitor: invalid subId in handleSimStateChange()
04-16 20:58:49.673 1871 1871 D CarrierConfigLoader: update config for phoneId: 0 simState: LOADED
04-16 20:58:49.674 1871 1871 D CarrierSvcBindHelper: update binding for phoneId: 0 simState: LOADED
04-16 20:58:49.675 1657 1670 W GnssLocationProvider: Could not open GPS configuration file /etc/gps.conf
04-16 20:58:49.675 1657 1670 E GnssLocationProvider: no AGPS interface in set_agps_server
04-16 20:58:49.681 1741 1741 W KeyguardUpdateMonitor: invalid subId in handleServiceStateChange()
04-16 20:58:49.685 1871 1871 I Telephony: PstnIncomingCallNotifier: Unregistering: Handler (com.android.internal.telephony.GsmCdmaPhone) {452239c}
04-16 20:58:49.686 2144 2144 W System : ClassLoader referenced unknown path:
04-16 20:58:49.686 2144 2144 W System : ClassLoader referenced unknown path: /system/app/QuickSearchBox/lib/x86_64
04-16 20:58:49.694 1657 1684 I Telecom : PhoneAccountRegistrar: New phone account registered: [[ ] PhoneAccount: ComponentInfo{com.android.phone/com.android.services.telephony.TelephonyConnectionService}, [e2f7d48dd2b5ca523e7313cf4ba0f6ea830b6281], UserHandle{0} Capabilities: CallProvider MultiUser PlaceEmerg SimSub Schemes: tel voicemail Extras: null]: TSI.rPA@ABc
04-16 20:58:49.695 1657 1684 I Telecom : : Sending phone-account registered intent as user: TSI.rPA@ABc
04-16 20:58:49.696 1871 1871 I Telephony: AccountEntry: Registered phoneAccount: [[ ] PhoneAccount: ComponentInfo{com.android.phone/com.android.services.telephony.TelephonyConnectionService}, [e2f7d48dd2b5ca523e7313cf4ba0f6ea830b6281], UserHandle{0} Capabilities: CallProvider MultiUser PlaceEmerg SimSub Schemes: tel voicemail Extras: null] with handle: ComponentInfo{com.android.phone/com.android.services.telephony.TelephonyConnectionService}, [e2f7d48dd2b5ca523e7313cf4ba0f6ea830b6281], UserHandle{0}
04-16 20:58:49.696 1871 1871 I Telephony: PstnIncomingCallNotifier: Registering: Handler (com.android.internal.telephony.GsmCdmaPhone) {452239c}
04-16 20:58:49.700 1871 1871 I Telephony: TelecomAccountRegistry: Unregistering phone account ComponentInfo{com.android.phone/com.android.services.telephony.TelephonyConnectionService}, [e0184adedf913b076626646d3f52c3b49c39ad6d], UserHandle{0}.
04-16 20:58:49.703 1741 1741 W KeyguardUpdateMonitor: invalid subId in handleServiceStateChange()
04-16 20:58:49.704 1657 2052 I Telecom : : Sending phone-account unregistered intent as user: TSI.uPA@ABk
04-16 20:58:49.709 1871 1871 D TelephonyProvider: subIdString = 1 subId = 1
04-16 20:58:49.712 1871 1871 D TelephonyProvider: getPreferredApnIdFromApn: for subId 1
04-16 20:58:49.720 1582 1582 E ipv6proxy: Failed to forward Router Advertisement from eth0 to wlan1: Network is unreachable
04-16 20:58:49.722 1741 1971 D EGL_emulation: eglMakeCurrent: 0x757aa348d020: ver 3 0 (tinfo 0x757aa3492a40)
04-16 20:58:49.740 1337 1588 E SurfaceFlinger: ro.sf.lcd_density must be defined as a build property
04-16 20:58:49.743 2144 2144 D : HostConnection::get() New Host Connection established 0x757aa4060e60, tid 2144
04-16 20:58:49.744 1741 1758 I art : Background partial concurrent mark sweep GC freed 5522(521KB) AllocSpace objects, 1(4MB) LOS objects, 26% free, 11MB/15MB, paused 11.082ms total 35.287ms
04-16 20:58:49.753 2158 2175 I ContactDirectoryManager: deleted 0 stale rows which don't have any relevant directory
04-16 20:58:49.771 2144 2196 D : HostConnection::get() New Host Connection established 0x757aa4061fa0, tid 2196
04-16 20:58:49.772 2158 2175 I ContactDirectoryManager: Discovered 0 contact directories in 65ms
04-16 20:58:49.781 2144 2196 I OpenGLRenderer: Initialized EGL, version 1.4
04-16 20:58:49.782 2144 2196 D OpenGLRenderer: Swap behavior 1
04-16 20:58:49.783 2144 2196 W OpenGLRenderer: Failed to choose config with EGL_SWAP_BEHAVIOR_PRESERVED, retrying without...
04-16 20:58:49.783 2144 2196 D OpenGLRenderer: Swap behavior 0
04-16 20:58:49.785 2144 2196 D EGL_emulation: eglCreateContext: 0x757aa4071da0: maj 3 min 0 rcv 3
04-16 20:58:49.786 1657 1657 I GnssLocationProvider: WakeLock acquired by sendMessage(12, 0, null)
04-16 20:58:49.787 1657 1670 W GnssLocationProvider: Could not open GPS configuration file /etc/gps.conf
04-16 20:58:49.787 1657 1670 E GnssLocationProvider: no AGPS interface in set_agps_server
04-16 20:58:49.787 1657 1670 I GnssLocationProvider: WakeLock released by handleMessage(12, 0, null)
04-16 20:58:49.794 2144 2196 D EGL_emulation: eglMakeCurrent: 0x757aa4071da0: ver 3 0 (tinfo 0x757aa408fc00)
04-16 20:58:49.800 2144 2196 E eglCodecCommon: glUtilsParamSize: unknow param 0x00008cdf
04-16 20:58:49.800 2144 2196 E eglCodecCommon: glUtilsParamSize: unknow param 0x00008824
04-16 20:58:49.813 1657 1657 I GnssLocationProvider: WakeLock acquired by sendMessage(12, 0, null)
04-16 20:58:49.816 1657 1670 W GnssLocationProvider: Could not open GPS configuration file /etc/gps.conf
04-16 20:58:49.816 1657 1670 E GnssLocationProvider: no AGPS interface in set_agps_server
04-16 20:58:49.816 1657 1670 I GnssLocationProvider: WakeLock released by handleMessage(12, 0, null)
04-16 20:58:49.824 2144 2196 D EGL_emulation: eglMakeCurrent: 0x757aa4071da0: ver 3 0 (tinfo 0x757aa408fc00)
04-16 20:58:49.832 1871 1871 D TelephonyProvider: subIdString = 1 subId = 1
04-16 20:58:49.832 1871 1871 D TelephonyProvider: getPreferredApnIdFromApn: for subId 1
04-16 20:58:49.870 1871 1871 I Telephony: PstnIncomingCallNotifier: Unregistering: Handler (com.android.internal.telephony.GsmCdmaPhone) {452239c}
04-16 20:58:49.882 1657 1861 I Telecom : PhoneAccountRegistrar: [ComponentInfo{com.android.phone/com.android.services.telephony.TelephonyConnectionService}, [e2f7d48dd2b5ca523e7313cf4ba0f6ea830b6281], UserHandle{0}(icon: Icon(typ=BITMAP size=38x48) -> Icon(typ=BITMAP size=38x48))]: TSI.rPA@ABw
04-16 20:58:49.883 1657 1861 I Telecom : : Sending phone-account registered intent as user: TSI.rPA@ABw
04-16 20:58:49.885 1871 1871 I Telephony: AccountEntry: Registered phoneAccount: [[ ] PhoneAccount: ComponentInfo{com.android.phone/com.android.services.telephony.TelephonyConnectionService}, [e2f7d48dd2b5ca523e7313cf4ba0f6ea830b6281], UserHandle{0} Capabilities: CallProvider MultiUser PlaceEmerg SimSub Schemes: tel voicemail Extras: null] with handle: ComponentInfo{com.android.phone/com.android.services.telephony.TelephonyConnectionService}, [e2f7d48dd2b5ca523e7313cf4ba0f6ea830b6281], UserHandle{0}
04-16 20:58:49.885 1871 1871 I Telephony: PstnIncomingCallNotifier: Registering: Handler (com.android.internal.telephony.GsmCdmaPhone) {452239c}
04-16 20:58:49.909 1871 1871 I Telephony: PstnIncomingCallNotifier: Unregistering: Handler (com.android.internal.telephony.GsmCdmaPhone) {452239c}
04-16 20:58:49.920 1657 1669 I Telecom : PhoneAccountRegistrar: [ComponentInfo{com.android.phone/com.android.services.telephony.TelephonyConnectionService}, [e2f7d48dd2b5ca523e7313cf4ba0f6ea830b6281], UserHandle{0}(icon: Icon(typ=BITMAP size=38x48) -> Icon(typ=BITMAP size=38x48))]: TSI.rPA@AB8
04-16 20:58:49.922 1657 1669 I Telecom : : Sending phone-account registered intent as user: TSI.rPA@AB8
04-16 20:58:49.924 1871 1871 I Telephony: AccountEntry: Registered phoneAccount: [[ ] PhoneAccount: ComponentInfo{com.android.phone/com.android.services.telephony.TelephonyConnectionService}, [e2f7d48dd2b5ca523e7313cf4ba0f6ea830b6281], UserHandle{0} Capabilities: CallProvider MultiUser PlaceEmerg SimSub Schemes: tel voicemail Extras: null] with handle: ComponentInfo{com.android.phone/com.android.services.telephony.TelephonyConnectionService}, [e2f7d48dd2b5ca523e7313cf4ba0f6ea830b6281], UserHandle{0}
04-16 20:58:49.924 1871 1871 I Telephony: PstnIncomingCallNotifier: Registering: Handler (com.android.internal.telephony.GsmCdmaPhone) {452239c}
04-16 20:58:49.947 1871 1871 I Telephony: PstnIncomingCallNotifier: Unregistering: Handler (com.android.internal.telephony.GsmCdmaPhone) {452239c}
04-16 20:58:49.960 1657 1669 I Telecom : PhoneAccountRegistrar: [ComponentInfo{com.android.phone/com.android.services.telephony.TelephonyConnectionService}, [e2f7d48dd2b5ca523e7313cf4ba0f6ea830b6281], UserHandle{0}(icon: Icon(typ=BITMAP size=38x48) -> Icon(typ=BITMAP size=38x48))]: TSI.rPA@ACI
04-16 20:58:49.961 1657 1669 I Telecom : : Sending phone-account registered intent as user: TSI.rPA@ACI
04-16 20:58:49.961 1616 1616 E hostapd : Using interface wlan1 with hwaddr 02:00:00:00:01:00 and ssid "AndroidWifi"
04-16 20:58:49.961 1616 1616 I hostapd : wlan1: interface state COUNTRY_UPDATE->ENABLED
04-16 20:58:49.961 1616 1616 I hostapd : wlan1: AP-ENABLED
04-16 20:58:49.967 1871 1871 I Telephony: AccountEntry: Registered phoneAccount: [[ ] PhoneAccount: ComponentInfo{com.android.phone/com.android.services.telephony.TelephonyConnectionService}, [e2f7d48dd2b5ca523e7313cf4ba0f6ea830b6281], UserHandle{0} Capabilities: CallProvider MultiUser PlaceEmerg SimSub Schemes: tel voicemail Extras: null] with handle: ComponentInfo{com.android.phone/com.android.services.telephony.TelephonyConnectionService}, [e2f7d48dd2b5ca523e7313cf4ba0f6ea830b6281], UserHandle{0}
04-16 20:58:49.967 1871 1871 I Telephony: PstnIncomingCallNotifier: Registering: Handler (com.android.internal.telephony.GsmCdmaPhone) {452239c}
04-16 20:58:49.973 1871 1871 D CarrierConfigLoader: mHandler: 7 phoneId: 0
04-16 20:58:49.978 1871 1871 D CarrierConfigLoader: Loaded config from XML. package=com.android.carrierconfig phoneId=0
04-16 20:58:49.984 1871 1871 D CarrierSvcBindHelper: mHandler: 0
04-16 20:58:49.984 1871 1871 D CarrierSvcBindHelper: Rebinding if necessary for phoneId: 0
04-16 20:58:49.987 1871 1871 D CarrierSvcBindHelper: No carrier app for: 0
04-16 20:58:49.990 1657 2094 I Telecom : PhoneAccountRegistrar: [ComponentInfo{com.android.phone/com.android.services.telephony.TelephonyConnectionService}, [e2f7d48dd2b5ca523e7313cf4ba0f6ea830b6281], UserHandle{0}(icon: Icon(typ=BITMAP size=38x48) -> Icon(typ=BITMAP size=38x48))]: TSI.rPA@ACY
04-16 20:58:49.993 1657 2094 I Telecom : : Sending phone-account registered intent as user: TSI.rPA@ACY
04-16 20:58:50.018 1741 1741 W KeyguardUpdateMonitor: invalid subId in handleSimStateChange()
04-16 20:58:50.018 1657 1678 I ActivityManager: Displayed com.android.launcher3/.Launcher: +688ms
04-16 20:58:50.020 1871 1871 I Telephony: PstnIncomingCallNotifier: Unregistering: Handler (com.android.internal.telephony.GsmCdmaPhone) {452239c}
04-16 20:58:50.020 1741 1741 W KeyguardUpdateMonitor: invalid subId in handleSimStateChange()
04-16 20:58:50.020 1657 1657 W IInputConnectionWrapper: reportFullscreenMode on inexistent InputConnection
04-16 20:58:50.029 1657 2078 I Telecom : PhoneAccountRegistrar: [ComponentInfo{com.android.phone/com.android.services.telephony.TelephonyConnectionService}, [e2f7d48dd2b5ca523e7313cf4ba0f6ea830b6281], UserHandle{0}(icon: Icon(typ=BITMAP size=38x48) -> Icon(typ=BITMAP size=38x48))]: TSI.rPA@ACc
04-16 20:58:50.032 1657 2078 I Telecom : : Sending phone-account registered intent as user: TSI.rPA@ACc
04-16 20:58:50.034 1871 1871 I Telephony: AccountEntry: Registered phoneAccount: [[ ] PhoneAccount: ComponentInfo{com.android.phone/com.android.services.telephony.TelephonyConnectionService}, [e2f7d48dd2b5ca523e7313cf4ba0f6ea830b6281], UserHandle{0} Capabilities: CallProvider MultiUser PlaceEmerg SimSub Schemes: tel voicemail Extras: null] with handle: ComponentInfo{com.android.phone/com.android.services.telephony.TelephonyConnectionService}, [e2f7d48dd2b5ca523e7313cf4ba0f6ea830b6281], UserHandle{0}
04-16 20:58:50.034 1871 1871 I Telephony: PstnIncomingCallNotifier: Registering: Handler (com.android.internal.telephony.GsmCdmaPhone) {452239c}
04-16 20:58:50.058 1871 1871 I Telephony: PstnIncomingCallNotifier: Unregistering: Handler (com.android.internal.telephony.GsmCdmaPhone) {452239c}
04-16 20:58:50.067 1657 1861 I Telecom : PhoneAccountRegistrar: [ComponentInfo{com.android.phone/com.android.services.telephony.TelephonyConnectionService}, [e2f7d48dd2b5ca523e7313cf4ba0f6ea830b6281], UserHandle{0}(icon: Icon(typ=BITMAP size=38x48) -> Icon(typ=BITMAP size=38x48))]: TSI.rPA@ACo
04-16 20:58:50.068 1657 1861 I Telecom : : Sending phone-account registered intent as user: TSI.rPA@ACo
04-16 20:58:50.069 1871 1871 I Telephony: AccountEntry: Registered phoneAccount: [[ ] PhoneAccount: ComponentInfo{com.android.phone/com.android.services.telephony.TelephonyConnectionService}, [e2f7d48dd2b5ca523e7313cf4ba0f6ea830b6281], UserHandle{0} Capabilities: CallProvider MultiUser PlaceEmerg SimSub Schemes: tel voicemail Extras: null] with handle: ComponentInfo{com.android.phone/com.android.services.telephony.TelephonyConnectionService}, [e2f7d48dd2b5ca523e7313cf4ba0f6ea830b6281], UserHandle{0}
04-16 20:58:50.070 1871 1871 I Telephony: PstnIncomingCallNotifier: Registering: Handler (com.android.internal.telephony.GsmCdmaPhone) {452239c}
04-16 20:58:50.076 1896 1896 I art : Starting a blocking GC Explicit
04-16 20:58:50.089 1871 1871 I NotificationMgr: updateMwi(): subId 1 update to false
04-16 20:58:50.093 1657 1669 I Telecom : PhoneAccountRegistrar: [ComponentInfo{com.android.phone/com.android.services.telephony.TelephonyConnectionService}, [e2f7d48dd2b5ca523e7313cf4ba0f6ea830b6281], UserHandle{0}(icon: Icon(typ=BITMAP size=38x48) -> Icon(typ=BITMAP size=38x48))]: TSI.rPA@AC4
04-16 20:58:50.094 1657 1669 I Telecom : : Sending phone-account registered intent as user: TSI.rPA@AC4
04-16 20:58:50.103 1896 1896 I art : Explicit concurrent mark sweep GC freed 3605(303KB) AllocSpace objects, 0(0B) LOS objects, 24% free, 2MB/3MB, paused 3.150ms total 27.007ms
04-16 20:58:50.104 1657 2078 I Telecom : PhoneAccountRegistrar: [ComponentInfo{com.android.phone/com.android.services.telephony.TelephonyConnectionService}, [e2f7d48dd2b5ca523e7313cf4ba0f6ea830b6281], UserHandle{0}(icon: Icon(typ=BITMAP size=38x48) -> Icon(typ=BITMAP size=38x48))]: TSI.rPA@ADA
04-16 20:58:50.104 1657 2078 I Telecom : : Sending phone-account registered intent as user: TSI.rPA@ADA
04-16 20:58:50.107 1657 2052 I Telecom : PhoneAccountRegistrar: [ComponentInfo{com.android.phone/com.android.services.telephony.TelephonyConnectionService}, [e2f7d48dd2b5ca523e7313cf4ba0f6ea830b6281], UserHandle{0}(icon: Icon(typ=BITMAP size=38x48) -> Icon(typ=BITMAP size=38x48))]: TSI.rPA@ADI
04-16 20:58:50.108 1657 2052 I Telecom : : Sending phone-account registered intent as user: TSI.rPA@ADI
04-16 20:58:50.109 1871 1871 D CarrierConfigLoader: mHandler: 5 phoneId: 0
04-16 20:58:50.112 1896 1896 I art : Starting a blocking GC Explicit
04-16 20:58:50.116 1657 1657 I Telecom : PhoneAccountRegistrar: SimCallManager queried, returning: null: TSI.gSCMFU@ADQ
04-16 20:58:50.116 1657 2052 I Telecom : PhoneAccountRegistrar: [ComponentInfo{com.android.phone/com.android.services.telephony.TelephonyConnectionService}, [e2f7d48dd2b5ca523e7313cf4ba0f6ea830b6281], UserHandle{0}(icon: Icon(typ=BITMAP size=38x48) -> Icon(typ=BITMAP size=38x48))]: TSI.rPA@ADU
04-16 20:58:50.120 1657 2052 I Telecom : : Sending phone-account registered intent as user: TSI.rPA@ADU
04-16 20:58:50.125 1657 1836 I Telecom : PhoneAccountRegistrar: [ComponentInfo{com.android.phone/com.android.services.telephony.TelephonyConnectionService}, [e2f7d48dd2b5ca523e7313cf4ba0f6ea830b6281], UserHandle{0}(icon: Icon(typ=BITMAP size=38x48) -> Icon(typ=BITMAP size=38x48))]: TSI.rPA@ADc
04-16 20:58:50.126 1657 1836 I Telecom : : Sending phone-account registered intent as user: TSI.rPA@ADc
04-16 20:58:50.128 1896 1896 I art : Explicit concurrent mark sweep GC freed 702(34KB) AllocSpace objects, 0(0B) LOS objects, 24% free, 2MB/3MB, paused 2.727ms total 15.164ms
04-16 20:58:50.132 1871 1871 D TelephonyProvider: subIdString = 1 subId = 1
04-16 20:58:50.132 1871 1871 D TelephonyProvider: getPreferredApnIdFromApn: for subId 1
04-16 20:58:50.157 1657 2078 I ActivityManager: Start proc 2203:com.android.quicksearchbox/u0a52 for broadcast com.android.quicksearchbox/.SearchWidgetProvider
04-16 20:58:50.160 2203 2203 W art : Unexpected CPU variant for X86 using defaults: x86_64
04-16 20:58:50.181 1741 1741 D PhoneStatusBar: disable: < expand* icons alerts system_info back* home* recent* clock search* quick_settings
> 04-16 20:58:50.182 1337 1340 D gralloc_ranchu: gralloc_alloc: Creating ashmem region of size 6365184
04-16 20:58:50.219 2203 2203 W System : ClassLoader referenced unknown path: /system/app/QuickSearchBox/lib/x86_64
04-16 20:58:50.233 1871 1871 D TelephonyProvider: subIdString = 1 subId = 1
04-16 20:58:50.233 1871 1871 D TelephonyProvider: deletePreferredApn: for subId 1
04-16 20:58:50.233 1657 2052 D ConnectivityService: registerNetworkAgent NetworkAgentInfo{ ni{[type: MOBILE[LTE], state: CONNECTED/CONNECTED, reason: connected, extra: epc.tmobile.com, failover: false, available: true, roaming: false, metered: false]} network{100} nethandle{429513165534} lp{{InterfaceName: radio0 LinkAddresses: [192.168.200.2/24,] Routes: [0.0.0.0/0 -> 192.168.200.1 radio0,] DnsAddresses: [10.0.2.3,] Domains: null MTU: 1500 TcpBufferSizes: 524288,1048576,2097152,262144,524288,1048576}} nc{[ Transports: CELLULAR Capabilities: MMS&SUPL&FOTA&IMS&CBS&IA&INTERNET&NOT_RESTRICTED&TRUSTED&NOT_VPN LinkUpBandwidth>=51200Kbps LinkDnBandwidth>=102400Kbps Specifier: <1>]} Score{10} everValidated{false} lastValidated{false} created{false} lingering{false} explicitlySelected{false} acceptUnvalidated{false} everCaptivePortalDetected{false} lastCaptivePortalDetected{false} }
04-16 20:58:50.234 1657 1710 D ConnectivityService: NetworkAgentInfo [MOBILE (LTE) - 100] EVENT_NETWORK_INFO_CHANGED, going from null to CONNECTED
04-16 20:58:50.235 1657 1710 D ConnectivityService: Adding iface radio0 to network 100
04-16 20:58:50.236 1871 1871 D TelephonyProvider: subIdString = 1 subId = 1
04-16 20:58:50.255 1657 1710 D ConnectivityService: Setting DNS servers for network 100 to [/10.0.2.3]
04-16 20:58:50.267 1657 1710 D ConnectivityService: Switching to new default network: NetworkAgentInfo{ ni{[type: MOBILE[LTE], state: CONNECTED/CONNECTED, reason: connected, extra: epc.tmobile.com, failover: false, available: true, roaming: false, metered: false]} network{100} nethandle{429513165534} lp{{InterfaceName: radio0 LinkAddresses: [192.168.200.2/24,] Routes: [0.0.0.0/0 -> 192.168.200.1 radio0,] DnsAddresses: [10.0.2.3,] Domains: null MTU: 1500 TcpBufferSizes: 524288,1048576,2097152,262144,524288,1048576}} nc{[ Transports: CELLULAR Capabilities: MMS&SUPL&FOTA&IMS&CBS&IA&INTERNET&NOT_RESTRICTED&TRUSTED&NOT_VPN LinkUpBandwidth>=51200Kbps LinkDnBandwidth>=102400Kbps Specifier: <1>]} Score{10} everValidated{false} lastValidated{false} created{true} lingering{false} explicitlySelected{false} acceptUnvalidated{false} everCaptivePortalDetected{false} lastCaptivePortalDetected{false} }
04-16 20:58:50.282 1356 1654 V IdletimerController: runCmd(/system/bin/ip6tables -w -t raw -A idletimer_raw_PREROUTING -i radio0 -j IDLETIMER --timeout 10 --label 0 --send_nl_msg 1) res_ipv4=0, res_ipv6=0
04-16 20:58:50.306 1356 1654 V IdletimerController: runCmd(/system/bin/ip6tables -w -t mangle -A idletimer_mangle_POSTROUTING -o radio0 -j IDLETIMER --timeout 10 --label 0 --send_nl_msg 1) res_ipv4=0, res_ipv6=0
04-16 20:58:50.311 1657 1710 D ConnectivityService: Sending CONNECTED broadcast for type 0 NetworkAgentInfo [MOBILE (LTE) - 100] isDefaultNetwork=true
04-16 20:58:50.312 1657 1724 I GnssLocationProvider: WakeLock acquired by sendMessage(5, 0, null)
04-16 20:58:50.312 1657 1724 I GnssLocationProvider: WakeLock acquired by sendMessage(6, 0, null)
04-16 20:58:50.312 1657 1670 I GnssLocationProvider: WakeLock acquired by handleInjectNtpTime()
04-16 20:58:50.312 1657 1670 I GnssLocationProvider: WakeLock released by handleMessage(5, 0, null)
04-16 20:58:50.312 1657 1670 I GnssLocationProvider: WakeLock released by handleMessage(6, 0, null)
04-16 20:58:50.386 1657 1710 D ConnectivityService: NetworkAgentInfo [MOBILE (LTE) - 100] validation passed
04-16 20:58:50.386 1657 2246 I RecoverySystem: No recovery log file
04-16 20:58:50.399 2247 2247 W art : Unexpected CPU variant for X86 using defaults: x86_64
04-16 20:58:50.400 1657 1669 I ActivityManager: Start proc 2247:com.android.dialer/u0a8 for broadcast com.android.dialer/.calllog.CallLogReceiver
04-16 20:58:50.408 1657 2246 I BootReceiver: Copying audit failures to DropBox
04-16 20:58:50.408 1657 2246 I BootReceiver: Checking for fsck errors
04-16 20:58:50.415 1657 1703 D SntpClient: round trip: 51ms, clock offset: 951ms
04-16 20:58:50.415 1657 1718 D SntpClient: round trip: 50ms, clock offset: 951ms
04-16 20:58:50.415 1657 1718 I GnssLocationProvider: WakeLock acquired by sendMessage(10, 0, null)
04-16 20:58:50.416 1657 1718 I GnssLocationProvider: WakeLock released by handleInjectNtpTime()
04-16 20:58:50.416 1657 1670 I GnssLocationProvider: WakeLock released by handleMessage(10, 0, null)
04-16 20:58:50.419 1657 1703 I NetworkPolicy: No policy for subscriber 310260...; generating default policy
04-16 20:58:50.455 2247 2247 W System : ClassLoader referenced unknown path: /system/priv-app/Dialer/lib/x86_64
04-16 20:58:50.525 2247 2247 D ExtensionsFactory: No custom extensions.
04-16 20:58:50.544 2247 2247 D BlockedNumbersAuto: Not attempting auto-migrate: already checked once.
04-16 20:58:50.576 1871 1871 V OtaStartupReceiver: onOtaspChanged: mOtaspMode=3
04-16 20:58:50.584 1657 1706 D WIFI : Registering NetworkFactory
04-16 20:58:50.585 1871 1871 D CarrierConfigLoader: mHandler: 13 phoneId: 0
04-16 20:58:50.585 1657 1710 D ConnectivityService: Got NetworkFactory Messenger for WIFI
04-16 20:58:50.585 1871 1871 D CarrierConfigLoader: mHandler: 7 phoneId: 0
04-16 20:58:50.586 1657 1706 D WIFI_UT : Registering NetworkFactory
04-16 20:58:50.586 1657 1710 D ConnectivityService: Got NetworkFactory Messenger for WIFI_UT
04-16 20:58:50.587 1657 1706 D WIFI : got request NetworkRequest [ id=1, legacyType=-1, [ Capabilities: INTERNET&NOT_RESTRICTED&TRUSTED&NOT_VPN] ] with score 50
04-16 20:58:50.587 1657 1706 D WIFI_UT : got request NetworkRequest [ id=1, legacyType=-1, [ Capabilities: INTERNET&NOT_RESTRICTED&TRUSTED&NOT_VPN] ] with score 50
04-16 20:58:50.588 1871 1871 D CarrierConfigLoader: Loaded config from XML. package=com.android.carrierconfig phoneId=0
04-16 20:58:50.588 1871 1871 D CarrierConfigLoader: mHandler: 5 phoneId: 0
04-16 20:58:50.589 2247 2283 W CountryDetector: No location permissions, not registering for location updates.
04-16 20:58:50.598 2290 2290 W art : Unexpected CPU variant for X86 using defaults: x86_64
04-16 20:58:50.601 1657 1861 I ActivityManager: Start proc 2290:com.android.calendar/u0a26 for broadcast com.android.calendar/.alerts.AlertReceiver
04-16 20:58:50.606 1657 1657 I Telecom : PhoneAccountRegistrar: SimCallManager queried, returning: null: TSI.gSCMFU@ADk
04-16 20:58:50.725 2290 2290 W System : ClassLoader referenced unknown path: /system/app/Calendar/lib/x86_64
04-16 20:58:50.747 2290 2290 D ExtensionsFactory: No custom extensions.
04-16 20:58:50.752 2290 2290 D AlertReceiver: onReceive: a=android.intent.action.BOOT_COMPLETED Intent { act=android.intent.action.BOOT_COMPLETED flg=0x9000010 cmp=com.android.calendar/.alerts.AlertReceiver (has extras) }
04-16 20:58:50.757 2013 2013 I AlarmClock: AlarmInitReceiver android.intent.action.BOOT_COMPLETED
04-16 20:58:50.770 2290 2290 D AlertUtils: Flushing old alerts from shared prefs table
04-16 20:58:50.771 2013 2064 V AlarmClock: AlarmInitReceiver finished
04-16 20:58:50.781 2341 2341 W art : Unexpected CPU variant for X86 using defaults: x86_64
04-16 20:58:50.786 1657 1668 I ActivityManager: Start proc 2341:com.android.email/u0a35 for broadcast com.android.email/.service.EmailBroadcastReceiver
04-16 20:58:50.790 2290 2339 D AlertService: 0 Action = android.intent.action.BOOT_COMPLETED
04-16 20:58:50.793 2290 2339 D AlertService: Scheduling next alarm with AlarmScheduler. sEventReminderReceived: null
04-16 20:58:50.807 2356 2356 W art : Unexpected CPU variant for X86 using defaults: x86_64
04-16 20:58:50.813 1657 1669 I ActivityManager: Start proc 2356:com.android.providers.calendar/u0a2 for content provider com.android.providers.calendar/.CalendarProvider2
04-16 20:58:50.827 2341 2341 W System : ClassLoader referenced unknown path: /system/app/Email/lib/x86_64
04-16 20:58:50.842 2356 2356 W System : ClassLoader referenced unknown path: /system/priv-app/CalendarProvider/lib/x86_64
04-16 20:58:50.872 2356 2356 I CalendarProvider2: Created com.android.providers.calendar.CalendarAlarmManager@64c92ba(com.android.providers.calendar.CalendarProvider2@92b556b)
04-16 20:58:50.888 2290 2339 D AlarmScheduler: No events found starting within 1 week.
04-16 20:58:50.931 1657 2078 W ActivityManager: Unable to start service Intent { act=com.android.email.EXCHANGE_INTENT pkg=com.android.exchange } U=0: not found
04-16 20:58:50.941 2341 2373 D ActivityThread: Loading provider com.android.email.provider;com.android.email.notifier: com.android.email.provider.EmailProvider
04-16 20:58:50.943 2341 2374 D ActivityThread: Loading provider com.android.email.provider;com.android.email.notifier: com.android.email.provider.EmailProvider
04-16 20:58:50.980 1657 2078 W ActivityManager: Unable to start service Intent { act=com.android.email.EXCHANGE_INTENT pkg=com.android.exchange } U=0: not found
04-16 20:58:50.981 1657 2052 W ActivityManager: Unable to start service Intent { act=com.android.email.EXCHANGE_INTENT pkg=com.android.exchange } U=0: not found
04-16 20:58:50.986 1727 1727 I SystemBroadcastReceiver: Boot has been completed
04-16 20:58:50.986 1727 1727 I SystemBroadcastReceiver: toggleAppIcon() : FLAG_SYSTEM = true
04-16 20:58:51.006 2380 2380 W art : Unexpected CPU variant for X86 using defaults: x86_64
04-16 20:58:51.011 1657 1684 I ActivityManager: Start proc 2380:com.android.managedprovisioning/u0a15 for broadcast com.android.managedprovisioning/.BootReminder
04-16 20:58:51.014 1657 2092 W ActivityManager: Unable to start service Intent { act=com.android.email.EXCHANGE_INTENT pkg=com.android.exchange } U=0: not found
04-16 20:58:51.015 1657 1836 W ActivityManager: Unable to start service Intent { cmp=com.android.email/.service.AttachmentService } U=0: not found
04-16 20:58:51.015 1657 2092 W ActivityManager: Unable to start service Intent { cmp=com.android.email/.service.AttachmentService } U=0: not found
04-16 20:58:51.018 1657 1836 W ActivityManager: Unable to start service Intent { act=com.android.email.EXCHANGE_INTENT pkg=com.android.exchange } U=0: not found
04-16 20:58:51.019 1657 1668 W ActivityManager: Unable to start service Intent { act=com.android.email.EXCHANGE_INTENT pkg=com.android.exchange } U=0: not found
04-16 20:58:51.021 2341 2393 I Email : Observing account changes for notifications
04-16 20:58:51.022 1657 2092 W ActivityManager: Unable to start service Intent { cmp=com.android.email/.service.AttachmentService } U=0: not found
04-16 20:58:51.024 2341 2341 E ActivityThread: Service com.android.email.service.EmailBroadcastProcessorService has leaked ServiceConnection com.android.emailcommon.service.ServiceProxy$ProxyConnection@e81b7a4 that was originally bound here
04-16 20:58:51.024 2341 2341 E ActivityThread: android.app.ServiceConnectionLeaked: Service com.android.email.service.EmailBroadcastProcessorService has leaked ServiceConnection com.android.emailcommon.service.ServiceProxy$ProxyConnection@e81b7a4 that was originally bound here
04-16 20:58:51.024 2341 2341 E ActivityThread: at android.app.LoadedApk$ServiceDispatcher.(LoadedApk.java:1336)
04-16 20:58:51.024 2341 2341 E ActivityThread: at android.app.LoadedApk.getServiceDispatcher(LoadedApk.java:1231)
04-16 20:58:51.024 2341 2341 E ActivityThread: at android.app.ContextImpl.bindServiceCommon(ContextImpl.java:1478)
04-16 20:58:51.024 2341 2341 E ActivityThread: at android.app.ContextImpl.bindService(ContextImpl.java:1450)
04-16 20:58:51.024 2341 2341 E ActivityThread: at android.content.ContextWrapper.bindService(ContextWrapper.java:636)
04-16 20:58:51.024 2341 2341 E ActivityThread: at com.android.emailcommon.service.ServiceProxy.setTask(ServiceProxy.java:181)
04-16 20:58:51.024 2341 2341 E ActivityThread: at com.android.emailcommon.service.ServiceProxy.test(ServiceProxy.java:224)
04-16 20:58:51.024 2341 2341 E ActivityThread: at com.android.email.service.EmailServiceUtils.isServiceAvailable(EmailServiceUtils.java:160)
04-16 20:58:51.024 2341 2341 E ActivityThread: at com.android.email.provider.AccountReconciler.reconcileAccountsInternal(AccountReconciler.java:171)
04-16 20:58:51.024 2341 2341 E ActivityThread: at com.android.email.provider.AccountReconciler.reconcileAccounts(AccountReconciler.java:115)
04-16 20:58:51.024 2341 2341 E ActivityThread: at com.android.email.service.EmailBroadcastProcessorService.reconcileAndStartServices(EmailBroadcastProcessorService.java:305)
04-16 20:58:51.024 2341 2341 E ActivityThread: at com.android.email.service.EmailBroadcastProcessorService.onBootCompleted(EmailBroadcastProcessorService.java:295)
04-16 20:58:51.024 2341 2341 E ActivityThread: at com.android.email.service.EmailBroadcastProcessorService.onHandleIntent(EmailBroadcastProcessorService.java:130)
04-16 20:58:51.024 2341 2341 E ActivityThread: at android.app.IntentService$ServiceHandler.handleMessage(IntentService.java:68)
04-16 20:58:51.024 2341 2341 E ActivityThread: at android.os.Handler.dispatchMessage(Handler.java:102)
04-16 20:58:51.024 2341 2341 E ActivityThread: at android.os.Looper.loop(Looper.java:154)
04-16 20:58:51.024 2341 2341 E ActivityThread: at android.os.HandlerThread.run(HandlerThread.java:61)
04-16 20:58:51.024 1657 2094 W ActivityManager: Unbind failed: could not find connection for android.os.BinderProxy@5701535
04-16 20:58:51.025 1657 2092 W ActivityManager: Unable to start service Intent { act=com.android.email.EXCHANGE_INTENT pkg=com.android.exchange } U=0: not found
04-16 20:58:51.028 1657 2052 W ActivityManager: Unable to start service Intent { act=com.android.email.EXCHANGE_INTENT pkg=com.android.exchange } U=0: not found
04-16 20:58:51.036 2380 2380 W System : ClassLoader referenced unknown path: /system/priv-app/ManagedProvisioning/lib/x86_64
04-16 20:58:51.066 2395 2395 W art : Unexpected CPU variant for X86 using defaults: x86_64
04-16 20:58:51.072 1657 1684 I ActivityManager: Start proc 2395:com.android.messaging/u0a53 for broadcast com.android.messaging/.receiver.BootAndPackageReplacedReceiver
04-16 20:58:51.099 2395 2395 W System : ClassLoader referenced unknown path: /system/app/messaging/lib/x86_64
04-16 20:58:51.150 1727 1727 I LatinIME: Timeout waiting for dictionary load
04-16 20:58:51.198 1871 1871 V OmtpBootCompletedRcvr: processing deferred subId list
04-16 20:58:51.208 2395 2395 I MessagingApp: Carrier config changed. Reloading MMS config.
04-16 20:58:51.215 2395 2411 W MessagingApp: canonicalizeMccMnc: invalid mccmnc:null ,null
04-16 20:58:51.217 2395 2412 I MessagingAppDataModel: Fixup: Send failed - 0 Download failed - 0
04-16 20:58:51.223 1657 1668 D MmsServiceBroker: getCarrierConfigValues() by com.android.messaging
04-16 20:58:51.223 1657 1668 W MmsServiceBroker: MmsService not connected. Try connecting...
04-16 20:58:51.224 1657 1657 I MmsServiceBroker: Connecting to MmsService
04-16 20:58:51.224 1657 1657 W ContextImpl: Calling a method in the system process without a qualified user: android.app.ContextImpl.bindService:1449 com.android.server.MmsServiceBroker.tryConnecting:241 com.android.server.MmsServiceBroker.-wrap3:-1 com.android.server.MmsServiceBroker$1.handleMessage:83 android.os.Handler.dispatchMessage:102
04-16 20:58:51.228 1871 1871 W System : ClassLoader referenced unknown path: /system/priv-app/MmsService/lib/x86_64
04-16 20:58:51.232 1871 1871 D MmsService: onCreate
04-16 20:58:51.236 1657 1657 I MmsServiceBroker: MmsService connected
04-16 20:58:51.236 1871 1871 I MmsService: MmsConfigManager receiver action: android.intent.action.SIM_STATE_CHANGED
04-16 20:58:51.237 1871 2027 D MmsService: getCarrierConfigValues
04-16 20:58:51.237 1871 2027 I MmsService: mms config for sub 1: null
04-16 20:58:51.237 1871 1871 I MmsService: MmsConfigManager receiver action: android.telephony.action.CARRIER_CONFIG_CHANGED
04-16 20:58:51.237 2395 2411 I MessagingApp: Carrier configs loaded: Bundle[{maxImageHeight=1944, maxMessageSize=1048576, maxImageWidth=2592}] from resources+system for subId=1
04-16 20:58:51.238 1871 2418 I MmsService: MmsConfigManager loads in background mcc/mnc: 310/260
04-16 20:58:51.240 1871 2420 I MmsService: MmsConfigManager loads in background mcc/mnc: 310/260
04-16 20:58:51.240 1871 2419 I MmsService: MmsConfigManager loads in background mcc/mnc: 310/260
04-16 20:58:51.250 2395 2414 W MessagingApp: canonicalizeMccMnc: invalid mccmnc:null ,null
04-16 20:58:51.256 1657 1861 D MmsServiceBroker: getCarrierConfigValues() by com.android.messaging
04-16 20:58:51.256 1871 2093 D MmsService: getCarrierConfigValues
04-16 20:58:51.256 1871 2093 I MmsService: mms config for sub 1: Bundle[{httpSocketTimeout=60000, aliasMinChars=2, smsToMmsTextThreshold=-1, enableSMSDeliveryReports=true, maxMessageTextSize=-1, supportMmsContentDisposition=true, enabledTransID=false, aliasEnabled=false, supportHttpCharsetHeader=false, allowAttachAudio=true, smsToMmsTextLengthThreshold=-1, recipientLimit=2147483647, uaProfTagName=x-wap-profile, aliasMaxChars=48, maxImageHeight=1944, enableMMSDeliveryReports=false, userAgent=, config_cellBroadcastAppLinks=true, maxSubjectLength=40, httpParams=, enableGroupMms=true, emailGatewayNumber=, maxMessageSize=1048576, naiSuffix=, enableMMSReadReports=false, maxImageWidth=2592, uaProfUrl=, enabledMMS=false, enabledNotifyWapMMSC=false, sendMultipartSmsAsSeparateMessages=false, enableMultipartSMS=true}]
04-16 20:58:51.257 2395 2414 I MessagingApp: Carrier configs loaded: Bundle[{httpSocketTimeout=60000, aliasMinChars=2, smsToMmsTextThreshold=-1, enableSMSDeliveryReports=true, maxMessageTextSize=-1, supportMmsContentDisposition=true, enabledTransID=false, aliasEnabled=false, supportHttpCharsetHeader=false, allowAttachAudio=true, smsToMmsTextLengthThreshold=-1, recipientLimit=2147483647, uaProfTagName=x-wap-profile, aliasMaxChars=48, maxImageHeight=1944, enableMMSDeliveryReports=false, userAgent=, config_cellBroadcastAppLinks=true, maxSubjectLength=40, httpParams=, enableGroupMms=true, emailGatewayNumber=, maxMessageSize=1048576, naiSuffix=, enableMMSReadReports=false, maxImageWidth=2592, uaProfUrl=, enabledMMS=false, enabledNotifyWapMMSC=false, sendMultipartSmsAsSeparateMessages=false, enableMultipartSMS=true}] from resources+system for subId=1
04-16 20:58:51.271 2395 2416 W MessagingApp: canonicalizeMccMnc: invalid mccmnc:null ,null
04-16 20:58:51.277 1657 2092 D MmsServiceBroker: getCarrierConfigValues() by com.android.messaging
04-16 20:58:51.277 1871 1885 D MmsService: getCarrierConfigValues
04-16 20:58:51.277 1871 1885 I MmsService: mms config for sub 1: Bundle[{httpSocketTimeout=60000, aliasMinChars=2, smsToMmsTextThreshold=-1, enableSMSDeliveryReports=true, maxMessageTextSize=-1, supportMmsContentDisposition=true, enabledTransID=false, aliasEnabled=false, supportHttpCharsetHeader=false, allowAttachAudio=true, smsToMmsTextLengthThreshold=-1, recipientLimit=2147483647, uaProfTagName=x-wap-profile, aliasMaxChars=48, maxImageHeight=1944, enableMMSDeliveryReports=false, userAgent=, config_cellBroadcastAppLinks=true, maxSubjectLength=40, httpParams=, enableGroupMms=true, emailGatewayNumber=, maxMessageSize=1048576, naiSuffix=, enableMMSReadReports=false, maxImageWidth=2592, uaProfUrl=, enabledMMS=false, enabledNotifyWapMMSC=false, sendMultipartSmsAsSeparateMessages=false, enableMultipartSMS=true}]
04-16 20:58:51.278 2395 2416 I MessagingApp: Carrier configs loaded: Bundle[{httpSocketTimeout=60000, aliasMinChars=2, smsToMmsTextThreshold=-1, enableSMSDeliveryReports=true, maxMessageTextSize=-1, supportMmsContentDisposition=true, enabledTransID=false, aliasEnabled=false, supportHttpCharsetHeader=false, allowAttachAudio=true, smsToMmsTextLengthThreshold=-1, recipientLimit=2147483647, uaProfTagName=x-wap-profile, aliasMaxChars=48, maxImageHeight=1944, enableMMSDeliveryReports=false, userAgent=, config_cellBroadcastAppLinks=true, maxSubjectLength=40, httpParams=, enableGroupMms=true, emailGatewayNumber=, maxMessageSize=1048576, naiSuffix=, enableMMSReadReports=false, maxImageWidth=2592, uaProfUrl=, enabledMMS=false, enabledNotifyWapMMSC=false, sendMultipartSmsAsSeparateMessages=false, enableMultipartSMS=true}] from resources+system for subId=1
04-16 20:58:51.314 2395 2422 I MessagingAppDataModel: SyncMessagesAction: Starting batch for messages from 1744740793756 to 1744837131181 (message update limit = 80, message scan limit = 4000)
04-16 20:58:51.367 1995 1995 D CellBroadcastReceiver: Start Cell Broadcast configuration.
04-16 20:58:51.378 1995 2424 D CellBroadcastConfigService: Enable CellBroadcast on sub 1
04-16 20:58:51.383 1657 1678 W WindowManager: App freeze timeout expired.
04-16 20:58:51.386 1871 2093 D IccSmsInterfaceManager: [IccSmsInterfaceManager] Calling setCdmaBroadcastConfig with 1 configurations
04-16 20:58:51.388 1871 2093 D IccSmsInterfaceManager: [IccSmsInterfaceManager] Failed to add cdma broadcast subscription for MID range 4096 to 4096 from client com.android.cellbroadcastreceiver
04-16 20:58:51.392 1871 1885 D IccSmsInterfaceManager: [IccSmsInterfaceManager] Calling setCdmaBroadcastConfig with 1 configurations
04-16 20:58:51.394 1871 1885 D IccSmsInterfaceManager: [IccSmsInterfaceManager] Failed to add cdma broadcast subscription for MID range 4097 to 4097 from client com.android.cellbroadcastreceiver
04-16 20:58:51.396 1871 2027 D IccSmsInterfaceManager: [IccSmsInterfaceManager] Calling setCdmaBroadcastConfig with 1 configurations
04-16 20:58:51.401 1871 2027 D IccSmsInterfaceManager: [IccSmsInterfaceManager] Failed to add cdma broadcast subscription for MID range 4098 to 4098 from client com.android.cellbroadcastreceiver
