04-16 21:01:35.608 7159 7174 E GeckoConsole: handleEvent@resource://gre/modules/GeckoViewContent.sys.mjs:379:11
04-16 21:01:35.636 7233 7270 E eglCodecCommon: glUtilsParamSize: unknow param 0x00008caa
04-16 21:01:35.674 7233 7270 E eglCodecCommon: glUtilsParamSize: unknow param 0x00008caa
04-16 21:01:35.685 7233 7270 E eglCodecCommon: glUtilsParamSize: unknow param 0x00008caa
04-16 21:01:35.701 7233 7270 E eglCodecCommon: glUtilsParamSize: unknow param 0x00008caa
04-16 21:01:35.710 7233 7270 E eglCodecCommon: glUtilsParamSize: unknow param 0x00000d02
04-16 21:01:35.724 7233 7270 E eglCodecCommon: glUtilsParamSize: unknow param 0x00008caa
04-16 21:01:35.729 7159 7174 I Gecko : 1744837295729 Marionette INFO No differences allowed
04-16 21:01:35.819 7159 7174 I Gecko : 1744837295819 Marionette INFO Testing http://web-platform.test:8000/css/CSS2/sec5/attribute-000.xht == http://web-platform.test:8000/css/CSS2/sec5/attribute-ref.xht
04-16 21:01:35.861 7159 7174 E GeckoConsole: [JavaScript Error: "TypeError: can't access property "nodePrincipal", this.contentDocument is null" {file: "chrome://global/content/elements/browser-custom-element.js" line: 661}]
04-16 21:01:35.861 7159 7174 E GeckoConsole: get contentPrincipal@chrome://global/content/elements/browser-custom-element.js:661:1
04-16 21:01:35.861 7159 7174 E GeckoConsole: onLocationChange@resource://gre/modules/GeckoViewNavigation.sys.mjs:640:34
04-16 21:01:35.877 7159 7174 E GeckoConsole: [JavaScript Error: "TypeError: can't access property "title", this.contentDocument is null" {file: "chrome://global/content/elements/browser-custom-element.js" line: 630}]
04-16 21:01:35.877 7159 7174 E GeckoConsole: get contentTitle@chrome://global/content/elements/browser-custom-element.js:630:1
04-16 21:01:35.877 7159 7174 E GeckoConsole: handleEvent@resource://gre/modules/GeckoViewContent.sys.mjs:379:11
04-16 21:01:35.903 7233 7270 E eglCodecCommon: glUtilsParamSize: unknow param 0x00008caa
04-16 21:01:35.958 7233 7270 E eglCodecCommon: glUtilsParamSize: unknow param 0x00008caa
04-16 21:01:35.971 7233 7270 E eglCodecCommon: glUtilsParamSize: unknow param 0x00008caa
04-16 21:01:35.984 7233 7270 E eglCodecCommon: glUtilsParamSize: unknow param 0x00008caa
04-16 21:01:35.995 7233 7270 E eglCodecCommon: glUtilsParamSize: unknow param 0x00000d02
04-16 21:01:36.010 7233 7270 E eglCodecCommon: glUtilsParamSize: unknow param 0x00008caa
04-16 21:01:36.077 7159 7174 E GeckoConsole: [JavaScript Error: "TypeError: can't access property "nodePrincipal", this.contentDocument is null" {file: "chrome://global/content/elements/browser-custom-element.js" line: 661}]
04-16 21:01:36.077 7159 7174 E GeckoConsole: get contentPrincipal@chrome://global/content/elements/browser-custom-element.js:661:1
04-16 21:01:36.077 7159 7174 E GeckoConsole: onLocationChange@resource://gre/modules/GeckoViewNavigation.sys.mjs:640:34
04-16 21:01:36.094 7159 7174 E GeckoConsole: [JavaScript Error: "TypeError: can't access property "title", this.contentDocument is null" {file: "chrome://global/content/elements/browser-custom-element.js" line: 630}]
04-16 21:01:36.094 7159 7174 E GeckoConsole: get contentTitle@chrome://global/content/elements/browser-custom-element.js:630:1
04-16 21:01:36.094 7159 7174 E GeckoConsole: handleEvent@resource://gre/modules/GeckoViewContent.sys.mjs:379:11
04-16 21:01:36.120 7233 7270 E eglCodecCommon: glUtilsParamSize: unknow param 0x00008caa
04-16 21:01:36.159 7233 7270 E eglCodecCommon: glUtilsParamSize: unknow param 0x00008caa
04-16 21:01:36.169 7233 7270 E eglCodecCommon: glUtilsParamSize: unknow param 0x00008caa
04-16 21:01:36.184 7233 7270 E eglCodecCommon: glUtilsParamSize: unknow param 0x00008caa
04-16 21:01:36.194 7233 7270 E eglCodecCommon: glUtilsParamSize: unknow param 0x00000d02
04-16 21:01:36.207 7233 7270 E eglCodecCommon: glUtilsParamSize: unknow param 0x00008caa
04-16 21:01:36.217 7159 7174 I Gecko : 1744837296217 Marionette INFO No differences allowed
04-16 21:01:36.307 7159 7174 I Gecko : 1744837296307 Marionette INFO Testing http://web-platform.test:8000/css/CSS2/sec5/attribute-001.xht == http://web-platform.test:8000/css/CSS2/sec5/attribute-ref.xht
04-16 21:01:36.346 7159 7174 E GeckoConsole: [JavaScript Error: "TypeError: can't access property "nodePrincipal", this.contentDocument is null" {file: "chrome://global/content/elements/browser-custom-element.js" line: 661}]
04-16 21:01:36.346 7159 7174 E GeckoConsole: get contentPrincipal@chrome://global/content/elements/browser-custom-element.js:661:1
04-16 21:01:36.346 7159 7174 E GeckoConsole: onLocationChange@resource://gre/modules/GeckoViewNavigation.sys.mjs:640:34
04-16 21:01:36.362 7159 7174 E GeckoConsole: [JavaScript Error: "TypeError: can't access property "title", this.contentDocument is null" {file: "chrome://global/content/elements/browser-custom-element.js" line: 630}]
04-16 21:01:36.362 7159 7174 E GeckoConsole: get contentTitle@chrome://global/content/elements/browser-custom-element.js:630:1
04-16 21:01:36.362 7159 7174 E GeckoConsole: handleEvent@resource://gre/modules/GeckoViewContent.sys.mjs:379:11
04-16 21:01:36.386 7233 7270 E eglCodecCommon: glUtilsParamSize: unknow param 0x00008caa
04-16 21:01:36.441 7233 7270 E eglCodecCommon: glUtilsParamSize: unknow param 0x00008caa
04-16 21:01:36.453 7233 7270 E eglCodecCommon: glUtilsParamSize: unknow param 0x00008caa
04-16 21:01:36.467 7233 7270 E eglCodecCommon: glUtilsParamSize: unknow param 0x00008caa
04-16 21:01:36.479 7233 7270 E eglCodecCommon: glUtilsParamSize: unknow param 0x00000d02
04-16 21:01:36.489 7233 7270 E eglCodecCommon: glUtilsParamSize: unknow param 0x00008caa
04-16 21:01:36.499 7159 7174 I Gecko : 1744837296499 Marionette INFO No differences allowed
04-16 21:01:36.558 7159 7174 W GeckoEventDispatcher: No listener for GeckoView:StateUpdated
04-16 21:01:36.592 7159 7174 I Gecko : 1744837296592 Marionette INFO Testing http://web-platform.test:8000/css/CSS2/sec5/attribute-002.xht == http://web-platform.test:8000/css/CSS2/sec5/attribute-ref.xht
04-16 21:01:36.633 7159 7174 E GeckoConsole: [JavaScript Error: "TypeError: can't access property "nodePrincipal", this.contentDocument is null" {file: "chrome://global/content/elements/browser-custom-element.js" line: 661}]
04-16 21:01:36.633 7159 7174 E GeckoConsole: get contentPrincipal@chrome://global/content/elements/browser-custom-element.js:661:1
04-16 21:01:36.633 7159 7174 E GeckoConsole: onLocationChange@resource://gre/modules/GeckoViewNavigation.sys.mjs:640:34
04-16 21:01:36.649 7159 7174 E GeckoConsole: [JavaScript Error: "TypeError: can't access property "title", this.contentDocument is null" {file: "chrome://global/content/elements/browser-custom-element.js" line: 630}]
04-16 21:01:36.649 7159 7174 E GeckoConsole: get contentTitle@chrome://global/content/elements/browser-custom-element.js:630:1
04-16 21:01:36.649 7159 7174 E GeckoConsole: handleEvent@resource://gre/modules/GeckoViewContent.sys.mjs:379:11
04-16 21:01:36.686 7233 7270 E eglCodecCommon: glUtilsParamSize: unknow param 0x00008caa
04-16 21:01:36.725 7233 7270 E eglCodecCommon: glUtilsParamSize: unknow param 0x00008caa
04-16 21:01:36.736 7233 7270 E eglCodecCommon: glUtilsParamSize: unknow param 0x00008caa
04-16 21:01:36.750 7233 7270 E eglCodecCommon: glUtilsParamSize: unknow param 0x00008caa
04-16 21:01:36.760 7233 7270 E eglCodecCommon: glUtilsParamSize: unknow param 0x00000d02
04-16 21:01:36.774 7233 7270 E eglCodecCommon: glUtilsParamSize: unknow param 0x00008caa
04-16 21:01:36.780 7159 7174 I Gecko : 1744837296780 Marionette INFO No differences allowed
04-16 21:01:36.860 7159 7174 I Gecko : 1744837296860 Marionette INFO Testing http://web-platform.test:8000/css/CSS2/sec5/attribute-003.xht == http://web-platform.test:8000/css/CSS2/sec5/attribute-ref.xht
04-16 21:01:36.903 7159 7174 E GeckoConsole: [JavaScript Error: "TypeError: can't access property "nodePrincipal", this.contentDocument is null" {file: "chrome://global/content/elements/browser-custom-element.js" line: 661}]
04-16 21:01:36.903 7159 7174 E GeckoConsole: get contentPrincipal@chrome://global/content/elements/browser-custom-element.js:661:1
04-16 21:01:36.903 7159 7174 E GeckoConsole: onLocationChange@resource://gre/modules/GeckoViewNavigation.sys.mjs:640:34
04-16 21:01:36.920 7159 7174 E GeckoConsole: [JavaScript Error: "TypeError: can't access property "title", this.contentDocument is null" {file: "chrome://global/content/elements/browser-custom-element.js" line: 630}]
04-16 21:01:36.920 7159 7174 E GeckoConsole: get contentTitle@chrome://global/content/elements/browser-custom-element.js:630:1
04-16 21:01:36.920 7159 7174 E GeckoConsole: handleEvent@resource://gre/modules/GeckoViewContent.sys.mjs:379:11
04-16 21:01:36.953 7233 7270 E eglCodecCommon: glUtilsParamSize: unknow param 0x00008caa
04-16 21:01:36.991 7233 7270 E eglCodecCommon: glUtilsParamSize: unknow param 0x00008caa
04-16 21:01:37.002 7233 7270 E eglCodecCommon: glUtilsParamSize: unknow param 0x00008caa
04-16 21:01:37.017 7233 7270 E eglCodecCommon: glUtilsParamSize: unknow param 0x00008caa
04-16 21:01:37.028 7233 7270 E eglCodecCommon: glUtilsParamSize: unknow param 0x00000d02
04-16 21:01:37.039 7233 7270 E eglCodecCommon: glUtilsParamSize: unknow param 0x00008caa
04-16 21:01:37.047 7159 7174 I Gecko : 1744837297047 Marionette INFO No differences allowed
04-16 21:01:37.133 7159 7174 I Gecko : 1744837297133 Marionette INFO Testing http://web-platform.test:8000/css/CSS2/sec5/attribute-004.xht == http://web-platform.test:8000/css/CSS2/sec5/attribute-ref.xht
04-16 21:01:37.179 7159 7174 E GeckoConsole: [JavaScript Error: "TypeError: can't access property "nodePrincipal", this.contentDocument is null" {file: "chrome://global/content/elements/browser-custom-element.js" line: 661}]
04-16 21:01:37.179 7159 7174 E GeckoConsole: get contentPrincipal@chrome://global/content/elements/browser-custom-element.js:661:1
04-16 21:01:37.179 7159 7174 E GeckoConsole: onLocationChange@resource://gre/modules/GeckoViewNavigation.sys.mjs:640:34
04-16 21:01:37.195 7159 7174 E GeckoConsole: [JavaScript Error: "TypeError: can't access property "title", this.contentDocument is null" {file: "chrome://global/content/elements/browser-custom-element.js" line: 630}]
04-16 21:01:37.195 7159 7174 E GeckoConsole: get contentTitle@chrome://global/content/elements/browser-custom-element.js:630:1
04-16 21:01:37.195 7159 7174 E GeckoConsole: handleEvent@resource://gre/modules/GeckoViewContent.sys.mjs:379:11
04-16 21:01:37.220 7233 7270 E eglCodecCommon: glUtilsParamSize: unknow param 0x00008caa
04-16 21:01:37.258 7233 7270 E eglCodecCommon: glUtilsParamSize: unknow param 0x00008caa
04-16 21:01:37.270 7233 7270 E eglCodecCommon: glUtilsParamSize: unknow param 0x00008caa
04-16 21:01:37.284 7233 7270 E eglCodecCommon: glUtilsParamSize: unknow param 0x00008caa
04-16 21:01:37.294 7233 7270 E eglCodecCommon: glUtilsParamSize: unknow param 0x00000d02
04-16 21:01:37.304 7233 7270 E eglCodecCommon: glUtilsParamSize: unknow param 0x00008caa
04-16 21:01:37.316 7159 7174 I Gecko : 1744837297316 Marionette INFO No differences allowed
04-16 21:01:37.400 7159 7174 I Gecko : 1744837297400 Marionette INFO Testing http://web-platform.test:8000/css/CSS2/sec5/attribute-005.xht == http://web-platform.test:8000/css/CSS2/sec5/attribute-ref.xht
04-16 21:01:37.442 7159 7174 E GeckoConsole: [JavaScript Error: "TypeError: can't access property "nodePrincipal", this.contentDocument is null" {file: "chrome://global/content/elements/browser-custom-element.js" line: 661}]
04-16 21:01:37.442 7159 7174 E GeckoConsole: get contentPrincipal@chrome://global/content/elements/browser-custom-element.js:661:1
04-16 21:01:37.442 7159 7174 E GeckoConsole: onLocationChange@resource://gre/modules/GeckoViewNavigation.sys.mjs:640:34
04-16 21:01:37.459 7159 7174 E GeckoConsole: [JavaScript Error: "TypeError: can't access property "title", this.contentDocument is null" {file: "chrome://global/content/elements/browser-custom-element.js" line: 630}]
04-16 21:01:37.459 7159 7174 E GeckoConsole: get contentTitle@chrome://global/content/elements/browser-custom-element.js:630:1
04-16 21:01:37.459 7159 7174 E GeckoConsole: handleEvent@resource://gre/modules/GeckoViewContent.sys.mjs:379:11
04-16 21:01:37.487 7233 7270 E eglCodecCommon: glUtilsParamSize: unknow param 0x00008caa
04-16 21:01:37.525 7233 7270 E eglCodecCommon: glUtilsParamSize: unknow param 0x00008caa
04-16 21:01:37.537 7233 7270 E eglCodecCommon: glUtilsParamSize: unknow param 0x00008caa
04-16 21:01:37.551 7233 7270 E eglCodecCommon: glUtilsParamSize: unknow param 0x00008caa
04-16 21:01:37.561 7233 7270 E eglCodecCommon: glUtilsParamSize: unknow param 0x00000d02
04-16 21:01:37.571 7233 7270 E eglCodecCommon: glUtilsParamSize: unknow param 0x00008caa
04-16 21:01:37.583 7159 7174 I Gecko : 1744837297583 Marionette INFO No differences allowed
04-16 21:01:37.631 7159 7174 W GeckoEventDispatcher: No listener for GeckoView:StateUpdated
04-16 21:01:37.648 7159 7415 D ProfileInstaller: Installing profile for org.mozilla.geckoview.test_runner
04-16 21:01:37.668 7159 7174 I Gecko : 1744837297668 Marionette INFO Testing http://web-platform.test:8000/css/CSS2/sec5/attribute-006.xht == http://web-platform.test:8000/css/CSS2/sec5/attribute-ref.xht
04-16 21:01:37.711 7159 7174 E GeckoConsole: [JavaScript Error: "TypeError: can't access property "nodePrincipal", this.contentDocument is null" {file: "chrome://global/content/elements/browser-custom-element.js" line: 661}]
04-16 21:01:37.711 7159 7174 E GeckoConsole: get contentPrincipal@chrome://global/content/elements/browser-custom-element.js:661:1
04-16 21:01:37.711 7159 7174 E GeckoConsole: onLocationChange@resource://gre/modules/GeckoViewNavigation.sys.mjs:640:34
04-16 21:01:37.727 7159 7174 E GeckoConsole: [JavaScript Error: "TypeError: can't access property "title", this.contentDocument is null" {file: "chrome://global/content/elements/browser-custom-element.js" line: 630}]
04-16 21:01:37.727 7159 7174 E GeckoConsole: get contentTitle@chrome://global/content/elements/browser-custom-element.js:630:1
04-16 21:01:37.727 7159 7174 E GeckoConsole: handleEvent@resource://gre/modules/GeckoViewContent.sys.mjs:379:11
04-16 21:01:37.752 7233 7270 E eglCodecCommon: glUtilsParamSize: unknow param 0x00008caa
04-16 21:01:37.791 7233 7270 E eglCodecCommon: glUtilsParamSize: unknow param 0x00008caa
04-16 21:01:37.801 7233 7270 E eglCodecCommon: glUtilsParamSize: unknow param 0x00008caa
04-16 21:01:37.818 7233 7270 E eglCodecCommon: glUtilsParamSize: unknow param 0x00008caa
04-16 21:01:37.829 7233 7270 E eglCodecCommon: glUtilsParamSize: unknow param 0x00000d02
04-16 21:01:37.844 7233 7270 E eglCodecCommon: glUtilsParamSize: unknow param 0x00008caa
04-16 21:01:37.850 7159 7174 I Gecko : 1744837297850 Marionette INFO No differences allowed
04-16 21:01:38.061 7159 7174 I Gecko : 1744837298061 Marionette INFO Testing http://web-platform.test:8000/css/CSS2/sec5/attribute-007.xht == http://web-platform.test:8000/css/CSS2/sec5/attribute-ref.xht
04-16 21:01:38.104 7159 7174 E GeckoConsole: [JavaScript Error: "TypeError: can't access property "nodePrincipal", this.contentDocument is null" {file: "chrome://global/content/elements/browser-custom-element.js" line: 661}]
04-16 21:01:38.104 7159 7174 E GeckoConsole: get contentPrincipal@chrome://global/content/elements/browser-custom-element.js:661:1
04-16 21:01:38.104 7159 7174 E GeckoConsole: onLocationChange@resource://gre/modules/GeckoViewNavigation.sys.mjs:640:34
04-16 21:01:38.118 7159 7174 E GeckoConsole: [JavaScript Error: "TypeError: can't access property "title", this.contentDocument is null" {file: "chrome://global/content/elements/browser-custom-element.js" line: 630}]
04-16 21:01:38.118 7159 7174 E GeckoConsole: get contentTitle@chrome://global/content/elements/browser-custom-element.js:630:1
04-16 21:01:38.118 7159 7174 E GeckoConsole: handleEvent@resource://gre/modules/GeckoViewContent.sys.mjs:379:11
04-16 21:01:38.140 7233 7270 E eglCodecCommon: glUtilsParamSize: unknow param 0x00008caa
04-16 21:01:38.192 7233 7270 E eglCodecCommon: glUtilsParamSize: unknow param 0x00008caa
04-16 21:01:38.203 7233 7270 E eglCodecCommon: glUtilsParamSize: unknow param 0x00008caa
04-16 21:01:38.218 7233 7270 E eglCodecCommon: glUtilsParamSize: unknow param 0x00008caa
04-16 21:01:38.227 7233 7270 E eglCodecCommon: glUtilsParamSize: unknow param 0x00000d02
04-16 21:01:38.237 7233 7270 E eglCodecCommon: glUtilsParamSize: unknow param 0x00008caa
04-16 21:01:38.245 7159 7174 I Gecko : 1744837298245 Marionette INFO No differences allowed
04-16 21:01:38.334 7159 7174 I Gecko : 1744837298334 Marionette INFO Testing http://web-platform.test:8000/css/CSS2/sec5/class-000.xht == http://web-platform.test:8000/css/CSS2/sec5/class-000-ref.html
04-16 21:01:38.376 7159 7174 E GeckoConsole: [JavaScript Error: "TypeError: can't access property "nodePrincipal", this.contentDocument is null" {file: "chrome://global/content/elements/browser-custom-element.js" line: 661}]
04-16 21:01:38.376 7159 7174 E GeckoConsole: get contentPrincipal@chrome://global/content/elements/browser-custom-element.js:661:1
04-16 21:01:38.376 7159 7174 E GeckoConsole: onLocationChange@resource://gre/modules/GeckoViewNavigation.sys.mjs:640:34
04-16 21:01:38.381 7159 7174 E GeckoConsole: [JavaScript Error: "TypeError: can't access property "title", this.contentDocument is null" {file: "chrome://global/content/elements/browser-custom-element.js" line: 630}]
04-16 21:01:38.381 7159 7174 E GeckoConsole: get contentTitle@chrome://global/content/elements/browser-custom-element.js:630:1
04-16 21:01:38.381 7159 7174 E GeckoConsole: handleEvent@resource://gre/modules/GeckoViewContent.sys.mjs:379:11
04-16 21:01:38.403 7233 7270 E eglCodecCommon: glUtilsParamSize: unknow param 0x00008caa
04-16 21:01:38.458 7233 7270 E eglCodecCommon: glUtilsParamSize: unknow param 0x00008caa
04-16 21:01:38.468 7233 7270 E eglCodecCommon: glUtilsParamSize: unknow param 0x00008caa
04-16 21:01:38.484 7233 7270 E eglCodecCommon: glUtilsParamSize: unknow param 0x00008caa
04-16 21:01:38.493 7233 7270 E eglCodecCommon: glUtilsParamSize: unknow param 0x00000d02
04-16 21:01:38.504 7233 7270 E eglCodecCommon: glUtilsParamSize: unknow param 0x00008caa
04-16 21:01:38.571 7159 7174 E GeckoConsole: [JavaScript Error: "TypeError: can't access property "nodePrincipal", this.contentDocument is null" {file: "chrome://global/content/elements/browser-custom-element.js" line: 661}]
04-16 21:01:38.571 7159 7174 E GeckoConsole: get contentPrincipal@chrome://global/content/elements/browser-custom-element.js:661:1
04-16 21:01:38.571 7159 7174 E GeckoConsole: onLocationChange@resource://gre/modules/GeckoViewNavigation.sys.mjs:640:34
04-16 21:01:38.587 7159 7174 E GeckoConsole: [JavaScript Error: "TypeError: can't access property "title", this.contentDocument is null" {file: "chrome://global/content/elements/browser-custom-element.js" line: 630}]
04-16 21:01:38.587 7159 7174 E GeckoConsole: get contentTitle@chrome://global/content/elements/browser-custom-element.js:630:1
04-16 21:01:38.587 7159 7174 E GeckoConsole: handleEvent@resource://gre/modules/GeckoViewContent.sys.mjs:379:11
04-16 21:01:38.619 7233 7270 E eglCodecCommon: glUtilsParamSize: unknow param 0x00008caa
04-16 21:01:38.659 7233 7270 E eglCodecCommon: glUtilsParamSize: unknow param 0x00008caa
04-16 21:01:38.669 7233 7270 E eglCodecCommon: glUtilsParamSize: unknow param 0x00008caa
04-16 21:01:38.684 7233 7270 E eglCodecCommon: glUtilsParamSize: unknow param 0x00008caa
04-16 21:01:38.693 7233 7270 E eglCodecCommon: glUtilsParamSize: unknow param 0x00000d02
04-16 21:01:38.703 7233 7270 E eglCodecCommon: glUtilsParamSize: unknow param 0x00008caa
04-16 21:01:38.711 7159 7174 I Gecko : 1744837298711 Marionette INFO No differences allowed
04-16 21:01:38.714 7159 7174 W GeckoEventDispatcher: No listener for GeckoView:StateUpdated
04-16 21:01:38.808 7159 7174 I Gecko : 1744837298808 Marionette INFO Testing http://web-platform.test:8000/css/CSS2/sec5/class-001.xht == http://web-platform.test:8000/css/CSS2/sec5/class-000-ref.html
04-16 21:01:38.852 7159 7174 E GeckoConsole: [JavaScript Error: "TypeError: can't access property "nodePrincipal", this.contentDocument is null" {file: "chrome://global/content/elements/browser-custom-element.js" line: 661}]
04-16 21:01:38.852 7159 7174 E GeckoConsole: get contentPrincipal@chrome://global/content/elements/browser-custom-element.js:661:1
04-16 21:01:38.852 7159 7174 E GeckoConsole: onLocationChange@resource://gre/modules/GeckoViewNavigation.sys.mjs:640:34
04-16 21:01:38.869 7159 7174 E GeckoConsole: [JavaScript Error: "TypeError: can't access property "title", this.contentDocument is null" {file: "chrome://global/content/elements/browser-custom-element.js" line: 630}]
04-16 21:01:38.869 7159 7174 E GeckoConsole: get contentTitle@chrome://global/content/elements/browser-custom-element.js:630:1
04-16 21:01:38.869 7159 7174 E GeckoConsole: handleEvent@resource://gre/modules/GeckoViewContent.sys.mjs:379:11
04-16 21:01:38.903 7233 7270 E eglCodecCommon: glUtilsParamSize: unknow param 0x00008caa
04-16 21:01:38.927 7159 7174 D GeckoIdleService: Get idle time: time since reset 5016 msec
04-16 21:01:38.928 7159 7174 D GeckoIdleService: Idle timer callback: current idle time 5016 msec
04-16 21:01:38.928 7159 7174 D GeckoIdleService: next timeout 4294967289983 msec from now
04-16 21:01:38.928 7159 7174 D GeckoIdleService: SetTimerExpiryIfBefore: next timeout 4294967289983 msec from now
04-16 21:01:38.928 7159 7174 D GeckoIdleService: reset timer expiry to 4294967289993 msec from now
04-16 21:01:38.928 7159 7174 D GeckoIdleService: Idle timer callback: tell observer 0x757a8a73a4e8 user is idle
04-16 21:01:38.942 7233 7270 E eglCodecCommon: glUtilsParamSize: unknow param 0x00008caa
04-16 21:01:38.954 7233 7270 E eglCodecCommon: glUtilsParamSize: unknow param 0x00008caa
04-16 21:01:38.968 7233 7270 E eglCodecCommon: glUtilsParamSize: unknow param 0x00008caa
04-16 21:01:38.979 7233 7270 E eglCodecCommon: glUtilsParamSize: unknow param 0x00000d02
04-16 21:01:38.989 7233 7270 E eglCodecCommon: glUtilsParamSize: unknow param 0x00008caa
04-16 21:01:38.996 7159 7174 I Gecko : 1744837298996 Marionette INFO No differences allowed
04-16 21:01:39.087 7159 7174 I Gecko : 1744837299086 Marionette INFO Testing http://web-platform.test:8000/css/CSS2/sec5/class-002.xht == http://web-platform.test:8000/css/CSS2/sec5/class-002-ref.html
04-16 21:01:39.126 7159 7174 E GeckoConsole: [JavaScript Error: "TypeError: can't access property "nodePrincipal", this.contentDocument is null" {file: "chrome://global/content/elements/browser-custom-element.js" line: 661}]
04-16 21:01:39.126 7159 7174 E GeckoConsole: get contentPrincipal@chrome://global/content/elements/browser-custom-element.js:661:1
04-16 21:01:39.126 7159 7174 E GeckoConsole: onLocationChange@resource://gre/modules/GeckoViewNavigation.sys.mjs:640:34
04-16 21:01:39.130 7159 7174 E GeckoConsole: [JavaScript Error: "TypeError: can't access property "title", this.contentDocument is null" {file: "chrome://global/content/elements/browser-custom-element.js" line: 630}]
04-16 21:01:39.130 7159 7174 E GeckoConsole: get contentTitle@chrome://global/content/elements/browser-custom-element.js:630:1
04-16 21:01:39.130 7159 7174 E GeckoConsole: handleEvent@resource://gre/modules/GeckoViewContent.sys.mjs:379:11
04-16 21:01:39.153 7233 7270 E eglCodecCommon: glUtilsParamSize: unknow param 0x00008caa
04-16 21:01:39.199 7233 7270 E eglCodecCommon: glUtilsParamSize: unknow param 0x00008741
04-16 21:01:39.272 7233 7270 E eglCodecCommon: glUtilsParamSize: unknow param 0x00008741
04-16 21:01:39.393 7233 7270 E eglCodecCommon: glUtilsParamSize: unknow param 0x00008caa
04-16 21:01:39.408 7233 7270 E eglCodecCommon: glUtilsParamSize: unknow param 0x00008caa
04-16 21:01:39.419 7233 7270 E eglCodecCommon: glUtilsParamSize: unknow param 0x00008caa
04-16 21:01:39.430 7233 7270 E eglCodecCommon: glUtilsParamSize: unknow param 0x00000d02
04-16 21:01:39.444 7233 7270 E eglCodecCommon: glUtilsParamSize: unknow param 0x00008caa
04-16 21:01:39.515 7159 7174 E GeckoConsole: [JavaScript Error: "TypeError: can't access property "nodePrincipal", this.contentDocument is null" {file: "chrome://global/content/elements/browser-custom-element.js" line: 661}]
04-16 21:01:39.515 7159 7174 E GeckoConsole: get contentPrincipal@chrome://global/content/elements/browser-custom-element.js:661:1
04-16 21:01:39.515 7159 7174 E GeckoConsole: onLocationChange@resource://gre/modules/GeckoViewNavigation.sys.mjs:640:34
04-16 21:01:39.531 7159 7174 E GeckoConsole: [JavaScript Error: "TypeError: can't access property "title", this.contentDocument is null" {file: "chrome://global/content/elements/browser-custom-element.js" line: 630}]
04-16 21:01:39.531 7159 7174 E GeckoConsole: get contentTitle@chrome://global/content/elements/browser-custom-element.js:630:1
04-16 21:01:39.531 7159 7174 E GeckoConsole: handleEvent@resource://gre/modules/GeckoViewContent.sys.mjs:379:11
04-16 21:01:39.552 7233 7270 E eglCodecCommon: glUtilsParamSize: unknow param 0x00008caa
04-16 21:01:39.569 7233 7270 E eglCodecCommon: glUtilsParamSize: unknow param 0x00008caa
04-16 21:01:39.589 7233 7270 E eglCodecCommon: glUtilsParamSize: unknow param 0x00008caa
04-16 21:01:39.614 7233 7270 E eglCodecCommon: glUtilsParamSize: unknow param 0x00008caa
04-16 21:01:39.630 7233 7270 E eglCodecCommon: glUtilsParamSize: unknow param 0x00008caa
04-16 21:01:39.652 7233 7270 E eglCodecCommon: glUtilsParamSize: unknow param 0x00008caa
04-16 21:01:39.658 7233 7270 E eglCodecCommon: glUtilsParamSize: unknow param 0x00000d02
04-16 21:01:39.669 7233 7270 E eglCodecCommon: glUtilsParamSize: unknow param 0x00008caa
04-16 21:01:39.677 7159 7174 I Gecko : 1744837299677 Marionette INFO No differences allowed
04-16 21:01:39.766 7159 7174 I Gecko : 1744837299766 Marionette INFO Testing http://web-platform.test:8000/css/CSS2/sec5/descendant-selector-000.xht == http://web-platform.test:8000/css/CSS2/sec5/descendant-selector-000-ref.xht
04-16 21:01:39.809 7159 7174 E GeckoConsole: [JavaScript Error: "TypeError: can't access property "nodePrincipal", this.contentDocument is null" {file: "chrome://global/content/elements/browser-custom-element.js" line: 661}]
04-16 21:01:39.809 7159 7174 E GeckoConsole: get contentPrincipal@chrome://global/content/elements/browser-custom-element.js:661:1
04-16 21:01:39.809 7159 7174 E GeckoConsole: onLocationChange@resource://gre/modules/GeckoViewNavigation.sys.mjs:640:34
04-16 21:01:39.825 7159 7174 E GeckoConsole: [JavaScript Error: "TypeError: can't access property "title", this.contentDocument is null" {file: "chrome://global/content/elements/browser-custom-element.js" line: 630}]
04-16 21:01:39.825 7159 7174 E GeckoConsole: get contentTitle@chrome://global/content/elements/browser-custom-element.js:630:1
04-16 21:01:39.825 7159 7174 E GeckoConsole: handleEvent@resource://gre/modules/GeckoViewContent.sys.mjs:379:11
04-16 21:01:39.854 7233 7270 E eglCodecCommon: glUtilsParamSize: unknow param 0x00008caa
04-16 21:01:39.855 7159 7174 W GeckoEventDispatcher: No listener for GeckoView:StateUpdated
04-16 21:01:39.887 7233 7270 E eglCodecCommon: glUtilsParamSize: unknow param 0x00008caa
04-16 21:01:39.909 7233 7270 E eglCodecCommon: glUtilsParamSize: unknow param 0x00008caa
04-16 21:01:39.921 7233 7270 E eglCodecCommon: glUtilsParamSize: unknow param 0x00008caa
04-16 21:01:39.935 7233 7270 E eglCodecCommon: glUtilsParamSize: unknow param 0x00008caa
04-16 21:01:39.946 7233 7270 E eglCodecCommon: glUtilsParamSize: unknow param 0x00000d02
04-16 21:01:39.955 7233 7270 E eglCodecCommon: glUtilsParamSize: unknow param 0x00008caa
04-16 21:01:40.018 7159 7174 E GeckoConsole: [JavaScript Error: "TypeError: can't access property "nodePrincipal", this.contentDocument is null" {file: "chrome://global/content/elements/browser-custom-element.js" line: 661}]
04-16 21:01:40.018 7159 7174 E GeckoConsole: get contentPrincipal@chrome://global/content/elements/browser-custom-element.js:661:1
04-16 21:01:40.018 7159 7174 E GeckoConsole: onLocationChange@resource://gre/modules/GeckoViewNavigation.sys.mjs:640:34
04-16 21:01:40.034 7159 7174 E GeckoConsole: [JavaScript Error: "TypeError: can't access property "title", this.contentDocument is null" {file: "chrome://global/content/elements/browser-custom-element.js" line: 630}]
04-16 21:01:40.034 7159 7174 E GeckoConsole: get contentTitle@chrome://global/content/elements/browser-custom-element.js:630:1
04-16 21:01:40.034 7159 7174 E GeckoConsole: handleEvent@resource://gre/modules/GeckoViewContent.sys.mjs:379:11
04-16 21:01:40.070 7233 7270 E eglCodecCommon: glUtilsParamSize: unknow param 0x00008caa
04-16 21:01:40.103 7233 7270 E eglCodecCommon: glUtilsParamSize: unknow param 0x00008caa
04-16 21:01:40.114 7233 7270 E eglCodecCommon: glUtilsParamSize: unknow param 0x00008caa
04-16 21:01:40.129 7233 7270 E eglCodecCommon: glUtilsParamSize: unknow param 0x00008caa
04-16 21:01:40.142 7233 7270 E eglCodecCommon: glUtilsParamSize: unknow param 0x00008caa
04-16 21:01:40.152 7233 7270 E eglCodecCommon: glUtilsParamSize: unknow param 0x00000d02
04-16 21:01:40.171 7159 7174 I Gecko : 1744837300171 Marionette INFO No differences allowed
04-16 21:01:40.180 7233 7270 E eglCodecCommon: glUtilsParamSize: unknow param 0x00008caa
04-16 21:01:40.263 7159 7174 I Gecko : 1744837300263 Marionette INFO Testing http://web-platform.test:8000/css/CSS2/sec5/descendant-selector-001.xht == http://web-platform.test:8000/css/CSS2/sec5/descendant-selector-000-ref.xht
04-16 21:01:40.306 7159 7174 E GeckoConsole: [JavaScript Error: "TypeError: can't access property "nodePrincipal", this.contentDocument is null" {file: "chrome://global/content/elements/browser-custom-element.js" line: 661}]
04-16 21:01:40.306 7159 7174 E GeckoConsole: get contentPrincipal@chrome://global/content/elements/browser-custom-element.js:661:1
04-16 21:01:40.306 7159 7174 E GeckoConsole: onLocationChange@resource://gre/modules/GeckoViewNavigation.sys.mjs:640:34
04-16 21:01:40.324 7159 7174 E GeckoConsole: [JavaScript Error: "TypeError: can't access property "title", this.contentDocument is null" {file: "chrome://global/content/elements/browser-custom-element.js" line: 630}]
04-16 21:01:40.324 7159 7174 E GeckoConsole: get contentTitle@chrome://global/content/elements/browser-custom-element.js:630:1
04-16 21:01:40.324 7159 7174 E GeckoConsole: handleEvent@resource://gre/modules/GeckoViewContent.sys.mjs:379:11
04-16 21:01:40.353 7233 7270 E eglCodecCommon: glUtilsParamSize: unknow param 0x00008caa
04-16 21:01:40.372 7233 7270 E eglCodecCommon: glUtilsParamSize: unknow param 0x00008caa
04-16 21:01:40.393 7233 7270 E eglCodecCommon: glUtilsParamSize: unknow param 0x00008caa
04-16 21:01:40.404 7233 7270 E eglCodecCommon: glUtilsParamSize: unknow param 0x00008caa
04-16 21:01:40.423 7233 7270 E eglCodecCommon: glUtilsParamSize: unknow param 0x00008caa
04-16 21:01:40.442 7233 7270 E eglCodecCommon: glUtilsParamSize: unknow param 0x00000d02
04-16 21:01:40.456 7233 7270 E eglCodecCommon: glUtilsParamSize: unknow param 0x00008caa
04-16 21:01:40.461 7159 7174 I Gecko : 1744837300461 Marionette INFO No differences allowed
04-16 21:01:40.544 7159 7174 I Gecko : 1744837300544 Marionette INFO Testing http://web-platform.test:8000/css/CSS2/sec5/first-child-000.xht == http://web-platform.test:8000/css/CSS2/sec5/first-child-000-ref.html
04-16 21:01:40.588 7159 7174 E GeckoConsole: [JavaScript Error: "TypeError: can't access property "nodePrincipal", this.contentDocument is null" {file: "chrome://global/content/elements/browser-custom-element.js" line: 661}]
04-16 21:01:40.588 7159 7174 E GeckoConsole: get contentPrincipal@chrome://global/content/elements/browser-custom-element.js:661:1
04-16 21:01:40.588 7159 7174 E GeckoConsole: onLocationChange@resource://gre/modules/GeckoViewNavigation.sys.mjs:640:34
04-16 21:01:40.593 7159 7174 E GeckoConsole: [JavaScript Error: "TypeError: can't access property "title", this.contentDocument is null" {file: "chrome://global/content/elements/browser-custom-element.js" line: 630}]
04-16 21:01:40.593 7159 7174 E GeckoConsole: get contentTitle@chrome://global/content/elements/browser-custom-element.js:630:1
04-16 21:01:40.593 7159 7174 E GeckoConsole: handleEvent@resource://gre/modules/GeckoViewContent.sys.mjs:379:11
04-16 21:01:40.621 7233 7270 E eglCodecCommon: glUtilsParamSize: unknow param 0x00008caa
04-16 21:01:40.674 7233 7270 E eglCodecCommon: glUtilsParamSize: unknow param 0x00008caa
04-16 21:01:40.686 7233 7270 E eglCodecCommon: glUtilsParamSize: unknow param 0x00008caa
04-16 21:01:40.700 7233 7270 E eglCodecCommon: glUtilsParamSize: unknow param 0x00008caa
04-16 21:01:40.710 7233 7270 E eglCodecCommon: glUtilsParamSize: unknow param 0x00000d02
04-16 21:01:40.724 7233 7270 E eglCodecCommon: glUtilsParamSize: unknow param 0x00008caa
04-16 21:01:40.784 7159 7174 E GeckoConsole: [JavaScript Error: "TypeError: can't access property "nodePrincipal", this.contentDocument is null" {file: "chrome://global/content/elements/browser-custom-element.js" line: 661}]
04-16 21:01:40.784 7159 7174 E GeckoConsole: get contentPrincipal@chrome://global/content/elements/browser-custom-element.js:661:1
04-16 21:01:40.784 7159 7174 E GeckoConsole: onLocationChange@resource://gre/modules/GeckoViewNavigation.sys.mjs:640:34
04-16 21:01:40.800 7159 7174 E GeckoConsole: [JavaScript Error: "TypeError: can't access property "title", this.contentDocument is null" {file: "chrome://global/content/elements/browser-custom-element.js" line: 630}]
04-16 21:01:40.800 7159 7174 E GeckoConsole: get contentTitle@chrome://global/content/elements/browser-custom-element.js:630:1
04-16 21:01:40.800 7159 7174 E GeckoConsole: handleEvent@resource://gre/modules/GeckoViewContent.sys.mjs:379:11
04-16 21:01:40.837 7233 7270 E eglCodecCommon: glUtilsParamSize: unknow param 0x00008caa
04-16 21:01:40.892 7233 7270 E eglCodecCommon: glUtilsParamSize: unknow param 0x00008caa
04-16 21:01:40.902 7233 7270 E eglCodecCommon: glUtilsParamSize: unknow param 0x00008caa
04-16 21:01:40.917 7233 7270 E eglCodecCommon: glUtilsParamSize: unknow param 0x00008caa
04-16 21:01:40.928 7233 7270 E eglCodecCommon: glUtilsParamSize: unknow param 0x00000d02
04-16 21:01:40.942 7233 7270 E eglCodecCommon: glUtilsParamSize: unknow param 0x00008caa
04-16 21:01:40.947 7159 7174 I Gecko : 1744837300947 Marionette INFO No differences allowed
04-16 21:01:40.983 7159 7174 W GeckoEventDispatcher: No listener for GeckoView:StateUpdated
04-16 21:01:41.031 7159 7174 I Gecko : 1744837301031 Marionette INFO Testing http://web-platform.test:8000/css/CSS2/sec5/first-child-001.xht == http://web-platform.test:8000/css/CSS2/sec5/first-child-000-ref.html
04-16 21:01:41.073 7159 7174 E GeckoConsole: [JavaScript Error: "TypeError: can't access property "nodePrincipal", this.contentDocument is null" {file: "chrome://global/content/elements/browser-custom-element.js" line: 661}]
04-16 21:01:41.073 7159 7174 E GeckoConsole: get contentPrincipal@chrome://global/content/elements/browser-custom-element.js:661:1
04-16 21:01:41.073 7159 7174 E GeckoConsole: onLocationChange@resource://gre/modules/GeckoViewNavigation.sys.mjs:640:34
04-16 21:01:41.090 7159 7174 E GeckoConsole: [JavaScript Error: "TypeError: can't access property "title", this.contentDocument is null" {file: "chrome://global/content/elements/browser-custom-element.js" line: 630}]
04-16 21:01:41.090 7159 7174 E GeckoConsole: get contentTitle@chrome://global/content/elements/browser-custom-element.js:630:1
04-16 21:01:41.090 7159 7174 E GeckoConsole: handleEvent@resource://gre/modules/GeckoViewContent.sys.mjs:379:11
04-16 21:01:41.119 7233 7270 E eglCodecCommon: glUtilsParamSize: unknow param 0x00008caa
04-16 21:01:41.158 7233 7270 E eglCodecCommon: glUtilsParamSize: unknow param 0x00008caa
04-16 21:01:41.168 7233 7270 E eglCodecCommon: glUtilsParamSize: unknow param 0x00008caa
04-16 21:01:41.184 7233 7270 E eglCodecCommon: glUtilsParamSize: unknow param 0x00008caa
04-16 21:01:41.194 7233 7270 E eglCodecCommon: glUtilsParamSize: unknow param 0x00000d02
04-16 21:01:41.209 7233 7270 E eglCodecCommon: glUtilsParamSize: unknow param 0x00008caa
04-16 21:01:41.218 7159 7174 I Gecko : 1744837301218 Marionette INFO No differences allowed
04-16 21:01:41.300 7159 7174 I Gecko : 1744837301300 Marionette INFO Testing http://web-platform.test:8000/css/CSS2/sec5/first-line-000.xht == http://web-platform.test:8000/css/CSS2/sec5/first-line-000-ref.html
04-16 21:01:41.341 7159 7174 E GeckoConsole: [JavaScript Error: "TypeError: can't access property "nodePrincipal", this.contentDocument is null" {file: "chrome://global/content/elements/browser-custom-element.js" line: 661}]
04-16 21:01:41.341 7159 7174 E GeckoConsole: get contentPrincipal@chrome://global/content/elements/browser-custom-element.js:661:1
04-16 21:01:41.341 7159 7174 E GeckoConsole: onLocationChange@resource://gre/modules/GeckoViewNavigation.sys.mjs:640:34
04-16 21:01:41.346 7159 7174 E GeckoConsole: [JavaScript Error: "TypeError: can't access property "title", this.contentDocument is null" {file: "chrome://global/content/elements/browser-custom-element.js" line: 630}]
04-16 21:01:41.346 7159 7174 E GeckoConsole: get contentTitle@chrome://global/content/elements/browser-custom-element.js:630:1
04-16 21:01:41.346 7159 7174 E GeckoConsole: handleEvent@resource://gre/modules/GeckoViewContent.sys.mjs:379:11
04-16 21:01:41.371 7233 7270 E eglCodecCommon: glUtilsParamSize: unknow param 0x00008caa
04-16 21:01:41.425 7233 7270 E eglCodecCommon: glUtilsParamSize: unknow param 0x00008caa
04-16 21:01:41.435 7233 7270 E eglCodecCommon: glUtilsParamSize: unknow param 0x00008caa
04-16 21:01:41.451 7233 7270 E eglCodecCommon: glUtilsParamSize: unknow param 0x00008caa
04-16 21:01:41.460 7233 7270 E eglCodecCommon: glUtilsParamSize: unknow param 0x00000d02
04-16 21:01:41.470 7233 7270 E eglCodecCommon: glUtilsParamSize: unknow param 0x00008caa
04-16 21:01:41.535 7159 7174 E GeckoConsole: [JavaScript Error: "TypeError: can't access property "nodePrincipal", this.contentDocument is null" {file: "chrome://global/content/elements/browser-custom-element.js" line: 661}]
04-16 21:01:41.535 7159 7174 E GeckoConsole: get contentPrincipal@chrome://global/content/elements/browser-custom-element.js:661:1
04-16 21:01:41.535 7159 7174 E GeckoConsole: onLocationChange@resource://gre/modules/GeckoViewNavigation.sys.mjs:640:34
04-16 21:01:41.553 7159 7174 E GeckoConsole: [JavaScript Error: "TypeError: can't access property "title", this.contentDocument is null" {file: "chrome://global/content/elements/browser-custom-element.js" line: 630}]
04-16 21:01:41.553 7159 7174 E GeckoConsole: get contentTitle@chrome://global/content/elements/browser-custom-element.js:630:1
04-16 21:01:41.553 7159 7174 E GeckoConsole: handleEvent@resource://gre/modules/GeckoViewContent.sys.mjs:379:11
04-16 21:01:41.586 7233 7270 E eglCodecCommon: glUtilsParamSize: unknow param 0x00008caa
04-16 21:01:41.626 7233 7270 E eglCodecCommon: glUtilsParamSize: unknow param 0x00008caa
04-16 21:01:41.636 7233 7270 E eglCodecCommon: glUtilsParamSize: unknow param 0x00008caa
04-16 21:01:41.650 7233 7270 E eglCodecCommon: glUtilsParamSize: unknow param 0x00008caa
04-16 21:01:41.660 7233 7270 E eglCodecCommon: glUtilsParamSize: unknow param 0x00000d02
04-16 21:01:41.671 7233 7270 E eglCodecCommon: glUtilsParamSize: unknow param 0x00008caa
04-16 21:01:41.679 7159 7174 I Gecko : 1744837301679 Marionette INFO No differences allowed
04-16 21:01:41.767 7159 7174 I Gecko : 1744837301767 Marionette INFO Testing http://web-platform.test:8000/css/CSS2/sec5/grouping-000.xht == http://web-platform.test:8000/css/CSS2/sec5/grouping-000-ref.xht
04-16 21:01:41.809 7159 7174 E GeckoConsole: [JavaScript Error: "TypeError: can't access property "nodePrincipal", this.contentDocument is null" {file: "chrome://global/content/elements/browser-custom-element.js" line: 661}]
04-16 21:01:41.809 7159 7174 E GeckoConsole: get contentPrincipal@chrome://global/content/elements/browser-custom-element.js:661:1
04-16 21:01:41.809 7159 7174 E GeckoConsole: onLocationChange@resource://gre/modules/GeckoViewNavigation.sys.mjs:640:34
04-16 21:01:41.824 7159 7174 E GeckoConsole: [JavaScript Error: "TypeError: can't access property "title", this.contentDocument is null" {file: "chrome://global/content/elements/browser-custom-element.js" line: 630}]
04-16 21:01:41.824 7159 7174 E GeckoConsole: get contentTitle@chrome://global/content/elements/browser-custom-element.js:630:1
04-16 21:01:41.824 7159 7174 E GeckoConsole: handleEvent@resource://gre/modules/GeckoViewContent.sys.mjs:379:11
04-16 21:01:41.853 7233 7270 E eglCodecCommon: glUtilsParamSize: unknow param 0x00008caa
04-16 21:01:41.908 7233 7270 E eglCodecCommon: glUtilsParamSize: unknow param 0x00008caa
04-16 21:01:41.918 7233 7270 E eglCodecCommon: glUtilsParamSize: unknow param 0x00008caa
04-16 21:01:41.934 7233 7270 E eglCodecCommon: glUtilsParamSize: unknow param 0x00008caa
04-16 21:01:41.944 7233 7270 E eglCodecCommon: glUtilsParamSize: unknow param 0x00000d02
04-16 21:01:41.954 7233 7270 E eglCodecCommon: glUtilsParamSize: unknow param 0x00008caa
04-16 21:01:42.014 7159 7174 E GeckoConsole: [JavaScript Error: "TypeError: can't access property "nodePrincipal", this.contentDocument is null" {file: "chrome://global/content/elements/browser-custom-element.js" line: 661}]
04-16 21:01:42.014 7159 7174 E GeckoConsole: get contentPrincipal@chrome://global/content/elements/browser-custom-element.js:661:1
04-16 21:01:42.014 7159 7174 E GeckoConsole: onLocationChange@resource://gre/modules/GeckoViewNavigation.sys.mjs:640:34
04-16 21:01:42.030 7159 7174 E GeckoConsole: [JavaScript Error: "TypeError: can't access property "title", this.contentDocument is null" {file: "chrome://global/content/elements/browser-custom-element.js" line: 630}]
04-16 21:01:42.030 7159 7174 E GeckoConsole: get contentTitle@chrome://global/content/elements/browser-custom-element.js:630:1
04-16 21:01:42.030 7159 7174 E GeckoConsole: handleEvent@resource://gre/modules/GeckoViewContent.sys.mjs:379:11
04-16 21:01:42.053 7233 7270 E eglCodecCommon: glUtilsParamSize: unknow param 0x00008caa
04-16 21:01:42.063 7159 7174 W GeckoEventDispatcher: No listener for GeckoView:StateUpdated
04-16 21:01:42.092 7233 7270 E eglCodecCommon: glUtilsParamSize: unknow param 0x00008caa
04-16 21:01:42.103 7233 7270 E eglCodecCommon: glUtilsParamSize: unknow param 0x00008caa
04-16 21:01:42.118 7233 7270 E eglCodecCommon: glUtilsParamSize: unknow param 0x00008caa
04-16 21:01:42.127 7233 7270 E eglCodecCommon: glUtilsParamSize: unknow param 0x00000d02
04-16 21:01:42.142 7233 7270 E eglCodecCommon: glUtilsParamSize: unknow param 0x00008caa
04-16 21:01:42.150 7159 7174 I Gecko : 1744837302150 Marionette INFO No differences allowed
04-16 21:01:42.150 7159 7174 I Gecko : 1744837302150 Marionette INFO Testing http://web-platform.test:8000/css/CSS2/sec5/grouping-000-ref.xht != http://web-platform.test:8000/css/CSS2/sec5/grouping-000-notref.xht
04-16 21:01:42.212 7159 7174 E GeckoConsole: [JavaScript Error: "TypeError: can't access property "nodePrincipal", this.contentDocument is null" {file: "chrome://global/content/elements/browser-custom-element.js" line: 661}]
04-16 21:01:42.212 7159 7174 E GeckoConsole: get contentPrincipal@chrome://global/content/elements/browser-custom-element.js:661:1
04-16 21:01:42.212 7159 7174 E GeckoConsole: onLocationChange@resource://gre/modules/GeckoViewNavigation.sys.mjs:640:34
04-16 21:01:42.228 7159 7174 E GeckoConsole: [JavaScript Error: "TypeError: can't access property "title", this.contentDocument is null" {file: "chrome://global/content/elements/browser-custom-element.js" line: 630}]
04-16 21:01:42.228 7159 7174 E GeckoConsole: get contentTitle@chrome://global/content/elements/browser-custom-element.js:630:1
04-16 21:01:42.228 7159 7174 E GeckoConsole: handleEvent@resource://gre/modules/GeckoViewContent.sys.mjs:379:11
04-16 21:01:42.253 7233 7270 E eglCodecCommon: glUtilsParamSize: unknow param 0x00008caa
04-16 21:01:42.308 7233 7270 E eglCodecCommon: glUtilsParamSize: unknow param 0x00008caa
04-16 21:01:42.319 7233 7270 E eglCodecCommon: glUtilsParamSize: unknow param 0x00008caa
04-16 21:01:42.334 7233 7270 E eglCodecCommon: glUtilsParamSize: unknow param 0x00008caa
04-16 21:01:42.347 7233 7270 E eglCodecCommon: glUtilsParamSize: unknow param 0x00000d02
04-16 21:01:42.359 7233 7270 E eglCodecCommon: glUtilsParamSize: unknow param 0x00008caa
04-16 21:01:42.366 7159 7174 I Gecko : 1744837302366 Marionette INFO No differences allowed
04-16 21:01:42.457 7159 7174 I Gecko : 1744837302457 Marionette INFO Testing http://web-platform.test:8000/css/CSS2/sec5/grouping-001.xht == http://web-platform.test:8000/css/CSS2/sec5/grouping-000-ref.xht
04-16 21:01:42.497 7159 7174 E GeckoConsole: [JavaScript Error: "TypeError: can't access property "nodePrincipal", this.contentDocument is null" {file: "chrome://global/content/elements/browser-custom-element.js" line: 661}]
04-16 21:01:42.497 7159 7174 E GeckoConsole: get contentPrincipal@chrome://global/content/elements/browser-custom-element.js:661:1
04-16 21:01:42.497 7159 7174 E GeckoConsole: onLocationChange@resource://gre/modules/GeckoViewNavigation.sys.mjs:640:34
04-16 21:01:42.513 7159 7174 E GeckoConsole: [JavaScript Error: "TypeError: can't access property "title", this.contentDocument is null" {file: "chrome://global/content/elements/browser-custom-element.js" line: 630}]
04-16 21:01:42.513 7159 7174 E GeckoConsole: get contentTitle@chrome://global/content/elements/browser-custom-element.js:630:1
04-16 21:01:42.513 7159 7174 E GeckoConsole: handleEvent@resource://gre/modules/GeckoViewContent.sys.mjs:379:11
04-16 21:01:42.536 7233 7270 E eglCodecCommon: glUtilsParamSize: unknow param 0x00008caa
04-16 21:01:42.593 7233 7270 E eglCodecCommon: glUtilsParamSize: unknow param 0x00008caa
04-16 21:01:42.604 7233 7270 E eglCodecCommon: glUtilsParamSize: unknow param 0x00008caa
04-16 21:01:42.618 7233 7270 E eglCodecCommon: glUtilsParamSize: unknow param 0x00008caa
04-16 21:01:42.630 7233 7270 E eglCodecCommon: glUtilsParamSize: unknow param 0x00000d02
04-16 21:01:42.644 7233 7270 E eglCodecCommon: glUtilsParamSize: unknow param 0x00008caa
04-16 21:01:42.718 7159 7174 E GeckoConsole: [JavaScript Error: "TypeError: can't access property "nodePrincipal", this.contentDocument is null" {file: "chrome://global/content/elements/browser-custom-element.js" line: 661}]
04-16 21:01:42.718 7159 7174 E GeckoConsole: get contentPrincipal@chrome://global/content/elements/browser-custom-element.js:661:1
04-16 21:01:42.718 7159 7174 E GeckoConsole: onLocationChange@resource://gre/modules/GeckoViewNavigation.sys.mjs:640:34
04-16 21:01:42.736 7159 7174 E GeckoConsole: [JavaScript Error: "TypeError: can't access property "title", this.contentDocument is null" {file: "chrome://global/content/elements/browser-custom-element.js" line: 630}]
04-16 21:01:42.736 7159 7174 E GeckoConsole: get contentTitle@chrome://global/content/elements/browser-custom-element.js:630:1
04-16 21:01:42.736 7159 7174 E GeckoConsole: handleEvent@resource://gre/modules/GeckoViewContent.sys.mjs:379:11
04-16 21:01:42.770 7233 7270 E eglCodecCommon: glUtilsParamSize: unknow param 0x00008caa
04-16 21:01:42.825 7233 7270 E eglCodecCommon: glUtilsParamSize: unknow param 0x00008caa
04-16 21:01:42.837 7233 7270 E eglCodecCommon: glUtilsParamSize: unknow param 0x00008caa
04-16 21:01:42.851 7233 7270 E eglCodecCommon: glUtilsParamSize: unknow param 0x00008caa
04-16 21:01:42.863 7233 7270 E eglCodecCommon: glUtilsParamSize: unknow param 0x00000d02
04-16 21:01:42.873 7233 7270 E eglCodecCommon: glUtilsParamSize: unknow param 0x00008caa
04-16 21:01:42.882 7159 7174 I Gecko : 1744837302882 Marionette INFO No differences allowed
04-16 21:01:42.882 7159 7174 I Gecko : 1744837302882 Marionette INFO Testing http://web-platform.test:8000/css/CSS2/sec5/grouping-000-ref.xht != http://web-platform.test:8000/css/CSS2/sec5/grouping-000-notref.xht
04-16 21:01:42.934 7159 7174 E GeckoConsole: [JavaScript Error: "TypeError: can't access property "nodePrincipal", this.contentDocument is null" {file: "chrome://global/content/elements/browser-custom-element.js" line: 661}]
04-16 21:01:42.934 7159 7174 E GeckoConsole: get contentPrincipal@chrome://global/content/elements/browser-custom-element.js:661:1
04-16 21:01:42.934 7159 7174 E GeckoConsole: onLocationChange@resource://gre/modules/GeckoViewNavigation.sys.mjs:640:34
04-16 21:01:42.950 7159 7174 E GeckoConsole: [JavaScript Error: "TypeError: can't access property "title", this.contentDocument is null" {file: "chrome://global/content/elements/browser-custom-element.js" line: 630}]
04-16 21:01:42.950 7159 7174 E GeckoConsole: get contentTitle@chrome://global/content/elements/browser-custom-element.js:630:1
04-16 21:01:42.950 7159 7174 E GeckoConsole: handleEvent@resource://gre/modules/GeckoViewContent.sys.mjs:379:11
04-16 21:01:42.971 7233 7270 E eglCodecCommon: glUtilsParamSize: unknow param 0x00008caa
04-16 21:01:43.026 7233 7270 E eglCodecCommon: glUtilsParamSize: unknow param 0x00008caa
04-16 21:01:43.038 7233 7270 E eglCodecCommon: glUtilsParamSize: unknow param 0x00008caa
04-16 21:01:43.051 7233 7270 E eglCodecCommon: glUtilsParamSize: unknow param 0x00008caa
04-16 21:01:43.064 7233 7270 E eglCodecCommon: glUtilsParamSize: unknow param 0x00000d02
04-16 21:01:43.076 7233 7270 E eglCodecCommon: glUtilsParamSize: unknow param 0x00008caa
04-16 21:01:43.082 7159 7174 I Gecko : 1744837303082 Marionette INFO No differences allowed
04-16 21:01:43.166 7159 7174 W GeckoEventDispatcher: No listener for GeckoView:StateUpdated
04-16 21:01:43.179 7159 7174 I Gecko : 1744837303179 Marionette INFO Testing http://web-platform.test:8000/css/CSS2/sec5/id-000.xht == http://web-platform.test:8000/css/CSS2/sec5/class-000-ref.html
