04-16 21:01:13.296 5601 5616 E GeckoConsole: onLocationChange@resource://gre/modules/GeckoViewNavigation.sys.mjs:640:34
04-16 21:01:13.312 5601 5616 E GeckoConsole: [JavaScript Error: "TypeError: can't access property "title", this.contentDocument is null" {file: "chrome://global/content/elements/browser-custom-element.js" line: 630}]
04-16 21:01:13.312 5601 5616 E GeckoConsole: get contentTitle@chrome://global/content/elements/browser-custom-element.js:630:1
04-16 21:01:13.312 5601 5616 E GeckoConsole: handleEvent@resource://gre/modules/GeckoViewContent.sys.mjs:379:11
04-16 21:01:13.336 5682 5714 E eglCodecCommon: glUtilsParamSize: unknow param 0x00008caa
04-16 21:01:13.383 5682 5714 E eglCodecCommon: glUtilsParamSize: unknow param 0x00008caa
04-16 21:01:13.394 5682 5714 E eglCodecCommon: glUtilsParamSize: unknow param 0x00008caa
04-16 21:01:13.404 5682 5714 E eglCodecCommon: glUtilsParamSize: unknow param 0x00008caa
04-16 21:01:13.421 5682 5714 E eglCodecCommon: glUtilsParamSize: unknow param 0x00000d02
04-16 21:01:13.435 5682 5714 E eglCodecCommon: glUtilsParamSize: unknow param 0x00008caa
04-16 21:01:13.449 5601 5616 I Gecko : 1744837273449 Marionette INFO No differences allowed
04-16 21:01:13.536 5601 5616 I Gecko : 1744837273536 Marionette INFO Testing http://web-platform.test:8000/css/CSS2/lists/counter-reset-applies-to-008.xht == http://web-platform.test:8000/css/reference/pass_if_number_5.xht
04-16 21:01:13.581 5601 5616 E GeckoConsole: [JavaScript Error: "TypeError: can't access property "nodePrincipal", this.contentDocument is null" {file: "chrome://global/content/elements/browser-custom-element.js" line: 661}]
04-16 21:01:13.581 5601 5616 E GeckoConsole: get contentPrincipal@chrome://global/content/elements/browser-custom-element.js:661:1
04-16 21:01:13.581 5601 5616 E GeckoConsole: onLocationChange@resource://gre/modules/GeckoViewNavigation.sys.mjs:640:34
04-16 21:01:13.597 5601 5616 E GeckoConsole: [JavaScript Error: "TypeError: can't access property "title", this.contentDocument is null" {file: "chrome://global/content/elements/browser-custom-element.js" line: 630}]
04-16 21:01:13.597 5601 5616 E GeckoConsole: get contentTitle@chrome://global/content/elements/browser-custom-element.js:630:1
04-16 21:01:13.597 5601 5616 E GeckoConsole: handleEvent@resource://gre/modules/GeckoViewContent.sys.mjs:379:11
04-16 21:01:13.619 5682 5714 E eglCodecCommon: glUtilsParamSize: unknow param 0x00008caa
04-16 21:01:13.658 5682 5714 E eglCodecCommon: glUtilsParamSize: unknow param 0x00008caa
04-16 21:01:13.669 5682 5714 E eglCodecCommon: glUtilsParamSize: unknow param 0x00008caa
04-16 21:01:13.684 5682 5714 E eglCodecCommon: glUtilsParamSize: unknow param 0x00008caa
04-16 21:01:13.696 5682 5714 E eglCodecCommon: glUtilsParamSize: unknow param 0x00000d02
04-16 21:01:13.704 5682 5714 E eglCodecCommon: glUtilsParamSize: unknow param 0x00008caa
04-16 21:01:13.718 5601 5616 I Gecko : 1744837273718 Marionette INFO No differences allowed
04-16 21:01:13.810 5601 5616 I Gecko : 1744837273810 Marionette INFO Testing http://web-platform.test:8000/css/CSS2/lists/counter-reset-applies-to-009.xht == http://web-platform.test:8000/css/reference/pass_if_number_5.xht
04-16 21:01:13.851 5601 5616 E GeckoConsole: [JavaScript Error: "TypeError: can't access property "nodePrincipal", this.contentDocument is null" {file: "chrome://global/content/elements/browser-custom-element.js" line: 661}]
04-16 21:01:13.851 5601 5616 E GeckoConsole: get contentPrincipal@chrome://global/content/elements/browser-custom-element.js:661:1
04-16 21:01:13.851 5601 5616 E GeckoConsole: onLocationChange@resource://gre/modules/GeckoViewNavigation.sys.mjs:640:34
04-16 21:01:13.867 5601 5616 E GeckoConsole: [JavaScript Error: "TypeError: can't access property "title", this.contentDocument is null" {file: "chrome://global/content/elements/browser-custom-element.js" line: 630}]
04-16 21:01:13.867 5601 5616 E GeckoConsole: get contentTitle@chrome://global/content/elements/browser-custom-element.js:630:1
04-16 21:01:13.867 5601 5616 E GeckoConsole: handleEvent@resource://gre/modules/GeckoViewContent.sys.mjs:379:11
04-16 21:01:13.903 5682 5714 E eglCodecCommon: glUtilsParamSize: unknow param 0x00008caa
04-16 21:01:13.941 5682 5714 E eglCodecCommon: glUtilsParamSize: unknow param 0x00008caa
04-16 21:01:13.951 5682 5714 E eglCodecCommon: glUtilsParamSize: unknow param 0x00008caa
04-16 21:01:13.968 5682 5714 E eglCodecCommon: glUtilsParamSize: unknow param 0x00008caa
04-16 21:01:13.979 5682 5714 E eglCodecCommon: glUtilsParamSize: unknow param 0x00000d02
04-16 21:01:13.992 5682 5714 E eglCodecCommon: glUtilsParamSize: unknow param 0x00008caa
04-16 21:01:14.008 5601 5616 I Gecko : 1744837274008 Marionette INFO No differences allowed
04-16 21:01:14.089 5601 5616 I Gecko : 1744837274089 Marionette INFO Testing http://web-platform.test:8000/css/CSS2/lists/counter-reset-applies-to-012.xht == http://web-platform.test:8000/css/reference/pass_if_number_5.xht
04-16 21:01:14.132 5601 5616 E GeckoConsole: [JavaScript Error: "TypeError: can't access property "nodePrincipal", this.contentDocument is null" {file: "chrome://global/content/elements/browser-custom-element.js" line: 661}]
04-16 21:01:14.132 5601 5616 E GeckoConsole: get contentPrincipal@chrome://global/content/elements/browser-custom-element.js:661:1
04-16 21:01:14.132 5601 5616 E GeckoConsole: onLocationChange@resource://gre/modules/GeckoViewNavigation.sys.mjs:640:34
04-16 21:01:14.149 5601 5616 E GeckoConsole: [JavaScript Error: "TypeError: can't access property "title", this.contentDocument is null" {file: "chrome://global/content/elements/browser-custom-element.js" line: 630}]
04-16 21:01:14.149 5601 5616 E GeckoConsole: get contentTitle@chrome://global/content/elements/browser-custom-element.js:630:1
04-16 21:01:14.149 5601 5616 E GeckoConsole: handleEvent@resource://gre/modules/GeckoViewContent.sys.mjs:379:11
04-16 21:01:14.187 5682 5714 E eglCodecCommon: glUtilsParamSize: unknow param 0x00008caa
04-16 21:01:14.225 5682 5714 E eglCodecCommon: glUtilsParamSize: unknow param 0x00008caa
04-16 21:01:14.236 5682 5714 E eglCodecCommon: glUtilsParamSize: unknow param 0x00008caa
04-16 21:01:14.251 5682 5714 E eglCodecCommon: glUtilsParamSize: unknow param 0x00008caa
04-16 21:01:14.268 5682 5714 E eglCodecCommon: glUtilsParamSize: unknow param 0x00000d02
04-16 21:01:14.281 5682 5714 E eglCodecCommon: glUtilsParamSize: unknow param 0x00008caa
04-16 21:01:14.295 5601 5616 I Gecko : 1744837274295 Marionette INFO No differences allowed
04-16 21:01:14.300 5601 5616 W GeckoEventDispatcher: No listener for GeckoView:StateUpdated
04-16 21:01:14.376 5601 5616 I Gecko : 1744837274376 Marionette INFO Testing http://web-platform.test:8000/css/CSS2/lists/counter-reset-applies-to-013.xht == http://web-platform.test:8000/css/reference/pass_if_number_5.xht
04-16 21:01:14.420 5601 5616 E GeckoConsole: [JavaScript Error: "TypeError: can't access property "nodePrincipal", this.contentDocument is null" {file: "chrome://global/content/elements/browser-custom-element.js" line: 661}]
04-16 21:01:14.420 5601 5616 E GeckoConsole: get contentPrincipal@chrome://global/content/elements/browser-custom-element.js:661:1
04-16 21:01:14.420 5601 5616 E GeckoConsole: onLocationChange@resource://gre/modules/GeckoViewNavigation.sys.mjs:640:34
04-16 21:01:14.438 5601 5616 E GeckoConsole: [JavaScript Error: "TypeError: can't access property "title", this.contentDocument is null" {file: "chrome://global/content/elements/browser-custom-element.js" line: 630}]
04-16 21:01:14.438 5601 5616 E GeckoConsole: get contentTitle@chrome://global/content/elements/browser-custom-element.js:630:1
04-16 21:01:14.438 5601 5616 E GeckoConsole: handleEvent@resource://gre/modules/GeckoViewContent.sys.mjs:379:11
04-16 21:01:14.470 5682 5714 E eglCodecCommon: glUtilsParamSize: unknow param 0x00008caa
04-16 21:01:14.509 5682 5714 E eglCodecCommon: glUtilsParamSize: unknow param 0x00008caa
04-16 21:01:14.520 5682 5714 E eglCodecCommon: glUtilsParamSize: unknow param 0x00008caa
04-16 21:01:14.534 5682 5714 E eglCodecCommon: glUtilsParamSize: unknow param 0x00008caa
04-16 21:01:14.544 5682 5714 E eglCodecCommon: glUtilsParamSize: unknow param 0x00000d02
04-16 21:01:14.560 5682 5714 E eglCodecCommon: glUtilsParamSize: unknow param 0x00008caa
04-16 21:01:14.566 5601 5616 I Gecko : 1744837274565 Marionette INFO No differences allowed
04-16 21:01:14.653 5601 5616 I Gecko : 1744837274653 Marionette INFO Testing http://web-platform.test:8000/css/CSS2/lists/counter-reset-applies-to-014.xht == http://web-platform.test:8000/css/reference/pass_if_number_5.xht
04-16 21:01:14.698 5601 5616 E GeckoConsole: [JavaScript Error: "TypeError: can't access property "nodePrincipal", this.contentDocument is null" {file: "chrome://global/content/elements/browser-custom-element.js" line: 661}]
04-16 21:01:14.698 5601 5616 E GeckoConsole: get contentPrincipal@chrome://global/content/elements/browser-custom-element.js:661:1
04-16 21:01:14.698 5601 5616 E GeckoConsole: onLocationChange@resource://gre/modules/GeckoViewNavigation.sys.mjs:640:34
04-16 21:01:14.714 5601 5616 E GeckoConsole: [JavaScript Error: "TypeError: can't access property "title", this.contentDocument is null" {file: "chrome://global/content/elements/browser-custom-element.js" line: 630}]
04-16 21:01:14.714 5601 5616 E GeckoConsole: get contentTitle@chrome://global/content/elements/browser-custom-element.js:630:1
04-16 21:01:14.714 5601 5616 E GeckoConsole: handleEvent@resource://gre/modules/GeckoViewContent.sys.mjs:379:11
04-16 21:01:14.736 5682 5714 E eglCodecCommon: glUtilsParamSize: unknow param 0x00008caa
04-16 21:01:14.775 5682 5714 E eglCodecCommon: glUtilsParamSize: unknow param 0x00008caa
04-16 21:01:14.785 5682 5714 E eglCodecCommon: glUtilsParamSize: unknow param 0x00008caa
04-16 21:01:14.800 5682 5714 E eglCodecCommon: glUtilsParamSize: unknow param 0x00008caa
04-16 21:01:14.812 5682 5714 E eglCodecCommon: glUtilsParamSize: unknow param 0x00000d02
04-16 21:01:14.825 5682 5714 E eglCodecCommon: glUtilsParamSize: unknow param 0x00008caa
04-16 21:01:14.832 5601 5616 I Gecko : 1744837274832 Marionette INFO No differences allowed
04-16 21:01:14.920 5601 5616 I Gecko : 1744837274920 Marionette INFO Testing http://web-platform.test:8000/css/CSS2/lists/counter-reset-applies-to-015.xht == http://web-platform.test:8000/css/reference/pass_if_number_5.xht
04-16 21:01:14.962 5601 5616 E GeckoConsole: [JavaScript Error: "TypeError: can't access property "nodePrincipal", this.contentDocument is null" {file: "chrome://global/content/elements/browser-custom-element.js" line: 661}]
04-16 21:01:14.962 5601 5616 E GeckoConsole: get contentPrincipal@chrome://global/content/elements/browser-custom-element.js:661:1
04-16 21:01:14.962 5601 5616 E GeckoConsole: onLocationChange@resource://gre/modules/GeckoViewNavigation.sys.mjs:640:34
04-16 21:01:14.978 5601 5616 E GeckoConsole: [JavaScript Error: "TypeError: can't access property "title", this.contentDocument is null" {file: "chrome://global/content/elements/browser-custom-element.js" line: 630}]
04-16 21:01:14.978 5601 5616 E GeckoConsole: get contentTitle@chrome://global/content/elements/browser-custom-element.js:630:1
04-16 21:01:14.978 5601 5616 E GeckoConsole: handleEvent@resource://gre/modules/GeckoViewContent.sys.mjs:379:11
04-16 21:01:15.002 5682 5714 E eglCodecCommon: glUtilsParamSize: unknow param 0x00008caa
04-16 21:01:15.041 5682 5714 E eglCodecCommon: glUtilsParamSize: unknow param 0x00008caa
04-16 21:01:15.051 5682 5714 E eglCodecCommon: glUtilsParamSize: unknow param 0x00008caa
04-16 21:01:15.067 5682 5714 E eglCodecCommon: glUtilsParamSize: unknow param 0x00008caa
04-16 21:01:15.077 5682 5714 E eglCodecCommon: glUtilsParamSize: unknow param 0x00000d02
04-16 21:01:15.086 5682 5714 E eglCodecCommon: glUtilsParamSize: unknow param 0x00008caa
04-16 21:01:15.094 5601 5616 I Gecko : 1744837275094 Marionette INFO No differences allowed
04-16 21:01:15.189 5601 5616 I Gecko : 1744837275189 Marionette INFO Testing http://web-platform.test:8000/css/CSS2/lists/counter-reset-display-001.xht == http://web-platform.test:8000/css/CSS2/generated-content/content-auto-reset-001-ref.html
04-16 21:01:15.234 5601 5616 E GeckoConsole: [JavaScript Error: "TypeError: can't access property "nodePrincipal", this.contentDocument is null" {file: "chrome://global/content/elements/browser-custom-element.js" line: 661}]
04-16 21:01:15.234 5601 5616 E GeckoConsole: get contentPrincipal@chrome://global/content/elements/browser-custom-element.js:661:1
04-16 21:01:15.234 5601 5616 E GeckoConsole: onLocationChange@resource://gre/modules/GeckoViewNavigation.sys.mjs:640:34
04-16 21:01:15.252 5601 5616 E GeckoConsole: [JavaScript Error: "TypeError: can't access property "title", this.contentDocument is null" {file: "chrome://global/content/elements/browser-custom-element.js" line: 630}]
04-16 21:01:15.252 5601 5616 E GeckoConsole: get contentTitle@chrome://global/content/elements/browser-custom-element.js:630:1
04-16 21:01:15.252 5601 5616 E GeckoConsole: handleEvent@resource://gre/modules/GeckoViewContent.sys.mjs:379:11
04-16 21:01:15.286 5682 5714 E eglCodecCommon: glUtilsParamSize: unknow param 0x00008caa
04-16 21:01:15.325 5682 5714 E eglCodecCommon: glUtilsParamSize: unknow param 0x00008caa
04-16 21:01:15.335 5682 5714 E eglCodecCommon: glUtilsParamSize: unknow param 0x00008caa
04-16 21:01:15.350 5682 5714 E eglCodecCommon: glUtilsParamSize: unknow param 0x00008caa
04-16 21:01:15.360 5682 5714 E eglCodecCommon: glUtilsParamSize: unknow param 0x00000d02
04-16 21:01:15.376 5682 5714 E eglCodecCommon: glUtilsParamSize: unknow param 0x00008caa
04-16 21:01:15.382 5601 5616 I Gecko : 1744837275382 Marionette INFO No differences allowed
04-16 21:01:15.394 5601 5616 W GeckoEventDispatcher: No listener for GeckoView:StateUpdated
04-16 21:01:15.474 5601 5616 I Gecko : 1744837275474 Marionette INFO Testing http://web-platform.test:8000/css/CSS2/lists/counter-reset-increment-002.xht == http://web-platform.test:8000/css/CSS2/lists/counter-reset-increment-002-ref.xht
04-16 21:01:15.521 5601 5616 E GeckoConsole: [JavaScript Error: "TypeError: can't access property "nodePrincipal", this.contentDocument is null" {file: "chrome://global/content/elements/browser-custom-element.js" line: 661}]
04-16 21:01:15.521 5601 5616 E GeckoConsole: get contentPrincipal@chrome://global/content/elements/browser-custom-element.js:661:1
04-16 21:01:15.521 5601 5616 E GeckoConsole: onLocationChange@resource://gre/modules/GeckoViewNavigation.sys.mjs:640:34
04-16 21:01:15.538 5601 5616 E GeckoConsole: [JavaScript Error: "TypeError: can't access property "title", this.contentDocument is null" {file: "chrome://global/content/elements/browser-custom-element.js" line: 630}]
04-16 21:01:15.538 5601 5616 E GeckoConsole: get contentTitle@chrome://global/content/elements/browser-custom-element.js:630:1
04-16 21:01:15.538 5601 5616 E GeckoConsole: handleEvent@resource://gre/modules/GeckoViewContent.sys.mjs:379:11
04-16 21:01:15.570 5682 5714 E eglCodecCommon: glUtilsParamSize: unknow param 0x00008caa
04-16 21:01:15.610 5682 5714 E eglCodecCommon: glUtilsParamSize: unknow param 0x00008caa
04-16 21:01:15.623 5682 5714 E eglCodecCommon: glUtilsParamSize: unknow param 0x00008caa
04-16 21:01:15.634 5682 5714 E eglCodecCommon: glUtilsParamSize: unknow param 0x00008caa
04-16 21:01:15.645 5682 5714 E eglCodecCommon: glUtilsParamSize: unknow param 0x00000d02
04-16 21:01:15.658 5682 5714 E eglCodecCommon: glUtilsParamSize: unknow param 0x00008caa
04-16 21:01:15.718 5601 5616 E GeckoConsole: [JavaScript Error: "TypeError: can't access property "nodePrincipal", this.contentDocument is null" {file: "chrome://global/content/elements/browser-custom-element.js" line: 661}]
04-16 21:01:15.718 5601 5616 E GeckoConsole: get contentPrincipal@chrome://global/content/elements/browser-custom-element.js:661:1
04-16 21:01:15.718 5601 5616 E GeckoConsole: onLocationChange@resource://gre/modules/GeckoViewNavigation.sys.mjs:640:34
04-16 21:01:15.736 5601 5616 E GeckoConsole: [JavaScript Error: "TypeError: can't access property "title", this.contentDocument is null" {file: "chrome://global/content/elements/browser-custom-element.js" line: 630}]
04-16 21:01:15.736 5601 5616 E GeckoConsole: get contentTitle@chrome://global/content/elements/browser-custom-element.js:630:1
04-16 21:01:15.736 5601 5616 E GeckoConsole: handleEvent@resource://gre/modules/GeckoViewContent.sys.mjs:379:11
04-16 21:01:15.770 5682 5714 E eglCodecCommon: glUtilsParamSize: unknow param 0x00008caa
04-16 21:01:15.826 5682 5714 E eglCodecCommon: glUtilsParamSize: unknow param 0x00008caa
04-16 21:01:15.837 5682 5714 E eglCodecCommon: glUtilsParamSize: unknow param 0x00008caa
04-16 21:01:15.851 5682 5714 E eglCodecCommon: glUtilsParamSize: unknow param 0x00008caa
04-16 21:01:15.861 5682 5714 E eglCodecCommon: glUtilsParamSize: unknow param 0x00000d02
04-16 21:01:15.874 5682 5714 E eglCodecCommon: glUtilsParamSize: unknow param 0x00008caa
04-16 21:01:15.880 5601 5616 I Gecko : 1744837275880 Marionette INFO No differences allowed
04-16 21:01:15.968 5601 5616 I Gecko : 1744837275968 Marionette INFO Testing http://web-platform.test:8000/css/CSS2/lists/counter-reset-not-generated-001.xht == http://web-platform.test:8000/css/CSS2/generated-content/content-auto-reset-001-ref.html
04-16 21:01:16.013 5601 5616 E GeckoConsole: [JavaScript Error: "TypeError: can't access property "nodePrincipal", this.contentDocument is null" {file: "chrome://global/content/elements/browser-custom-element.js" line: 661}]
04-16 21:01:16.013 5601 5616 E GeckoConsole: get contentPrincipal@chrome://global/content/elements/browser-custom-element.js:661:1
04-16 21:01:16.013 5601 5616 E GeckoConsole: onLocationChange@resource://gre/modules/GeckoViewNavigation.sys.mjs:640:34
04-16 21:01:16.030 5601 5616 E GeckoConsole: [JavaScript Error: "TypeError: can't access property "title", this.contentDocument is null" {file: "chrome://global/content/elements/browser-custom-element.js" line: 630}]
04-16 21:01:16.030 5601 5616 E GeckoConsole: get contentTitle@chrome://global/content/elements/browser-custom-element.js:630:1
04-16 21:01:16.030 5601 5616 E GeckoConsole: handleEvent@resource://gre/modules/GeckoViewContent.sys.mjs:379:11
04-16 21:01:16.053 5682 5714 E eglCodecCommon: glUtilsParamSize: unknow param 0x00008caa
04-16 21:01:16.108 5682 5714 E eglCodecCommon: glUtilsParamSize: unknow param 0x00008caa
04-16 21:01:16.119 5682 5714 E eglCodecCommon: glUtilsParamSize: unknow param 0x00008caa
04-16 21:01:16.134 5682 5714 E eglCodecCommon: glUtilsParamSize: unknow param 0x00008caa
04-16 21:01:16.145 5682 5714 E eglCodecCommon: glUtilsParamSize: unknow param 0x00000d02
04-16 21:01:16.163 5601 5616 I Gecko : 1744837276163 Marionette INFO No differences allowed
04-16 21:01:16.166 5682 5714 E eglCodecCommon: glUtilsParamSize: unknow param 0x00008caa
04-16 21:01:16.259 5601 5616 I Gecko : 1744837276259 Marionette INFO Testing http://web-platform.test:8000/css/CSS2/lists/counter-reset-visibility-001.xht == http://web-platform.test:8000/css/reference/pass_if_number_5.xht
04-16 21:01:16.299 5601 5616 E GeckoConsole: [JavaScript Error: "TypeError: can't access property "nodePrincipal", this.contentDocument is null" {file: "chrome://global/content/elements/browser-custom-element.js" line: 661}]
04-16 21:01:16.299 5601 5616 E GeckoConsole: get contentPrincipal@chrome://global/content/elements/browser-custom-element.js:661:1
04-16 21:01:16.299 5601 5616 E GeckoConsole: onLocationChange@resource://gre/modules/GeckoViewNavigation.sys.mjs:640:34
04-16 21:01:16.314 5601 5616 E GeckoConsole: [JavaScript Error: "TypeError: can't access property "title", this.contentDocument is null" {file: "chrome://global/content/elements/browser-custom-element.js" line: 630}]
04-16 21:01:16.314 5601 5616 E GeckoConsole: get contentTitle@chrome://global/content/elements/browser-custom-element.js:630:1
04-16 21:01:16.314 5601 5616 E GeckoConsole: handleEvent@resource://gre/modules/GeckoViewContent.sys.mjs:379:11
04-16 21:01:16.338 5682 5714 E eglCodecCommon: glUtilsParamSize: unknow param 0x00008caa
04-16 21:01:16.392 5682 5714 E eglCodecCommon: glUtilsParamSize: unknow param 0x00008caa
04-16 21:01:16.403 5682 5714 E eglCodecCommon: glUtilsParamSize: unknow param 0x00008caa
04-16 21:01:16.418 5682 5714 E eglCodecCommon: glUtilsParamSize: unknow param 0x00008caa
04-16 21:01:16.428 5682 5714 E eglCodecCommon: glUtilsParamSize: unknow param 0x00000d02
04-16 21:01:16.440 5682 5714 E eglCodecCommon: glUtilsParamSize: unknow param 0x00008caa
04-16 21:01:16.447 5601 5616 I Gecko : 1744837276447 Marionette INFO No differences allowed
04-16 21:01:16.542 5601 5616 I Gecko : 1744837276542 Marionette INFO Testing http://web-platform.test:8000/css/CSS2/lists/increment-counter-001.xht == http://web-platform.test:8000/css/reference/pass_if_number_5.xht
04-16 21:01:16.547 5601 5616 W GeckoEventDispatcher: No listener for GeckoView:StateUpdated
04-16 21:01:16.598 5601 5616 E GeckoConsole: [JavaScript Error: "TypeError: can't access property "nodePrincipal", this.contentDocument is null" {file: "chrome://global/content/elements/browser-custom-element.js" line: 661}]
04-16 21:01:16.598 5601 5616 E GeckoConsole: get contentPrincipal@chrome://global/content/elements/browser-custom-element.js:661:1
04-16 21:01:16.598 5601 5616 E GeckoConsole: onLocationChange@resource://gre/modules/GeckoViewNavigation.sys.mjs:640:34
04-16 21:01:16.613 5601 5616 E GeckoConsole: [JavaScript Error: "TypeError: can't access property "title", this.contentDocument is null" {file: "chrome://global/content/elements/browser-custom-element.js" line: 630}]
04-16 21:01:16.613 5601 5616 E GeckoConsole: get contentTitle@chrome://global/content/elements/browser-custom-element.js:630:1
04-16 21:01:16.613 5601 5616 E GeckoConsole: handleEvent@resource://gre/modules/GeckoViewContent.sys.mjs:379:11
04-16 21:01:16.636 5682 5714 E eglCodecCommon: glUtilsParamSize: unknow param 0x00008caa
04-16 21:01:16.691 5682 5714 E eglCodecCommon: glUtilsParamSize: unknow param 0x00008caa
04-16 21:01:16.703 5682 5714 E eglCodecCommon: glUtilsParamSize: unknow param 0x00008caa
04-16 21:01:16.718 5682 5714 E eglCodecCommon: glUtilsParamSize: unknow param 0x00008caa
04-16 21:01:16.730 5682 5714 E eglCodecCommon: glUtilsParamSize: unknow param 0x00000d02
04-16 21:01:16.741 5682 5714 E eglCodecCommon: glUtilsParamSize: unknow param 0x00008caa
04-16 21:01:16.750 5601 5616 I Gecko : 1744837276750 Marionette INFO No differences allowed
04-16 21:01:16.842 5601 5616 I Gecko : 1744837276842 Marionette INFO Testing http://web-platform.test:8000/css/CSS2/lists/list-style-019.xht == http://web-platform.test:8000/css/CSS2/lists/list-style-019-ref.xht
04-16 21:01:16.887 5601 5616 E GeckoConsole: [JavaScript Error: "TypeError: can't access property "nodePrincipal", this.contentDocument is null" {file: "chrome://global/content/elements/browser-custom-element.js" line: 661}]
04-16 21:01:16.887 5601 5616 E GeckoConsole: get contentPrincipal@chrome://global/content/elements/browser-custom-element.js:661:1
04-16 21:01:16.887 5601 5616 E GeckoConsole: onLocationChange@resource://gre/modules/GeckoViewNavigation.sys.mjs:640:34
04-16 21:01:16.903 5601 5616 E GeckoConsole: [JavaScript Error: "TypeError: can't access property "title", this.contentDocument is null" {file: "chrome://global/content/elements/browser-custom-element.js" line: 630}]
04-16 21:01:16.903 5601 5616 E GeckoConsole: get contentTitle@chrome://global/content/elements/browser-custom-element.js:630:1
04-16 21:01:16.903 5601 5616 E GeckoConsole: handleEvent@resource://gre/modules/GeckoViewContent.sys.mjs:379:11
04-16 21:01:16.937 5682 5714 E eglCodecCommon: glUtilsParamSize: unknow param 0x00008caa
04-16 21:01:16.992 5682 5714 E eglCodecCommon: glUtilsParamSize: unknow param 0x00008caa
04-16 21:01:17.003 5682 5714 E eglCodecCommon: glUtilsParamSize: unknow param 0x00008caa
04-16 21:01:17.017 5682 5714 E eglCodecCommon: glUtilsParamSize: unknow param 0x00008caa
04-16 21:01:17.027 5682 5714 E eglCodecCommon: glUtilsParamSize: unknow param 0x00000d02
04-16 21:01:17.037 5682 5714 E eglCodecCommon: glUtilsParamSize: unknow param 0x00008caa
04-16 21:01:17.108 5601 5616 E GeckoConsole: [JavaScript Error: "TypeError: can't access property "nodePrincipal", this.contentDocument is null" {file: "chrome://global/content/elements/browser-custom-element.js" line: 661}]
04-16 21:01:17.108 5601 5616 E GeckoConsole: get contentPrincipal@chrome://global/content/elements/browser-custom-element.js:661:1
04-16 21:01:17.108 5601 5616 E GeckoConsole: onLocationChange@resource://gre/modules/GeckoViewNavigation.sys.mjs:640:34
04-16 21:01:17.125 5601 5616 E GeckoConsole: [JavaScript Error: "TypeError: can't access property "title", this.contentDocument is null" {file: "chrome://global/content/elements/browser-custom-element.js" line: 630}]
04-16 21:01:17.125 5601 5616 E GeckoConsole: get contentTitle@chrome://global/content/elements/browser-custom-element.js:630:1
04-16 21:01:17.125 5601 5616 E GeckoConsole: handleEvent@resource://gre/modules/GeckoViewContent.sys.mjs:379:11
04-16 21:01:17.153 5682 5714 E eglCodecCommon: glUtilsParamSize: unknow param 0x00008caa
04-16 21:01:17.193 5682 5714 E eglCodecCommon: glUtilsParamSize: unknow param 0x00008caa
04-16 21:01:17.204 5682 5714 E eglCodecCommon: glUtilsParamSize: unknow param 0x00008caa
04-16 21:01:17.218 5682 5714 E eglCodecCommon: glUtilsParamSize: unknow param 0x00008caa
04-16 21:01:17.228 5682 5714 E eglCodecCommon: glUtilsParamSize: unknow param 0x00000d02
04-16 21:01:17.238 5682 5714 E eglCodecCommon: glUtilsParamSize: unknow param 0x00008caa
04-16 21:01:17.248 5601 5616 I Gecko : 1744837277248 Marionette INFO No differences allowed
04-16 21:01:17.334 5601 5616 I Gecko : 1744837277334 Marionette INFO Testing http://web-platform.test:8000/css/CSS2/lists/list-style-020.xht == http://web-platform.test:8000/css/CSS2/lists/list-style-020-ref.xht
04-16 21:01:17.388 5601 5616 E GeckoConsole: [JavaScript Error: "TypeError: can't access property "nodePrincipal", this.contentDocument is null" {file: "chrome://global/content/elements/browser-custom-element.js" line: 661}]
04-16 21:01:17.388 5601 5616 E GeckoConsole: get contentPrincipal@chrome://global/content/elements/browser-custom-element.js:661:1
04-16 21:01:17.388 5601 5616 E GeckoConsole: onLocationChange@resource://gre/modules/GeckoViewNavigation.sys.mjs:640:34
04-16 21:01:17.412 5601 5616 E GeckoConsole: [JavaScript Error: "TypeError: can't access property "title", this.contentDocument is null" {file: "chrome://global/content/elements/browser-custom-element.js" line: 630}]
04-16 21:01:17.412 5601 5616 E GeckoConsole: get contentTitle@chrome://global/content/elements/browser-custom-element.js:630:1
04-16 21:01:17.412 5601 5616 E GeckoConsole: handleEvent@resource://gre/modules/GeckoViewContent.sys.mjs:379:11
04-16 21:01:17.437 5682 5714 E eglCodecCommon: glUtilsParamSize: unknow param 0x00008caa
04-16 21:01:17.488 5682 5714 E eglCodecCommon: glUtilsParamSize: unknow param 0x00008741
04-16 21:01:17.559 5601 5616 W GeckoEventDispatcher: No listener for GeckoView:StateUpdated
04-16 21:01:17.566 5682 5714 E eglCodecCommon: glUtilsParamSize: unknow param 0x00008741
04-16 21:01:17.684 5682 5714 E eglCodecCommon: glUtilsParamSize: unknow param 0x00008caa
04-16 21:01:17.801 5682 5714 E eglCodecCommon: glUtilsParamSize: unknow param 0x00008caa
04-16 21:01:17.824 5682 5714 E eglCodecCommon: glUtilsParamSize: unknow param 0x00008caa
04-16 21:01:17.842 5682 5714 E eglCodecCommon: glUtilsParamSize: unknow param 0x00008caa
04-16 21:01:17.868 5682 5714 E eglCodecCommon: glUtilsParamSize: unknow param 0x00008caa
04-16 21:01:17.889 5682 5714 E eglCodecCommon: glUtilsParamSize: unknow param 0x00008caa
04-16 21:01:17.895 5682 5714 E eglCodecCommon: glUtilsParamSize: unknow param 0x00000d02
04-16 21:01:17.904 5682 5714 E eglCodecCommon: glUtilsParamSize: unknow param 0x00008caa
04-16 21:01:17.975 5601 5616 E GeckoConsole: [JavaScript Error: "TypeError: can't access property "nodePrincipal", this.contentDocument is null" {file: "chrome://global/content/elements/browser-custom-element.js" line: 661}]
04-16 21:01:17.975 5601 5616 E GeckoConsole: get contentPrincipal@chrome://global/content/elements/browser-custom-element.js:661:1
04-16 21:01:17.975 5601 5616 E GeckoConsole: onLocationChange@resource://gre/modules/GeckoViewNavigation.sys.mjs:640:34
04-16 21:01:17.997 5601 5616 E GeckoConsole: [JavaScript Error: "TypeError: can't access property "title", this.contentDocument is null" {file: "chrome://global/content/elements/browser-custom-element.js" line: 630}]
04-16 21:01:17.997 5601 5616 E GeckoConsole: get contentTitle@chrome://global/content/elements/browser-custom-element.js:630:1
04-16 21:01:17.997 5601 5616 E GeckoConsole: handleEvent@resource://gre/modules/GeckoViewContent.sys.mjs:379:11
04-16 21:01:18.037 5682 5714 E eglCodecCommon: glUtilsParamSize: unknow param 0x00008caa
04-16 21:01:18.071 5682 5714 E eglCodecCommon: glUtilsParamSize: unknow param 0x00008caa
04-16 21:01:18.094 5682 5714 E eglCodecCommon: glUtilsParamSize: unknow param 0x00008caa
04-16 21:01:18.105 5682 5714 E eglCodecCommon: glUtilsParamSize: unknow param 0x00008caa
04-16 21:01:18.124 5682 5714 E eglCodecCommon: glUtilsParamSize: unknow param 0x00008caa
04-16 21:01:18.140 5682 5714 E eglCodecCommon: glUtilsParamSize: unknow param 0x00000d02
04-16 21:01:18.160 5682 5714 E eglCodecCommon: glUtilsParamSize: unknow param 0x00008caa
04-16 21:01:18.167 5601 5616 I Gecko : 1744837278167 Marionette INFO No differences allowed
04-16 21:01:18.255 5601 5616 I Gecko : 1744837278255 Marionette INFO Testing http://web-platform.test:8000/css/CSS2/lists/list-style-021.xht == http://web-platform.test:8000/css/CSS2/lists/list-style-021-ref.xht
04-16 21:01:18.301 5601 5616 E GeckoConsole: [JavaScript Error: "TypeError: can't access property "nodePrincipal", this.contentDocument is null" {file: "chrome://global/content/elements/browser-custom-element.js" line: 661}]
04-16 21:01:18.301 5601 5616 E GeckoConsole: get contentPrincipal@chrome://global/content/elements/browser-custom-element.js:661:1
04-16 21:01:18.301 5601 5616 E GeckoConsole: onLocationChange@resource://gre/modules/GeckoViewNavigation.sys.mjs:640:34
04-16 21:01:18.323 5601 5616 E GeckoConsole: [JavaScript Error: "TypeError: can't access property "title", this.contentDocument is null" {file: "chrome://global/content/elements/browser-custom-element.js" line: 630}]
04-16 21:01:18.323 5601 5616 E GeckoConsole: get contentTitle@chrome://global/content/elements/browser-custom-element.js:630:1
04-16 21:01:18.323 5601 5616 E GeckoConsole: handleEvent@resource://gre/modules/GeckoViewContent.sys.mjs:379:11
04-16 21:01:18.354 5682 5714 E eglCodecCommon: glUtilsParamSize: unknow param 0x00008caa
04-16 21:01:18.370 5682 5714 E eglCodecCommon: glUtilsParamSize: unknow param 0x00008caa
04-16 21:01:18.398 5682 5714 E eglCodecCommon: glUtilsParamSize: unknow param 0x00008741
04-16 21:01:18.554 5682 5714 E eglCodecCommon: glUtilsParamSize: unknow param 0x00008caa
04-16 21:01:18.570 5682 5714 E eglCodecCommon: glUtilsParamSize: unknow param 0x00008caa
04-16 21:01:18.591 5682 5714 E eglCodecCommon: glUtilsParamSize: unknow param 0x00008caa
04-16 21:01:18.618 5682 5714 E eglCodecCommon: glUtilsParamSize: unknow param 0x00008caa
04-16 21:01:18.632 5682 5714 E eglCodecCommon: glUtilsParamSize: unknow param 0x00008caa
04-16 21:01:18.646 5682 5714 E eglCodecCommon: glUtilsParamSize: unknow param 0x00000d02
04-16 21:01:18.660 5682 5714 E eglCodecCommon: glUtilsParamSize: unknow param 0x00008caa
04-16 21:01:18.726 5601 5616 E GeckoConsole: [JavaScript Error: "TypeError: can't access property "nodePrincipal", this.contentDocument is null" {file: "chrome://global/content/elements/browser-custom-element.js" line: 661}]
04-16 21:01:18.726 5601 5616 E GeckoConsole: get contentPrincipal@chrome://global/content/elements/browser-custom-element.js:661:1
04-16 21:01:18.726 5601 5616 E GeckoConsole: onLocationChange@resource://gre/modules/GeckoViewNavigation.sys.mjs:640:34
04-16 21:01:18.747 5601 5616 E GeckoConsole: [JavaScript Error: "TypeError: can't access property "title", this.contentDocument is null" {file: "chrome://global/content/elements/browser-custom-element.js" line: 630}]
04-16 21:01:18.747 5601 5616 E GeckoConsole: get contentTitle@chrome://global/content/elements/browser-custom-element.js:630:1
04-16 21:01:18.747 5601 5616 E GeckoConsole: handleEvent@resource://gre/modules/GeckoViewContent.sys.mjs:379:11
04-16 21:01:18.787 5682 5714 E eglCodecCommon: glUtilsParamSize: unknow param 0x00008caa
04-16 21:01:18.820 5682 5714 E eglCodecCommon: glUtilsParamSize: unknow param 0x00008caa
04-16 21:01:18.843 5682 5714 E eglCodecCommon: glUtilsParamSize: unknow param 0x00008caa
04-16 21:01:18.854 5682 5714 E eglCodecCommon: glUtilsParamSize: unknow param 0x00008caa
04-16 21:01:18.873 5682 5714 E eglCodecCommon: glUtilsParamSize: unknow param 0x00008caa
04-16 21:01:18.886 5682 5714 E eglCodecCommon: glUtilsParamSize: unknow param 0x00000d02
04-16 21:01:18.906 5682 5714 E eglCodecCommon: glUtilsParamSize: unknow param 0x00008caa
04-16 21:01:18.911 5601 5616 I Gecko : 1744837278911 Marionette INFO Allowed 0-1 pixels different, maximum difference per channel 8-8
04-16 21:01:18.932 5601 5616 W GeckoEventDispatcher: No listener for GeckoView:StateUpdated
04-16 21:01:19.003 5601 5616 I Gecko : 1744837279003 Marionette INFO Testing http://web-platform.test:8000/css/CSS2/lists/list-style-applies-to-001.xht == http://web-platform.test:8000/css/reference/single_square_list_marker.xht
04-16 21:01:19.045 5601 5616 E GeckoConsole: [JavaScript Error: "TypeError: can't access property "nodePrincipal", this.contentDocument is null" {file: "chrome://global/content/elements/browser-custom-element.js" line: 661}]
04-16 21:01:19.045 5601 5616 E GeckoConsole: get contentPrincipal@chrome://global/content/elements/browser-custom-element.js:661:1
04-16 21:01:19.045 5601 5616 E GeckoConsole: onLocationChange@resource://gre/modules/GeckoViewNavigation.sys.mjs:640:34
04-16 21:01:19.062 5601 5616 E GeckoConsole: [JavaScript Error: "TypeError: can't access property "title", this.contentDocument is null" {file: "chrome://global/content/elements/browser-custom-element.js" line: 630}]
04-16 21:01:19.062 5601 5616 E GeckoConsole: get contentTitle@chrome://global/content/elements/browser-custom-element.js:630:1
04-16 21:01:19.062 5601 5616 E GeckoConsole: handleEvent@resource://gre/modules/GeckoViewContent.sys.mjs:379:11
04-16 21:01:19.087 5682 5714 E eglCodecCommon: glUtilsParamSize: unknow param 0x00008caa
04-16 21:01:19.142 5682 5714 E eglCodecCommon: glUtilsParamSize: unknow param 0x00008caa
04-16 21:01:19.152 5682 5714 E eglCodecCommon: glUtilsParamSize: unknow param 0x00008caa
04-16 21:01:19.168 5682 5714 E eglCodecCommon: glUtilsParamSize: unknow param 0x00008caa
04-16 21:01:19.179 5682 5714 E eglCodecCommon: glUtilsParamSize: unknow param 0x00000d02
04-16 21:01:19.191 5682 5714 E eglCodecCommon: glUtilsParamSize: unknow param 0x00008caa
04-16 21:01:19.267 5601 5616 E GeckoConsole: [JavaScript Error: "TypeError: can't access property "nodePrincipal", this.contentDocument is null" {file: "chrome://global/content/elements/browser-custom-element.js" line: 661}]
04-16 21:01:19.267 5601 5616 E GeckoConsole: get contentPrincipal@chrome://global/content/elements/browser-custom-element.js:661:1
04-16 21:01:19.267 5601 5616 E GeckoConsole: onLocationChange@resource://gre/modules/GeckoViewNavigation.sys.mjs:640:34
04-16 21:01:19.288 5601 5616 E GeckoConsole: [JavaScript Error: "TypeError: can't access property "title", this.contentDocument is null" {file: "chrome://global/content/elements/browser-custom-element.js" line: 630}]
04-16 21:01:19.288 5601 5616 E GeckoConsole: get contentTitle@chrome://global/content/elements/browser-custom-element.js:630:1
04-16 21:01:19.288 5601 5616 E GeckoConsole: handleEvent@resource://gre/modules/GeckoViewContent.sys.mjs:379:11
04-16 21:01:19.320 5682 5714 E eglCodecCommon: glUtilsParamSize: unknow param 0x00008caa
04-16 21:01:19.360 5682 5714 E eglCodecCommon: glUtilsParamSize: unknow param 0x00008caa
04-16 21:01:19.373 5682 5714 E eglCodecCommon: glUtilsParamSize: unknow param 0x00008caa
04-16 21:01:19.384 5682 5714 E eglCodecCommon: glUtilsParamSize: unknow param 0x00008caa
04-16 21:01:19.393 5682 5714 E eglCodecCommon: glUtilsParamSize: unknow param 0x00000d02
04-16 21:01:19.408 5682 5714 E eglCodecCommon: glUtilsParamSize: unknow param 0x00008caa
04-16 21:01:19.421 5601 5616 I Gecko : 1744837279421 Marionette INFO No differences allowed
04-16 21:01:19.505 5601 5616 I Gecko : 1744837279505 Marionette INFO Testing http://web-platform.test:8000/css/CSS2/lists/list-style-applies-to-002.xht == http://web-platform.test:8000/css/reference/single_square_list_marker.xht
04-16 21:01:19.550 5601 5616 E GeckoConsole: [JavaScript Error: "TypeError: can't access property "nodePrincipal", this.contentDocument is null" {file: "chrome://global/content/elements/browser-custom-element.js" line: 661}]
04-16 21:01:19.550 5601 5616 E GeckoConsole: get contentPrincipal@chrome://global/content/elements/browser-custom-element.js:661:1
04-16 21:01:19.550 5601 5616 E GeckoConsole: onLocationChange@resource://gre/modules/GeckoViewNavigation.sys.mjs:640:34
04-16 21:01:19.567 5601 5616 E GeckoConsole: [JavaScript Error: "TypeError: can't access property "title", this.contentDocument is null" {file: "chrome://global/content/elements/browser-custom-element.js" line: 630}]
04-16 21:01:19.567 5601 5616 E GeckoConsole: get contentTitle@chrome://global/content/elements/browser-custom-element.js:630:1
04-16 21:01:19.567 5601 5616 E GeckoConsole: handleEvent@resource://gre/modules/GeckoViewContent.sys.mjs:379:11
04-16 21:01:19.602 5682 5714 E eglCodecCommon: glUtilsParamSize: unknow param 0x00008caa
04-16 21:01:19.642 5682 5714 E eglCodecCommon: glUtilsParamSize: unknow param 0x00008caa
04-16 21:01:19.653 5682 5714 E eglCodecCommon: glUtilsParamSize: unknow param 0x00008caa
04-16 21:01:19.668 5682 5714 E eglCodecCommon: glUtilsParamSize: unknow param 0x00008caa
04-16 21:01:19.677 5682 5714 E eglCodecCommon: glUtilsParamSize: unknow param 0x00000d02
04-16 21:01:19.690 5682 5714 E eglCodecCommon: glUtilsParamSize: unknow param 0x00008caa
04-16 21:01:19.695 5601 5616 I Gecko : 1744837279695 Marionette INFO No differences allowed
04-16 21:01:19.784 5601 5616 I Gecko : 1744837279784 Marionette INFO Testing http://web-platform.test:8000/css/CSS2/lists/list-style-applies-to-003.xht == http://web-platform.test:8000/css/reference/single_square_list_marker.xht
04-16 21:01:19.823 5601 5616 E GeckoConsole: [JavaScript Error: "TypeError: can't access property "nodePrincipal", this.contentDocument is null" {file: "chrome://global/content/elements/browser-custom-element.js" line: 661}]
04-16 21:01:19.823 5601 5616 E GeckoConsole: get contentPrincipal@chrome://global/content/elements/browser-custom-element.js:661:1
04-16 21:01:19.823 5601 5616 E GeckoConsole: onLocationChange@resource://gre/modules/GeckoViewNavigation.sys.mjs:640:34
04-16 21:01:19.841 5601 5616 E GeckoConsole: [JavaScript Error: "TypeError: can't access property "title", this.contentDocument is null" {file: "chrome://global/content/elements/browser-custom-element.js" line: 630}]
04-16 21:01:19.841 5601 5616 E GeckoConsole: get contentTitle@chrome://global/content/elements/browser-custom-element.js:630:1
04-16 21:01:19.841 5601 5616 E GeckoConsole: handleEvent@resource://gre/modules/GeckoViewContent.sys.mjs:379:11
04-16 21:01:19.870 5682 5714 E eglCodecCommon: glUtilsParamSize: unknow param 0x00008caa
04-16 21:01:19.908 5682 5714 E eglCodecCommon: glUtilsParamSize: unknow param 0x00008caa
04-16 21:01:19.918 5682 5714 E eglCodecCommon: glUtilsParamSize: unknow param 0x00008caa
04-16 21:01:19.934 5682 5714 E eglCodecCommon: glUtilsParamSize: unknow param 0x00008caa
04-16 21:01:19.945 5682 5714 E eglCodecCommon: glUtilsParamSize: unknow param 0x00000d02
04-16 21:01:19.957 5682 5714 E eglCodecCommon: glUtilsParamSize: unknow param 0x00008caa
04-16 21:01:19.963 5601 5616 I Gecko : 1744837279963 Marionette INFO No differences allowed
04-16 21:01:20.024 5601 5616 W GeckoEventDispatcher: No listener for GeckoView:StateUpdated
04-16 21:01:20.048 5601 5616 I Gecko : 1744837280048 Marionette INFO Testing http://web-platform.test:8000/css/CSS2/lists/list-style-applies-to-004.xht == http://web-platform.test:8000/css/reference/single_square_list_marker.xht
04-16 21:01:20.090 5601 5616 E GeckoConsole: [JavaScript Error: "TypeError: can't access property "nodePrincipal", this.contentDocument is null" {file: "chrome://global/content/elements/browser-custom-element.js" line: 661}]
04-16 21:01:20.090 5601 5616 E GeckoConsole: get contentPrincipal@chrome://global/content/elements/browser-custom-element.js:661:1
04-16 21:01:20.090 5601 5616 E GeckoConsole: onLocationChange@resource://gre/modules/GeckoViewNavigation.sys.mjs:640:34
04-16 21:01:20.107 5601 5616 E GeckoConsole: [JavaScript Error: "TypeError: can't access property "title", this.contentDocument is null" {file: "chrome://global/content/elements/browser-custom-element.js" line: 630}]
04-16 21:01:20.107 5601 5616 E GeckoConsole: get contentTitle@chrome://global/content/elements/browser-custom-element.js:630:1
04-16 21:01:20.107 5601 5616 E GeckoConsole: handleEvent@resource://gre/modules/GeckoViewContent.sys.mjs:379:11
04-16 21:01:20.136 5682 5714 E eglCodecCommon: glUtilsParamSize: unknow param 0x00008caa
04-16 21:01:20.174 5682 5714 E eglCodecCommon: glUtilsParamSize: unknow param 0x00008caa
04-16 21:01:20.185 5682 5714 E eglCodecCommon: glUtilsParamSize: unknow param 0x00008caa
04-16 21:01:20.200 5682 5714 E eglCodecCommon: glUtilsParamSize: unknow param 0x00008caa
04-16 21:01:20.210 5682 5714 E eglCodecCommon: glUtilsParamSize: unknow param 0x00000d02
04-16 21:01:20.224 5682 5714 E eglCodecCommon: glUtilsParamSize: unknow param 0x00008caa
04-16 21:01:20.231 5601 5616 I Gecko : 1744837280230 Marionette INFO No differences allowed
04-16 21:01:20.319 5601 5616 I Gecko : 1744837280318 Marionette INFO Testing http://web-platform.test:8000/css/CSS2/lists/list-style-applies-to-007.xht == http://web-platform.test:8000/css/reference/single_square_list_marker.xht
04-16 21:01:20.361 5601 5616 E GeckoConsole: [JavaScript Error: "TypeError: can't access property "nodePrincipal", this.contentDocument is null" {file: "chrome://global/content/elements/browser-custom-element.js" line: 661}]
04-16 21:01:20.361 5601 5616 E GeckoConsole: get contentPrincipal@chrome://global/content/elements/browser-custom-element.js:661:1
04-16 21:01:20.361 5601 5616 E GeckoConsole: onLocationChange@resource://gre/modules/GeckoViewNavigation.sys.mjs:640:34
04-16 21:01:20.378 5601 5616 E GeckoConsole: [JavaScript Error: "TypeError: can't access property "title", this.contentDocument is null" {file: "chrome://global/content/elements/browser-custom-element.js" line: 630}]
04-16 21:01:20.378 5601 5616 E GeckoConsole: get contentTitle@chrome://global/content/elements/browser-custom-element.js:630:1
04-16 21:01:20.378 5601 5616 E GeckoConsole: handleEvent@resource://gre/modules/GeckoViewContent.sys.mjs:379:11
04-16 21:01:20.402 5682 5714 E eglCodecCommon: glUtilsParamSize: unknow param 0x00008caa
04-16 21:01:20.441 5682 5714 E eglCodecCommon: glUtilsParamSize: unknow param 0x00008caa
04-16 21:01:20.451 5682 5714 E eglCodecCommon: glUtilsParamSize: unknow param 0x00008caa
04-16 21:01:20.468 5682 5714 E eglCodecCommon: glUtilsParamSize: unknow param 0x00008caa
04-16 21:01:20.477 5682 5714 E eglCodecCommon: glUtilsParamSize: unknow param 0x00000d02
04-16 21:01:20.498 5601 5616 I Gecko : 1744837280498 Marionette INFO No differences allowed
04-16 21:01:20.500 5682 5714 E eglCodecCommon: glUtilsParamSize: unknow param 0x00008caa
04-16 21:01:20.587 5601 5616 I Gecko : 1744837280587 Marionette INFO Testing http://web-platform.test:8000/css/CSS2/lists/list-style-applies-to-008.xht == http://web-platform.test:8000/css/reference/single_square_list_marker.xht
04-16 21:01:20.629 5601 5616 E GeckoConsole: [JavaScript Error: "TypeError: can't access property "nodePrincipal", this.contentDocument is null" {file: "chrome://global/content/elements/browser-custom-element.js" line: 661}]
04-16 21:01:20.629 5601 5616 E GeckoConsole: get contentPrincipal@chrome://global/content/elements/browser-custom-element.js:661:1
04-16 21:01:20.629 5601 5616 E GeckoConsole: onLocationChange@resource://gre/modules/GeckoViewNavigation.sys.mjs:640:34
04-16 21:01:20.644 5601 5616 E GeckoConsole: [JavaScript Error: "TypeError: can't access property "title", this.contentDocument is null" {file: "chrome://global/content/elements/browser-custom-element.js" line: 630}]
04-16 21:01:20.644 5601 5616 E GeckoConsole: get contentTitle@chrome://global/content/elements/browser-custom-element.js:630:1
04-16 21:01:20.644 5601 5616 E GeckoConsole: handleEvent@resource://gre/modules/GeckoViewContent.sys.mjs:379:11
04-16 21:01:20.670 5682 5714 E eglCodecCommon: glUtilsParamSize: unknow param 0x00008caa
04-16 21:01:20.708 5682 5714 E eglCodecCommon: glUtilsParamSize: unknow param 0x00008caa
04-16 21:01:20.718 5682 5714 E eglCodecCommon: glUtilsParamSize: unknow param 0x00008caa
04-16 21:01:20.734 5682 5714 E eglCodecCommon: glUtilsParamSize: unknow param 0x00008caa
04-16 21:01:20.745 5682 5714 E eglCodecCommon: glUtilsParamSize: unknow param 0x00000d02
04-16 21:01:20.759 5682 5714 E eglCodecCommon: glUtilsParamSize: unknow param 0x00008caa
04-16 21:01:20.770 5601 5616 I Gecko : 1744837280770 Marionette INFO No differences allowed
04-16 21:01:20.860 5601 5616 I Gecko : 1744837280860 Marionette INFO Testing http://web-platform.test:8000/css/CSS2/lists/list-style-applies-to-009.xht == http://web-platform.test:8000/css/reference/single_square_list_marker.xht
04-16 21:01:20.903 5601 5616 E GeckoConsole: [JavaScript Error: "TypeError: can't access property "nodePrincipal", this.contentDocument is null" {file: "chrome://global/content/elements/browser-custom-element.js" line: 661}]
04-16 21:01:20.903 5601 5616 E GeckoConsole: get contentPrincipal@chrome://global/content/elements/browser-custom-element.js:661:1
04-16 21:01:20.903 5601 5616 E GeckoConsole: onLocationChange@resource://gre/modules/GeckoViewNavigation.sys.mjs:640:34
04-16 21:01:20.920 5601 5616 E GeckoConsole: [JavaScript Error: "TypeError: can't access property "title", this.contentDocument is null" {file: "chrome://global/content/elements/browser-custom-element.js" line: 630}]
04-16 21:01:20.920 5601 5616 E GeckoConsole: get contentTitle@chrome://global/content/elements/browser-custom-element.js:630:1
04-16 21:01:20.920 5601 5616 E GeckoConsole: handleEvent@resource://gre/modules/GeckoViewContent.sys.mjs:379:11
04-16 21:01:20.953 5682 5714 E eglCodecCommon: glUtilsParamSize: unknow param 0x00008caa
04-16 21:01:20.995 5682 5714 E eglCodecCommon: glUtilsParamSize: unknow param 0x00008caa
04-16 21:01:21.008 5682 5714 E eglCodecCommon: glUtilsParamSize: unknow param 0x00008caa
04-16 21:01:21.019 5682 5714 E eglCodecCommon: glUtilsParamSize: unknow param 0x00008caa
04-16 21:01:21.034 5682 5714 E eglCodecCommon: glUtilsParamSize: unknow param 0x00000d02
04-16 21:01:21.041 5682 5714 E eglCodecCommon: glUtilsParamSize: unknow param 0x00008caa
04-16 21:01:21.051 5601 5616 I Gecko : 1744837281051 Marionette INFO No differences allowed
04-16 21:01:21.079 5601 5616 W GeckoEventDispatcher: No listener for GeckoView:StateUpdated
04-16 21:01:21.140 5601 5616 I Gecko : 1744837281140 Marionette INFO Testing http://web-platform.test:8000/css/CSS2/lists/list-style-applies-to-010.xht == http://web-platform.test:8000/css/reference/single_square_list_marker.xht
04-16 21:01:21.190 5601 5616 E GeckoConsole: [JavaScript Error: "TypeError: can't access property "nodePrincipal", this.contentDocument is null" {file: "chrome://global/content/elements/browser-custom-element.js" line: 661}]
04-16 21:01:21.190 5601 5616 E GeckoConsole: get contentPrincipal@chrome://global/content/elements/browser-custom-element.js:661:1
04-16 21:01:21.190 5601 5616 E GeckoConsole: onLocationChange@resource://gre/modules/GeckoViewNavigation.sys.mjs:640:34
04-16 21:01:21.207 5601 5616 E GeckoConsole: [JavaScript Error: "TypeError: can't access property "title", this.contentDocument is null" {file: "chrome://global/content/elements/browser-custom-element.js" line: 630}]
04-16 21:01:21.207 5601 5616 E GeckoConsole: get contentTitle@chrome://global/content/elements/browser-custom-element.js:630:1
04-16 21:01:21.207 5601 5616 E GeckoConsole: handleEvent@resource://gre/modules/GeckoViewContent.sys.mjs:379:11
04-16 21:01:21.236 5682 5714 E eglCodecCommon: glUtilsParamSize: unknow param 0x00008caa
04-16 21:01:21.291 5682 5714 E eglCodecCommon: glUtilsParamSize: unknow param 0x00008caa
04-16 21:01:21.302 5682 5714 E eglCodecCommon: glUtilsParamSize: unknow param 0x00008caa
04-16 21:01:21.317 5682 5714 E eglCodecCommon: glUtilsParamSize: unknow param 0x00008caa
04-16 21:01:21.330 5682 5714 E eglCodecCommon: glUtilsParamSize: unknow param 0x00000d02
04-16 21:01:21.343 5682 5714 E eglCodecCommon: glUtilsParamSize: unknow param 0x00008caa
04-16 21:01:21.353 5601 5616 I Gecko : 1744837281353 Marionette INFO No differences allowed
04-16 21:01:21.440 5601 5616 I Gecko : 1744837281440 Marionette INFO Testing http://web-platform.test:8000/css/CSS2/lists/list-style-applies-to-012.xht == http://web-platform.test:8000/css/reference/single_square_list_marker.xht
04-16 21:01:21.489 5601 5616 E GeckoConsole: [JavaScript Error: "TypeError: can't access property "nodePrincipal", this.contentDocument is null" {file: "chrome://global/content/elements/browser-custom-element.js" line: 661}]
