04-16 20:58:45.288 1657 1657 I PackageManager: Adjusting ABI for com.android.providers.media to x86_64 (requirer=com.android.mtp, scannedPackage=null)
04-16 20:58:45.288 1657 1657 I PackageManager: Adjusting ABI for com.android.providers.downloads to x86_64 (requirer=com.android.mtp, scannedPackage=null)
04-16 20:58:45.288 1657 1657 I PackageManager: Adjusting ABI for com.android.providers.settings to x86_64 (requirer=android, scannedPackage=null)
04-16 20:58:45.288 1657 1657 I PackageManager: Adjusting ABI for com.android.settings to x86_64 (requirer=android, scannedPackage=null)
04-16 20:58:45.289 1657 1657 I PackageManager: Adjusting ABI for com.android.wallpaperbackup to x86_64 (requirer=android, scannedPackage=null)
04-16 20:58:45.289 1657 1657 I PackageManager: Adjusting ABI for com.android.server.telecom to x86_64 (requirer=android, scannedPackage=null)
04-16 20:58:45.289 1657 1657 I PackageManager: Adjusting ABI for com.android.location.fused to x86_64 (requirer=android, scannedPackage=null)
04-16 20:58:45.290 1657 1657 I PackageManager: Adjusting ABI for com.android.keychain to x86_64 (requirer=android, scannedPackage=null)
04-16 20:58:45.290 1657 1657 I PackageManager: Adjusting ABI for com.android.inputdevices to x86_64 (requirer=android, scannedPackage=null)
04-16 20:58:45.291 1657 1657 I PackageManager: Time to scan packages: 0.585 seconds
04-16 20:58:45.291 1657 1657 W PackageManager: Unknown permission com.google.android.googleapps.permission.GOOGLE_AUTH in package com.android.providers.calendar
04-16 20:58:45.291 1657 1657 W PackageManager: Unknown permission com.google.android.googleapps.permission.GOOGLE_AUTH.cl in package com.android.providers.calendar
04-16 20:58:45.292 1657 1657 W PackageManager: Not granting permission android.permission.GLOBAL_SEARCH to package com.android.quicksearchbox (protectionLevel=18 flags=0x3808be45)
04-16 20:58:45.292 1657 1657 W PackageManager: Not granting permission android.permission.BIND_WALLPAPER to package com.android.camera2 (protectionLevel=18 flags=0x3058bc45)
04-16 20:58:45.293 1657 1657 W PackageManager: Unknown permission com.android.launcher.permission.READ_SETTINGS in package com.android.launcher3
04-16 20:58:45.293 1657 1657 W PackageManager: Unknown permission com.android.launcher.permission.WRITE_SETTINGS in package com.android.launcher3
04-16 20:58:45.293 1657 1657 W PackageManager: Unknown permission com.google.android.googleapps.permission.GOOGLE_AUTH.mail in package com.android.calendar
04-16 20:58:45.293 1657 1657 W PackageManager: Unknown permission com.google.android.providers.settings.permission.WRITE_GSETTINGS in package com.android.sdksetup
04-16 20:58:45.293 1657 1657 W PackageManager: Unknown permission com.google.android.permission.INSTALL_WEARABLE_PACKAGES in package com.android.packageinstaller
04-16 20:58:45.294 1657 1657 W PackageManager: Not granting permission android.permission.DELETE_PACKAGES to package com.svox.pico (protectionLevel=18 flags=0x3808be45)
04-16 20:58:45.294 1657 1657 W PackageManager: Not granting permission android.permission.READ_CONTACTS to package com.example.android.apis because it was previously installed without
04-16 20:58:45.294 1657 1657 W PackageManager: Not granting permission android.permission.WRITE_CONTACTS to package com.example.android.apis because it was previously installed without
04-16 20:58:45.294 1657 1657 W PackageManager: Not granting permission android.permission.ACCESS_COARSE_LOCATION to package com.example.android.apis because it was previously installed without
04-16 20:58:45.294 1657 1657 W PackageManager: Not granting permission android.permission.WRITE_EXTERNAL_STORAGE to package com.example.android.apis because it was previously installed without
04-16 20:58:45.294 1657 1657 W PackageManager: Not granting permission android.permission.SEND_SMS to package com.example.android.apis because it was previously installed without
04-16 20:58:45.294 1657 1657 W PackageManager: Not granting permission android.permission.RECEIVE_SMS to package com.example.android.apis because it was previously installed without
04-16 20:58:45.294 1657 1657 W PackageManager: Not granting permission android.permission.RECEIVE_MMS to package com.example.android.apis because it was previously installed without
04-16 20:58:45.294 1657 1657 W PackageManager: Not granting permission android.permission.READ_SMS to package com.example.android.apis because it was previously installed without
04-16 20:58:45.294 1657 1657 W PackageManager: Not granting permission android.permission.READ_PHONE_STATE to package com.example.android.apis because it was previously installed without
04-16 20:58:45.294 1657 1657 W PackageManager: Not granting permission android.permission.RECORD_AUDIO to package com.example.android.apis because it was previously installed without
04-16 20:58:45.294 1657 1657 W PackageManager: Not granting permission android.permission.CAMERA to package com.example.android.apis because it was previously installed without
04-16 20:58:45.294 1657 1657 W PackageManager: Not granting permission android.permission.READ_EXTERNAL_STORAGE to package com.example.android.apis because it was previously installed without
04-16 20:58:45.294 1657 1657 W PackageManager: Unknown permission android.permission.RUN_INSTRUMENTATION in package org.chromium.webview_shell
04-16 20:58:45.294 1657 1657 W PackageManager: Unknown permission com.google.android.googleapps.permission.GOOGLE_AUTH in package com.android.settings
04-16 20:58:45.294 1657 1657 W PackageManager: Unknown permission com.android.launcher.permission.READ_SETTINGS in package com.android.settings
04-16 20:58:45.294 1657 1657 W PackageManager: Unknown permission com.android.launcher.permission.WRITE_SETTINGS in package com.android.settings
04-16 20:58:45.295 1657 1657 W PackageManager: Unknown permission com.android.smspush.WAPPUSH_MANAGER_BIND in package com.android.phone
04-16 20:58:45.295 1657 1657 W PackageManager: Unknown permission com.google.android.googleapps.permission.ACCESS_GOOGLE_PASSWORD in package com.android.development
04-16 20:58:45.295 1657 1657 W PackageManager: Unknown permission com.google.android.googleapps.permission.GOOGLE_AUTH in package com.android.development
04-16 20:58:45.295 1657 1657 W PackageManager: Unknown permission com.google.android.googleapps.permission.GOOGLE_AUTH.ALL_SERVICES in package com.android.development
04-16 20:58:45.295 1657 1657 W PackageManager: Unknown permission com.google.android.googleapps.permission.GOOGLE_AUTH.YouTubeUser in package com.android.development
04-16 20:58:45.296 1657 1657 W PackageManager: Not granting permission android.permission.BIND_APPWIDGET to package com.android.widgetpreview (protectionLevel=18 flags=0x3808be44)
04-16 20:58:45.296 1657 1657 V PackageManager: reconcileAppsData for null u0 0x3
04-16 20:58:45.320 1348 1348 I ServiceManager: Waiting for service media.camera.proxy...
04-16 20:58:45.459 1657 1657 V PackageManager: reconcileAppsData finished 79 packages; restoreconNeeded was false
04-16 20:58:45.479 1657 1657 E PackageManager: There should probably be exactly one verifier; found []
04-16 20:58:45.482 1657 1657 I art : Waiting for a blocking GC Explicit
04-16 20:58:45.483 1657 1657 I art : Starting a blocking GC Explicit
04-16 20:58:45.497 1657 1657 I art : Explicit concurrent mark sweep GC freed 5281(360KB) AllocSpace objects, 2(40KB) LOS objects, 33% free, 5MB/7MB, paused 1.691ms total 14.195ms
04-16 20:58:45.502 1657 1657 I SystemServer: StartOtaDexOptService
04-16 20:58:45.514 1657 1657 I SystemServer: StartUserManagerService
04-16 20:58:45.514 1657 1657 I SystemServiceManager: Starting com.android.server.pm.UserManagerService$LifeCycle
04-16 20:58:45.523 1334 1334 I lowmemorykiller: ActivityManager connected
04-16 20:58:45.523 1657 1657 D SensorService: nuSensorService starting...
04-16 20:58:45.532 1657 1657 I SystemServiceManager: Starting com.android.server.BatteryService
04-16 20:58:45.532 1657 1686 D SensorService: new thread SensorEventAckReceiver
04-16 20:58:45.533 1657 1687 D SensorService: nuSensorService thread starting...
04-16 20:58:45.542 1657 1657 I SystemServiceManager: Starting com.android.server.usage.UsageStatsService
04-16 20:58:45.550 1657 1657 I SystemServiceManager: Starting com.android.server.webkit.WebViewUpdateService
04-16 20:58:45.554 1657 1657 I SystemServer: Reading configuration...
04-16 20:58:45.554 1657 1657 I SystemServer: StartSchedulingPolicyService
04-16 20:58:45.554 1657 1657 I SystemServiceManager: Starting com.android.server.telecom.TelecomLoaderService
04-16 20:58:45.555 1657 1657 I SystemServer: StartTelephonyRegistry
04-16 20:58:45.558 1657 1657 I SystemServer: StartEntropyMixer
04-16 20:58:45.559 1657 1657 I EntropyMixer: Writing entropy...
04-16 20:58:45.564 1657 1657 I SystemServer: Camera Service
04-16 20:58:45.564 1657 1657 I SystemServiceManager: Starting com.android.server.camera.CameraService
04-16 20:58:45.567 1657 1688 I ServiceThread: Enabled StrictMode logging for CameraService_proxy looper.
04-16 20:58:45.568 1657 1657 I SystemServer: StartAccountManagerService
04-16 20:58:45.568 1657 1657 I SystemServiceManager: Starting com.android.server.accounts.AccountManagerService$Lifecycle
04-16 20:58:45.573 1657 1657 I SystemServer: StartContentService
04-16 20:58:45.574 1657 1657 I SystemServiceManager: Starting com.android.server.content.ContentService$Lifecycle
04-16 20:58:45.577 1657 1657 I SystemServer: InstallSystemProviders
04-16 20:58:45.584 1657 1657 W System : ClassLoader referenced unknown path: /system/priv-app/SettingsProvider/lib/x86_64
04-16 20:58:45.604 1657 1657 I SystemServer: StartVibratorService
04-16 20:58:45.605 1657 1657 E VibratorService: Couldn't load vibrator module (No such file or directory)
04-16 20:58:45.605 1657 1657 W VibratorService: Tried to stop vibrating but there is no vibrator device.
04-16 20:58:45.606 1657 1657 I SystemServer: StartConsumerIrService
04-16 20:58:45.607 1657 1657 E ConsumerIrService: Can't open consumer IR HW Module, error: -2
04-16 20:58:45.608 1657 1657 I SystemServer: StartAlarmManagerService
04-16 20:58:45.608 1657 1657 I SystemServiceManager: Starting com.android.server.AlarmManagerService
04-16 20:58:45.610 1657 1657 W AlarmManagerService: no wall clock RTC found
04-16 20:58:45.610 1657 1657 D AlarmManagerService: Kernel timezone updated to 0 minutes west of GMT
04-16 20:58:45.614 1657 1657 I SystemServer: InitWatchdog
04-16 20:58:45.615 1657 1657 I SystemServer: StartInputManagerService
04-16 20:58:45.616 1657 1657 I InputManager: Initializing input manager, mUseDevInputEventForAudioJack=true
04-16 20:58:45.616 1657 1657 I SystemServer: StartWindowManagerService
04-16 20:58:45.637 1657 1678 I WindowManager: No existing display settings /data/system/display_settings.xml; starting empty
04-16 20:58:45.663 1657 1657 I SystemServer: StartVrManagerService
04-16 20:58:45.664 1657 1657 I SystemServiceManager: Starting com.android.server.vr.VrManagerService
04-16 20:58:45.675 1657 1657 W VrManagerService: init_native: Could not open VR hardware module, error No such file or directory (-2).
04-16 20:58:45.681 1657 1657 I VrManagerService: No VR packages found, disabling VR components
04-16 20:58:45.684 1657 1657 I InputManager: Starting input manager
04-16 20:58:45.689 1657 1657 I SystemServer: No Bluetooth Service (emulator)
04-16 20:58:45.689 1657 1696 D EventHub: No input device configuration file found for device 'Power Button'.
04-16 20:58:45.689 1657 1657 I SystemServer: ConnectivityMetricsLoggerService
04-16 20:58:45.690 1657 1657 I SystemServiceManager: Starting com.android.server.connectivity.MetricsLoggerService
04-16 20:58:45.696 1657 1696 W EventHub: Unable to disable kernel key repeat for /dev/input/event0: Function not implemented
04-16 20:58:45.696 1657 1696 I EventHub: New device: id=1, fd=93, path='/dev/input/event0', name='Power Button', classes=0x1, configuration='', keyLayout='/system/usr/keylayout/Generic.kl', keyCharacterMap='/system/usr/keychars/Generic.kcm', builtinKeyboard=false, wakeMechanism=EPOLLWAKEUP, usingClockIoctl=true
04-16 20:58:45.696 1657 1696 E EventHub: could not get driver version for /dev/input/mouse0, Not a typewriter
04-16 20:58:45.701 1657 1657 I SystemServer: PinnerService
04-16 20:58:45.701 1657 1657 I SystemServiceManager: Starting com.android.server.PinnerService
04-16 20:58:45.701 1657 1657 E PinnerService: Starting PinnerService
04-16 20:58:45.702 1657 1657 I SystemServiceManager: Starting com.android.server.InputMethodManagerService$Lifecycle
04-16 20:58:45.727 1657 1657 I SystemServer: StartAccessibilityManagerService
04-16 20:58:45.733 1657 1657 I ActivityManager: Config changes=1df8 {1.0 ?mcc?mnc [en_US] ldltr sw400dp w400dp h640dp 320dpi nrml port ?uimode ?night -touch -keyb/v/h -nav/h s.2}
04-16 20:58:45.736 1657 1657 I ActivityManager: Config changes=400 {1.0 ?mcc?mnc [en_US] ldltr sw400dp w400dp h616dp 320dpi nrml port ?uimode ?night -touch -keyb/v/h -nav/h s.3}
04-16 20:58:45.740 1657 1670 I UsageStatsService: User[0] Rollover scheduled @ 2025-04-17 20:58:45(1744923525734)
04-16 20:58:45.740 1657 1670 E AppIdleHistory: Unable to read app idle file for user 0
04-16 20:58:45.751 1657 1657 I SystemServiceManager: Starting com.android.server.MountService$Lifecycle
04-16 20:58:45.765 1657 1657 I SystemServiceManager: Starting com.android.server.UiModeManagerService
04-16 20:58:45.766 1657 1697 D MountService: Thinking about init, mSystemReady=false, mDaemonConnected=true
04-16 20:58:45.767 1657 1697 D MountService: Thinking about reset, mSystemReady=false, mDaemonConnected=true
04-16 20:58:45.767 1657 1697 D MountService: Thinking about init, mSystemReady=false, mDaemonConnected=true
04-16 20:58:45.767 1657 1697 D MountService: Thinking about reset, mSystemReady=false, mDaemonConnected=true
04-16 20:58:45.767 1657 1697 D CryptdConnector: SND -> {1 cryptfs getfield SystemLocale}
04-16 20:58:45.768 1657 1657 I ActivityManager: Config changes=200 {1.0 ?mcc?mnc [en_US] ldltr sw400dp w400dp h616dp 320dpi nrml port -touch -keyb/v/h -nav/h s.4}
04-16 20:58:45.771 1657 1657 I SystemServer: StartLockSettingsService
04-16 20:58:45.771 1657 1657 I SystemServiceManager: Starting com.android.server.LockSettingsService$Lifecycle
04-16 20:58:45.773 1657 1699 D CryptdConnector: RCV <- {200 1 -1}
04-16 20:58:45.781 1657 1667 W art : Suspending all threads took: 6.211ms
04-16 20:58:45.784 1657 1697 W MountService: No primary storage mounted!
04-16 20:58:45.784 1657 1697 D VoldConnector: SND -> {1 asec list}
04-16 20:58:45.785 1657 1698 D VoldConnector: RCV <- {200 1 asec operation succeeded}
04-16 20:58:45.786 1657 1697 I PackageManager: No secure containers found
04-16 20:58:45.786 1657 1697 W PackageManager: Unknown permission com.google.android.googleapps.permission.GOOGLE_AUTH in package com.android.providers.calendar
04-16 20:58:45.786 1657 1697 W PackageManager: Unknown permission com.google.android.googleapps.permission.GOOGLE_AUTH.cl in package com.android.providers.calendar
04-16 20:58:45.787 1657 1697 W PackageManager: Not granting permission android.permission.GLOBAL_SEARCH to package com.android.quicksearchbox (protectionLevel=18 flags=0x3888be45)
04-16 20:58:45.787 1657 1697 W PackageManager: Not granting permission android.permission.BIND_WALLPAPER to package com.android.camera2 (protectionLevel=18 flags=0x30d8bc45)
04-16 20:58:45.788 1657 1697 W PackageManager: Unknown permission com.android.launcher.permission.READ_SETTINGS in package com.android.launcher3
04-16 20:58:45.788 1657 1697 W PackageManager: Unknown permission com.android.launcher.permission.WRITE_SETTINGS in package com.android.launcher3
04-16 20:58:45.788 1657 1697 W PackageManager: Unknown permission com.google.android.googleapps.permission.GOOGLE_AUTH.mail in package com.android.calendar
04-16 20:58:45.788 1657 1697 W PackageManager: Unknown permission com.google.android.providers.settings.permission.WRITE_GSETTINGS in package com.android.sdksetup
04-16 20:58:45.788 1657 1697 W PackageManager: Unknown permission com.google.android.permission.INSTALL_WEARABLE_PACKAGES in package com.android.packageinstaller
04-16 20:58:45.789 1657 1697 W PackageManager: Not granting permission android.permission.DELETE_PACKAGES to package com.svox.pico (protectionLevel=18 flags=0x3888be45)
04-16 20:58:45.789 1657 1697 W PackageManager: Not granting permission android.permission.READ_CONTACTS to package com.example.android.apis because it was previously installed without
04-16 20:58:45.789 1657 1697 W PackageManager: Not granting permission android.permission.WRITE_CONTACTS to package com.example.android.apis because it was previously installed without
04-16 20:58:45.789 1657 1697 W PackageManager: Not granting permission android.permission.ACCESS_COARSE_LOCATION to package com.example.android.apis because it was previously installed without
04-16 20:58:45.789 1657 1697 W PackageManager: Not granting permission android.permission.WRITE_EXTERNAL_STORAGE to package com.example.android.apis because it was previously installed without
04-16 20:58:45.789 1657 1697 W PackageManager: Not granting permission android.permission.SEND_SMS to package com.example.android.apis because it was previously installed without
04-16 20:58:45.789 1657 1697 W PackageManager: Not granting permission android.permission.RECEIVE_SMS to package com.example.android.apis because it was previously installed without
04-16 20:58:45.789 1657 1697 W PackageManager: Not granting permission android.permission.RECEIVE_MMS to package com.example.android.apis because it was previously installed without
04-16 20:58:45.789 1657 1697 W PackageManager: Not granting permission android.permission.READ_SMS to package com.example.android.apis because it was previously installed without
04-16 20:58:45.789 1657 1697 W PackageManager: Not granting permission android.permission.READ_PHONE_STATE to package com.example.android.apis because it was previously installed without
04-16 20:58:45.789 1657 1697 W PackageManager: Not granting permission android.permission.RECORD_AUDIO to package com.example.android.apis because it was previously installed without
04-16 20:58:45.789 1657 1697 W PackageManager: Not granting permission android.permission.CAMERA to package com.example.android.apis because it was previously installed without
04-16 20:58:45.790 1657 1697 W PackageManager: Not granting permission android.permission.READ_EXTERNAL_STORAGE to package com.example.android.apis because it was previously installed without
04-16 20:58:45.791 1657 1697 W PackageManager: Unknown permission android.permission.RUN_INSTRUMENTATION in package org.chromium.webview_shell
04-16 20:58:45.791 1657 1697 W PackageManager: Unknown permission com.google.android.googleapps.permission.GOOGLE_AUTH in package com.android.settings
04-16 20:58:45.791 1657 1697 W PackageManager: Unknown permission com.android.launcher.permission.READ_SETTINGS in package com.android.settings
04-16 20:58:45.791 1657 1697 W PackageManager: Unknown permission com.android.launcher.permission.WRITE_SETTINGS in package com.android.settings
04-16 20:58:45.791 1657 1697 W PackageManager: Unknown permission com.android.smspush.WAPPUSH_MANAGER_BIND in package com.android.phone
04-16 20:58:45.792 1657 1697 W PackageManager: Unknown permission com.google.android.googleapps.permission.ACCESS_GOOGLE_PASSWORD in package com.android.development
04-16 20:58:45.792 1657 1697 W PackageManager: Unknown permission com.google.android.googleapps.permission.GOOGLE_AUTH in package com.android.development
04-16 20:58:45.792 1657 1697 W PackageManager: Unknown permission com.google.android.googleapps.permission.GOOGLE_AUTH.ALL_SERVICES in package com.android.development
04-16 20:58:45.792 1657 1697 W PackageManager: Unknown permission com.google.android.googleapps.permission.GOOGLE_AUTH.YouTubeUser in package com.android.development
04-16 20:58:45.792 1657 1697 W PackageManager: Not granting permission android.permission.BIND_APPWIDGET to package com.android.widgetpreview (protectionLevel=18 flags=0x3808be44)
04-16 20:58:45.796 1657 1667 I art : Background sticky concurrent mark sweep GC freed 21429(1390KB) AllocSpace objects, 11(220KB) LOS objects, 18% free, 6MB/7MB, paused 8.555ms total 35.458ms
04-16 20:58:45.796 1657 1696 W EventHub: Unable to disable kernel key repeat for /dev/input/event1: Function not implemented
04-16 20:58:45.796 1657 1696 I EventHub: New device: id=2, fd=99, path='/dev/input/event1', name='qwerty2', classes=0xbf, configuration='/system/usr/idc/qwerty2.idc', keyLayout='/system/usr/keylayout/qwerty.kl', keyCharacterMap='/system/usr/keychars/qwerty2.kcm', builtinKeyboard=true, wakeMechanism=EPOLLWAKEUP, usingClockIoctl=true
04-16 20:58:45.796 1657 1696 E EventHub: could not get driver version for /dev/input/mice, Not a typewriter
04-16 20:58:45.802 1657 1657 I SystemServiceManager: Starting com.android.server.DeviceIdleController
04-16 20:58:45.818 1657 1697 W MountService: No primary storage defined yet; hacking together a stub
04-16 20:58:45.818 1657 1697 W MountService: No primary storage defined yet; hacking together a stub
04-16 20:58:45.819 1657 1657 I SystemServiceManager: Starting com.android.server.devicepolicy.DevicePolicyManagerService$Lifecycle
04-16 20:58:45.819 1657 1697 W MountService: No primary storage mounted!
04-16 20:58:45.819 1657 1697 D VoldConnector: SND -> {2 asec list}
04-16 20:58:45.820 1657 1698 D VoldConnector: RCV <- {200 2 asec operation succeeded}
04-16 20:58:45.826 1657 1657 I SystemServer: StartStatusBarManagerService
04-16 20:58:45.828 1657 1657 I SystemServer: StartClipboardService
04-16 20:58:45.832 1657 1657 I SystemServer: StartNetworkManagementService
04-16 20:58:45.835 1657 1701 I NetworkManagement: onDaemonConnected()
04-16 20:58:45.840 1657 1657 I SystemServiceManager: Starting com.android.server.TextServicesManagerService$Lifecycle
04-16 20:58:45.844 1657 1657 I SystemServer: StartNetworkScoreService
04-16 20:58:45.846 1657 1657 I SystemServer: StartNetworkStatsService
04-16 20:58:45.852 1657 1657 I SystemServer: StartNetworkPolicyManagerService
04-16 20:58:45.860 1657 1657 I SystemServer: No Wi-Fi NAN Service (NAN support Not Present)
04-16 20:58:45.868 1657 1657 I SystemServiceManager: Starting com.android.server.wifi.p2p.WifiP2pService
04-16 20:58:45.871 1657 1696 I InputReader: Device added: id=-1, name='Virtual', sources=0x00000301
04-16 20:58:45.872 1657 1696 I InputReader: Touch device 'qwerty2' could not query the properties of its associated display. The device will be inoperable until the display size becomes available.
04-16 20:58:45.872 1657 1696 I InputReader: Device added: id=0, name='qwerty2', sources=0x80015307
04-16 20:58:45.872 1657 1696 I InputReader: Device added: id=1, name='Power Button', sources=0x00000101
04-16 20:58:45.873 1657 1696 I InputReader: Reconfiguring input devices. changes=0x00000004
04-16 20:58:45.873 1657 1696 I InputReader: Device reconfigured: id=0, name='qwerty2', size 800x1280, orientation 0, mode 1, display id 0
04-16 20:58:45.875 1657 1695 I ActivityManager: Config changes=78 {1.0 ?mcc?mnc [en_US] ldltr sw400dp w400dp h616dp 320dpi nrml port finger qwerty/v/v tball/v s.5}
04-16 20:58:45.899 1657 1657 I WifiP2pService: Registering wifip2p
04-16 20:58:45.900 1657 1657 I SystemServiceManager: Starting com.android.server.wifi.WifiService
04-16 20:58:45.967 1657 1657 D HS20 : Passpoint is disabled
04-16 20:58:45.982 1356 1654 D CommandListener: Clearing all IP addresses on wlan0
04-16 20:58:46.182 1657 1657 W art : Long monitor contention with owner WifiStateMachine (1706) at boolean com.android.server.wifi.WifiNative.unloadDriverNative()(WifiNative.java:-2) waiters=0 in java.lang.String com.android.server.wifi.WifiNative.getFirmwareVersion() for 201ms
04-16 20:58:46.182 1657 1657 E WifiLogger: no ring buffers found
04-16 20:58:46.182 1657 1706 D WifiApConfigStore: 2G band allowed channels are:1,6,11
04-16 20:58:46.182 1657 1657 E WifiLogger: Failed to start packet fate monitoring
04-16 20:58:46.188 1657 1657 D WifiController: isAirplaneModeOn = false, isWifiEnabled = true, isScanningAvailable = false
04-16 20:58:46.189 1657 1657 I WifiService: Registering wifi
04-16 20:58:46.192 1657 1657 I SystemServiceManager: Starting com.android.server.wifi.scanner.WifiScanningService
04-16 20:58:46.192 1657 1657 I WifiScanningService: Creating wifiscanner
04-16 20:58:46.194 1657 1657 I WifiScanningService: Publishing wifiscanner
04-16 20:58:46.195 1657 1657 I SystemServiceManager: Starting com.android.server.wifi.RttService
04-16 20:58:46.196 1657 1657 I RttService: Creating rttmanager
04-16 20:58:46.197 1657 1657 I RttService: Starting rttmanager
04-16 20:58:46.198 1657 1657 I SystemServer: StartConnectivityService
04-16 20:58:46.202 1657 1657 D ConnectivityService: ConnectivityService starting up
04-16 20:58:46.206 1657 1657 D ConnectivityService: wifiOnly=false
04-16 20:58:46.213 1657 1657 I SystemServer: StartNsdService
04-16 20:58:46.216 1657 1657 I SystemServer: StartUpdateLockService
04-16 20:58:46.217 1657 1657 I SystemServiceManager: Starting com.android.server.RecoverySystemService
04-16 20:58:46.219 1657 1657 I SystemServiceManager: Starting com.android.server.notification.NotificationManagerService
04-16 20:58:46.234 1657 1657 D ConditionProviders.SCP: new ScheduleConditionProvider()
04-16 20:58:46.238 1657 1657 D ZenLog : config: readXml,ZenModeConfig[user=0,allowCalls=true,allowRepeatCallers=false,allowMessages=false,allowCallsFrom=contacts,allowMessagesFrom=contacts,allowReminders=true,allowEvents=true,allowWhenScreenOff=true,allowWhenScreenOn=true,automaticRules={3130fa4cb9134fa19c6c17b6bde16988=ZenRule[enabled=false,snoozing=false,name=Weekend,zenMode=ZEN_MODE_ALARMS,conditionId=condition://android/schedule?days=6.7&start=23.30&end=10.0&exitAtAlarm=false,condition=Condition[id=condition://android/schedule?days=6.7&start=23.30&end=10.0&exitAtAlarm=false,summary=...,line1=...,line2=...,icon=0,state=STATE_FALSE,flags=2],component=ComponentInfo{android/com.android.server.notification.ScheduleConditionProvider},id=3130fa4cb9134fa19c6c17b6bde16988,creationTime=1744740746094], 8d7e1c2e59f443d78ee720e93f4d6c7c=ZenRule[enabled=false,snoozing=false,name=Weeknight,zenMode=ZEN_MODE_ALARMS,conditionId=condition://android/schedule?days=1.2.3.4.5&start=22.0&end=7.0&exitAtAlarm=false,condition=Condition[id=condition://android/schedule?days=1.2.3.4.5&start=22.0&end=7.0&exitAtAlarm=false,summary=...,line1=...,line2=...,icon=0,state=STATE_FALSE,flags=2],component=ComponentInfo{android/com.android.server.notification.ScheduleConditionProvider},id=8d7e1c2e59f443d78ee720e93f4d6c7c,creationTime=1744740746094], 07b470ec64c84418b42b85ff24550ebd=ZenRule[enabled=false,snoozing=false,name=Event,zenMode=ZEN_MODE_ALARMS,conditionId=condition://android/event?userId=-10000&calendar=&reply=1,condition=Condition[id=condition://android/event?userId=-10000&calendar=&reply=1,summary=...,line1=...,line2=...,icon=0,state=STATE_FALSE,flags=2],component=ComponentInfo{android/com.android.server.notification.EventConditionProvider},id=07b470ec64c84418b42b85ff24550ebd,creationTime=1744740746096]},manualRule=null],Diff[automaticRule[daef071d61ae4670a9773944d31f2563]:delete,automaticRule[3130fa4cb9134fa19c6c17b6bde16988]:insert,automaticRule[2ccf4fab769c4c50936eb40be479983c]:delete,automaticRule[8d7e1c2e59f443d78ee720e93f4d6c7c]:insert,automaticRule[0b778fa12f0e4fd5b061dbf141283ddd]:delete,automaticRule[07b470ec64c84418b42b85ff24550ebd]:insert]
04-16 20:58:46.243 1657 1657 D ZenLog : set_zen_mode: off,init
04-16 20:58:46.245 1657 1657 I SystemServiceManager: Starting com.android.server.storage.DeviceStorageMonitorService
04-16 20:58:46.249 1657 1657 I SystemServer: StartLocationManagerService
04-16 20:58:46.253 1657 1657 I SystemServer: StartCountryDetectorService
04-16 20:58:46.254 1657 1657 I SystemServer: StartSearchManagerService
04-16 20:58:46.254 1657 1657 I SystemServiceManager: Starting com.android.server.search.SearchManagerService$Lifecycle
04-16 20:58:46.256 1657 1657 I SystemServiceManager: Starting com.android.server.DropBoxManagerService
04-16 20:58:46.257 1657 1657 I SystemServer: StartWallpaperManagerService
04-16 20:58:46.258 1657 1657 I SystemServiceManager: Starting com.android.server.wallpaper.WallpaperManagerService$Lifecycle
04-16 20:58:46.259 1657 1657 E BitmapFactory: Unable to decode stream: java.io.FileNotFoundException: /data/system/users/0/wallpaper_orig (No such file or directory)
04-16 20:58:46.259 1657 1657 E WallpaperManagerService: Invalid wallpaper data
04-16 20:58:46.259 1657 1657 E WallpaperManagerService: Unable to apply new wallpaper
04-16 20:58:46.261 1657 1657 I SystemServer: StartAudioService
04-16 20:58:46.261 1657 1657 I SystemServiceManager: Starting com.android.server.audio.AudioService$Lifecycle
04-16 20:58:46.276 1657 1657 W TelecomManager: Telecom Service not found.
04-16 20:58:46.276 1363 1379 D PermissionCache: checking android.permission.MODIFY_AUDIO_SETTINGS for uid=1000 => granted (2720 us)
04-16 20:58:46.280 1363 1375 W AudioFlinger: no wake lock to update, system not ready yet
04-16 20:58:46.294 1657 1657 I SystemServiceManager: Starting com.android.server.DockObserver
04-16 20:58:46.295 1657 1657 W DockObserver: This kernel does not have dock station support
04-16 20:58:46.296 1657 1657 I SystemServer: StartWiredAccessoryManager
04-16 20:58:46.297 1657 1657 W WiredAccessoryManager: This kernel does not have usb audio support
04-16 20:58:46.297 1657 1657 W WiredAccessoryManager: This kernel does not have HDMI audio support
04-16 20:58:46.298 1657 1657 I SystemServiceManager: Starting com.android.server.midi.MidiService$Lifecycle
04-16 20:58:46.300 1657 1657 I SystemServiceManager: Starting com.android.server.usb.UsbService$Lifecycle
04-16 20:58:46.306 1657 1657 E UsbDeviceManager: failed to write to /sys/class/android_usb/android0/f_rndis/ethaddr
04-16 20:58:46.306 1657 1657 E UsbDeviceManagerJNI: could not open /dev/usb_accessory
04-16 20:58:46.309 1657 1657 I SystemServer: StartSerialService
04-16 20:58:46.310 1657 1657 E HardwarePropertiesManagerService-JNI: Couldn't load thermal module (No such file or directory)
04-16 20:58:46.311 1657 1657 I SystemServiceManager: Starting com.android.server.twilight.TwilightService
04-16 20:58:46.313 1657 1657 I SystemServiceManager: Starting com.android.server.job.JobSchedulerService
04-16 20:58:46.319 1657 1657 I SystemServiceManager: Starting com.android.server.soundtrigger.SoundTriggerService
04-16 20:58:46.320 1657 1657 I SystemServiceManager: Starting com.android.server.backup.BackupManagerService$Lifecycle
04-16 20:58:46.323 1657 1657 I SystemServiceManager: Starting com.android.server.appwidget.AppWidgetService
04-16 20:58:46.328 1657 1657 I SystemServiceManager: Starting com.android.server.voiceinteraction.VoiceInteractionManagerService
04-16 20:58:46.331 1657 1657 I SystemServer: Gesture Launcher Service
04-16 20:58:46.331 1657 1657 I SystemServiceManager: Starting com.android.server.GestureLauncherService
04-16 20:58:46.332 1657 1657 I SystemServiceManager: Starting com.android.server.SensorNotificationService
04-16 20:58:46.332 1657 1657 I SystemServiceManager: Starting com.android.server.ContextHubSystemService
04-16 20:58:46.333 1657 1657 E ContextHubService: ** Could not load context_hub module : err No such file or directory
04-16 20:58:46.333 1657 1657 W ContextHubService: No Context Hub Module present
04-16 20:58:46.333 1657 1657 I SystemServer: StartDiskStatsService
04-16 20:58:46.334 1657 1657 I SystemServer: StartSamplingProfilerService
04-16 20:58:46.338 1657 1657 I SystemServer: StartNetworkTimeUpdateService
04-16 20:58:46.339 1657 1657 I SystemServer: StartCommonTimeManagementService
04-16 20:58:46.341 1657 1657 I SystemServer: CertBlacklister
04-16 20:58:46.342 1657 1657 I SystemServiceManager: Starting com.android.server.emergency.EmergencyAffordanceService
04-16 20:58:46.343 1657 1657 I SystemServiceManager: Starting com.android.server.dreams.DreamManagerService
04-16 20:58:46.345 1657 1657 I SystemServer: StartAssetAtlasService
04-16 20:58:46.348 1657 1657 I SystemServiceManager: Starting com.android.server.print.PrintManagerService
04-16 20:58:46.349 1657 1722 D AssetAtlas: Loaded configuration: SliceMinArea (896x576) flags=0x2 count=91
04-16 20:58:46.355 1657 1657 I SystemServiceManager: Starting com.android.server.restrictions.RestrictionsManagerService
04-16 20:58:46.356 1657 1722 D : HostConnection::get() New Host Connection established 0x757ab1f49ee0, tid 1722
04-16 20:58:46.356 1657 1657 I SystemServiceManager: Starting com.android.server.media.MediaSessionService
04-16 20:58:46.360 1657 1657 I SystemServer: StartMediaRouterService
04-16 20:58:46.362 1657 1657 I SystemServiceManager: Starting com.android.server.trust.TrustManagerService
04-16 20:58:46.364 1657 1657 I SystemServiceManager: Starting com.android.server.fingerprint.FingerprintService
04-16 20:58:46.369 1359 1359 D PermissionCache: checking android.permission.MANAGE_FINGERPRINT for uid=1000 => granted (844 us)
04-16 20:58:46.370 1359 1359 V fingerprintd: nativeOpenHal()
04-16 20:58:46.372 1359 1359 D FingerprintHal: ----------------> fingerprint_open ----------------->
04-16 20:58:46.373 1359 1359 E fingerprintd: Wrong fp version. Expected 512, got 513
04-16 20:58:46.373 1359 1359 D FingerprintHal: ----------------> set_notify_callback ----------------->
04-16 20:58:46.373 1359 1359 D FingerprintHal: fingerprint callback notification set
04-16 20:58:46.373 1359 1359 V fingerprintd: fingerprint HAL successfully initialized
04-16 20:58:46.373 1359 1723 D FingerprintHal: ----------------> listenerFunction ----------------->
04-16 20:58:46.374 1359 1359 V fingerprintd: setActiveGroup(0, /data/system/users/0/fpdata, 27)
04-16 20:58:46.374 1359 1359 D FingerprintHal: ----------------> fingerprint_set_active_group -----------------> path /data/system/users/0/fpdata
04-16 20:58:46.374 1359 1359 D FingerprintHal: ----------------> loadFingerprints ----------------->
04-16 20:58:46.374 1359 1359 E FingerprintHal: Could not load fingerprints from storage at /data/system/users/0/fpdata/emufp.bin; it has not yet been created.
04-16 20:58:46.374 1359 1359 D FingerprintHal: ----------------> loadAuthenticatorId ----------------->
04-16 20:58:46.374 1359 1359 D FingerprintHal: Read authenticator id (0x6b8b4567327b23c6)
04-16 20:58:46.374 1359 1359 D FingerprintHal: ----------------> fingerprint_get_auth_id ----------------->
04-16 20:58:46.375 1359 1359 D FingerprintHal: ----------------> fingerprint_get_auth_id auth id 6b8b4567327b23c6----------------->
04-16 20:58:46.375 1657 1657 V FingerprintService: Fingerprint HAL id: 130990142173184
04-16 20:58:46.381 1657 1657 I SystemServer: StartBackgroundDexOptService
04-16 20:58:46.383 1657 1657 I SystemServiceManager: Starting com.android.server.pm.ShortcutService$Lifecycle
04-16 20:58:46.386 1657 1667 I art : Background sticky concurrent mark sweep GC freed 8974(826KB) AllocSpace objects, 5(100KB) LOS objects, 4% free, 8MB/9MB, paused 5.487ms total 28.563ms
04-16 20:58:46.387 1657 1657 I SystemServiceManager: Starting com.android.server.pm.LauncherAppsService
04-16 20:58:46.388 1657 1657 I SystemServiceManager: Starting com.android.server.media.projection.MediaProjectionManagerService
04-16 20:58:46.391 1657 1657 V MediaRouter: Adding route: RouteInfo{ name=Phone, description=null, status=null, category=RouteCategory{ name=null types=ROUTE_TYPE_LIVE_AUDIO ROUTE_TYPE_LIVE_VIDEO groupable=false }, supportedTypes=ROUTE_TYPE_LIVE_AUDIO ROUTE_TYPE_LIVE_VIDEO , presentationDisplay=null }
04-16 20:58:46.393 1657 1657 V MediaRouter: Updating audio routes: AudioRoutesInfo{ type=SPEAKER }
04-16 20:58:46.394 1657 1657 V MediaRouter: Selecting route: RouteInfo{ name=Phone, description=null, status=null, category=RouteCategory{ name=null types=ROUTE_TYPE_LIVE_AUDIO ROUTE_TYPE_LIVE_VIDEO groupable=false }, supportedTypes=ROUTE_TYPE_LIVE_AUDIO ROUTE_TYPE_LIVE_VIDEO , presentationDisplay=null }
04-16 20:58:46.396 1657 1657 I WindowManager: SAFE MODE not enabled
04-16 20:58:46.396 1657 1657 I SystemServiceManager: Starting com.android.server.MmsServiceBroker
04-16 20:58:46.398 1657 1657 W VibratorService: Tried to stop vibrating but there is no vibrator device.
04-16 20:58:46.443 1657 1722 D EGL_emulation: eglCreateContext: 0x757aa69ba000: maj 3 min 0 rcv 3
04-16 20:58:46.447 1657 1722 D EGL_emulation: eglMakeCurrent: 0x757aa69ba000: ver 3 0 (tinfo 0x757aa698fce0)
04-16 20:58:46.451 1657 1722 E eglCodecCommon: glUtilsParamSize: unknow param 0x00008cdf
04-16 20:58:46.451 1657 1722 E eglCodecCommon: glUtilsParamSize: unknow param 0x00008824
04-16 20:58:46.454 1657 1657 E LockSettingsStorage: Cannot read file java.io.FileNotFoundException: /data/system/gatekeeper.password.key: open failed: ENOENT (No such file or directory)
04-16 20:58:46.454 1657 1657 E LockSettingsStorage: Cannot read file java.io.FileNotFoundException: /data/system/password.key: open failed: ENOENT (No such file or directory)
04-16 20:58:46.455 1657 1657 E LockSettingsStorage: Cannot read file java.io.FileNotFoundException: /data/system/gatekeeper.pattern.key: open failed: ENOENT (No such file or directory)
04-16 20:58:46.455 1657 1657 E LockSettingsStorage: Cannot read file java.io.FileNotFoundException: /data/system/gatekeeper.gesture.key: open failed: ENOENT (No such file or directory)
04-16 20:58:46.455 1657 1657 E LockSettingsStorage: Cannot read file java.io.FileNotFoundException: /data/system/gesture.key: open failed: ENOENT (No such file or directory)
04-16 20:58:46.455 1657 1657 I SystemServiceManager: Starting phase 480
04-16 20:58:46.458 1657 1657 I DevicePolicyManagerService: Set ro.device_owner property to false
04-16 20:58:46.458 1657 1722 D AssetAtlas: Rendered atlas in 95.33ms (43.07+52.26ms)
04-16 20:58:46.460 1657 1657 I SystemServiceManager: Starting phase 500
04-16 20:58:46.463 1657 1657 D ConnectivityMetricsLoggerService: onBootPhase: PHASE_SYSTEM_SERVICES_READY
04-16 20:58:46.468 1657 1657 I WifiService: WifiService starting up with Wi-Fi enabled
04-16 20:58:46.471 1657 1657 D WifiService: setWifiEnabled: true pid=1657, uid=1000
04-16 20:58:46.471 1657 1657 I WifiScanningService: Starting wifiscanner
04-16 20:58:46.472 1657 1705 D WifiController: WifiController msg { when=0 what=155656 target=com.android.internal.util.StateMachine$SmHandler } deferred for 500ms
04-16 20:58:46.475 1657 1657 I RttService: Registering rttmanager
04-16 20:58:46.476 1657 1657 D ZenLog : config: cleanUpZenRules,ZenModeConfig[user=0,allowCalls=true,allowRepeatCallers=false,allowMessages=false,allowCallsFrom=contacts,allowMessagesFrom=contacts,allowReminders=true,allowEvents=true,allowWhenScreenOff=true,allowWhenScreenOn=true,automaticRules={3130fa4cb9134fa19c6c17b6bde16988=ZenRule[enabled=false,snoozing=false,name=Weekend,zenMode=ZEN_MODE_ALARMS,conditionId=condition://android/schedule?days=6.7&start=23.30&end=10.0&exitAtAlarm=false,condition=Condition[id=condition://android/schedule?days=6.7&start=23.30&end=10.0&exitAtAlarm=false,summary=...,line1=...,line2=...,icon=0,state=STATE_FALSE,flags=2],component=ComponentInfo{android/com.android.server.notification.ScheduleConditionProvider},id=3130fa4cb9134fa19c6c17b6bde16988,creationTime=1744740746094], 8d7e1c2e59f443d78ee720e93f4d6c7c=ZenRule[enabled=false,snoozing=false,name=Weeknight,zenMode=ZEN_MODE_ALARMS,conditionId=condition://android/schedule?days=1.2.3.4.5&start=22.0&end=7.0&exitAtAlarm=false,condition=Condition[id=condition://android/schedule?days=1.2.3.4.5&start=22.0&end=7.0&exitAtAlarm=false,summary=...,line1=...,line2=...,icon=0,state=STATE_FALSE,flags=2],component=ComponentInfo{android/com.android.server.notification.ScheduleConditionProvider},id=8d7e1c2e59f443d78ee720e93f4d6c7c,creationTime=1744740746094], 07b470ec64c84418b42b85ff24550ebd=ZenRule[enabled=false,snoozing=false,name=Event,zenMode=ZEN_MODE_ALARMS,conditionId=condition://android/event?userId=-10000&calendar=&reply=1,condition=Condition[id=condition://android/event?userId=-10000&calendar=&reply=1,summary=...,line1=...,line2=...,icon=0,state=STATE_FALSE,flags=2],component=ComponentInfo{android/com.android.server.notification.EventConditionProvider},id=07b470ec64c84418b42b85ff24550ebd,creationTime=1744740746096]},manualRule=null],Diff[]
04-16 20:58:46.477 1657 1657 D ZenLog : set_zen_mode: off,onSystemReady
04-16 20:58:46.479 1363 1379 D PermissionCache: checking android.permission.CAPTURE_AUDIO_HOTWORD for uid=1000 => granted (390 us)
04-16 20:58:46.479 1657 1657 W SoundTriggerHelper: listModules status=0, # of modules=0
04-16 20:58:46.479 1657 1657 D ContextHubSystemService: onBootPhase: PHASE_SYSTEM_SERVICES_READY
04-16 20:58:46.512 1657 1657 V UserManagerService: Found /data/user_de/0 with serial number 0
04-16 20:58:46.512 1657 1657 V UserManagerService: Found /data/user/0 with serial number 0
04-16 20:58:46.512 1657 1657 V UserManagerService: Found /data/system_de/0 with serial number 0
04-16 20:58:46.512 1657 1657 V UserManagerService: Found /data/system_ce/0 with serial number 0
04-16 20:58:46.517 1657 1680 W KeyguardServiceDelegate: onScreenTurningOn(): no keyguard service!
04-16 20:58:46.525 1657 1657 I ActivityManager: System now ready
04-16 20:58:46.528 1657 1657 I SystemServer: Making services ready
04-16 20:58:46.528 1657 1657 I SystemServiceManager: Starting phase 550
04-16 20:58:46.531 1657 1657 E InputMethodManagerService: Ignoring updateSystemUiLocked due to an invalid token. uid:1000 token:null
04-16 20:58:46.554 1657 1657 I Zygote : Process: zygote socket opened, supported ABIS: x86_64
04-16 20:58:46.555 1341 1661 I art : Starting a blocking GC HeapTrim
04-16 20:58:46.568 1727 1727 W art : Unexpected CPU variant for X86 using defaults: x86_64
04-16 20:58:46.570 1657 1657 I ActivityManager: Start proc 1727:com.android.inputmethod.latin/u0a42 for service com.android.inputmethod.latin/.LatinIME
04-16 20:58:46.571 1657 1657 V InputMethodManagerService: Adding window token: android.os.Binder@38801f0
04-16 20:58:46.571 1657 1697 D MountService: Thinking about init, mSystemReady=true, mDaemonConnected=true
04-16 20:58:46.571 1657 1697 D MountService: Setting up emulation state, initlocked=false
04-16 20:58:46.571 1657 1697 D CryptdConnector: SND -> {2 cryptfs unlock_user_key 0 0 ! !}
04-16 20:58:46.572 1294 1327 D vold : e4crypt_unlock_user_key 0 serial=0 token_present=0
04-16 20:58:46.572 1657 1699 D CryptdConnector: RCV <- {200 2 Command succeeded}
04-16 20:58:46.572 1657 1697 D MountService: Thinking about reset, mSystemReady=true, mDaemonConnected=true
04-16 20:58:46.573 1657 1697 D VoldConnector: SND -> {3 volume reset}
04-16 20:58:46.573 1337 1588 D gralloc_ranchu: gralloc_alloc: Creating ashmem region of size 4096000
04-16 20:58:46.573 1657 1671 I ActivityManager: Force stopping com.android.providers.media appid=10010 user=-1: vold reset
04-16 20:58:46.573 1337 1588 D : HostConnection::get() New Host Connection established 0x7a7e2302efe0, tid 1588
04-16 20:58:46.573 1657 1657 E BitmapFactory: Unable to decode stream: java.io.FileNotFoundException: /data/system/users/0/wallpaper_orig (No such file or directory)
04-16 20:58:46.573 1657 1657 E WallpaperManagerService: Invalid wallpaper data
04-16 20:58:46.573 1657 1657 E WallpaperManagerService: Unable to apply new wallpaper
04-16 20:58:46.573 1657 1698 D VoldConnector: RCV <- {651 emulated 7}
04-16 20:58:46.574 1657 1698 D VoldConnector: RCV <- {659 emulated}
04-16 20:58:46.574 1657 1698 D VoldConnector: RCV <- {650 emulated 2 "" ""}
04-16 20:58:46.574 1657 1698 D VoldConnector: RCV <- {651 emulated 0}
04-16 20:58:46.574 1657 1698 D VoldConnector: RCV <- {200 3 Command succeeded}
04-16 20:58:46.575 1657 1697 D VoldConnector: SND -> {4 volume user_added 0 0}
04-16 20:58:46.575 1657 1676 V MountService: Found primary storage at VolumeInfo{emulated}:
04-16 20:58:46.575 1657 1676 V MountService: type=EMULATED diskId=null partGuid=null mountFlags=0 mountUserId=-1
04-16 20:58:46.575 1657 1676 V MountService: state=UNMOUNTED
04-16 20:58:46.575 1657 1676 V MountService: fsType=null fsUuid=null fsLabel=null
04-16 20:58:46.575 1657 1676 V MountService: path=null internalPath=null
04-16 20:58:46.576 1657 1698 D VoldConnector: RCV <- {200 4 Command succeeded}
04-16 20:58:46.577 1657 1672 D : HostConnection::get() New Host Connection established 0x757ab481da00, tid 1672
04-16 20:58:46.586 1741 1741 W art : Unexpected CPU variant for X86 using defaults: x86_64
04-16 20:58:46.586 1657 1657 I ActivityManager: Start proc 1741:com.android.systemui/u0a21 for service com.android.systemui/.ImageWallpaper
04-16 20:58:46.586 1657 1697 D VoldConnector: SND -> {5 volume mount emulated 3 -1}
04-16 20:58:46.588 1294 1326 V vold : Waiting for FUSE to spin up...
04-16 20:58:46.588 1657 1698 D VoldConnector: RCV <- {651 emulated 1}
04-16 20:58:46.588 1657 1698 D VoldConnector: RCV <- {656 emulated /data/media}
04-16 20:58:46.588 1657 1698 D VoldConnector: RCV <- {655 emulated /storage/emulated}
04-16 20:58:46.595 1748 1748 W sdcard : Device explicitly disabled sdcardfs
04-16 20:58:46.596 1657 1717 E BluetoothAdapter: Bluetooth binder is null
04-16 20:58:46.598 1657 1717 E BluetoothAdapter: Bluetooth binder is null
04-16 20:58:46.599 1363 1719 I AudioFlinger: systemReady
04-16 20:58:46.599 1657 1657 D UsbAlsaManager: Adding ALSA device AlsaDevice: [card: 0, device: 0, type: 1]
04-16 20:58:46.599 1657 1657 D UsbAlsaManager: Adding ALSA device AlsaDevice: [card: 0, device: 0, type: 2]
04-16 20:58:46.622 1657 1657 I SystemServer: WebViewFactory preparation
04-16 20:58:46.637 1657 1657 D WebViewFactory: Setting new address space to 114394000
04-16 20:58:46.638 1657 1698 D VoldConnector: RCV <- {651 emulated 2}
04-16 20:58:46.639 1657 1698 D VoldConnector: RCV <- {200 5 Command succeeded}
04-16 20:58:46.647 1741 1741 W System : ClassLoader referenced unknown path: /system/priv-app/SystemUI/lib/x86_64
04-16 20:58:46.656 1657 1657 I Zygote : Process: zygote socket opened, supported ABIS: x86
04-16 20:58:46.657 1344 1558 I art : Starting a blocking GC HeapTrim
04-16 20:58:46.661 1344 1344 I art : Starting a blocking GC Background
04-16 20:58:46.661 1657 1764 E WVMExtractor: Failed to open libwvm.so: dlopen failed: library "libwvm.so" not found
04-16 20:58:46.700 1657 1657 W ActivityManager: Slow operation: 57ms so far, now at startProcess: returned from zygote!
04-16 20:58:46.700 1657 1657 W ActivityManager: Slow operation: 57ms so far, now at startProcess: done updating battery stats
04-16 20:58:46.701 1355 1355 I MediaPlayerService: MediaPlayerService::getOMX
04-16 20:58:46.701 1657 1657 W ActivityManager: Slow operation: 58ms so far, now at startProcess: building log message
04-16 20:58:46.701 1657 1657 I ActivityManager: Start proc 1768:WebViewLoader-x86/1037 [android.webkit.WebViewFactory$RelroFileCreator] for
04-16 20:58:46.701 1657 1657 W ActivityManager: Slow operation: 58ms so far, now at startProcess: starting to update pids map
04-16 20:58:46.701 1657 1657 W ActivityManager: Slow operation: 58ms so far, now at startProcess: done updating pids map
04-16 20:58:46.701 1657 1657 W ActivityManager: Slow operation: 59ms so far, now at startProcess: done starting proc!
04-16 20:58:46.702 1355 1355 I OMXClient: MuxOMX ctor
04-16 20:58:46.704 1355 1355 I MediaPlayerService: MediaPlayerService::getOMX
04-16 20:58:46.705 1355 1355 I OMXClient: MuxOMX ctor
04-16 20:58:46.705 1352 1352 I OMXMaster: makeComponentInstance(OMX.google.mp3.decoder) in mediacodec process
04-16 20:58:46.714 1768 1768 W art : Unexpected CPU variant for X86 using defaults: x86
04-16 20:58:46.714 1773 1773 W art : Unexpected CPU variant for X86 using defaults: x86_64
04-16 20:58:46.717 1657 1657 I ActivityManager: Start proc 1773:WebViewLoader-x86_64/1037 [android.webkit.WebViewFactory$RelroFileCreator] for
04-16 20:58:46.719 1657 1657 D NetworkManagement: enabling bandwidth control
04-16 20:58:46.729 1355 1355 I MediaPlayerService: MediaPlayerService::getOMX
04-16 20:58:46.729 1355 1355 I OMXClient: MuxOMX ctor
04-16 20:58:46.729 1352 1791 I OMXMaster: makeComponentInstance(OMX.google.amrnb.decoder) in mediacodec process
04-16 20:58:46.734 1355 1355 I MediaPlayerService: MediaPlayerService::getOMX
04-16 20:58:46.734 1355 1355 I OMXClient: MuxOMX ctor
04-16 20:58:46.734 1352 1791 I OMXMaster: makeComponentInstance(OMX.google.amrwb.decoder) in mediacodec process
04-16 20:58:46.735 1773 1773 V WebViewFactory: RelroFileCreator (64bit = true), 32-bit lib: /system/app/webview/webview.apk!/lib/x86/libwebviewchromium.so, 64-bit lib: /system/app/webview/webview.apk!/lib/x86_64/libwebviewchromium.so
04-16 20:58:46.736 1355 1355 I MediaPlayerService: MediaPlayerService::getOMX
04-16 20:58:46.736 1355 1355 I OMXClient: MuxOMX ctor
04-16 20:58:46.737 1352 1352 I OMXMaster: makeComponentInstance(OMX.google.aac.decoder) in mediacodec process
04-16 20:58:46.744 1355 1355 I MediaPlayerService: MediaPlayerService::getOMX
04-16 20:58:46.744 1355 1355 I OMXClient: MuxOMX ctor
04-16 20:58:46.745 1352 1362 I OMXMaster: makeComponentInstance(OMX.google.g711.alaw.decoder) in mediacodec process
04-16 20:58:46.754 1768 1768 V WebViewFactory: RelroFileCreator (64bit = false), 32-bit lib: /system/app/webview/webview.apk!/lib/x86/libwebviewchromium.so, 64-bit lib: /system/app/webview/webview.apk!/lib/x86_64/libwebviewchromium.so
04-16 20:58:46.754 1741 1741 V SystemUIService: Starting SystemUI services for user 0.
04-16 20:58:46.760 1355 1355 I MediaPlayerService: MediaPlayerService::getOMX
04-16 20:58:46.760 1355 1355 I OMXClient: MuxOMX ctor
04-16 20:58:46.761 1352 1791 I OMXMaster: makeComponentInstance(OMX.google.g711.mlaw.decoder) in mediacodec process
04-16 20:58:46.776 1355 1355 I MediaPlayerService: MediaPlayerService::getOMX
04-16 20:58:46.776 1727 1727 I LatinIME: Hardware accelerated drawing: true
04-16 20:58:46.776 1355 1355 I OMXClient: MuxOMX ctor
