04-16 21:01:05.585 5682 5714 E eglCodecCommon: glUtilsParamSize: unknow param 0x00008caa
04-16 21:01:05.601 5682 5714 E eglCodecCommon: glUtilsParamSize: unknow param 0x00008caa
04-16 21:01:05.611 5682 5714 E eglCodecCommon: glUtilsParamSize: unknow param 0x00000d02
04-16 21:01:05.621 5682 5714 E eglCodecCommon: glUtilsParamSize: unknow param 0x00008caa
04-16 21:01:05.630 5601 5616 I Gecko : 1744837265630 Marionette INFO No differences allowed
04-16 21:01:05.716 5601 5616 I Gecko : 1744837265716 Marionette INFO Testing http://web-platform.test:8000/css/CSS2/lists/counter-reset-008.xht == http://web-platform.test:8000/css/reference/pass_if_number_10.html
04-16 21:01:05.756 5601 5616 E GeckoConsole: [JavaScript Error: "TypeError: can't access property "nodePrincipal", this.contentDocument is null" {file: "chrome://global/content/elements/browser-custom-element.js" line: 661}]
04-16 21:01:05.756 5601 5616 E GeckoConsole: get contentPrincipal@chrome://global/content/elements/browser-custom-element.js:661:1
04-16 21:01:05.756 5601 5616 E GeckoConsole: onLocationChange@resource://gre/modules/GeckoViewNavigation.sys.mjs:640:34
04-16 21:01:05.771 5601 5616 E GeckoConsole: [JavaScript Error: "TypeError: can't access property "title", this.contentDocument is null" {file: "chrome://global/content/elements/browser-custom-element.js" line: 630}]
04-16 21:01:05.771 5601 5616 E GeckoConsole: get contentTitle@chrome://global/content/elements/browser-custom-element.js:630:1
04-16 21:01:05.771 5601 5616 E GeckoConsole: handleEvent@resource://gre/modules/GeckoViewContent.sys.mjs:379:11
04-16 21:01:05.803 5682 5714 E eglCodecCommon: glUtilsParamSize: unknow param 0x00008caa
04-16 21:01:05.858 5682 5714 E eglCodecCommon: glUtilsParamSize: unknow param 0x00008caa
04-16 21:01:05.870 5682 5714 E eglCodecCommon: glUtilsParamSize: unknow param 0x00008caa
04-16 21:01:05.884 5682 5714 E eglCodecCommon: glUtilsParamSize: unknow param 0x00008caa
04-16 21:01:05.894 5682 5714 E eglCodecCommon: glUtilsParamSize: unknow param 0x00000d02
04-16 21:01:05.905 5682 5714 E eglCodecCommon: glUtilsParamSize: unknow param 0x00008caa
04-16 21:01:05.917 5601 5616 I Gecko : 1744837265917 Marionette INFO No differences allowed
04-16 21:01:05.999 5601 5616 I Gecko : 1744837265999 Marionette INFO Testing http://web-platform.test:8000/css/CSS2/lists/counter-reset-009.xht == http://web-platform.test:8000/css/reference/pass_if_number_10.html
04-16 21:01:06.001 5601 5604 I art : Do partial code cache collection, code=30KB, data=28KB
04-16 21:01:06.002 5601 5604 I art : After code cache collection, code=30KB, data=28KB
04-16 21:01:06.002 5601 5604 I art : Increasing code cache capacity to 128KB
04-16 21:01:06.041 5601 5616 E GeckoConsole: [JavaScript Error: "TypeError: can't access property "nodePrincipal", this.contentDocument is null" {file: "chrome://global/content/elements/browser-custom-element.js" line: 661}]
04-16 21:01:06.041 5601 5616 E GeckoConsole: get contentPrincipal@chrome://global/content/elements/browser-custom-element.js:661:1
04-16 21:01:06.041 5601 5616 E GeckoConsole: onLocationChange@resource://gre/modules/GeckoViewNavigation.sys.mjs:640:34
04-16 21:01:06.056 5601 5616 E GeckoConsole: [JavaScript Error: "TypeError: can't access property "title", this.contentDocument is null" {file: "chrome://global/content/elements/browser-custom-element.js" line: 630}]
04-16 21:01:06.056 5601 5616 E GeckoConsole: get contentTitle@chrome://global/content/elements/browser-custom-element.js:630:1
04-16 21:01:06.056 5601 5616 E GeckoConsole: handleEvent@resource://gre/modules/GeckoViewContent.sys.mjs:379:11
04-16 21:01:06.086 5682 5714 E eglCodecCommon: glUtilsParamSize: unknow param 0x00008caa
04-16 21:01:06.124 5682 5714 E eglCodecCommon: glUtilsParamSize: unknow param 0x00008caa
04-16 21:01:06.135 5682 5714 E eglCodecCommon: glUtilsParamSize: unknow param 0x00008caa
04-16 21:01:06.151 5682 5714 E eglCodecCommon: glUtilsParamSize: unknow param 0x00008caa
04-16 21:01:06.163 5682 5714 E eglCodecCommon: glUtilsParamSize: unknow param 0x00000d02
04-16 21:01:06.175 5682 5714 E eglCodecCommon: glUtilsParamSize: unknow param 0x00008caa
04-16 21:01:06.192 5601 5616 I Gecko : 1744837266192 Marionette INFO No differences allowed
04-16 21:01:06.273 5601 5616 I Gecko : 1744837266273 Marionette INFO Testing http://web-platform.test:8000/css/CSS2/lists/counter-reset-014.xht == http://web-platform.test:8000/css/CSS2/reference/pass-if-number-0-30px.xht
04-16 21:01:06.315 5601 5616 E GeckoConsole: [JavaScript Error: "TypeError: can't access property "nodePrincipal", this.contentDocument is null" {file: "chrome://global/content/elements/browser-custom-element.js" line: 661}]
04-16 21:01:06.315 5601 5616 E GeckoConsole: get contentPrincipal@chrome://global/content/elements/browser-custom-element.js:661:1
04-16 21:01:06.315 5601 5616 E GeckoConsole: onLocationChange@resource://gre/modules/GeckoViewNavigation.sys.mjs:640:34
04-16 21:01:06.330 5601 5616 E GeckoConsole: [JavaScript Error: "TypeError: can't access property "title", this.contentDocument is null" {file: "chrome://global/content/elements/browser-custom-element.js" line: 630}]
04-16 21:01:06.330 5601 5616 E GeckoConsole: get contentTitle@chrome://global/content/elements/browser-custom-element.js:630:1
04-16 21:01:06.330 5601 5616 E GeckoConsole: handleEvent@resource://gre/modules/GeckoViewContent.sys.mjs:379:11
04-16 21:01:06.352 5682 5714 E eglCodecCommon: glUtilsParamSize: unknow param 0x00008caa
04-16 21:01:06.408 5682 5714 E eglCodecCommon: glUtilsParamSize: unknow param 0x00008caa
04-16 21:01:06.418 5682 5714 E eglCodecCommon: glUtilsParamSize: unknow param 0x00008caa
04-16 21:01:06.434 5682 5714 E eglCodecCommon: glUtilsParamSize: unknow param 0x00008caa
04-16 21:01:06.444 5682 5714 E eglCodecCommon: glUtilsParamSize: unknow param 0x00000d02
04-16 21:01:06.455 5682 5714 E eglCodecCommon: glUtilsParamSize: unknow param 0x00008caa
04-16 21:01:06.468 5601 5616 I Gecko : 1744837266467 Marionette INFO No differences allowed
04-16 21:01:06.472 5601 5616 W GeckoEventDispatcher: No listener for GeckoView:StateUpdated
04-16 21:01:06.557 5601 5616 I Gecko : 1744837266557 Marionette INFO Testing http://web-platform.test:8000/css/CSS2/lists/counter-reset-018.xht == http://web-platform.test:8000/css/CSS2/reference/pass-if-number-0-30px.xht
04-16 21:01:06.601 5601 5616 E GeckoConsole: [JavaScript Error: "TypeError: can't access property "nodePrincipal", this.contentDocument is null" {file: "chrome://global/content/elements/browser-custom-element.js" line: 661}]
04-16 21:01:06.601 5601 5616 E GeckoConsole: get contentPrincipal@chrome://global/content/elements/browser-custom-element.js:661:1
04-16 21:01:06.601 5601 5616 E GeckoConsole: onLocationChange@resource://gre/modules/GeckoViewNavigation.sys.mjs:640:34
04-16 21:01:06.617 5601 5616 E GeckoConsole: [JavaScript Error: "TypeError: can't access property "title", this.contentDocument is null" {file: "chrome://global/content/elements/browser-custom-element.js" line: 630}]
04-16 21:01:06.617 5601 5616 E GeckoConsole: get contentTitle@chrome://global/content/elements/browser-custom-element.js:630:1
04-16 21:01:06.617 5601 5616 E GeckoConsole: handleEvent@resource://gre/modules/GeckoViewContent.sys.mjs:379:11
04-16 21:01:06.653 5682 5714 E eglCodecCommon: glUtilsParamSize: unknow param 0x00008caa
04-16 21:01:06.691 5682 5714 E eglCodecCommon: glUtilsParamSize: unknow param 0x00008caa
04-16 21:01:06.702 5682 5714 E eglCodecCommon: glUtilsParamSize: unknow param 0x00008caa
04-16 21:01:06.718 5682 5714 E eglCodecCommon: glUtilsParamSize: unknow param 0x00008caa
04-16 21:01:06.727 5682 5714 E eglCodecCommon: glUtilsParamSize: unknow param 0x00000d02
04-16 21:01:06.740 5682 5714 E eglCodecCommon: glUtilsParamSize: unknow param 0x00008caa
04-16 21:01:06.747 5601 5616 I Gecko : 1744837266747 Marionette INFO No differences allowed
04-16 21:01:06.832 5601 5616 I Gecko : 1744837266832 Marionette INFO Testing http://web-platform.test:8000/css/CSS2/lists/counter-reset-019.xht == http://web-platform.test:8000/css/CSS2/reference/pass-if-number-0-30px.xht
04-16 21:01:06.874 5601 5616 E GeckoConsole: [JavaScript Error: "TypeError: can't access property "nodePrincipal", this.contentDocument is null" {file: "chrome://global/content/elements/browser-custom-element.js" line: 661}]
04-16 21:01:06.874 5601 5616 E GeckoConsole: get contentPrincipal@chrome://global/content/elements/browser-custom-element.js:661:1
04-16 21:01:06.874 5601 5616 E GeckoConsole: onLocationChange@resource://gre/modules/GeckoViewNavigation.sys.mjs:640:34
04-16 21:01:06.891 5601 5616 E GeckoConsole: [JavaScript Error: "TypeError: can't access property "title", this.contentDocument is null" {file: "chrome://global/content/elements/browser-custom-element.js" line: 630}]
04-16 21:01:06.891 5601 5616 E GeckoConsole: get contentTitle@chrome://global/content/elements/browser-custom-element.js:630:1
04-16 21:01:06.891 5601 5616 E GeckoConsole: handleEvent@resource://gre/modules/GeckoViewContent.sys.mjs:379:11
04-16 21:01:06.920 5682 5714 E eglCodecCommon: glUtilsParamSize: unknow param 0x00008caa
04-16 21:01:06.957 5682 5714 E eglCodecCommon: glUtilsParamSize: unknow param 0x00008caa
04-16 21:01:06.967 5682 5714 E eglCodecCommon: glUtilsParamSize: unknow param 0x00008caa
04-16 21:01:06.984 5682 5714 E eglCodecCommon: glUtilsParamSize: unknow param 0x00008caa
04-16 21:01:06.995 5682 5714 E eglCodecCommon: glUtilsParamSize: unknow param 0x00000d02
04-16 21:01:07.008 5682 5714 E eglCodecCommon: glUtilsParamSize: unknow param 0x00008caa
04-16 21:01:07.018 5601 5616 I Gecko : 1744837267018 Marionette INFO No differences allowed
04-16 21:01:07.099 5601 5616 I Gecko : 1744837267099 Marionette INFO Testing http://web-platform.test:8000/css/CSS2/lists/counter-reset-020.xht == http://web-platform.test:8000/css/CSS2/reference/pass-if-number-0-30px.xht
04-16 21:01:07.141 5601 5616 E GeckoConsole: [JavaScript Error: "TypeError: can't access property "nodePrincipal", this.contentDocument is null" {file: "chrome://global/content/elements/browser-custom-element.js" line: 661}]
04-16 21:01:07.141 5601 5616 E GeckoConsole: get contentPrincipal@chrome://global/content/elements/browser-custom-element.js:661:1
04-16 21:01:07.141 5601 5616 E GeckoConsole: onLocationChange@resource://gre/modules/GeckoViewNavigation.sys.mjs:640:34
04-16 21:01:07.157 5601 5616 E GeckoConsole: [JavaScript Error: "TypeError: can't access property "title", this.contentDocument is null" {file: "chrome://global/content/elements/browser-custom-element.js" line: 630}]
04-16 21:01:07.157 5601 5616 E GeckoConsole: get contentTitle@chrome://global/content/elements/browser-custom-element.js:630:1
04-16 21:01:07.157 5601 5616 E GeckoConsole: handleEvent@resource://gre/modules/GeckoViewContent.sys.mjs:379:11
04-16 21:01:07.186 5682 5714 E eglCodecCommon: glUtilsParamSize: unknow param 0x00008caa
04-16 21:01:07.224 5682 5714 E eglCodecCommon: glUtilsParamSize: unknow param 0x00008caa
04-16 21:01:07.235 5682 5714 E eglCodecCommon: glUtilsParamSize: unknow param 0x00008caa
04-16 21:01:07.251 5682 5714 E eglCodecCommon: glUtilsParamSize: unknow param 0x00008caa
04-16 21:01:07.261 5682 5714 E eglCodecCommon: glUtilsParamSize: unknow param 0x00000d02
04-16 21:01:07.273 5682 5714 E eglCodecCommon: glUtilsParamSize: unknow param 0x00008caa
04-16 21:01:07.284 5601 5616 I Gecko : 1744837267284 Marionette INFO No differences allowed
04-16 21:01:07.373 5601 5616 I Gecko : 1744837267373 Marionette INFO Testing http://web-platform.test:8000/css/CSS2/lists/counter-reset-021.xht == http://web-platform.test:8000/css/reference/pass_if_number_10.html
04-16 21:01:07.416 5601 5616 E GeckoConsole: [JavaScript Error: "TypeError: can't access property "nodePrincipal", this.contentDocument is null" {file: "chrome://global/content/elements/browser-custom-element.js" line: 661}]
04-16 21:01:07.416 5601 5616 E GeckoConsole: get contentPrincipal@chrome://global/content/elements/browser-custom-element.js:661:1
04-16 21:01:07.416 5601 5616 E GeckoConsole: onLocationChange@resource://gre/modules/GeckoViewNavigation.sys.mjs:640:34
04-16 21:01:07.431 5601 5616 E GeckoConsole: [JavaScript Error: "TypeError: can't access property "title", this.contentDocument is null" {file: "chrome://global/content/elements/browser-custom-element.js" line: 630}]
04-16 21:01:07.431 5601 5616 E GeckoConsole: get contentTitle@chrome://global/content/elements/browser-custom-element.js:630:1
04-16 21:01:07.431 5601 5616 E GeckoConsole: handleEvent@resource://gre/modules/GeckoViewContent.sys.mjs:379:11
04-16 21:01:07.454 5682 5714 E eglCodecCommon: glUtilsParamSize: unknow param 0x00008caa
04-16 21:01:07.508 5682 5714 E eglCodecCommon: glUtilsParamSize: unknow param 0x00008caa
04-16 21:01:07.519 5682 5714 E eglCodecCommon: glUtilsParamSize: unknow param 0x00008caa
04-16 21:01:07.534 5682 5714 E eglCodecCommon: glUtilsParamSize: unknow param 0x00008caa
04-16 21:01:07.544 5682 5714 E eglCodecCommon: glUtilsParamSize: unknow param 0x00000d02
04-16 21:01:07.558 5682 5714 E eglCodecCommon: glUtilsParamSize: unknow param 0x00008caa
04-16 21:01:07.568 5601 5616 I Gecko : 1744837267567 Marionette INFO No differences allowed
04-16 21:01:07.579 5601 5616 W GeckoEventDispatcher: No listener for GeckoView:StateUpdated
04-16 21:01:07.653 5601 5616 I Gecko : 1744837267653 Marionette INFO Testing http://web-platform.test:8000/css/CSS2/lists/counter-reset-022.xht == http://web-platform.test:8000/css/reference/pass_if_number_10.html
04-16 21:01:07.705 5601 5616 E GeckoConsole: [JavaScript Error: "TypeError: can't access property "nodePrincipal", this.contentDocument is null" {file: "chrome://global/content/elements/browser-custom-element.js" line: 661}]
04-16 21:01:07.705 5601 5616 E GeckoConsole: get contentPrincipal@chrome://global/content/elements/browser-custom-element.js:661:1
04-16 21:01:07.705 5601 5616 E GeckoConsole: onLocationChange@resource://gre/modules/GeckoViewNavigation.sys.mjs:640:34
04-16 21:01:07.721 5601 5616 E GeckoConsole: [JavaScript Error: "TypeError: can't access property "title", this.contentDocument is null" {file: "chrome://global/content/elements/browser-custom-element.js" line: 630}]
04-16 21:01:07.721 5601 5616 E GeckoConsole: get contentTitle@chrome://global/content/elements/browser-custom-element.js:630:1
04-16 21:01:07.721 5601 5616 E GeckoConsole: handleEvent@resource://gre/modules/GeckoViewContent.sys.mjs:379:11
04-16 21:01:07.753 5682 5714 E eglCodecCommon: glUtilsParamSize: unknow param 0x00008caa
04-16 21:01:07.791 5682 5714 E eglCodecCommon: glUtilsParamSize: unknow param 0x00008caa
04-16 21:01:07.803 5682 5714 E eglCodecCommon: glUtilsParamSize: unknow param 0x00008caa
04-16 21:01:07.818 5682 5714 E eglCodecCommon: glUtilsParamSize: unknow param 0x00008caa
04-16 21:01:07.829 5682 5714 E eglCodecCommon: glUtilsParamSize: unknow param 0x00000d02
04-16 21:01:07.839 5682 5714 E eglCodecCommon: glUtilsParamSize: unknow param 0x00008caa
04-16 21:01:07.863 5601 5616 I Gecko : 1744837267862 Marionette INFO No differences allowed
04-16 21:01:07.987 5601 5616 I Gecko : 1744837267986 Marionette INFO Testing http://web-platform.test:8000/css/CSS2/lists/counter-reset-027.xht == http://web-platform.test:8000/css/CSS2/reference/pass-if-number-0-30px.xht
04-16 21:01:08.026 5601 5616 E GeckoConsole: [JavaScript Error: "TypeError: can't access property "nodePrincipal", this.contentDocument is null" {file: "chrome://global/content/elements/browser-custom-element.js" line: 661}]
04-16 21:01:08.026 5601 5616 E GeckoConsole: get contentPrincipal@chrome://global/content/elements/browser-custom-element.js:661:1
04-16 21:01:08.026 5601 5616 E GeckoConsole: onLocationChange@resource://gre/modules/GeckoViewNavigation.sys.mjs:640:34
04-16 21:01:08.041 5601 5616 E GeckoConsole: [JavaScript Error: "TypeError: can't access property "title", this.contentDocument is null" {file: "chrome://global/content/elements/browser-custom-element.js" line: 630}]
04-16 21:01:08.041 5601 5616 E GeckoConsole: get contentTitle@chrome://global/content/elements/browser-custom-element.js:630:1
04-16 21:01:08.041 5601 5616 E GeckoConsole: handleEvent@resource://gre/modules/GeckoViewContent.sys.mjs:379:11
04-16 21:01:08.058 5682 5714 E eglCodecCommon: glUtilsParamSize: unknow param 0x00008caa
04-16 21:01:08.108 5682 5714 E eglCodecCommon: glUtilsParamSize: unknow param 0x00008caa
04-16 21:01:08.118 5682 5714 E eglCodecCommon: glUtilsParamSize: unknow param 0x00008caa
04-16 21:01:08.134 5682 5714 E eglCodecCommon: glUtilsParamSize: unknow param 0x00008caa
04-16 21:01:08.144 5682 5714 E eglCodecCommon: glUtilsParamSize: unknow param 0x00000d02
04-16 21:01:08.157 5682 5714 E eglCodecCommon: glUtilsParamSize: unknow param 0x00008caa
04-16 21:01:08.166 5601 5616 I Gecko : 1744837268166 Marionette INFO No differences allowed
04-16 21:01:08.251 5601 5616 I Gecko : 1744837268251 Marionette INFO Testing http://web-platform.test:8000/css/CSS2/lists/counter-reset-031.xht == http://web-platform.test:8000/css/CSS2/reference/pass-if-number-0-30px.xht
04-16 21:01:08.294 5601 5616 E GeckoConsole: [JavaScript Error: "TypeError: can't access property "nodePrincipal", this.contentDocument is null" {file: "chrome://global/content/elements/browser-custom-element.js" line: 661}]
04-16 21:01:08.294 5601 5616 E GeckoConsole: get contentPrincipal@chrome://global/content/elements/browser-custom-element.js:661:1
04-16 21:01:08.294 5601 5616 E GeckoConsole: onLocationChange@resource://gre/modules/GeckoViewNavigation.sys.mjs:640:34
04-16 21:01:08.310 5601 5616 E GeckoConsole: [JavaScript Error: "TypeError: can't access property "title", this.contentDocument is null" {file: "chrome://global/content/elements/browser-custom-element.js" line: 630}]
04-16 21:01:08.310 5601 5616 E GeckoConsole: get contentTitle@chrome://global/content/elements/browser-custom-element.js:630:1
04-16 21:01:08.310 5601 5616 E GeckoConsole: handleEvent@resource://gre/modules/GeckoViewContent.sys.mjs:379:11
04-16 21:01:08.336 5682 5714 E eglCodecCommon: glUtilsParamSize: unknow param 0x00008caa
04-16 21:01:08.374 5682 5714 E eglCodecCommon: glUtilsParamSize: unknow param 0x00008caa
04-16 21:01:08.385 5682 5714 E eglCodecCommon: glUtilsParamSize: unknow param 0x00008caa
04-16 21:01:08.401 5682 5714 E eglCodecCommon: glUtilsParamSize: unknow param 0x00008caa
04-16 21:01:08.411 5682 5714 E eglCodecCommon: glUtilsParamSize: unknow param 0x00000d02
04-16 21:01:08.420 5682 5714 E eglCodecCommon: glUtilsParamSize: unknow param 0x00008caa
04-16 21:01:08.429 5601 5616 I Gecko : 1744837268429 Marionette INFO No differences allowed
04-16 21:01:08.512 5601 5616 I Gecko : 1744837268512 Marionette INFO Testing http://web-platform.test:8000/css/CSS2/lists/counter-reset-032.xht == http://web-platform.test:8000/css/CSS2/reference/pass-if-number-0-30px.xht
04-16 21:01:08.553 5601 5616 E GeckoConsole: [JavaScript Error: "TypeError: can't access property "nodePrincipal", this.contentDocument is null" {file: "chrome://global/content/elements/browser-custom-element.js" line: 661}]
04-16 21:01:08.553 5601 5616 E GeckoConsole: get contentPrincipal@chrome://global/content/elements/browser-custom-element.js:661:1
04-16 21:01:08.553 5601 5616 E GeckoConsole: onLocationChange@resource://gre/modules/GeckoViewNavigation.sys.mjs:640:34
04-16 21:01:08.569 5601 5616 E GeckoConsole: [JavaScript Error: "TypeError: can't access property "title", this.contentDocument is null" {file: "chrome://global/content/elements/browser-custom-element.js" line: 630}]
04-16 21:01:08.569 5601 5616 E GeckoConsole: get contentTitle@chrome://global/content/elements/browser-custom-element.js:630:1
04-16 21:01:08.569 5601 5616 E GeckoConsole: handleEvent@resource://gre/modules/GeckoViewContent.sys.mjs:379:11
04-16 21:01:08.603 5682 5714 E eglCodecCommon: glUtilsParamSize: unknow param 0x00008caa
04-16 21:01:08.641 5682 5714 E eglCodecCommon: glUtilsParamSize: unknow param 0x00008caa
04-16 21:01:08.652 5682 5714 E eglCodecCommon: glUtilsParamSize: unknow param 0x00008caa
04-16 21:01:08.667 5682 5714 E eglCodecCommon: glUtilsParamSize: unknow param 0x00008caa
04-16 21:01:08.676 5682 5714 E eglCodecCommon: glUtilsParamSize: unknow param 0x00000d02
04-16 21:01:08.689 5682 5714 E eglCodecCommon: glUtilsParamSize: unknow param 0x00008caa
04-16 21:01:08.695 5601 5616 I Gecko : 1744837268695 Marionette INFO No differences allowed
04-16 21:01:08.715 5601 5616 W GeckoEventDispatcher: No listener for GeckoView:StateUpdated
04-16 21:01:08.782 5601 5616 I Gecko : 1744837268782 Marionette INFO Testing http://web-platform.test:8000/css/CSS2/lists/counter-reset-033.xht == http://web-platform.test:8000/css/CSS2/reference/pass-if-number-0-30px.xht
04-16 21:01:08.822 5601 5616 E GeckoConsole: [JavaScript Error: "TypeError: can't access property "nodePrincipal", this.contentDocument is null" {file: "chrome://global/content/elements/browser-custom-element.js" line: 661}]
04-16 21:01:08.822 5601 5616 E GeckoConsole: get contentPrincipal@chrome://global/content/elements/browser-custom-element.js:661:1
04-16 21:01:08.822 5601 5616 E GeckoConsole: onLocationChange@resource://gre/modules/GeckoViewNavigation.sys.mjs:640:34
04-16 21:01:08.839 5601 5616 E GeckoConsole: [JavaScript Error: "TypeError: can't access property "title", this.contentDocument is null" {file: "chrome://global/content/elements/browser-custom-element.js" line: 630}]
04-16 21:01:08.839 5601 5616 E GeckoConsole: get contentTitle@chrome://global/content/elements/browser-custom-element.js:630:1
04-16 21:01:08.839 5601 5616 E GeckoConsole: handleEvent@resource://gre/modules/GeckoViewContent.sys.mjs:379:11
04-16 21:01:08.870 5682 5714 E eglCodecCommon: glUtilsParamSize: unknow param 0x00008caa
04-16 21:01:08.908 5682 5714 E eglCodecCommon: glUtilsParamSize: unknow param 0x00008caa
04-16 21:01:08.918 5682 5714 E eglCodecCommon: glUtilsParamSize: unknow param 0x00008caa
04-16 21:01:08.934 5682 5714 E eglCodecCommon: glUtilsParamSize: unknow param 0x00008caa
04-16 21:01:08.944 5682 5714 E eglCodecCommon: glUtilsParamSize: unknow param 0x00000d02
04-16 21:01:08.958 5682 5714 E eglCodecCommon: glUtilsParamSize: unknow param 0x00008caa
04-16 21:01:08.964 5601 5616 I Gecko : 1744837268964 Marionette INFO No differences allowed
04-16 21:01:09.061 5601 5616 I Gecko : 1744837269060 Marionette INFO Testing http://web-platform.test:8000/css/CSS2/lists/counter-reset-034.xht == http://web-platform.test:8000/css/reference/pass_if_number_10.html
04-16 21:01:09.105 5601 5616 E GeckoConsole: [JavaScript Error: "TypeError: can't access property "nodePrincipal", this.contentDocument is null" {file: "chrome://global/content/elements/browser-custom-element.js" line: 661}]
04-16 21:01:09.105 5601 5616 E GeckoConsole: get contentPrincipal@chrome://global/content/elements/browser-custom-element.js:661:1
04-16 21:01:09.105 5601 5616 E GeckoConsole: onLocationChange@resource://gre/modules/GeckoViewNavigation.sys.mjs:640:34
04-16 21:01:09.121 5601 5616 E GeckoConsole: [JavaScript Error: "TypeError: can't access property "title", this.contentDocument is null" {file: "chrome://global/content/elements/browser-custom-element.js" line: 630}]
04-16 21:01:09.121 5601 5616 E GeckoConsole: get contentTitle@chrome://global/content/elements/browser-custom-element.js:630:1
04-16 21:01:09.121 5601 5616 E GeckoConsole: handleEvent@resource://gre/modules/GeckoViewContent.sys.mjs:379:11
04-16 21:01:09.153 5682 5714 E eglCodecCommon: glUtilsParamSize: unknow param 0x00008caa
04-16 21:01:09.210 5682 5714 E eglCodecCommon: glUtilsParamSize: unknow param 0x00008caa
04-16 21:01:09.222 5682 5714 E eglCodecCommon: glUtilsParamSize: unknow param 0x00008caa
04-16 21:01:09.234 5682 5714 E eglCodecCommon: glUtilsParamSize: unknow param 0x00008caa
04-16 21:01:09.243 5682 5714 E eglCodecCommon: glUtilsParamSize: unknow param 0x00000d02
04-16 21:01:09.253 5682 5714 E eglCodecCommon: glUtilsParamSize: unknow param 0x00008caa
04-16 21:01:09.267 5601 5616 I Gecko : 1744837269266 Marionette INFO No differences allowed
04-16 21:01:09.354 5601 5616 I Gecko : 1744837269354 Marionette INFO Testing http://web-platform.test:8000/css/CSS2/lists/counter-reset-035.xht == http://web-platform.test:8000/css/reference/pass_if_number_10.html
04-16 21:01:09.397 5601 5616 E GeckoConsole: [JavaScript Error: "TypeError: can't access property "nodePrincipal", this.contentDocument is null" {file: "chrome://global/content/elements/browser-custom-element.js" line: 661}]
04-16 21:01:09.397 5601 5616 E GeckoConsole: get contentPrincipal@chrome://global/content/elements/browser-custom-element.js:661:1
04-16 21:01:09.397 5601 5616 E GeckoConsole: onLocationChange@resource://gre/modules/GeckoViewNavigation.sys.mjs:640:34
04-16 21:01:09.414 5601 5616 E GeckoConsole: [JavaScript Error: "TypeError: can't access property "title", this.contentDocument is null" {file: "chrome://global/content/elements/browser-custom-element.js" line: 630}]
04-16 21:01:09.414 5601 5616 E GeckoConsole: get contentTitle@chrome://global/content/elements/browser-custom-element.js:630:1
04-16 21:01:09.414 5601 5616 E GeckoConsole: handleEvent@resource://gre/modules/GeckoViewContent.sys.mjs:379:11
04-16 21:01:09.453 5682 5714 E eglCodecCommon: glUtilsParamSize: unknow param 0x00008caa
04-16 21:01:09.491 5682 5714 E eglCodecCommon: glUtilsParamSize: unknow param 0x00008caa
04-16 21:01:09.501 5682 5714 E eglCodecCommon: glUtilsParamSize: unknow param 0x00008caa
04-16 21:01:09.517 5682 5714 E eglCodecCommon: glUtilsParamSize: unknow param 0x00008caa
04-16 21:01:09.529 5682 5714 E eglCodecCommon: glUtilsParamSize: unknow param 0x00000d02
04-16 21:01:09.537 5682 5714 E eglCodecCommon: glUtilsParamSize: unknow param 0x00008caa
04-16 21:01:09.545 5601 5616 I Gecko : 1744837269545 Marionette INFO No differences allowed
04-16 21:01:09.629 5601 5616 I Gecko : 1744837269628 Marionette INFO Testing http://web-platform.test:8000/css/CSS2/lists/counter-reset-040.xht == http://web-platform.test:8000/css/CSS2/reference/pass-if-number-0-30px.xht
04-16 21:01:09.673 5601 5616 E GeckoConsole: [JavaScript Error: "TypeError: can't access property "nodePrincipal", this.contentDocument is null" {file: "chrome://global/content/elements/browser-custom-element.js" line: 661}]
04-16 21:01:09.673 5601 5616 E GeckoConsole: get contentPrincipal@chrome://global/content/elements/browser-custom-element.js:661:1
04-16 21:01:09.673 5601 5616 E GeckoConsole: onLocationChange@resource://gre/modules/GeckoViewNavigation.sys.mjs:640:34
04-16 21:01:09.689 5601 5616 E GeckoConsole: [JavaScript Error: "TypeError: can't access property "title", this.contentDocument is null" {file: "chrome://global/content/elements/browser-custom-element.js" line: 630}]
04-16 21:01:09.689 5601 5616 E GeckoConsole: get contentTitle@chrome://global/content/elements/browser-custom-element.js:630:1
04-16 21:01:09.689 5601 5616 E GeckoConsole: handleEvent@resource://gre/modules/GeckoViewContent.sys.mjs:379:11
04-16 21:01:09.719 5682 5714 E eglCodecCommon: glUtilsParamSize: unknow param 0x00008caa
04-16 21:01:09.777 5682 5714 E eglCodecCommon: glUtilsParamSize: unknow param 0x00008caa
04-16 21:01:09.787 5682 5714 E eglCodecCommon: glUtilsParamSize: unknow param 0x00008caa
04-16 21:01:09.801 5682 5714 E eglCodecCommon: glUtilsParamSize: unknow param 0x00008caa
04-16 21:01:09.810 5682 5714 E eglCodecCommon: glUtilsParamSize: unknow param 0x00000d02
04-16 21:01:09.820 5682 5714 E eglCodecCommon: glUtilsParamSize: unknow param 0x00008caa
04-16 21:01:09.833 5601 5616 I Gecko : 1744837269833 Marionette INFO No differences allowed
04-16 21:01:09.840 5601 5616 W GeckoEventDispatcher: No listener for GeckoView:StateUpdated
04-16 21:01:09.927 5601 5616 I Gecko : 1744837269926 Marionette INFO Testing http://web-platform.test:8000/css/CSS2/lists/counter-reset-044.xht == http://web-platform.test:8000/css/CSS2/reference/pass-if-number-0-30px.xht
04-16 21:01:09.971 5601 5616 E GeckoConsole: [JavaScript Error: "TypeError: can't access property "nodePrincipal", this.contentDocument is null" {file: "chrome://global/content/elements/browser-custom-element.js" line: 661}]
04-16 21:01:09.971 5601 5616 E GeckoConsole: get contentPrincipal@chrome://global/content/elements/browser-custom-element.js:661:1
04-16 21:01:09.971 5601 5616 E GeckoConsole: onLocationChange@resource://gre/modules/GeckoViewNavigation.sys.mjs:640:34
04-16 21:01:09.988 5601 5616 E GeckoConsole: [JavaScript Error: "TypeError: can't access property "title", this.contentDocument is null" {file: "chrome://global/content/elements/browser-custom-element.js" line: 630}]
04-16 21:01:09.988 5601 5616 E GeckoConsole: get contentTitle@chrome://global/content/elements/browser-custom-element.js:630:1
04-16 21:01:09.988 5601 5616 E GeckoConsole: handleEvent@resource://gre/modules/GeckoViewContent.sys.mjs:379:11
04-16 21:01:10.019 5682 5714 E eglCodecCommon: glUtilsParamSize: unknow param 0x00008caa
04-16 21:01:10.057 5682 5714 E eglCodecCommon: glUtilsParamSize: unknow param 0x00008caa
04-16 21:01:10.068 5682 5714 E eglCodecCommon: glUtilsParamSize: unknow param 0x00008caa
04-16 21:01:10.084 5682 5714 E eglCodecCommon: glUtilsParamSize: unknow param 0x00008caa
04-16 21:01:10.093 5682 5714 E eglCodecCommon: glUtilsParamSize: unknow param 0x00000d02
04-16 21:01:10.105 5682 5714 E eglCodecCommon: glUtilsParamSize: unknow param 0x00008caa
04-16 21:01:10.114 5601 5616 I Gecko : 1744837270114 Marionette INFO No differences allowed
04-16 21:01:10.200 5601 5616 I Gecko : 1744837270200 Marionette INFO Testing http://web-platform.test:8000/css/CSS2/lists/counter-reset-045.xht == http://web-platform.test:8000/css/CSS2/reference/pass-if-number-0-30px.xht
04-16 21:01:10.248 5601 5616 E GeckoConsole: [JavaScript Error: "TypeError: can't access property "nodePrincipal", this.contentDocument is null" {file: "chrome://global/content/elements/browser-custom-element.js" line: 661}]
04-16 21:01:10.248 5601 5616 E GeckoConsole: get contentPrincipal@chrome://global/content/elements/browser-custom-element.js:661:1
04-16 21:01:10.248 5601 5616 E GeckoConsole: onLocationChange@resource://gre/modules/GeckoViewNavigation.sys.mjs:640:34
04-16 21:01:10.263 5601 5616 E GeckoConsole: [JavaScript Error: "TypeError: can't access property "title", this.contentDocument is null" {file: "chrome://global/content/elements/browser-custom-element.js" line: 630}]
04-16 21:01:10.263 5601 5616 E GeckoConsole: get contentTitle@chrome://global/content/elements/browser-custom-element.js:630:1
04-16 21:01:10.263 5601 5616 E GeckoConsole: handleEvent@resource://gre/modules/GeckoViewContent.sys.mjs:379:11
04-16 21:01:10.286 5682 5714 E eglCodecCommon: glUtilsParamSize: unknow param 0x00008caa
04-16 21:01:10.325 5682 5714 E eglCodecCommon: glUtilsParamSize: unknow param 0x00008caa
04-16 21:01:10.335 5682 5714 E eglCodecCommon: glUtilsParamSize: unknow param 0x00008caa
04-16 21:01:10.350 5682 5714 E eglCodecCommon: glUtilsParamSize: unknow param 0x00008caa
04-16 21:01:10.360 5682 5714 E eglCodecCommon: glUtilsParamSize: unknow param 0x00000d02
04-16 21:01:10.370 5682 5714 E eglCodecCommon: glUtilsParamSize: unknow param 0x00008caa
04-16 21:01:10.380 5601 5616 I Gecko : 1744837270380 Marionette INFO No differences allowed
04-16 21:01:10.472 5601 5616 I Gecko : 1744837270471 Marionette INFO Testing http://web-platform.test:8000/css/CSS2/lists/counter-reset-046.xht == http://web-platform.test:8000/css/CSS2/reference/pass-if-number-0-30px.xht
04-16 21:01:10.512 5601 5616 E GeckoConsole: [JavaScript Error: "TypeError: can't access property "nodePrincipal", this.contentDocument is null" {file: "chrome://global/content/elements/browser-custom-element.js" line: 661}]
04-16 21:01:10.512 5601 5616 E GeckoConsole: get contentPrincipal@chrome://global/content/elements/browser-custom-element.js:661:1
04-16 21:01:10.512 5601 5616 E GeckoConsole: onLocationChange@resource://gre/modules/GeckoViewNavigation.sys.mjs:640:34
04-16 21:01:10.528 5601 5616 E GeckoConsole: [JavaScript Error: "TypeError: can't access property "title", this.contentDocument is null" {file: "chrome://global/content/elements/browser-custom-element.js" line: 630}]
04-16 21:01:10.528 5601 5616 E GeckoConsole: get contentTitle@chrome://global/content/elements/browser-custom-element.js:630:1
04-16 21:01:10.528 5601 5616 E GeckoConsole: handleEvent@resource://gre/modules/GeckoViewContent.sys.mjs:379:11
04-16 21:01:10.552 5682 5714 E eglCodecCommon: glUtilsParamSize: unknow param 0x00008caa
04-16 21:01:10.591 5682 5714 E eglCodecCommon: glUtilsParamSize: unknow param 0x00008caa
04-16 21:01:10.602 5682 5714 E eglCodecCommon: glUtilsParamSize: unknow param 0x00008caa
04-16 21:01:10.617 5682 5714 E eglCodecCommon: glUtilsParamSize: unknow param 0x00008caa
04-16 21:01:10.628 5682 5714 E eglCodecCommon: glUtilsParamSize: unknow param 0x00000d02
04-16 21:01:10.638 5682 5714 E eglCodecCommon: glUtilsParamSize: unknow param 0x00008caa
04-16 21:01:10.649 5601 5616 I Gecko : 1744837270649 Marionette INFO No differences allowed
04-16 21:01:10.738 5601 5616 I Gecko : 1744837270738 Marionette INFO Testing http://web-platform.test:8000/css/CSS2/lists/counter-reset-047.xht == http://web-platform.test:8000/css/reference/pass_if_number_10.html
04-16 21:01:10.778 5601 5616 E GeckoConsole: [JavaScript Error: "TypeError: can't access property "nodePrincipal", this.contentDocument is null" {file: "chrome://global/content/elements/browser-custom-element.js" line: 661}]
04-16 21:01:10.778 5601 5616 E GeckoConsole: get contentPrincipal@chrome://global/content/elements/browser-custom-element.js:661:1
04-16 21:01:10.778 5601 5616 E GeckoConsole: onLocationChange@resource://gre/modules/GeckoViewNavigation.sys.mjs:640:34
04-16 21:01:10.793 5601 5616 E GeckoConsole: [JavaScript Error: "TypeError: can't access property "title", this.contentDocument is null" {file: "chrome://global/content/elements/browser-custom-element.js" line: 630}]
04-16 21:01:10.793 5601 5616 E GeckoConsole: get contentTitle@chrome://global/content/elements/browser-custom-element.js:630:1
04-16 21:01:10.793 5601 5616 E GeckoConsole: handleEvent@resource://gre/modules/GeckoViewContent.sys.mjs:379:11
04-16 21:01:10.820 5682 5714 E eglCodecCommon: glUtilsParamSize: unknow param 0x00008caa
04-16 21:01:10.875 5682 5714 E eglCodecCommon: glUtilsParamSize: unknow param 0x00008caa
04-16 21:01:10.885 5682 5714 E eglCodecCommon: glUtilsParamSize: unknow param 0x00008caa
04-16 21:01:10.901 5682 5714 E eglCodecCommon: glUtilsParamSize: unknow param 0x00008caa
04-16 21:01:10.911 5682 5714 E eglCodecCommon: glUtilsParamSize: unknow param 0x00000d02
04-16 21:01:10.925 5682 5714 E eglCodecCommon: glUtilsParamSize: unknow param 0x00008caa
04-16 21:01:10.930 5601 5616 I Gecko : 1744837270930 Marionette INFO No differences allowed
04-16 21:01:10.943 5601 5616 W GeckoEventDispatcher: No listener for GeckoView:StateUpdated
04-16 21:01:11.020 5601 5616 I Gecko : 1744837271020 Marionette INFO Testing http://web-platform.test:8000/css/CSS2/lists/counter-reset-048.xht == http://web-platform.test:8000/css/reference/pass_if_number_10.html
04-16 21:01:11.067 5601 5616 E GeckoConsole: [JavaScript Error: "TypeError: can't access property "nodePrincipal", this.contentDocument is null" {file: "chrome://global/content/elements/browser-custom-element.js" line: 661}]
04-16 21:01:11.067 5601 5616 E GeckoConsole: get contentPrincipal@chrome://global/content/elements/browser-custom-element.js:661:1
04-16 21:01:11.067 5601 5616 E GeckoConsole: onLocationChange@resource://gre/modules/GeckoViewNavigation.sys.mjs:640:34
04-16 21:01:11.083 5601 5616 E GeckoConsole: [JavaScript Error: "TypeError: can't access property "title", this.contentDocument is null" {file: "chrome://global/content/elements/browser-custom-element.js" line: 630}]
04-16 21:01:11.083 5601 5616 E GeckoConsole: get contentTitle@chrome://global/content/elements/browser-custom-element.js:630:1
04-16 21:01:11.083 5601 5616 E GeckoConsole: handleEvent@resource://gre/modules/GeckoViewContent.sys.mjs:379:11
04-16 21:01:11.120 5682 5714 E eglCodecCommon: glUtilsParamSize: unknow param 0x00008caa
04-16 21:01:11.157 5682 5714 E eglCodecCommon: glUtilsParamSize: unknow param 0x00008caa
04-16 21:01:11.167 5682 5714 E eglCodecCommon: glUtilsParamSize: unknow param 0x00008caa
04-16 21:01:11.184 5682 5714 E eglCodecCommon: glUtilsParamSize: unknow param 0x00008caa
04-16 21:01:11.194 5682 5714 E eglCodecCommon: glUtilsParamSize: unknow param 0x00000d02
04-16 21:01:11.209 5682 5714 E eglCodecCommon: glUtilsParamSize: unknow param 0x00008caa
04-16 21:01:11.215 5601 5616 I Gecko : 1744837271215 Marionette INFO No differences allowed
04-16 21:01:11.302 5601 5616 I Gecko : 1744837271302 Marionette INFO Testing http://web-platform.test:8000/css/CSS2/lists/counter-reset-055.xht == http://web-platform.test:8000/css/CSS2/reference/pass-if-number-0-30px.xht
04-16 21:01:11.345 5601 5616 E GeckoConsole: [JavaScript Error: "TypeError: can't access property "nodePrincipal", this.contentDocument is null" {file: "chrome://global/content/elements/browser-custom-element.js" line: 661}]
04-16 21:01:11.345 5601 5616 E GeckoConsole: get contentPrincipal@chrome://global/content/elements/browser-custom-element.js:661:1
04-16 21:01:11.345 5601 5616 E GeckoConsole: onLocationChange@resource://gre/modules/GeckoViewNavigation.sys.mjs:640:34
04-16 21:01:11.362 5601 5616 E GeckoConsole: [JavaScript Error: "TypeError: can't access property "title", this.contentDocument is null" {file: "chrome://global/content/elements/browser-custom-element.js" line: 630}]
04-16 21:01:11.362 5601 5616 E GeckoConsole: get contentTitle@chrome://global/content/elements/browser-custom-element.js:630:1
04-16 21:01:11.362 5601 5616 E GeckoConsole: handleEvent@resource://gre/modules/GeckoViewContent.sys.mjs:379:11
04-16 21:01:11.387 5682 5714 E eglCodecCommon: glUtilsParamSize: unknow param 0x00008caa
04-16 21:01:11.441 5682 5714 E eglCodecCommon: glUtilsParamSize: unknow param 0x00008caa
04-16 21:01:11.451 5682 5714 E eglCodecCommon: glUtilsParamSize: unknow param 0x00008caa
04-16 21:01:11.468 5682 5714 E eglCodecCommon: glUtilsParamSize: unknow param 0x00008caa
04-16 21:01:11.479 5682 5714 E eglCodecCommon: glUtilsParamSize: unknow param 0x00000d02
04-16 21:01:11.489 5682 5714 E eglCodecCommon: glUtilsParamSize: unknow param 0x00008caa
04-16 21:01:11.498 5601 5616 I Gecko : 1744837271498 Marionette INFO No differences allowed
04-16 21:01:11.583 5601 5616 I Gecko : 1744837271583 Marionette INFO Testing http://web-platform.test:8000/css/CSS2/lists/counter-reset-applies-to-001.xht == http://web-platform.test:8000/css/reference/pass_if_number_5.xht
04-16 21:01:11.625 5601 5616 E GeckoConsole: [JavaScript Error: "TypeError: can't access property "nodePrincipal", this.contentDocument is null" {file: "chrome://global/content/elements/browser-custom-element.js" line: 661}]
04-16 21:01:11.625 5601 5616 E GeckoConsole: get contentPrincipal@chrome://global/content/elements/browser-custom-element.js:661:1
04-16 21:01:11.625 5601 5616 E GeckoConsole: onLocationChange@resource://gre/modules/GeckoViewNavigation.sys.mjs:640:34
04-16 21:01:11.641 5601 5616 E GeckoConsole: [JavaScript Error: "TypeError: can't access property "title", this.contentDocument is null" {file: "chrome://global/content/elements/browser-custom-element.js" line: 630}]
04-16 21:01:11.641 5601 5616 E GeckoConsole: get contentTitle@chrome://global/content/elements/browser-custom-element.js:630:1
04-16 21:01:11.641 5601 5616 E GeckoConsole: handleEvent@resource://gre/modules/GeckoViewContent.sys.mjs:379:11
04-16 21:01:11.669 5682 5714 E eglCodecCommon: glUtilsParamSize: unknow param 0x00008caa
04-16 21:01:11.725 5682 5714 E eglCodecCommon: glUtilsParamSize: unknow param 0x00008caa
04-16 21:01:11.737 5682 5714 E eglCodecCommon: glUtilsParamSize: unknow param 0x00008caa
04-16 21:01:11.750 5682 5714 E eglCodecCommon: glUtilsParamSize: unknow param 0x00008caa
04-16 21:01:11.761 5682 5714 E eglCodecCommon: glUtilsParamSize: unknow param 0x00000d02
04-16 21:01:11.770 5682 5714 E eglCodecCommon: glUtilsParamSize: unknow param 0x00008caa
04-16 21:01:11.780 5601 5616 I Gecko : 1744837271780 Marionette INFO No differences allowed
04-16 21:01:11.865 5601 5616 I Gecko : 1744837271865 Marionette INFO Testing http://web-platform.test:8000/css/CSS2/lists/counter-reset-applies-to-002.xht == http://web-platform.test:8000/css/reference/pass_if_number_5.xht
04-16 21:01:11.913 5601 5616 E GeckoConsole: [JavaScript Error: "TypeError: can't access property "nodePrincipal", this.contentDocument is null" {file: "chrome://global/content/elements/browser-custom-element.js" line: 661}]
04-16 21:01:11.913 5601 5616 E GeckoConsole: get contentPrincipal@chrome://global/content/elements/browser-custom-element.js:661:1
04-16 21:01:11.913 5601 5616 E GeckoConsole: onLocationChange@resource://gre/modules/GeckoViewNavigation.sys.mjs:640:34
04-16 21:01:11.931 5601 5616 E GeckoConsole: [JavaScript Error: "TypeError: can't access property "title", this.contentDocument is null" {file: "chrome://global/content/elements/browser-custom-element.js" line: 630}]
04-16 21:01:11.931 5601 5616 E GeckoConsole: get contentTitle@chrome://global/content/elements/browser-custom-element.js:630:1
04-16 21:01:11.931 5601 5616 E GeckoConsole: handleEvent@resource://gre/modules/GeckoViewContent.sys.mjs:379:11
04-16 21:01:11.953 5682 5714 E eglCodecCommon: glUtilsParamSize: unknow param 0x00008caa
04-16 21:01:12.008 5682 5714 E eglCodecCommon: glUtilsParamSize: unknow param 0x00008caa
04-16 21:01:12.019 5682 5714 E eglCodecCommon: glUtilsParamSize: unknow param 0x00008caa
04-16 21:01:12.034 5682 5714 E eglCodecCommon: glUtilsParamSize: unknow param 0x00008caa
04-16 21:01:12.044 5682 5714 E eglCodecCommon: glUtilsParamSize: unknow param 0x00000d02
04-16 21:01:12.052 5682 5714 E eglCodecCommon: glUtilsParamSize: unknow param 0x00008caa
04-16 21:01:12.060 5601 5616 I Gecko : 1744837272060 Marionette INFO No differences allowed
04-16 21:01:12.109 5601 5616 W GeckoEventDispatcher: No listener for GeckoView:StateUpdated
04-16 21:01:12.144 5601 5616 I Gecko : 1744837272144 Marionette INFO Testing http://web-platform.test:8000/css/CSS2/lists/counter-reset-applies-to-003.xht == http://web-platform.test:8000/css/reference/pass_if_number_5.xht
04-16 21:01:12.195 5601 5616 E GeckoConsole: [JavaScript Error: "TypeError: can't access property "nodePrincipal", this.contentDocument is null" {file: "chrome://global/content/elements/browser-custom-element.js" line: 661}]
04-16 21:01:12.195 5601 5616 E GeckoConsole: get contentPrincipal@chrome://global/content/elements/browser-custom-element.js:661:1
04-16 21:01:12.195 5601 5616 E GeckoConsole: onLocationChange@resource://gre/modules/GeckoViewNavigation.sys.mjs:640:34
04-16 21:01:12.213 5601 5616 E GeckoConsole: [JavaScript Error: "TypeError: can't access property "title", this.contentDocument is null" {file: "chrome://global/content/elements/browser-custom-element.js" line: 630}]
04-16 21:01:12.213 5601 5616 E GeckoConsole: get contentTitle@chrome://global/content/elements/browser-custom-element.js:630:1
04-16 21:01:12.213 5601 5616 E GeckoConsole: handleEvent@resource://gre/modules/GeckoViewContent.sys.mjs:379:11
04-16 21:01:12.236 5682 5714 E eglCodecCommon: glUtilsParamSize: unknow param 0x00008caa
04-16 21:01:12.292 5682 5714 E eglCodecCommon: glUtilsParamSize: unknow param 0x00008caa
04-16 21:01:12.302 5682 5714 E eglCodecCommon: glUtilsParamSize: unknow param 0x00008caa
04-16 21:01:12.317 5682 5714 E eglCodecCommon: glUtilsParamSize: unknow param 0x00008caa
04-16 21:01:12.327 5682 5714 E eglCodecCommon: glUtilsParamSize: unknow param 0x00000d02
04-16 21:01:12.336 5682 5714 E eglCodecCommon: glUtilsParamSize: unknow param 0x00008caa
04-16 21:01:12.345 5601 5616 I Gecko : 1744837272345 Marionette INFO No differences allowed
04-16 21:01:12.439 5601 5616 I Gecko : 1744837272439 Marionette INFO Testing http://web-platform.test:8000/css/CSS2/lists/counter-reset-applies-to-004.xht == http://web-platform.test:8000/css/reference/pass_if_number_5.xht
04-16 21:01:12.479 5601 5616 E GeckoConsole: [JavaScript Error: "TypeError: can't access property "nodePrincipal", this.contentDocument is null" {file: "chrome://global/content/elements/browser-custom-element.js" line: 661}]
04-16 21:01:12.479 5601 5616 E GeckoConsole: get contentPrincipal@chrome://global/content/elements/browser-custom-element.js:661:1
04-16 21:01:12.479 5601 5616 E GeckoConsole: onLocationChange@resource://gre/modules/GeckoViewNavigation.sys.mjs:640:34
04-16 21:01:12.494 5601 5616 E GeckoConsole: [JavaScript Error: "TypeError: can't access property "title", this.contentDocument is null" {file: "chrome://global/content/elements/browser-custom-element.js" line: 630}]
04-16 21:01:12.494 5601 5616 E GeckoConsole: get contentTitle@chrome://global/content/elements/browser-custom-element.js:630:1
04-16 21:01:12.494 5601 5616 E GeckoConsole: handleEvent@resource://gre/modules/GeckoViewContent.sys.mjs:379:11
04-16 21:01:12.519 5682 5714 E eglCodecCommon: glUtilsParamSize: unknow param 0x00008caa
04-16 21:01:12.558 5682 5714 E eglCodecCommon: glUtilsParamSize: unknow param 0x00008caa
04-16 21:01:12.568 5682 5714 E eglCodecCommon: glUtilsParamSize: unknow param 0x00008caa
04-16 21:01:12.584 5682 5714 E eglCodecCommon: glUtilsParamSize: unknow param 0x00008caa
04-16 21:01:12.593 5682 5714 E eglCodecCommon: glUtilsParamSize: unknow param 0x00000d02
04-16 21:01:12.603 5682 5714 E eglCodecCommon: glUtilsParamSize: unknow param 0x00008caa
04-16 21:01:12.612 5601 5616 I Gecko : 1744837272612 Marionette INFO No differences allowed
04-16 21:01:12.701 5601 5616 I Gecko : 1744837272701 Marionette INFO Testing http://web-platform.test:8000/css/CSS2/lists/counter-reset-applies-to-005.xht == http://web-platform.test:8000/css/reference/pass_if_number_5.xht
04-16 21:01:12.743 5601 5616 E GeckoConsole: [JavaScript Error: "TypeError: can't access property "nodePrincipal", this.contentDocument is null" {file: "chrome://global/content/elements/browser-custom-element.js" line: 661}]
04-16 21:01:12.743 5601 5616 E GeckoConsole: get contentPrincipal@chrome://global/content/elements/browser-custom-element.js:661:1
04-16 21:01:12.743 5601 5616 E GeckoConsole: onLocationChange@resource://gre/modules/GeckoViewNavigation.sys.mjs:640:34
04-16 21:01:12.759 5601 5616 E GeckoConsole: [JavaScript Error: "TypeError: can't access property "title", this.contentDocument is null" {file: "chrome://global/content/elements/browser-custom-element.js" line: 630}]
04-16 21:01:12.759 5601 5616 E GeckoConsole: get contentTitle@chrome://global/content/elements/browser-custom-element.js:630:1
04-16 21:01:12.759 5601 5616 E GeckoConsole: handleEvent@resource://gre/modules/GeckoViewContent.sys.mjs:379:11
04-16 21:01:12.786 5682 5714 E eglCodecCommon: glUtilsParamSize: unknow param 0x00008caa
04-16 21:01:12.824 5682 5714 E eglCodecCommon: glUtilsParamSize: unknow param 0x00008caa
04-16 21:01:12.834 5682 5714 E eglCodecCommon: glUtilsParamSize: unknow param 0x00008caa
04-16 21:01:12.851 5682 5714 E eglCodecCommon: glUtilsParamSize: unknow param 0x00008caa
04-16 21:01:12.865 5682 5714 E eglCodecCommon: glUtilsParamSize: unknow param 0x00000d02
04-16 21:01:12.882 5682 5714 E eglCodecCommon: glUtilsParamSize: unknow param 0x00008caa
04-16 21:01:12.891 5601 5616 I Gecko : 1744837272890 Marionette INFO No differences allowed
04-16 21:01:12.973 5601 5616 I Gecko : 1744837272973 Marionette INFO Testing http://web-platform.test:8000/css/CSS2/lists/counter-reset-applies-to-006.xht == http://web-platform.test:8000/css/reference/pass_if_number_5.xht
04-16 21:01:13.016 5601 5616 E GeckoConsole: [JavaScript Error: "TypeError: can't access property "nodePrincipal", this.contentDocument is null" {file: "chrome://global/content/elements/browser-custom-element.js" line: 661}]
04-16 21:01:13.016 5601 5616 E GeckoConsole: get contentPrincipal@chrome://global/content/elements/browser-custom-element.js:661:1
04-16 21:01:13.016 5601 5616 E GeckoConsole: onLocationChange@resource://gre/modules/GeckoViewNavigation.sys.mjs:640:34
04-16 21:01:13.032 5601 5616 E GeckoConsole: [JavaScript Error: "TypeError: can't access property "title", this.contentDocument is null" {file: "chrome://global/content/elements/browser-custom-element.js" line: 630}]
04-16 21:01:13.032 5601 5616 E GeckoConsole: get contentTitle@chrome://global/content/elements/browser-custom-element.js:630:1
04-16 21:01:13.032 5601 5616 E GeckoConsole: handleEvent@resource://gre/modules/GeckoViewContent.sys.mjs:379:11
04-16 21:01:13.054 5682 5714 E eglCodecCommon: glUtilsParamSize: unknow param 0x00008caa
04-16 21:01:13.096 5682 5714 E eglCodecCommon: glUtilsParamSize: unknow param 0x00008caa
04-16 21:01:13.109 5682 5714 E eglCodecCommon: glUtilsParamSize: unknow param 0x00008caa
04-16 21:01:13.119 5682 5714 E eglCodecCommon: glUtilsParamSize: unknow param 0x00008caa
04-16 21:01:13.142 5682 5714 E eglCodecCommon: glUtilsParamSize: unknow param 0x00000d02
04-16 21:01:13.152 5682 5714 E eglCodecCommon: glUtilsParamSize: unknow param 0x00008caa
04-16 21:01:13.165 5601 5616 I Gecko : 1744837273165 Marionette INFO No differences allowed
04-16 21:01:13.177 5601 5616 W GeckoEventDispatcher: No listener for GeckoView:StateUpdated
04-16 21:01:13.255 5601 5616 I Gecko : 1744837273255 Marionette INFO Testing http://web-platform.test:8000/css/CSS2/lists/counter-reset-applies-to-007.xht == http://web-platform.test:8000/css/reference/pass_if_number_5.xht
04-16 21:01:13.296 5601 5616 E GeckoConsole: [JavaScript Error: "TypeError: can't access property "nodePrincipal", this.contentDocument is null" {file: "chrome://global/content/elements/browser-custom-element.js" line: 661}]
04-16 21:01:13.296 5601 5616 E GeckoConsole: get contentPrincipal@chrome://global/content/elements/browser-custom-element.js:661:1
