04-16 21:01:49.633 7777 7792 E GeckoConsole: [JavaScript Error: "TypeError: can't access property "title", this.contentDocument is null" {file: "chrome://global/content/elements/browser-custom-element.js" line: 630}]
04-16 21:01:49.633 7777 7792 E GeckoConsole: get contentTitle@chrome://global/content/elements/browser-custom-element.js:630:1
04-16 21:01:49.633 7777 7792 E GeckoConsole: handleEvent@resource://gre/modules/GeckoViewContent.sys.mjs:379:11
04-16 21:01:49.653 7849 7889 E eglCodecCommon: glUtilsParamSize: unknow param 0x00008caa
04-16 21:01:49.709 7849 7889 E eglCodecCommon: glUtilsParamSize: unknow param 0x00008caa
04-16 21:01:49.721 7849 7889 E eglCodecCommon: glUtilsParamSize: unknow param 0x00008caa
04-16 21:01:49.734 7849 7889 E eglCodecCommon: glUtilsParamSize: unknow param 0x00008caa
04-16 21:01:49.744 7849 7889 E eglCodecCommon: glUtilsParamSize: unknow param 0x00000d02
04-16 21:01:49.754 7849 7889 E eglCodecCommon: glUtilsParamSize: unknow param 0x00008caa
04-16 21:01:49.762 7777 7792 I Gecko : 1744837309762 Marionette INFO No differences allowed
04-16 21:01:49.986 7777 7792 W GeckoEventDispatcher: No listener for GeckoView:StateUpdated
04-16 21:01:50.018 7849 7889 E eglCodecCommon: glUtilsParamSize: unknow param 0x00008caa
04-16 21:01:50.370 7849 7889 E eglCodecCommon: glUtilsParamSize: unknow param 0x00008caa
04-16 21:01:50.436 7849 7889 E eglCodecCommon: glUtilsParamSize: unknow param 0x00008caa
04-16 21:01:50.440 7777 7792 I Gecko : 1744837310440 Marionette INFO Testing http://web-platform.test:8000/css/CSS2/text/bidi-flag-emoji.html == http://web-platform.test:8000/css/CSS2/text/bidi-flag-emoji-ref.html
04-16 21:01:50.488 7777 7792 E GeckoConsole: [JavaScript Error: "TypeError: can't access property "nodePrincipal", this.contentDocument is null" {file: "chrome://global/content/elements/browser-custom-element.js" line: 661}]
04-16 21:01:50.488 7777 7792 E GeckoConsole: get contentPrincipal@chrome://global/content/elements/browser-custom-element.js:661:1
04-16 21:01:50.488 7777 7792 E GeckoConsole: onLocationChange@resource://gre/modules/GeckoViewNavigation.sys.mjs:640:34
04-16 21:01:50.495 7777 7792 E GeckoConsole: [JavaScript Error: "TypeError: can't access property "title", this.contentDocument is null" {file: "chrome://global/content/elements/browser-custom-element.js" line: 630}]
04-16 21:01:50.495 7777 7792 E GeckoConsole: get contentTitle@chrome://global/content/elements/browser-custom-element.js:630:1
04-16 21:01:50.495 7777 7792 E GeckoConsole: handleEvent@resource://gre/modules/GeckoViewContent.sys.mjs:379:11
04-16 21:01:50.519 7849 7889 E eglCodecCommon: glUtilsParamSize: unknow param 0x00008caa
04-16 21:01:50.558 7849 7889 E eglCodecCommon: glUtilsParamSize: unknow param 0x00008caa
04-16 21:01:50.568 7849 7889 E eglCodecCommon: glUtilsParamSize: unknow param 0x00008caa
04-16 21:01:50.584 7849 7889 E eglCodecCommon: glUtilsParamSize: unknow param 0x00008caa
04-16 21:01:50.593 7849 7889 E eglCodecCommon: glUtilsParamSize: unknow param 0x00000d02
04-16 21:01:50.607 7849 7889 E eglCodecCommon: glUtilsParamSize: unknow param 0x00008caa
04-16 21:01:50.668 7777 7792 E GeckoConsole: [JavaScript Error: "TypeError: can't access property "nodePrincipal", this.contentDocument is null" {file: "chrome://global/content/elements/browser-custom-element.js" line: 661}]
04-16 21:01:50.668 7777 7792 E GeckoConsole: get contentPrincipal@chrome://global/content/elements/browser-custom-element.js:661:1
04-16 21:01:50.668 7777 7792 E GeckoConsole: onLocationChange@resource://gre/modules/GeckoViewNavigation.sys.mjs:640:34
04-16 21:01:50.672 7777 7792 E GeckoConsole: [JavaScript Error: "TypeError: can't access property "title", this.contentDocument is null" {file: "chrome://global/content/elements/browser-custom-element.js" line: 630}]
04-16 21:01:50.672 7777 7792 E GeckoConsole: get contentTitle@chrome://global/content/elements/browser-custom-element.js:630:1
04-16 21:01:50.672 7777 7792 E GeckoConsole: handleEvent@resource://gre/modules/GeckoViewContent.sys.mjs:379:11
04-16 21:01:50.686 7849 7889 E eglCodecCommon: glUtilsParamSize: unknow param 0x00008caa
04-16 21:01:50.725 7849 7889 E eglCodecCommon: glUtilsParamSize: unknow param 0x00008caa
04-16 21:01:50.735 7849 7889 E eglCodecCommon: glUtilsParamSize: unknow param 0x00008caa
04-16 21:01:50.751 7849 7889 E eglCodecCommon: glUtilsParamSize: unknow param 0x00008caa
04-16 21:01:50.761 7849 7889 E eglCodecCommon: glUtilsParamSize: unknow param 0x00000d02
04-16 21:01:50.771 7849 7889 E eglCodecCommon: glUtilsParamSize: unknow param 0x00008caa
04-16 21:01:50.781 7777 7792 I Gecko : 1744837310780 Marionette INFO No differences allowed
04-16 21:01:51.032 7849 7889 E eglCodecCommon: glUtilsParamSize: unknow param 0x00008caa
04-16 21:01:51.070 7849 7889 E eglCodecCommon: glUtilsParamSize: unknow param 0x00008caa
04-16 21:01:51.086 7849 7889 E eglCodecCommon: glUtilsParamSize: unknow param 0x00008caa
04-16 21:01:51.420 7849 7889 E eglCodecCommon: glUtilsParamSize: unknow param 0x00008caa
04-16 21:01:51.430 7777 7792 I Gecko : 1744837311430 Marionette INFO Testing http://web-platform.test:8000/css/CSS2/text/bidi-span-001.html == http://web-platform.test:8000/css/CSS2/text/bidi-span-001-ref.html
04-16 21:01:51.452 7777 7792 W GeckoEventDispatcher: No listener for GeckoView:StateUpdated
04-16 21:01:51.478 7777 7792 E GeckoConsole: [JavaScript Error: "TypeError: can't access property "nodePrincipal", this.contentDocument is null" {file: "chrome://global/content/elements/browser-custom-element.js" line: 661}]
04-16 21:01:51.478 7777 7792 E GeckoConsole: get contentPrincipal@chrome://global/content/elements/browser-custom-element.js:661:1
04-16 21:01:51.478 7777 7792 E GeckoConsole: onLocationChange@resource://gre/modules/GeckoViewNavigation.sys.mjs:640:34
04-16 21:01:51.484 7777 7792 E GeckoConsole: [JavaScript Error: "TypeError: can't access property "title", this.contentDocument is null" {file: "chrome://global/content/elements/browser-custom-element.js" line: 630}]
04-16 21:01:51.484 7777 7792 E GeckoConsole: get contentTitle@chrome://global/content/elements/browser-custom-element.js:630:1
04-16 21:01:51.484 7777 7792 E GeckoConsole: handleEvent@resource://gre/modules/GeckoViewContent.sys.mjs:379:11
04-16 21:01:51.503 7849 7889 E eglCodecCommon: glUtilsParamSize: unknow param 0x00008caa
04-16 21:01:51.558 7849 7889 E eglCodecCommon: glUtilsParamSize: unknow param 0x00008caa
04-16 21:01:51.569 7849 7889 E eglCodecCommon: glUtilsParamSize: unknow param 0x00008caa
04-16 21:01:51.584 7849 7889 E eglCodecCommon: glUtilsParamSize: unknow param 0x00008caa
04-16 21:01:51.595 7849 7889 E eglCodecCommon: glUtilsParamSize: unknow param 0x00000d02
04-16 21:01:51.607 7849 7889 E eglCodecCommon: glUtilsParamSize: unknow param 0x00008caa
04-16 21:01:51.668 7777 7792 E GeckoConsole: [JavaScript Error: "TypeError: can't access property "nodePrincipal", this.contentDocument is null" {file: "chrome://global/content/elements/browser-custom-element.js" line: 661}]
04-16 21:01:51.668 7777 7792 E GeckoConsole: get contentPrincipal@chrome://global/content/elements/browser-custom-element.js:661:1
04-16 21:01:51.668 7777 7792 E GeckoConsole: onLocationChange@resource://gre/modules/GeckoViewNavigation.sys.mjs:640:34
04-16 21:01:51.673 7777 7792 E GeckoConsole: [JavaScript Error: "TypeError: can't access property "title", this.contentDocument is null" {file: "chrome://global/content/elements/browser-custom-element.js" line: 630}]
04-16 21:01:51.673 7777 7792 E GeckoConsole: get contentTitle@chrome://global/content/elements/browser-custom-element.js:630:1
04-16 21:01:51.673 7777 7792 E GeckoConsole: handleEvent@resource://gre/modules/GeckoViewContent.sys.mjs:379:11
04-16 21:01:51.702 7849 7889 E eglCodecCommon: glUtilsParamSize: unknow param 0x00008caa
04-16 21:01:51.742 7849 7889 E eglCodecCommon: glUtilsParamSize: unknow param 0x00008caa
04-16 21:01:51.752 7849 7889 E eglCodecCommon: glUtilsParamSize: unknow param 0x00008caa
04-16 21:01:51.768 7849 7889 E eglCodecCommon: glUtilsParamSize: unknow param 0x00008caa
04-16 21:01:51.778 7849 7889 E eglCodecCommon: glUtilsParamSize: unknow param 0x00000d02
04-16 21:01:51.788 7849 7889 E eglCodecCommon: glUtilsParamSize: unknow param 0x00008caa
04-16 21:01:51.797 7777 7792 I Gecko : 1744837311797 Marionette INFO No differences allowed
04-16 21:01:51.885 7777 7792 I Gecko : 1744837311885 Marionette INFO Testing http://web-platform.test:8000/css/CSS2/text/bidi-span-002.html == http://web-platform.test:8000/css/CSS2/text/bidi-span-002-ref.html
04-16 21:01:51.930 7777 7792 E GeckoConsole: [JavaScript Error: "TypeError: can't access property "nodePrincipal", this.contentDocument is null" {file: "chrome://global/content/elements/browser-custom-element.js" line: 661}]
04-16 21:01:51.930 7777 7792 E GeckoConsole: get contentPrincipal@chrome://global/content/elements/browser-custom-element.js:661:1
04-16 21:01:51.930 7777 7792 E GeckoConsole: onLocationChange@resource://gre/modules/GeckoViewNavigation.sys.mjs:640:34
04-16 21:01:51.934 7777 7792 E GeckoConsole: [JavaScript Error: "TypeError: can't access property "title", this.contentDocument is null" {file: "chrome://global/content/elements/browser-custom-element.js" line: 630}]
04-16 21:01:51.934 7777 7792 E GeckoConsole: get contentTitle@chrome://global/content/elements/browser-custom-element.js:630:1
04-16 21:01:51.934 7777 7792 E GeckoConsole: handleEvent@resource://gre/modules/GeckoViewContent.sys.mjs:379:11
04-16 21:01:51.953 7849 7889 E eglCodecCommon: glUtilsParamSize: unknow param 0x00008caa
04-16 21:01:52.008 7849 7889 E eglCodecCommon: glUtilsParamSize: unknow param 0x00008caa
04-16 21:01:52.018 7849 7889 E eglCodecCommon: glUtilsParamSize: unknow param 0x00008caa
04-16 21:01:52.034 7849 7889 E eglCodecCommon: glUtilsParamSize: unknow param 0x00008caa
04-16 21:01:52.044 7849 7889 E eglCodecCommon: glUtilsParamSize: unknow param 0x00000d02
04-16 21:01:52.057 7849 7889 E eglCodecCommon: glUtilsParamSize: unknow param 0x00008caa
04-16 21:01:52.121 7811 7828 W Web Content: [JavaScript Warning: "When rendering the element, the used values of CSS properties “writing-mode”, “direction”, and “text-orientation” on the element are taken from the computed values of the element, not from the element’s own values. Consider setting these properties on the :root CSS pseudo-class. For more information see “The Principal Writing Mode” in https://www.w3.org/TR/css-writing-modes-3/#principal-flow" {file: "http://web-platform.test:8000/css/CSS2/text/bidi-span-002.html" line: 0}]
04-16 21:01:52.122 7777 7792 E GeckoConsole: [JavaScript Error: "TypeError: can't access property "nodePrincipal", this.contentDocument is null" {file: "chrome://global/content/elements/browser-custom-element.js" line: 661}]
04-16 21:01:52.122 7777 7792 E GeckoConsole: get contentPrincipal@chrome://global/content/elements/browser-custom-element.js:661:1
04-16 21:01:52.122 7777 7792 E GeckoConsole: onLocationChange@resource://gre/modules/GeckoViewNavigation.sys.mjs:640:34
04-16 21:01:52.127 7777 7792 E GeckoConsole: [JavaScript Error: "TypeError: can't access property "title", this.contentDocument is null" {file: "chrome://global/content/elements/browser-custom-element.js" line: 630}]
04-16 21:01:52.127 7777 7792 E GeckoConsole: get contentTitle@chrome://global/content/elements/browser-custom-element.js:630:1
04-16 21:01:52.127 7777 7792 E GeckoConsole: handleEvent@resource://gre/modules/GeckoViewContent.sys.mjs:379:11
04-16 21:01:52.153 7849 7889 E eglCodecCommon: glUtilsParamSize: unknow param 0x00008caa
04-16 21:01:52.208 7849 7889 E eglCodecCommon: glUtilsParamSize: unknow param 0x00008caa
04-16 21:01:52.219 7849 7889 E eglCodecCommon: glUtilsParamSize: unknow param 0x00008caa
04-16 21:01:52.234 7849 7889 E eglCodecCommon: glUtilsParamSize: unknow param 0x00008caa
04-16 21:01:52.241 7777 7974 D ProfileInstaller: Installing profile for org.mozilla.geckoview.test_runner
04-16 21:01:52.244 7849 7889 E eglCodecCommon: glUtilsParamSize: unknow param 0x00000d02
04-16 21:01:52.255 7849 7889 E eglCodecCommon: glUtilsParamSize: unknow param 0x00008caa
04-16 21:01:52.267 7777 7792 I Gecko : 1744837312267 Marionette INFO No differences allowed
04-16 21:01:52.354 7777 7792 I Gecko : 1744837312353 Marionette INFO Testing http://web-platform.test:8000/css/CSS2/text/bidi-span-003.html == http://web-platform.test:8000/css/CSS2/text/bidi-span-003-ref.html
04-16 21:01:52.398 7777 7792 E GeckoConsole: [JavaScript Error: "TypeError: can't access property "nodePrincipal", this.contentDocument is null" {file: "chrome://global/content/elements/browser-custom-element.js" line: 661}]
04-16 21:01:52.398 7777 7792 E GeckoConsole: get contentPrincipal@chrome://global/content/elements/browser-custom-element.js:661:1
04-16 21:01:52.398 7777 7792 E GeckoConsole: onLocationChange@resource://gre/modules/GeckoViewNavigation.sys.mjs:640:34
04-16 21:01:52.405 7777 7792 E GeckoConsole: [JavaScript Error: "TypeError: can't access property "title", this.contentDocument is null" {file: "chrome://global/content/elements/browser-custom-element.js" line: 630}]
04-16 21:01:52.405 7777 7792 E GeckoConsole: get contentTitle@chrome://global/content/elements/browser-custom-element.js:630:1
04-16 21:01:52.405 7777 7792 E GeckoConsole: handleEvent@resource://gre/modules/GeckoViewContent.sys.mjs:379:11
04-16 21:01:52.437 7849 7889 E eglCodecCommon: glUtilsParamSize: unknow param 0x00008caa
04-16 21:01:52.473 7777 7792 W GeckoEventDispatcher: No listener for GeckoView:StateUpdated
04-16 21:01:52.482 7849 7889 E eglCodecCommon: glUtilsParamSize: unknow param 0x00008741
04-16 21:01:52.556 7849 7889 E eglCodecCommon: glUtilsParamSize: unknow param 0x00008741
04-16 21:01:52.680 7849 7889 E eglCodecCommon: glUtilsParamSize: unknow param 0x00008caa
04-16 21:01:52.695 7849 7889 E eglCodecCommon: glUtilsParamSize: unknow param 0x00008caa
04-16 21:01:52.711 7849 7889 E eglCodecCommon: glUtilsParamSize: unknow param 0x00008caa
04-16 21:01:52.727 7849 7889 E eglCodecCommon: glUtilsParamSize: unknow param 0x00008caa
04-16 21:01:52.741 7849 7889 E eglCodecCommon: glUtilsParamSize: unknow param 0x00000d02
04-16 21:01:52.754 7849 7889 E eglCodecCommon: glUtilsParamSize: unknow param 0x00008caa
04-16 21:01:52.829 7777 7792 E GeckoConsole: [JavaScript Error: "TypeError: can't access property "nodePrincipal", this.contentDocument is null" {file: "chrome://global/content/elements/browser-custom-element.js" line: 661}]
04-16 21:01:52.829 7777 7792 E GeckoConsole: get contentPrincipal@chrome://global/content/elements/browser-custom-element.js:661:1
04-16 21:01:52.829 7777 7792 E GeckoConsole: onLocationChange@resource://gre/modules/GeckoViewNavigation.sys.mjs:640:34
04-16 21:01:52.833 7777 7792 E GeckoConsole: [JavaScript Error: "TypeError: can't access property "title", this.contentDocument is null" {file: "chrome://global/content/elements/browser-custom-element.js" line: 630}]
04-16 21:01:52.833 7777 7792 E GeckoConsole: get contentTitle@chrome://global/content/elements/browser-custom-element.js:630:1
04-16 21:01:52.833 7777 7792 E GeckoConsole: handleEvent@resource://gre/modules/GeckoViewContent.sys.mjs:379:11
04-16 21:01:52.852 7849 7889 E eglCodecCommon: glUtilsParamSize: unknow param 0x00008caa
04-16 21:01:52.870 7849 7889 E eglCodecCommon: glUtilsParamSize: unknow param 0x00008caa
04-16 21:01:52.891 7849 7889 E eglCodecCommon: glUtilsParamSize: unknow param 0x00008caa
04-16 21:01:52.903 7849 7889 E eglCodecCommon: glUtilsParamSize: unknow param 0x00008caa
04-16 21:01:52.921 7849 7889 E eglCodecCommon: glUtilsParamSize: unknow param 0x00008caa
04-16 21:01:52.941 7849 7889 E eglCodecCommon: glUtilsParamSize: unknow param 0x00008caa
04-16 21:01:52.949 7849 7889 E eglCodecCommon: glUtilsParamSize: unknow param 0x00000d02
04-16 21:01:52.962 7849 7889 E eglCodecCommon: glUtilsParamSize: unknow param 0x00008caa
04-16 21:01:52.976 7777 7792 I Gecko : 1744837312976 Marionette INFO No differences allowed
04-16 21:01:53.063 7777 7792 I Gecko : 1744837313063 Marionette INFO Testing http://web-platform.test:8000/css/CSS2/text/letter-spacing-004.xht == http://web-platform.test:8000/css/CSS2/text/letter-spacing-004-ref.xht
04-16 21:01:53.110 7777 7792 E GeckoConsole: [JavaScript Error: "TypeError: can't access property "nodePrincipal", this.contentDocument is null" {file: "chrome://global/content/elements/browser-custom-element.js" line: 661}]
04-16 21:01:53.110 7777 7792 E GeckoConsole: get contentPrincipal@chrome://global/content/elements/browser-custom-element.js:661:1
04-16 21:01:53.110 7777 7792 E GeckoConsole: onLocationChange@resource://gre/modules/GeckoViewNavigation.sys.mjs:640:34
04-16 21:01:53.115 7777 7792 E GeckoConsole: [JavaScript Error: "TypeError: can't access property "title", this.contentDocument is null" {file: "chrome://global/content/elements/browser-custom-element.js" line: 630}]
04-16 21:01:53.115 7777 7792 E GeckoConsole: get contentTitle@chrome://global/content/elements/browser-custom-element.js:630:1
04-16 21:01:53.115 7777 7792 E GeckoConsole: handleEvent@resource://gre/modules/GeckoViewContent.sys.mjs:379:11
04-16 21:01:53.154 7849 7889 E eglCodecCommon: glUtilsParamSize: unknow param 0x00008caa
04-16 21:01:53.208 7849 7889 E eglCodecCommon: glUtilsParamSize: unknow param 0x00008caa
04-16 21:01:53.220 7849 7889 E eglCodecCommon: glUtilsParamSize: unknow param 0x00008caa
04-16 21:01:53.234 7849 7889 E eglCodecCommon: glUtilsParamSize: unknow param 0x00008caa
04-16 21:01:53.245 7849 7889 E eglCodecCommon: glUtilsParamSize: unknow param 0x00000d02
04-16 21:01:53.258 7849 7889 E eglCodecCommon: glUtilsParamSize: unknow param 0x00008caa
04-16 21:01:53.323 7777 7792 E GeckoConsole: [JavaScript Error: "TypeError: can't access property "nodePrincipal", this.contentDocument is null" {file: "chrome://global/content/elements/browser-custom-element.js" line: 661}]
04-16 21:01:53.323 7777 7792 E GeckoConsole: get contentPrincipal@chrome://global/content/elements/browser-custom-element.js:661:1
04-16 21:01:53.323 7777 7792 E GeckoConsole: onLocationChange@resource://gre/modules/GeckoViewNavigation.sys.mjs:640:34
04-16 21:01:53.340 7777 7792 E GeckoConsole: [JavaScript Error: "TypeError: can't access property "title", this.contentDocument is null" {file: "chrome://global/content/elements/browser-custom-element.js" line: 630}]
04-16 21:01:53.340 7777 7792 E GeckoConsole: get contentTitle@chrome://global/content/elements/browser-custom-element.js:630:1
04-16 21:01:53.340 7777 7792 E GeckoConsole: handleEvent@resource://gre/modules/GeckoViewContent.sys.mjs:379:11
04-16 21:01:53.370 7849 7889 E eglCodecCommon: glUtilsParamSize: unknow param 0x00008caa
04-16 21:01:53.407 7849 7889 E eglCodecCommon: glUtilsParamSize: unknow param 0x00008caa
04-16 21:01:53.417 7849 7889 E eglCodecCommon: glUtilsParamSize: unknow param 0x00008caa
04-16 21:01:53.434 7849 7889 E eglCodecCommon: glUtilsParamSize: unknow param 0x00008caa
04-16 21:01:53.442 7849 7889 E eglCodecCommon: glUtilsParamSize: unknow param 0x00000d02
04-16 21:01:53.457 7849 7889 E eglCodecCommon: glUtilsParamSize: unknow param 0x00008caa
04-16 21:01:53.465 7777 7792 I Gecko : 1744837313465 Marionette INFO No differences allowed
04-16 21:01:53.468 7777 7792 D GeckoIdleService: Get idle time: time since reset 5140 msec
04-16 21:01:53.468 7777 7792 D GeckoIdleService: Idle timer callback: current idle time 5140 msec
04-16 21:01:53.468 7777 7792 D GeckoIdleService: next timeout 4294967289859 msec from now
04-16 21:01:53.468 7777 7792 D GeckoIdleService: SetTimerExpiryIfBefore: next timeout 4294967289859 msec from now
04-16 21:01:53.468 7777 7792 D GeckoIdleService: reset timer expiry to 4294967289869 msec from now
04-16 21:01:53.468 7777 7792 D GeckoIdleService: Idle timer callback: tell observer 0x757a8aa43828 user is idle
04-16 21:01:53.553 7777 7792 I Gecko : 1744837313553 Marionette INFO Testing http://web-platform.test:8000/css/CSS2/text/letter-spacing-005.xht == http://web-platform.test:8000/css/CSS2/text/letter-spacing-004-ref.xht
04-16 21:01:53.593 7777 7792 E GeckoConsole: [JavaScript Error: "TypeError: can't access property "nodePrincipal", this.contentDocument is null" {file: "chrome://global/content/elements/browser-custom-element.js" line: 661}]
04-16 21:01:53.593 7777 7792 E GeckoConsole: get contentPrincipal@chrome://global/content/elements/browser-custom-element.js:661:1
04-16 21:01:53.593 7777 7792 E GeckoConsole: onLocationChange@resource://gre/modules/GeckoViewNavigation.sys.mjs:640:34
04-16 21:01:53.609 7777 7792 E GeckoConsole: [JavaScript Error: "TypeError: can't access property "title", this.contentDocument is null" {file: "chrome://global/content/elements/browser-custom-element.js" line: 630}]
04-16 21:01:53.609 7777 7792 E GeckoConsole: get contentTitle@chrome://global/content/elements/browser-custom-element.js:630:1
04-16 21:01:53.609 7777 7792 E GeckoConsole: handleEvent@resource://gre/modules/GeckoViewContent.sys.mjs:379:11
04-16 21:01:53.636 7849 7889 E eglCodecCommon: glUtilsParamSize: unknow param 0x00008caa
04-16 21:01:53.674 7849 7889 E eglCodecCommon: glUtilsParamSize: unknow param 0x00008caa
04-16 21:01:53.685 7849 7889 E eglCodecCommon: glUtilsParamSize: unknow param 0x00008caa
04-16 21:01:53.701 7849 7889 E eglCodecCommon: glUtilsParamSize: unknow param 0x00008caa
04-16 21:01:53.711 7849 7889 E eglCodecCommon: glUtilsParamSize: unknow param 0x00000d02
04-16 21:01:53.725 7849 7889 E eglCodecCommon: glUtilsParamSize: unknow param 0x00008caa
04-16 21:01:53.731 7777 7792 I Gecko : 1744837313731 Marionette INFO No differences allowed
04-16 21:01:53.773 7777 7792 W GeckoEventDispatcher: No listener for GeckoView:StateUpdated
04-16 21:01:53.821 7777 7792 I Gecko : 1744837313821 Marionette INFO Testing http://web-platform.test:8000/css/CSS2/text/letter-spacing-006.xht == http://web-platform.test:8000/css/CSS2/text/letter-spacing-004-ref.xht
04-16 21:01:53.864 7777 7792 E GeckoConsole: [JavaScript Error: "TypeError: can't access property "nodePrincipal", this.contentDocument is null" {file: "chrome://global/content/elements/browser-custom-element.js" line: 661}]
04-16 21:01:53.864 7777 7792 E GeckoConsole: get contentPrincipal@chrome://global/content/elements/browser-custom-element.js:661:1
04-16 21:01:53.864 7777 7792 E GeckoConsole: onLocationChange@resource://gre/modules/GeckoViewNavigation.sys.mjs:640:34
04-16 21:01:53.880 7777 7792 E GeckoConsole: [JavaScript Error: "TypeError: can't access property "title", this.contentDocument is null" {file: "chrome://global/content/elements/browser-custom-element.js" line: 630}]
04-16 21:01:53.880 7777 7792 E GeckoConsole: get contentTitle@chrome://global/content/elements/browser-custom-element.js:630:1
04-16 21:01:53.880 7777 7792 E GeckoConsole: handleEvent@resource://gre/modules/GeckoViewContent.sys.mjs:379:11
04-16 21:01:53.903 7849 7889 E eglCodecCommon: glUtilsParamSize: unknow param 0x00008caa
04-16 21:01:53.941 7849 7889 E eglCodecCommon: glUtilsParamSize: unknow param 0x00008caa
04-16 21:01:53.951 7849 7889 E eglCodecCommon: glUtilsParamSize: unknow param 0x00008caa
04-16 21:01:53.968 7849 7889 E eglCodecCommon: glUtilsParamSize: unknow param 0x00008caa
04-16 21:01:53.978 7849 7889 E eglCodecCommon: glUtilsParamSize: unknow param 0x00000d02
04-16 21:01:53.988 7849 7889 E eglCodecCommon: glUtilsParamSize: unknow param 0x00008caa
04-16 21:01:53.995 7777 7792 I Gecko : 1744837313995 Marionette INFO No differences allowed
04-16 21:01:54.084 7777 7792 I Gecko : 1744837314084 Marionette INFO Testing http://web-platform.test:8000/css/CSS2/text/letter-spacing-007.xht == http://web-platform.test:8000/css/CSS2/text/letter-spacing-007-ref.xht
04-16 21:01:54.129 7777 7792 E GeckoConsole: [JavaScript Error: "TypeError: can't access property "nodePrincipal", this.contentDocument is null" {file: "chrome://global/content/elements/browser-custom-element.js" line: 661}]
04-16 21:01:54.129 7777 7792 E GeckoConsole: get contentPrincipal@chrome://global/content/elements/browser-custom-element.js:661:1
04-16 21:01:54.129 7777 7792 E GeckoConsole: onLocationChange@resource://gre/modules/GeckoViewNavigation.sys.mjs:640:34
04-16 21:01:54.145 7777 7792 E GeckoConsole: [JavaScript Error: "TypeError: can't access property "title", this.contentDocument is null" {file: "chrome://global/content/elements/browser-custom-element.js" line: 630}]
04-16 21:01:54.145 7777 7792 E GeckoConsole: get contentTitle@chrome://global/content/elements/browser-custom-element.js:630:1
04-16 21:01:54.145 7777 7792 E GeckoConsole: handleEvent@resource://gre/modules/GeckoViewContent.sys.mjs:379:11
04-16 21:01:54.170 7849 7889 E eglCodecCommon: glUtilsParamSize: unknow param 0x00008caa
04-16 21:01:54.224 7849 7889 E eglCodecCommon: glUtilsParamSize: unknow param 0x00008caa
04-16 21:01:54.234 7849 7889 E eglCodecCommon: glUtilsParamSize: unknow param 0x00008caa
04-16 21:01:54.251 7849 7889 E eglCodecCommon: glUtilsParamSize: unknow param 0x00008caa
04-16 21:01:54.261 7849 7889 E eglCodecCommon: glUtilsParamSize: unknow param 0x00000d02
04-16 21:01:54.276 7849 7889 E eglCodecCommon: glUtilsParamSize: unknow param 0x00008caa
04-16 21:01:54.343 7777 7792 E GeckoConsole: [JavaScript Error: "TypeError: can't access property "nodePrincipal", this.contentDocument is null" {file: "chrome://global/content/elements/browser-custom-element.js" line: 661}]
04-16 21:01:54.343 7777 7792 E GeckoConsole: get contentPrincipal@chrome://global/content/elements/browser-custom-element.js:661:1
04-16 21:01:54.343 7777 7792 E GeckoConsole: onLocationChange@resource://gre/modules/GeckoViewNavigation.sys.mjs:640:34
04-16 21:01:54.358 7777 7792 E GeckoConsole: [JavaScript Error: "TypeError: can't access property "title", this.contentDocument is null" {file: "chrome://global/content/elements/browser-custom-element.js" line: 630}]
04-16 21:01:54.358 7777 7792 E GeckoConsole: get contentTitle@chrome://global/content/elements/browser-custom-element.js:630:1
04-16 21:01:54.358 7777 7792 E GeckoConsole: handleEvent@resource://gre/modules/GeckoViewContent.sys.mjs:379:11
04-16 21:01:54.386 7849 7889 E eglCodecCommon: glUtilsParamSize: unknow param 0x00008caa
04-16 21:01:54.426 7849 7889 E eglCodecCommon: glUtilsParamSize: unknow param 0x00008caa
04-16 21:01:54.436 7849 7889 E eglCodecCommon: glUtilsParamSize: unknow param 0x00008caa
04-16 21:01:54.451 7849 7889 E eglCodecCommon: glUtilsParamSize: unknow param 0x00008caa
04-16 21:01:54.460 7849 7889 E eglCodecCommon: glUtilsParamSize: unknow param 0x00000d02
04-16 21:01:54.477 7849 7889 E eglCodecCommon: glUtilsParamSize: unknow param 0x00008caa
04-16 21:01:54.477 7777 7792 I Gecko : 1744837314477 Marionette INFO No differences allowed
04-16 21:01:54.561 7777 7792 I Gecko : 1744837314561 Marionette INFO Testing http://web-platform.test:8000/css/CSS2/text/letter-spacing-008.xht == http://web-platform.test:8000/css/CSS2/text/letter-spacing-007-ref.xht
04-16 21:01:54.604 7777 7792 E GeckoConsole: [JavaScript Error: "TypeError: can't access property "nodePrincipal", this.contentDocument is null" {file: "chrome://global/content/elements/browser-custom-element.js" line: 661}]
04-16 21:01:54.604 7777 7792 E GeckoConsole: get contentPrincipal@chrome://global/content/elements/browser-custom-element.js:661:1
04-16 21:01:54.604 7777 7792 E GeckoConsole: onLocationChange@resource://gre/modules/GeckoViewNavigation.sys.mjs:640:34
04-16 21:01:54.621 7777 7792 E GeckoConsole: [JavaScript Error: "TypeError: can't access property "title", this.contentDocument is null" {file: "chrome://global/content/elements/browser-custom-element.js" line: 630}]
04-16 21:01:54.621 7777 7792 E GeckoConsole: get contentTitle@chrome://global/content/elements/browser-custom-element.js:630:1
04-16 21:01:54.621 7777 7792 E GeckoConsole: handleEvent@resource://gre/modules/GeckoViewContent.sys.mjs:379:11
04-16 21:01:54.653 7849 7889 E eglCodecCommon: glUtilsParamSize: unknow param 0x00008caa
04-16 21:01:54.691 7849 7889 E eglCodecCommon: glUtilsParamSize: unknow param 0x00008caa
04-16 21:01:54.702 7849 7889 E eglCodecCommon: glUtilsParamSize: unknow param 0x00008caa
04-16 21:01:54.718 7849 7889 E eglCodecCommon: glUtilsParamSize: unknow param 0x00008caa
04-16 21:01:54.727 7849 7889 E eglCodecCommon: glUtilsParamSize: unknow param 0x00000d02
04-16 21:01:54.742 7849 7889 E eglCodecCommon: glUtilsParamSize: unknow param 0x00008caa
04-16 21:01:54.752 7777 7792 I Gecko : 1744837314752 Marionette INFO No differences allowed
04-16 21:01:54.831 7777 7792 W GeckoEventDispatcher: No listener for GeckoView:StateUpdated
04-16 21:01:54.835 7777 7792 I Gecko : 1744837314835 Marionette INFO Testing http://web-platform.test:8000/css/CSS2/text/letter-spacing-016.xht == http://web-platform.test:8000/css/CSS2/text/letter-spacing-004-ref.xht
04-16 21:01:54.881 7777 7792 E GeckoConsole: [JavaScript Error: "TypeError: can't access property "nodePrincipal", this.contentDocument is null" {file: "chrome://global/content/elements/browser-custom-element.js" line: 661}]
04-16 21:01:54.881 7777 7792 E GeckoConsole: get contentPrincipal@chrome://global/content/elements/browser-custom-element.js:661:1
04-16 21:01:54.881 7777 7792 E GeckoConsole: onLocationChange@resource://gre/modules/GeckoViewNavigation.sys.mjs:640:34
04-16 21:01:54.898 7777 7792 E GeckoConsole: [JavaScript Error: "TypeError: can't access property "title", this.contentDocument is null" {file: "chrome://global/content/elements/browser-custom-element.js" line: 630}]
04-16 21:01:54.898 7777 7792 E GeckoConsole: get contentTitle@chrome://global/content/elements/browser-custom-element.js:630:1
04-16 21:01:54.898 7777 7792 E GeckoConsole: handleEvent@resource://gre/modules/GeckoViewContent.sys.mjs:379:11
04-16 21:01:54.921 7849 7889 E eglCodecCommon: glUtilsParamSize: unknow param 0x00008caa
04-16 21:01:54.975 7849 7889 E eglCodecCommon: glUtilsParamSize: unknow param 0x00008caa
04-16 21:01:54.986 7849 7889 E eglCodecCommon: glUtilsParamSize: unknow param 0x00008caa
04-16 21:01:55.001 7849 7889 E eglCodecCommon: glUtilsParamSize: unknow param 0x00008caa
04-16 21:01:55.011 7849 7889 E eglCodecCommon: glUtilsParamSize: unknow param 0x00000d02
04-16 21:01:55.021 7849 7889 E eglCodecCommon: glUtilsParamSize: unknow param 0x00008caa
04-16 21:01:55.031 7777 7792 I Gecko : 1744837315031 Marionette INFO No differences allowed
04-16 21:01:55.126 7777 7792 I Gecko : 1744837315126 Marionette INFO Testing http://web-platform.test:8000/css/CSS2/text/letter-spacing-017.xht == http://web-platform.test:8000/css/CSS2/text/letter-spacing-004-ref.xht
04-16 21:01:55.171 7777 7792 E GeckoConsole: [JavaScript Error: "TypeError: can't access property "nodePrincipal", this.contentDocument is null" {file: "chrome://global/content/elements/browser-custom-element.js" line: 661}]
04-16 21:01:55.171 7777 7792 E GeckoConsole: get contentPrincipal@chrome://global/content/elements/browser-custom-element.js:661:1
04-16 21:01:55.171 7777 7792 E GeckoConsole: onLocationChange@resource://gre/modules/GeckoViewNavigation.sys.mjs:640:34
04-16 21:01:55.187 7777 7792 E GeckoConsole: [JavaScript Error: "TypeError: can't access property "title", this.contentDocument is null" {file: "chrome://global/content/elements/browser-custom-element.js" line: 630}]
04-16 21:01:55.187 7777 7792 E GeckoConsole: get contentTitle@chrome://global/content/elements/browser-custom-element.js:630:1
04-16 21:01:55.187 7777 7792 E GeckoConsole: handleEvent@resource://gre/modules/GeckoViewContent.sys.mjs:379:11
04-16 21:01:55.219 7849 7889 E eglCodecCommon: glUtilsParamSize: unknow param 0x00008caa
04-16 21:01:55.258 7849 7889 E eglCodecCommon: glUtilsParamSize: unknow param 0x00008caa
04-16 21:01:55.269 7849 7889 E eglCodecCommon: glUtilsParamSize: unknow param 0x00008caa
04-16 21:01:55.285 7849 7889 E eglCodecCommon: glUtilsParamSize: unknow param 0x00008caa
04-16 21:01:55.295 7849 7889 E eglCodecCommon: glUtilsParamSize: unknow param 0x00000d02
04-16 21:01:55.304 7849 7889 E eglCodecCommon: glUtilsParamSize: unknow param 0x00008caa
04-16 21:01:55.312 7777 7792 I Gecko : 1744837315312 Marionette INFO No differences allowed
04-16 21:01:55.402 7777 7792 I Gecko : 1744837315402 Marionette INFO Testing http://web-platform.test:8000/css/CSS2/text/letter-spacing-018.xht == http://web-platform.test:8000/css/CSS2/text/letter-spacing-004-ref.xht
04-16 21:01:55.444 7777 7792 E GeckoConsole: [JavaScript Error: "TypeError: can't access property "nodePrincipal", this.contentDocument is null" {file: "chrome://global/content/elements/browser-custom-element.js" line: 661}]
04-16 21:01:55.444 7777 7792 E GeckoConsole: get contentPrincipal@chrome://global/content/elements/browser-custom-element.js:661:1
04-16 21:01:55.444 7777 7792 E GeckoConsole: onLocationChange@resource://gre/modules/GeckoViewNavigation.sys.mjs:640:34
04-16 21:01:55.461 7777 7792 E GeckoConsole: [JavaScript Error: "TypeError: can't access property "title", this.contentDocument is null" {file: "chrome://global/content/elements/browser-custom-element.js" line: 630}]
04-16 21:01:55.461 7777 7792 E GeckoConsole: get contentTitle@chrome://global/content/elements/browser-custom-element.js:630:1
04-16 21:01:55.461 7777 7792 E GeckoConsole: handleEvent@resource://gre/modules/GeckoViewContent.sys.mjs:379:11
04-16 21:01:55.486 7849 7889 E eglCodecCommon: glUtilsParamSize: unknow param 0x00008caa
04-16 21:01:55.525 7849 7889 E eglCodecCommon: glUtilsParamSize: unknow param 0x00008caa
04-16 21:01:55.535 7849 7889 E eglCodecCommon: glUtilsParamSize: unknow param 0x00008caa
04-16 21:01:55.550 7849 7889 E eglCodecCommon: glUtilsParamSize: unknow param 0x00008caa
04-16 21:01:55.561 7849 7889 E eglCodecCommon: glUtilsParamSize: unknow param 0x00000d02
04-16 21:01:55.573 7849 7889 E eglCodecCommon: glUtilsParamSize: unknow param 0x00008caa
04-16 21:01:55.583 7777 7792 I Gecko : 1744837315583 Marionette INFO No differences allowed
04-16 21:01:55.669 7777 7792 I Gecko : 1744837315669 Marionette INFO Testing http://web-platform.test:8000/css/CSS2/text/letter-spacing-019.xht == http://web-platform.test:8000/css/CSS2/text/letter-spacing-007-ref.xht
04-16 21:01:55.708 7777 7792 E GeckoConsole: [JavaScript Error: "TypeError: can't access property "nodePrincipal", this.contentDocument is null" {file: "chrome://global/content/elements/browser-custom-element.js" line: 661}]
04-16 21:01:55.708 7777 7792 E GeckoConsole: get contentPrincipal@chrome://global/content/elements/browser-custom-element.js:661:1
04-16 21:01:55.708 7777 7792 E GeckoConsole: onLocationChange@resource://gre/modules/GeckoViewNavigation.sys.mjs:640:34
04-16 21:01:55.727 7777 7792 E GeckoConsole: [JavaScript Error: "TypeError: can't access property "title", this.contentDocument is null" {file: "chrome://global/content/elements/browser-custom-element.js" line: 630}]
04-16 21:01:55.727 7777 7792 E GeckoConsole: get contentTitle@chrome://global/content/elements/browser-custom-element.js:630:1
04-16 21:01:55.727 7777 7792 E GeckoConsole: handleEvent@resource://gre/modules/GeckoViewContent.sys.mjs:379:11
04-16 21:01:55.752 7849 7889 E eglCodecCommon: glUtilsParamSize: unknow param 0x00008caa
04-16 21:01:55.808 7849 7889 E eglCodecCommon: glUtilsParamSize: unknow param 0x00008caa
04-16 21:01:55.819 7849 7889 E eglCodecCommon: glUtilsParamSize: unknow param 0x00008caa
04-16 21:01:55.834 7849 7889 E eglCodecCommon: glUtilsParamSize: unknow param 0x00008caa
04-16 21:01:55.844 7849 7889 E eglCodecCommon: glUtilsParamSize: unknow param 0x00000d02
04-16 21:01:55.855 7849 7889 E eglCodecCommon: glUtilsParamSize: unknow param 0x00008caa
04-16 21:01:55.863 7777 7792 I Gecko : 1744837315862 Marionette INFO No differences allowed
04-16 21:01:55.867 7777 7792 W GeckoEventDispatcher: No listener for GeckoView:StateUpdated
04-16 21:01:55.956 7777 7792 I Gecko : 1744837315956 Marionette INFO Testing http://web-platform.test:8000/css/CSS2/text/letter-spacing-020.xht == http://web-platform.test:8000/css/CSS2/text/letter-spacing-007-ref.xht
04-16 21:01:56.000 7777 7792 E GeckoConsole: [JavaScript Error: "TypeError: can't access property "nodePrincipal", this.contentDocument is null" {file: "chrome://global/content/elements/browser-custom-element.js" line: 661}]
04-16 21:01:56.000 7777 7792 E GeckoConsole: get contentPrincipal@chrome://global/content/elements/browser-custom-element.js:661:1
04-16 21:01:56.000 7777 7792 E GeckoConsole: onLocationChange@resource://gre/modules/GeckoViewNavigation.sys.mjs:640:34
04-16 21:01:56.027 7777 7792 E GeckoConsole: [JavaScript Error: "TypeError: can't access property "title", this.contentDocument is null" {file: "chrome://global/content/elements/browser-custom-element.js" line: 630}]
04-16 21:01:56.027 7777 7792 E GeckoConsole: get contentTitle@chrome://global/content/elements/browser-custom-element.js:630:1
04-16 21:01:56.027 7777 7792 E GeckoConsole: handleEvent@resource://gre/modules/GeckoViewContent.sys.mjs:379:11
04-16 21:01:56.038 7849 7889 E eglCodecCommon: glUtilsParamSize: unknow param 0x00008caa
04-16 21:01:56.080 7849 7889 E eglCodecCommon: glUtilsParamSize: unknow param 0x00008caa
04-16 21:01:56.092 7849 7889 E eglCodecCommon: glUtilsParamSize: unknow param 0x00008caa
04-16 21:01:56.103 7849 7889 E eglCodecCommon: glUtilsParamSize: unknow param 0x00008caa
04-16 21:01:56.112 7849 7889 E eglCodecCommon: glUtilsParamSize: unknow param 0x00000d02
04-16 21:01:56.122 7849 7889 E eglCodecCommon: glUtilsParamSize: unknow param 0x00008caa
04-16 21:01:56.132 7777 7792 I Gecko : 1744837316132 Marionette INFO No differences allowed
04-16 21:01:56.216 7777 7792 I Gecko : 1744837316216 Marionette INFO Testing http://web-platform.test:8000/css/CSS2/text/letter-spacing-028.xht == http://web-platform.test:8000/css/CSS2/text/letter-spacing-004-ref.xht
04-16 21:01:56.260 7777 7792 E GeckoConsole: [JavaScript Error: "TypeError: can't access property "nodePrincipal", this.contentDocument is null" {file: "chrome://global/content/elements/browser-custom-element.js" line: 661}]
04-16 21:01:56.260 7777 7792 E GeckoConsole: get contentPrincipal@chrome://global/content/elements/browser-custom-element.js:661:1
04-16 21:01:56.260 7777 7792 E GeckoConsole: onLocationChange@resource://gre/modules/GeckoViewNavigation.sys.mjs:640:34
04-16 21:01:56.276 7777 7792 E GeckoConsole: [JavaScript Error: "TypeError: can't access property "title", this.contentDocument is null" {file: "chrome://global/content/elements/browser-custom-element.js" line: 630}]
04-16 21:01:56.276 7777 7792 E GeckoConsole: get contentTitle@chrome://global/content/elements/browser-custom-element.js:630:1
04-16 21:01:56.276 7777 7792 E GeckoConsole: handleEvent@resource://gre/modules/GeckoViewContent.sys.mjs:379:11
04-16 21:01:56.303 7849 7889 E eglCodecCommon: glUtilsParamSize: unknow param 0x00008caa
04-16 21:01:56.341 7849 7889 E eglCodecCommon: glUtilsParamSize: unknow param 0x00008caa
04-16 21:01:56.352 7849 7889 E eglCodecCommon: glUtilsParamSize: unknow param 0x00008caa
04-16 21:01:56.368 7849 7889 E eglCodecCommon: glUtilsParamSize: unknow param 0x00008caa
04-16 21:01:56.378 7849 7889 E eglCodecCommon: glUtilsParamSize: unknow param 0x00000d02
04-16 21:01:56.390 7849 7889 E eglCodecCommon: glUtilsParamSize: unknow param 0x00008caa
04-16 21:01:56.400 7777 7792 I Gecko : 1744837316399 Marionette INFO No differences allowed
04-16 21:01:56.479 7777 7792 I Gecko : 1744837316479 Marionette INFO Testing http://web-platform.test:8000/css/CSS2/text/letter-spacing-029.xht == http://web-platform.test:8000/css/CSS2/text/letter-spacing-004-ref.xht
04-16 21:01:56.525 7777 7792 E GeckoConsole: [JavaScript Error: "TypeError: can't access property "nodePrincipal", this.contentDocument is null" {file: "chrome://global/content/elements/browser-custom-element.js" line: 661}]
04-16 21:01:56.525 7777 7792 E GeckoConsole: get contentPrincipal@chrome://global/content/elements/browser-custom-element.js:661:1
04-16 21:01:56.525 7777 7792 E GeckoConsole: onLocationChange@resource://gre/modules/GeckoViewNavigation.sys.mjs:640:34
04-16 21:01:56.544 7777 7792 E GeckoConsole: [JavaScript Error: "TypeError: can't access property "title", this.contentDocument is null" {file: "chrome://global/content/elements/browser-custom-element.js" line: 630}]
04-16 21:01:56.544 7777 7792 E GeckoConsole: get contentTitle@chrome://global/content/elements/browser-custom-element.js:630:1
04-16 21:01:56.544 7777 7792 E GeckoConsole: handleEvent@resource://gre/modules/GeckoViewContent.sys.mjs:379:11
04-16 21:01:56.569 7849 7889 E eglCodecCommon: glUtilsParamSize: unknow param 0x00008caa
04-16 21:01:56.608 7849 7889 E eglCodecCommon: glUtilsParamSize: unknow param 0x00008caa
04-16 21:01:56.619 7849 7889 E eglCodecCommon: glUtilsParamSize: unknow param 0x00008caa
04-16 21:01:56.634 7849 7889 E eglCodecCommon: glUtilsParamSize: unknow param 0x00008caa
04-16 21:01:56.644 7849 7889 E eglCodecCommon: glUtilsParamSize: unknow param 0x00000d02
04-16 21:01:56.663 7849 7889 E eglCodecCommon: glUtilsParamSize: unknow param 0x00008caa
04-16 21:01:56.665 7777 7792 I Gecko : 1744837316665 Marionette INFO No differences allowed
04-16 21:01:56.748 7777 7792 I Gecko : 1744837316748 Marionette INFO Testing http://web-platform.test:8000/css/CSS2/text/letter-spacing-030.xht == http://web-platform.test:8000/css/CSS2/text/letter-spacing-004-ref.xht
04-16 21:01:56.794 7777 7792 E GeckoConsole: [JavaScript Error: "TypeError: can't access property "nodePrincipal", this.contentDocument is null" {file: "chrome://global/content/elements/browser-custom-element.js" line: 661}]
04-16 21:01:56.794 7777 7792 E GeckoConsole: get contentPrincipal@chrome://global/content/elements/browser-custom-element.js:661:1
04-16 21:01:56.794 7777 7792 E GeckoConsole: onLocationChange@resource://gre/modules/GeckoViewNavigation.sys.mjs:640:34
04-16 21:01:56.811 7777 7792 E GeckoConsole: [JavaScript Error: "TypeError: can't access property "title", this.contentDocument is null" {file: "chrome://global/content/elements/browser-custom-element.js" line: 630}]
04-16 21:01:56.811 7777 7792 E GeckoConsole: get contentTitle@chrome://global/content/elements/browser-custom-element.js:630:1
04-16 21:01:56.811 7777 7792 E GeckoConsole: handleEvent@resource://gre/modules/GeckoViewContent.sys.mjs:379:11
04-16 21:01:56.836 7849 7889 E eglCodecCommon: glUtilsParamSize: unknow param 0x00008caa
04-16 21:01:56.875 7849 7889 E eglCodecCommon: glUtilsParamSize: unknow param 0x00008caa
04-16 21:01:56.885 7849 7889 E eglCodecCommon: glUtilsParamSize: unknow param 0x00008caa
04-16 21:01:56.900 7849 7889 E eglCodecCommon: glUtilsParamSize: unknow param 0x00008caa
04-16 21:01:56.911 7849 7889 E eglCodecCommon: glUtilsParamSize: unknow param 0x00000d02
04-16 21:01:56.923 7849 7889 E eglCodecCommon: glUtilsParamSize: unknow param 0x00008caa
04-16 21:01:56.932 7777 7792 I Gecko : 1744837316932 Marionette INFO No differences allowed
04-16 21:01:56.985 7777 7792 W GeckoEventDispatcher: No listener for GeckoView:StateUpdated
04-16 21:01:57.024 7777 7792 I Gecko : 1744837317024 Marionette INFO Testing http://web-platform.test:8000/css/CSS2/text/letter-spacing-031.xht == http://web-platform.test:8000/css/CSS2/text/letter-spacing-007-ref.xht
04-16 21:01:57.073 7777 7792 E GeckoConsole: [JavaScript Error: "TypeError: can't access property "nodePrincipal", this.contentDocument is null" {file: "chrome://global/content/elements/browser-custom-element.js" line: 661}]
04-16 21:01:57.073 7777 7792 E GeckoConsole: get contentPrincipal@chrome://global/content/elements/browser-custom-element.js:661:1
04-16 21:01:57.073 7777 7792 E GeckoConsole: onLocationChange@resource://gre/modules/GeckoViewNavigation.sys.mjs:640:34
04-16 21:01:57.091 7777 7792 E GeckoConsole: [JavaScript Error: "TypeError: can't access property "title", this.contentDocument is null" {file: "chrome://global/content/elements/browser-custom-element.js" line: 630}]
04-16 21:01:57.091 7777 7792 E GeckoConsole: get contentTitle@chrome://global/content/elements/browser-custom-element.js:630:1
04-16 21:01:57.091 7777 7792 E GeckoConsole: handleEvent@resource://gre/modules/GeckoViewContent.sys.mjs:379:11
04-16 21:01:57.120 7849 7889 E eglCodecCommon: glUtilsParamSize: unknow param 0x00008caa
04-16 21:01:57.175 7849 7889 E eglCodecCommon: glUtilsParamSize: unknow param 0x00008caa
04-16 21:01:57.187 7849 7889 E eglCodecCommon: glUtilsParamSize: unknow param 0x00008caa
04-16 21:01:57.201 7849 7889 E eglCodecCommon: glUtilsParamSize: unknow param 0x00008caa
04-16 21:01:57.212 7849 7889 E eglCodecCommon: glUtilsParamSize: unknow param 0x00000d02
04-16 21:01:57.222 7849 7889 E eglCodecCommon: glUtilsParamSize: unknow param 0x00008caa
04-16 21:01:57.237 7777 7792 I Gecko : 1744837317237 Marionette INFO No differences allowed
04-16 21:01:57.329 7777 7792 I Gecko : 1744837317329 Marionette INFO Testing http://web-platform.test:8000/css/CSS2/text/letter-spacing-032.xht == http://web-platform.test:8000/css/CSS2/text/letter-spacing-007-ref.xht
04-16 21:01:57.373 7777 7792 E GeckoConsole: [JavaScript Error: "TypeError: can't access property "nodePrincipal", this.contentDocument is null" {file: "chrome://global/content/elements/browser-custom-element.js" line: 661}]
04-16 21:01:57.373 7777 7792 E GeckoConsole: get contentPrincipal@chrome://global/content/elements/browser-custom-element.js:661:1
04-16 21:01:57.373 7777 7792 E GeckoConsole: onLocationChange@resource://gre/modules/GeckoViewNavigation.sys.mjs:640:34
04-16 21:01:57.390 7777 7792 E GeckoConsole: [JavaScript Error: "TypeError: can't access property "title", this.contentDocument is null" {file: "chrome://global/content/elements/browser-custom-element.js" line: 630}]
04-16 21:01:57.390 7777 7792 E GeckoConsole: get contentTitle@chrome://global/content/elements/browser-custom-element.js:630:1
04-16 21:01:57.390 7777 7792 E GeckoConsole: handleEvent@resource://gre/modules/GeckoViewContent.sys.mjs:379:11
04-16 21:01:57.420 7849 7889 E eglCodecCommon: glUtilsParamSize: unknow param 0x00008caa
04-16 21:01:57.458 7849 7889 E eglCodecCommon: glUtilsParamSize: unknow param 0x00008caa
04-16 21:01:57.470 7849 7889 E eglCodecCommon: glUtilsParamSize: unknow param 0x00008caa
04-16 21:01:57.484 7849 7889 E eglCodecCommon: glUtilsParamSize: unknow param 0x00008caa
04-16 21:01:57.500 7849 7889 E eglCodecCommon: glUtilsParamSize: unknow param 0x00000d02
04-16 21:01:57.514 7849 7889 E eglCodecCommon: glUtilsParamSize: unknow param 0x00008caa
04-16 21:01:57.531 7777 7792 I Gecko : 1744837317531 Marionette INFO No differences allowed
04-16 21:01:57.610 7777 7792 I Gecko : 1744837317609 Marionette INFO Testing http://web-platform.test:8000/css/CSS2/text/letter-spacing-040.xht == http://web-platform.test:8000/css/CSS2/text/letter-spacing-004-ref.xht
04-16 21:01:57.652 7777 7792 E GeckoConsole: [JavaScript Error: "TypeError: can't access property "nodePrincipal", this.contentDocument is null" {file: "chrome://global/content/elements/browser-custom-element.js" line: 661}]
04-16 21:01:57.652 7777 7792 E GeckoConsole: get contentPrincipal@chrome://global/content/elements/browser-custom-element.js:661:1
04-16 21:01:57.652 7777 7792 E GeckoConsole: onLocationChange@resource://gre/modules/GeckoViewNavigation.sys.mjs:640:34
04-16 21:01:57.669 7777 7792 E GeckoConsole: [JavaScript Error: "TypeError: can't access property "title", this.contentDocument is null" {file: "chrome://global/content/elements/browser-custom-element.js" line: 630}]
04-16 21:01:57.669 7777 7792 E GeckoConsole: get contentTitle@chrome://global/content/elements/browser-custom-element.js:630:1
04-16 21:01:57.669 7777 7792 E GeckoConsole: handleEvent@resource://gre/modules/GeckoViewContent.sys.mjs:379:11
04-16 21:01:57.703 7849 7889 E eglCodecCommon: glUtilsParamSize: unknow param 0x00008caa
04-16 21:01:57.744 7849 7889 E eglCodecCommon: glUtilsParamSize: unknow param 0x00008caa
04-16 21:01:57.756 7849 7889 E eglCodecCommon: glUtilsParamSize: unknow param 0x00008caa
04-16 21:01:57.768 7849 7889 E eglCodecCommon: glUtilsParamSize: unknow param 0x00008caa
04-16 21:01:57.778 7849 7889 E eglCodecCommon: glUtilsParamSize: unknow param 0x00000d02
04-16 21:01:57.788 7849 7889 E eglCodecCommon: glUtilsParamSize: unknow param 0x00008caa
04-16 21:01:57.800 7777 7792 I Gecko : 1744837317800 Marionette INFO No differences allowed
04-16 21:01:57.890 7777 7792 I Gecko : 1744837317890 Marionette INFO Testing http://web-platform.test:8000/css/CSS2/text/letter-spacing-041.xht == http://web-platform.test:8000/css/CSS2/text/letter-spacing-004-ref.xht
04-16 21:01:57.947 7777 7792 E GeckoConsole: [JavaScript Error: "TypeError: can't access property "nodePrincipal", this.contentDocument is null" {file: "chrome://global/content/elements/browser-custom-element.js" line: 661}]
04-16 21:01:57.947 7777 7792 E GeckoConsole: get contentPrincipal@chrome://global/content/elements/browser-custom-element.js:661:1
04-16 21:01:57.947 7777 7792 E GeckoConsole: onLocationChange@resource://gre/modules/GeckoViewNavigation.sys.mjs:640:34
04-16 21:01:57.965 7777 7792 E GeckoConsole: [JavaScript Error: "TypeError: can't access property "title", this.contentDocument is null" {file: "chrome://global/content/elements/browser-custom-element.js" line: 630}]
04-16 21:01:57.965 7777 7792 E GeckoConsole: get contentTitle@chrome://global/content/elements/browser-custom-element.js:630:1
04-16 21:01:57.965 7777 7792 E GeckoConsole: handleEvent@resource://gre/modules/GeckoViewContent.sys.mjs:379:11
04-16 21:01:57.992 7849 7889 E eglCodecCommon: glUtilsParamSize: unknow param 0x00008caa
04-16 21:01:58.041 7849 7889 E eglCodecCommon: glUtilsParamSize: unknow param 0x00008caa
04-16 21:01:58.052 7849 7889 E eglCodecCommon: glUtilsParamSize: unknow param 0x00008caa
04-16 21:01:58.068 7849 7889 E eglCodecCommon: glUtilsParamSize: unknow param 0x00008caa
04-16 21:01:58.077 7849 7889 E eglCodecCommon: glUtilsParamSize: unknow param 0x00000d02
