04-16 21:00:00.036 3946 3961 E GeckoConsole: handleEvent@resource://gre/modules/GeckoViewContent.sys.mjs:379:11
04-16 21:00:00.069 4016 4057 E eglCodecCommon: glUtilsParamSize: unknow param 0x00008caa
04-16 21:00:00.103 4016 4057 E eglCodecCommon: glUtilsParamSize: unknow param 0x00008caa
04-16 21:00:00.142 4016 4057 E eglCodecCommon: glUtilsParamSize: unknow param 0x00008caa
04-16 21:00:00.153 4016 4057 E eglCodecCommon: glUtilsParamSize: unknow param 0x00008caa
04-16 21:00:00.168 4016 4057 E eglCodecCommon: glUtilsParamSize: unknow param 0x00008caa
04-16 21:00:00.174 4016 4057 E eglCodecCommon: glUtilsParamSize: unknow param 0x00000d02
04-16 21:00:00.194 4016 4057 E eglCodecCommon: glUtilsParamSize: unknow param 0x00008caa
04-16 21:00:00.203 3946 3961 I Gecko : 1744837200203 Marionette INFO No differences allowed
04-16 21:00:00.309 3946 3961 I Gecko : 1744837200309 Marionette INFO Testing http://web-platform.test:8000/css/CSS2/box-display/block-in-inline-008.xht == http://web-platform.test:8000/css/CSS2/box-display/block-in-inline-008-ref.xht
04-16 21:00:00.357 3946 3961 E GeckoConsole: [JavaScript Error: "TypeError: can't access property "nodePrincipal", this.contentDocument is null" {file: "chrome://global/content/elements/browser-custom-element.js" line: 661}]
04-16 21:00:00.357 3946 3961 E GeckoConsole: get contentPrincipal@chrome://global/content/elements/browser-custom-element.js:661:1
04-16 21:00:00.357 3946 3961 E GeckoConsole: onLocationChange@resource://gre/modules/GeckoViewNavigation.sys.mjs:640:34
04-16 21:00:00.373 3946 3961 E GeckoConsole: [JavaScript Error: "TypeError: can't access property "title", this.contentDocument is null" {file: "chrome://global/content/elements/browser-custom-element.js" line: 630}]
04-16 21:00:00.373 3946 3961 E GeckoConsole: get contentTitle@chrome://global/content/elements/browser-custom-element.js:630:1
04-16 21:00:00.373 3946 3961 E GeckoConsole: handleEvent@resource://gre/modules/GeckoViewContent.sys.mjs:379:11
04-16 21:00:00.390 4016 4057 E eglCodecCommon: glUtilsParamSize: unknow param 0x00008caa
04-16 21:00:00.442 4016 4057 E eglCodecCommon: glUtilsParamSize: unknow param 0x00008caa
04-16 21:00:00.453 4016 4057 E eglCodecCommon: glUtilsParamSize: unknow param 0x00008caa
04-16 21:00:00.468 4016 4057 E eglCodecCommon: glUtilsParamSize: unknow param 0x00008caa
04-16 21:00:00.479 4016 4057 E eglCodecCommon: glUtilsParamSize: unknow param 0x00000d02
04-16 21:00:00.488 4016 4057 E eglCodecCommon: glUtilsParamSize: unknow param 0x00008caa
04-16 21:00:00.555 3946 3961 E GeckoConsole: [JavaScript Error: "TypeError: can't access property "nodePrincipal", this.contentDocument is null" {file: "chrome://global/content/elements/browser-custom-element.js" line: 661}]
04-16 21:00:00.555 3946 3961 E GeckoConsole: get contentPrincipal@chrome://global/content/elements/browser-custom-element.js:661:1
04-16 21:00:00.555 3946 3961 E GeckoConsole: onLocationChange@resource://gre/modules/GeckoViewNavigation.sys.mjs:640:34
04-16 21:00:00.571 3946 3961 E GeckoConsole: [JavaScript Error: "TypeError: can't access property "title", this.contentDocument is null" {file: "chrome://global/content/elements/browser-custom-element.js" line: 630}]
04-16 21:00:00.571 3946 3961 E GeckoConsole: get contentTitle@chrome://global/content/elements/browser-custom-element.js:630:1
04-16 21:00:00.571 3946 3961 E GeckoConsole: handleEvent@resource://gre/modules/GeckoViewContent.sys.mjs:379:11
04-16 21:00:00.603 4016 4057 E eglCodecCommon: glUtilsParamSize: unknow param 0x00008caa
04-16 21:00:00.641 4016 4057 E eglCodecCommon: glUtilsParamSize: unknow param 0x00008caa
04-16 21:00:00.651 4016 4057 E eglCodecCommon: glUtilsParamSize: unknow param 0x00008caa
04-16 21:00:00.667 4016 4057 E eglCodecCommon: glUtilsParamSize: unknow param 0x00008caa
04-16 21:00:00.677 4016 4057 E eglCodecCommon: glUtilsParamSize: unknow param 0x00000d02
04-16 21:00:00.687 4016 4057 E eglCodecCommon: glUtilsParamSize: unknow param 0x00008caa
04-16 21:00:00.702 3946 3961 I Gecko : 1744837200702 Marionette INFO No differences allowed
04-16 21:00:00.779 3946 3961 W GeckoEventDispatcher: No listener for GeckoView:StateUpdated
04-16 21:00:00.782 3946 3961 I Gecko : 1744837200782 Marionette INFO Testing http://web-platform.test:8000/css/CSS2/box-display/block-in-inline-relpos-001.xht == http://web-platform.test:8000/css/CSS2/box-display/block-in-inline-relpos-001-ref.xht
04-16 21:00:00.822 3946 3961 E GeckoConsole: [JavaScript Error: "TypeError: can't access property "nodePrincipal", this.contentDocument is null" {file: "chrome://global/content/elements/browser-custom-element.js" line: 661}]
04-16 21:00:00.822 3946 3961 E GeckoConsole: get contentPrincipal@chrome://global/content/elements/browser-custom-element.js:661:1
04-16 21:00:00.822 3946 3961 E GeckoConsole: onLocationChange@resource://gre/modules/GeckoViewNavigation.sys.mjs:640:34
04-16 21:00:00.839 3946 3961 E GeckoConsole: [JavaScript Error: "TypeError: can't access property "title", this.contentDocument is null" {file: "chrome://global/content/elements/browser-custom-element.js" line: 630}]
04-16 21:00:00.839 3946 3961 E GeckoConsole: get contentTitle@chrome://global/content/elements/browser-custom-element.js:630:1
04-16 21:00:00.839 3946 3961 E GeckoConsole: handleEvent@resource://gre/modules/GeckoViewContent.sys.mjs:379:11
04-16 21:00:00.870 4016 4057 E eglCodecCommon: glUtilsParamSize: unknow param 0x00008caa
04-16 21:00:00.905 4016 4057 E eglCodecCommon: glUtilsParamSize: unknow param 0x00008caa
04-16 21:00:00.907 3946 3961 D GeckoIdleService: Get idle time: time since reset 5037 msec
04-16 21:00:00.907 3946 3961 D GeckoIdleService: Idle timer callback: current idle time 5037 msec
04-16 21:00:00.907 3946 3961 D GeckoIdleService: next timeout 4294967289963 msec from now
04-16 21:00:00.907 3946 3961 D GeckoIdleService: SetTimerExpiryIfBefore: next timeout 4294967289962 msec from now
04-16 21:00:00.907 3946 3961 D GeckoIdleService: reset timer expiry to 4294967289972 msec from now
04-16 21:00:00.908 3946 3961 D GeckoIdleService: Idle timer callback: tell observer 0x757a8aa5f808 user is idle
04-16 21:00:00.927 4016 4057 E eglCodecCommon: glUtilsParamSize: unknow param 0x00008caa
04-16 21:00:00.938 4016 4057 E eglCodecCommon: glUtilsParamSize: unknow param 0x00008caa
04-16 21:00:00.957 4016 4057 E eglCodecCommon: glUtilsParamSize: unknow param 0x00008caa
04-16 21:00:00.966 4016 4057 E eglCodecCommon: glUtilsParamSize: unknow param 0x00000d02
04-16 21:00:00.979 4016 4057 E eglCodecCommon: glUtilsParamSize: unknow param 0x00008caa
04-16 21:00:01.041 3946 3961 E GeckoConsole: [JavaScript Error: "TypeError: can't access property "nodePrincipal", this.contentDocument is null" {file: "chrome://global/content/elements/browser-custom-element.js" line: 661}]
04-16 21:00:01.041 3946 3961 E GeckoConsole: get contentPrincipal@chrome://global/content/elements/browser-custom-element.js:661:1
04-16 21:00:01.041 3946 3961 E GeckoConsole: onLocationChange@resource://gre/modules/GeckoViewNavigation.sys.mjs:640:34
04-16 21:00:01.058 3946 3961 E GeckoConsole: [JavaScript Error: "TypeError: can't access property "title", this.contentDocument is null" {file: "chrome://global/content/elements/browser-custom-element.js" line: 630}]
04-16 21:00:01.058 3946 3961 E GeckoConsole: get contentTitle@chrome://global/content/elements/browser-custom-element.js:630:1
04-16 21:00:01.058 3946 3961 E GeckoConsole: handleEvent@resource://gre/modules/GeckoViewContent.sys.mjs:379:11
04-16 21:00:01.087 4016 4057 E eglCodecCommon: glUtilsParamSize: unknow param 0x00008caa
04-16 21:00:01.123 4016 4057 E eglCodecCommon: glUtilsParamSize: unknow param 0x00008caa
04-16 21:00:01.142 4016 4057 E eglCodecCommon: glUtilsParamSize: unknow param 0x00008caa
04-16 21:00:01.154 4016 4057 E eglCodecCommon: glUtilsParamSize: unknow param 0x00008caa
04-16 21:00:01.174 4016 4057 E eglCodecCommon: glUtilsParamSize: unknow param 0x00008caa
04-16 21:00:01.184 4016 4057 E eglCodecCommon: glUtilsParamSize: unknow param 0x00000d02
04-16 21:00:01.196 4016 4057 E eglCodecCommon: glUtilsParamSize: unknow param 0x00008caa
04-16 21:00:01.211 3946 3961 I Gecko : 1744837201211 Marionette INFO No differences allowed
04-16 21:00:01.292 3946 3961 I Gecko : 1744837201292 Marionette INFO Testing http://web-platform.test:8000/css/CSS2/box-display/block-in-inline-relpos-002.xht == http://web-platform.test:8000/css/CSS2/box-display/block-in-inline-relpos-001-ref.xht
04-16 21:00:01.333 3946 3961 E GeckoConsole: [JavaScript Error: "TypeError: can't access property "nodePrincipal", this.contentDocument is null" {file: "chrome://global/content/elements/browser-custom-element.js" line: 661}]
04-16 21:00:01.333 3946 3961 E GeckoConsole: get contentPrincipal@chrome://global/content/elements/browser-custom-element.js:661:1
04-16 21:00:01.333 3946 3961 E GeckoConsole: onLocationChange@resource://gre/modules/GeckoViewNavigation.sys.mjs:640:34
04-16 21:00:01.351 3946 3961 E GeckoConsole: [JavaScript Error: "TypeError: can't access property "title", this.contentDocument is null" {file: "chrome://global/content/elements/browser-custom-element.js" line: 630}]
04-16 21:00:01.351 3946 3961 E GeckoConsole: get contentTitle@chrome://global/content/elements/browser-custom-element.js:630:1
04-16 21:00:01.351 3946 3961 E GeckoConsole: handleEvent@resource://gre/modules/GeckoViewContent.sys.mjs:379:11
04-16 21:00:01.386 4016 4057 E eglCodecCommon: glUtilsParamSize: unknow param 0x00008caa
04-16 21:00:01.420 4016 4057 E eglCodecCommon: glUtilsParamSize: unknow param 0x00008caa
04-16 21:00:01.431 4016 4057 E eglCodecCommon: glUtilsParamSize: unknow param 0x00008caa
04-16 21:00:01.447 4016 4057 E eglCodecCommon: glUtilsParamSize: unknow param 0x00008caa
04-16 21:00:01.463 4016 4057 E eglCodecCommon: glUtilsParamSize: unknow param 0x00008caa
04-16 21:00:01.472 4016 4057 E eglCodecCommon: glUtilsParamSize: unknow param 0x00000d02
04-16 21:00:01.486 4016 4057 E eglCodecCommon: glUtilsParamSize: unknow param 0x00008caa
04-16 21:00:01.493 3946 3961 I Gecko : 1744837201493 Marionette INFO No differences allowed
04-16 21:00:01.574 3946 3961 I Gecko : 1744837201574 Marionette INFO Testing http://web-platform.test:8000/css/CSS2/box-display/box-generation-001.xht == http://web-platform.test:8000/css/CSS2/box-display/box-generation-001-ref.xht
04-16 21:00:01.614 3946 3961 E GeckoConsole: [JavaScript Error: "TypeError: can't access property "nodePrincipal", this.contentDocument is null" {file: "chrome://global/content/elements/browser-custom-element.js" line: 661}]
04-16 21:00:01.614 3946 3961 E GeckoConsole: get contentPrincipal@chrome://global/content/elements/browser-custom-element.js:661:1
04-16 21:00:01.614 3946 3961 E GeckoConsole: onLocationChange@resource://gre/modules/GeckoViewNavigation.sys.mjs:640:34
04-16 21:00:01.629 3946 3961 E GeckoConsole: [JavaScript Error: "TypeError: can't access property "title", this.contentDocument is null" {file: "chrome://global/content/elements/browser-custom-element.js" line: 630}]
04-16 21:00:01.629 3946 3961 E GeckoConsole: get contentTitle@chrome://global/content/elements/browser-custom-element.js:630:1
04-16 21:00:01.629 3946 3961 E GeckoConsole: handleEvent@resource://gre/modules/GeckoViewContent.sys.mjs:379:11
04-16 21:00:01.653 4016 4057 E eglCodecCommon: glUtilsParamSize: unknow param 0x00008caa
04-16 21:00:01.708 4016 4057 E eglCodecCommon: glUtilsParamSize: unknow param 0x00008caa
04-16 21:00:01.719 4016 4057 E eglCodecCommon: glUtilsParamSize: unknow param 0x00008caa
04-16 21:00:01.734 4016 4057 E eglCodecCommon: glUtilsParamSize: unknow param 0x00008caa
04-16 21:00:01.745 4016 4057 E eglCodecCommon: glUtilsParamSize: unknow param 0x00000d02
04-16 21:00:01.754 4016 4057 E eglCodecCommon: glUtilsParamSize: unknow param 0x00008caa
04-16 21:00:01.804 3946 3961 W GeckoEventDispatcher: No listener for GeckoView:StateUpdated
04-16 21:00:01.820 3946 3961 E GeckoConsole: [JavaScript Error: "TypeError: can't access property "nodePrincipal", this.contentDocument is null" {file: "chrome://global/content/elements/browser-custom-element.js" line: 661}]
04-16 21:00:01.820 3946 3961 E GeckoConsole: get contentPrincipal@chrome://global/content/elements/browser-custom-element.js:661:1
04-16 21:00:01.820 3946 3961 E GeckoConsole: onLocationChange@resource://gre/modules/GeckoViewNavigation.sys.mjs:640:34
04-16 21:00:01.837 3946 3961 E GeckoConsole: [JavaScript Error: "TypeError: can't access property "title", this.contentDocument is null" {file: "chrome://global/content/elements/browser-custom-element.js" line: 630}]
04-16 21:00:01.837 3946 3961 E GeckoConsole: get contentTitle@chrome://global/content/elements/browser-custom-element.js:630:1
04-16 21:00:01.837 3946 3961 E GeckoConsole: handleEvent@resource://gre/modules/GeckoViewContent.sys.mjs:379:11
04-16 21:00:01.870 4016 4057 E eglCodecCommon: glUtilsParamSize: unknow param 0x00008caa
04-16 21:00:01.909 4016 4057 E eglCodecCommon: glUtilsParamSize: unknow param 0x00008caa
04-16 21:00:01.919 4016 4057 E eglCodecCommon: glUtilsParamSize: unknow param 0x00008caa
04-16 21:00:01.934 4016 4057 E eglCodecCommon: glUtilsParamSize: unknow param 0x00008caa
04-16 21:00:01.944 4016 4057 E eglCodecCommon: glUtilsParamSize: unknow param 0x00000d02
04-16 21:00:01.957 4016 4057 E eglCodecCommon: glUtilsParamSize: unknow param 0x00008caa
04-16 21:00:01.967 3946 3961 I Gecko : 1744837201967 Marionette INFO No differences allowed
04-16 21:00:02.057 3946 3961 I Gecko : 1744837202057 Marionette INFO Testing http://web-platform.test:8000/css/CSS2/box-display/box-generation-002.xht == http://web-platform.test:8000/css/CSS2/box-display/box-generation-002-ref.xht
04-16 21:00:02.098 3946 3961 E GeckoConsole: [JavaScript Error: "TypeError: can't access property "nodePrincipal", this.contentDocument is null" {file: "chrome://global/content/elements/browser-custom-element.js" line: 661}]
04-16 21:00:02.098 3946 3961 E GeckoConsole: get contentPrincipal@chrome://global/content/elements/browser-custom-element.js:661:1
04-16 21:00:02.098 3946 3961 E GeckoConsole: onLocationChange@resource://gre/modules/GeckoViewNavigation.sys.mjs:640:34
04-16 21:00:02.114 3946 3961 E GeckoConsole: [JavaScript Error: "TypeError: can't access property "title", this.contentDocument is null" {file: "chrome://global/content/elements/browser-custom-element.js" line: 630}]
04-16 21:00:02.114 3946 3961 E GeckoConsole: get contentTitle@chrome://global/content/elements/browser-custom-element.js:630:1
04-16 21:00:02.114 3946 3961 E GeckoConsole: handleEvent@resource://gre/modules/GeckoViewContent.sys.mjs:379:11
04-16 21:00:02.137 4016 4057 E eglCodecCommon: glUtilsParamSize: unknow param 0x00008caa
04-16 21:00:02.191 4016 4057 E eglCodecCommon: glUtilsParamSize: unknow param 0x00008caa
04-16 21:00:02.202 4016 4057 E eglCodecCommon: glUtilsParamSize: unknow param 0x00008caa
04-16 21:00:02.217 4016 4057 E eglCodecCommon: glUtilsParamSize: unknow param 0x00008caa
04-16 21:00:02.230 4016 4057 E eglCodecCommon: glUtilsParamSize: unknow param 0x00000d02
04-16 21:00:02.242 4016 4057 E eglCodecCommon: glUtilsParamSize: unknow param 0x00008caa
04-16 21:00:02.303 3946 3961 E GeckoConsole: [JavaScript Error: "TypeError: can't access property "nodePrincipal", this.contentDocument is null" {file: "chrome://global/content/elements/browser-custom-element.js" line: 661}]
04-16 21:00:02.303 3946 3961 E GeckoConsole: get contentPrincipal@chrome://global/content/elements/browser-custom-element.js:661:1
04-16 21:00:02.303 3946 3961 E GeckoConsole: onLocationChange@resource://gre/modules/GeckoViewNavigation.sys.mjs:640:34
04-16 21:00:02.320 3946 3961 E GeckoConsole: [JavaScript Error: "TypeError: can't access property "title", this.contentDocument is null" {file: "chrome://global/content/elements/browser-custom-element.js" line: 630}]
04-16 21:00:02.320 3946 3961 E GeckoConsole: get contentTitle@chrome://global/content/elements/browser-custom-element.js:630:1
04-16 21:00:02.320 3946 3961 E GeckoConsole: handleEvent@resource://gre/modules/GeckoViewContent.sys.mjs:379:11
04-16 21:00:02.353 4016 4057 E eglCodecCommon: glUtilsParamSize: unknow param 0x00008caa
04-16 21:00:02.393 4016 4057 E eglCodecCommon: glUtilsParamSize: unknow param 0x00008caa
04-16 21:00:02.407 4016 4057 E eglCodecCommon: glUtilsParamSize: unknow param 0x00008caa
04-16 21:00:02.418 4016 4057 E eglCodecCommon: glUtilsParamSize: unknow param 0x00008caa
04-16 21:00:02.428 4016 4057 E eglCodecCommon: glUtilsParamSize: unknow param 0x00000d02
04-16 21:00:02.438 4016 4057 E eglCodecCommon: glUtilsParamSize: unknow param 0x00008caa
04-16 21:00:02.447 3946 3961 I Gecko : 1744837202447 Marionette INFO No differences allowed
04-16 21:00:02.533 3946 3961 I Gecko : 1744837202532 Marionette INFO Testing http://web-platform.test:8000/css/CSS2/box-display/containing-block-001.xht == http://web-platform.test:8000/css/CSS2/reference/ref-filled-green-100px-square.xht
04-16 21:00:02.577 3946 3961 E GeckoConsole: [JavaScript Error: "TypeError: can't access property "nodePrincipal", this.contentDocument is null" {file: "chrome://global/content/elements/browser-custom-element.js" line: 661}]
04-16 21:00:02.577 3946 3961 E GeckoConsole: get contentPrincipal@chrome://global/content/elements/browser-custom-element.js:661:1
04-16 21:00:02.577 3946 3961 E GeckoConsole: onLocationChange@resource://gre/modules/GeckoViewNavigation.sys.mjs:640:34
04-16 21:00:02.593 3946 3961 E GeckoConsole: [JavaScript Error: "TypeError: can't access property "title", this.contentDocument is null" {file: "chrome://global/content/elements/browser-custom-element.js" line: 630}]
04-16 21:00:02.593 3946 3961 E GeckoConsole: get contentTitle@chrome://global/content/elements/browser-custom-element.js:630:1
04-16 21:00:02.593 3946 3961 E GeckoConsole: handleEvent@resource://gre/modules/GeckoViewContent.sys.mjs:379:11
04-16 21:00:02.620 4016 4057 E eglCodecCommon: glUtilsParamSize: unknow param 0x00008caa
04-16 21:00:02.675 4016 4057 E eglCodecCommon: glUtilsParamSize: unknow param 0x00008caa
04-16 21:00:02.685 4016 4057 E eglCodecCommon: glUtilsParamSize: unknow param 0x00008caa
04-16 21:00:02.700 4016 4057 E eglCodecCommon: glUtilsParamSize: unknow param 0x00008caa
04-16 21:00:02.710 4016 4057 E eglCodecCommon: glUtilsParamSize: unknow param 0x00000d02
04-16 21:00:02.724 4016 4057 E eglCodecCommon: glUtilsParamSize: unknow param 0x00008caa
04-16 21:00:02.787 3946 3961 E GeckoConsole: [JavaScript Error: "TypeError: can't access property "nodePrincipal", this.contentDocument is null" {file: "chrome://global/content/elements/browser-custom-element.js" line: 661}]
04-16 21:00:02.787 3946 3961 E GeckoConsole: get contentPrincipal@chrome://global/content/elements/browser-custom-element.js:661:1
04-16 21:00:02.787 3946 3961 E GeckoConsole: onLocationChange@resource://gre/modules/GeckoViewNavigation.sys.mjs:640:34
04-16 21:00:02.803 3946 3961 E GeckoConsole: [JavaScript Error: "TypeError: can't access property "title", this.contentDocument is null" {file: "chrome://global/content/elements/browser-custom-element.js" line: 630}]
04-16 21:00:02.803 3946 3961 E GeckoConsole: get contentTitle@chrome://global/content/elements/browser-custom-element.js:630:1
04-16 21:00:02.803 3946 3961 E GeckoConsole: handleEvent@resource://gre/modules/GeckoViewContent.sys.mjs:379:11
04-16 21:00:02.836 4016 4057 E eglCodecCommon: glUtilsParamSize: unknow param 0x00008caa
04-16 21:00:02.842 3946 3961 W GeckoEventDispatcher: No listener for GeckoView:StateUpdated
04-16 21:00:02.891 4016 4057 E eglCodecCommon: glUtilsParamSize: unknow param 0x00008caa
04-16 21:00:02.902 4016 4057 E eglCodecCommon: glUtilsParamSize: unknow param 0x00008caa
04-16 21:00:02.917 4016 4057 E eglCodecCommon: glUtilsParamSize: unknow param 0x00008caa
04-16 21:00:02.927 4016 4057 E eglCodecCommon: glUtilsParamSize: unknow param 0x00000d02
04-16 21:00:02.939 4016 4057 E eglCodecCommon: glUtilsParamSize: unknow param 0x00008caa
04-16 21:00:02.946 3946 3961 I Gecko : 1744837202946 Marionette INFO No differences allowed
04-16 21:00:03.032 3946 3961 I Gecko : 1744837203031 Marionette INFO Testing http://web-platform.test:8000/css/CSS2/box-display/containing-block-002.xht == http://web-platform.test:8000/css/CSS2/reference/ref-filled-green-100px-square.xht
04-16 21:00:03.076 3946 3961 E GeckoConsole: [JavaScript Error: "TypeError: can't access property "nodePrincipal", this.contentDocument is null" {file: "chrome://global/content/elements/browser-custom-element.js" line: 661}]
04-16 21:00:03.076 3946 3961 E GeckoConsole: get contentPrincipal@chrome://global/content/elements/browser-custom-element.js:661:1
04-16 21:00:03.076 3946 3961 E GeckoConsole: onLocationChange@resource://gre/modules/GeckoViewNavigation.sys.mjs:640:34
04-16 21:00:03.094 3946 3961 E GeckoConsole: [JavaScript Error: "TypeError: can't access property "title", this.contentDocument is null" {file: "chrome://global/content/elements/browser-custom-element.js" line: 630}]
04-16 21:00:03.094 3946 3961 E GeckoConsole: get contentTitle@chrome://global/content/elements/browser-custom-element.js:630:1
04-16 21:00:03.094 3946 3961 E GeckoConsole: handleEvent@resource://gre/modules/GeckoViewContent.sys.mjs:379:11
04-16 21:00:03.119 4016 4057 E eglCodecCommon: glUtilsParamSize: unknow param 0x00008caa
04-16 21:00:03.158 4016 4057 E eglCodecCommon: glUtilsParamSize: unknow param 0x00008caa
04-16 21:00:03.169 4016 4057 E eglCodecCommon: glUtilsParamSize: unknow param 0x00008caa
04-16 21:00:03.184 4016 4057 E eglCodecCommon: glUtilsParamSize: unknow param 0x00008caa
04-16 21:00:03.194 4016 4057 E eglCodecCommon: glUtilsParamSize: unknow param 0x00000d02
04-16 21:00:03.204 4016 4057 E eglCodecCommon: glUtilsParamSize: unknow param 0x00008caa
04-16 21:00:03.213 3946 3961 I Gecko : 1744837203212 Marionette INFO No differences allowed
04-16 21:00:03.298 3946 3961 I Gecko : 1744837203298 Marionette INFO Testing http://web-platform.test:8000/css/CSS2/box-display/containing-block-003.xht == http://web-platform.test:8000/css/CSS2/reference/ref-filled-green-100px-square.xht
04-16 21:00:03.343 3946 3961 E GeckoConsole: [JavaScript Error: "TypeError: can't access property "nodePrincipal", this.contentDocument is null" {file: "chrome://global/content/elements/browser-custom-element.js" line: 661}]
04-16 21:00:03.343 3946 3961 E GeckoConsole: get contentPrincipal@chrome://global/content/elements/browser-custom-element.js:661:1
04-16 21:00:03.343 3946 3961 E GeckoConsole: onLocationChange@resource://gre/modules/GeckoViewNavigation.sys.mjs:640:34
04-16 21:00:03.359 3946 3961 E GeckoConsole: [JavaScript Error: "TypeError: can't access property "title", this.contentDocument is null" {file: "chrome://global/content/elements/browser-custom-element.js" line: 630}]
04-16 21:00:03.359 3946 3961 E GeckoConsole: get contentTitle@chrome://global/content/elements/browser-custom-element.js:630:1
04-16 21:00:03.359 3946 3961 E GeckoConsole: handleEvent@resource://gre/modules/GeckoViewContent.sys.mjs:379:11
04-16 21:00:03.386 4016 4057 E eglCodecCommon: glUtilsParamSize: unknow param 0x00008caa
04-16 21:00:03.428 4016 4057 E eglCodecCommon: glUtilsParamSize: unknow param 0x00008caa
04-16 21:00:03.440 4016 4057 E eglCodecCommon: glUtilsParamSize: unknow param 0x00008caa
04-16 21:00:03.450 4016 4057 E eglCodecCommon: glUtilsParamSize: unknow param 0x00008caa
04-16 21:00:03.460 4016 4057 E eglCodecCommon: glUtilsParamSize: unknow param 0x00000d02
04-16 21:00:03.469 4016 4057 E eglCodecCommon: glUtilsParamSize: unknow param 0x00008caa
04-16 21:00:03.479 3946 3961 I Gecko : 1744837203479 Marionette INFO No differences allowed
04-16 21:00:03.577 3946 3961 I Gecko : 1744837203577 Marionette INFO Testing http://web-platform.test:8000/css/CSS2/box-display/containing-block-004.xht == http://web-platform.test:8000/css/CSS2/reference/ref-filled-green-100px-square.xht
04-16 21:00:03.622 3946 3961 E GeckoConsole: [JavaScript Error: "TypeError: can't access property "nodePrincipal", this.contentDocument is null" {file: "chrome://global/content/elements/browser-custom-element.js" line: 661}]
04-16 21:00:03.622 3946 3961 E GeckoConsole: get contentPrincipal@chrome://global/content/elements/browser-custom-element.js:661:1
04-16 21:00:03.622 3946 3961 E GeckoConsole: onLocationChange@resource://gre/modules/GeckoViewNavigation.sys.mjs:640:34
04-16 21:00:03.640 3946 3961 E GeckoConsole: [JavaScript Error: "TypeError: can't access property "title", this.contentDocument is null" {file: "chrome://global/content/elements/browser-custom-element.js" line: 630}]
04-16 21:00:03.640 3946 3961 E GeckoConsole: get contentTitle@chrome://global/content/elements/browser-custom-element.js:630:1
04-16 21:00:03.640 3946 3961 E GeckoConsole: handleEvent@resource://gre/modules/GeckoViewContent.sys.mjs:379:11
04-16 21:00:03.670 4016 4057 E eglCodecCommon: glUtilsParamSize: unknow param 0x00008caa
04-16 21:00:03.725 4016 4057 E eglCodecCommon: glUtilsParamSize: unknow param 0x00008caa
04-16 21:00:03.736 4016 4057 E eglCodecCommon: glUtilsParamSize: unknow param 0x00008caa
04-16 21:00:03.751 4016 4057 E eglCodecCommon: glUtilsParamSize: unknow param 0x00008caa
04-16 21:00:03.761 4016 4057 E eglCodecCommon: glUtilsParamSize: unknow param 0x00000d02
04-16 21:00:03.772 4016 4057 E eglCodecCommon: glUtilsParamSize: unknow param 0x00008caa
04-16 21:00:03.781 3946 3961 I Gecko : 1744837203781 Marionette INFO No differences allowed
04-16 21:00:03.864 3946 3961 I Gecko : 1744837203864 Marionette INFO Testing http://web-platform.test:8000/css/CSS2/box-display/containing-block-005.xht == http://web-platform.test:8000/css/CSS2/reference/ref-filled-green-100px-square.xht
04-16 21:00:03.912 3946 3961 E GeckoConsole: [JavaScript Error: "TypeError: can't access property "nodePrincipal", this.contentDocument is null" {file: "chrome://global/content/elements/browser-custom-element.js" line: 661}]
04-16 21:00:03.912 3946 3961 E GeckoConsole: get contentPrincipal@chrome://global/content/elements/browser-custom-element.js:661:1
04-16 21:00:03.912 3946 3961 E GeckoConsole: onLocationChange@resource://gre/modules/GeckoViewNavigation.sys.mjs:640:34
04-16 21:00:03.929 3946 3961 E GeckoConsole: [JavaScript Error: "TypeError: can't access property "title", this.contentDocument is null" {file: "chrome://global/content/elements/browser-custom-element.js" line: 630}]
04-16 21:00:03.929 3946 3961 E GeckoConsole: get contentTitle@chrome://global/content/elements/browser-custom-element.js:630:1
04-16 21:00:03.929 3946 3961 E GeckoConsole: handleEvent@resource://gre/modules/GeckoViewContent.sys.mjs:379:11
04-16 21:00:03.952 4016 4057 E eglCodecCommon: glUtilsParamSize: unknow param 0x00008caa
04-16 21:00:03.991 4016 4057 E eglCodecCommon: glUtilsParamSize: unknow param 0x00008caa
04-16 21:00:04.001 4016 4057 E eglCodecCommon: glUtilsParamSize: unknow param 0x00008caa
04-16 21:00:04.018 4016 4057 E eglCodecCommon: glUtilsParamSize: unknow param 0x00008caa
04-16 21:00:04.027 4016 4057 E eglCodecCommon: glUtilsParamSize: unknow param 0x00000d02
04-16 21:00:04.041 4016 4057 E eglCodecCommon: glUtilsParamSize: unknow param 0x00008caa
04-16 21:00:04.047 3946 3961 I Gecko : 1744837204047 Marionette INFO No differences allowed
04-16 21:00:04.092 3946 3961 W GeckoEventDispatcher: No listener for GeckoView:StateUpdated
04-16 21:00:04.137 3946 3961 I Gecko : 1744837204137 Marionette INFO Testing http://web-platform.test:8000/css/CSS2/box-display/containing-block-006.xht == http://web-platform.test:8000/css/CSS2/reference/ref-filled-green-100px-square.xht
04-16 21:00:04.184 3946 3961 E GeckoConsole: [JavaScript Error: "TypeError: can't access property "nodePrincipal", this.contentDocument is null" {file: "chrome://global/content/elements/browser-custom-element.js" line: 661}]
04-16 21:00:04.184 3946 3961 E GeckoConsole: get contentPrincipal@chrome://global/content/elements/browser-custom-element.js:661:1
04-16 21:00:04.184 3946 3961 E GeckoConsole: onLocationChange@resource://gre/modules/GeckoViewNavigation.sys.mjs:640:34
04-16 21:00:04.199 3946 3961 E GeckoConsole: [JavaScript Error: "TypeError: can't access property "title", this.contentDocument is null" {file: "chrome://global/content/elements/browser-custom-element.js" line: 630}]
04-16 21:00:04.199 3946 3961 E GeckoConsole: get contentTitle@chrome://global/content/elements/browser-custom-element.js:630:1
04-16 21:00:04.199 3946 3961 E GeckoConsole: handleEvent@resource://gre/modules/GeckoViewContent.sys.mjs:379:11
04-16 21:00:04.237 4016 4057 E eglCodecCommon: glUtilsParamSize: unknow param 0x00008caa
04-16 21:00:04.278 4016 4057 E eglCodecCommon: glUtilsParamSize: unknow param 0x00008caa
04-16 21:00:04.291 4016 4057 E eglCodecCommon: glUtilsParamSize: unknow param 0x00008caa
04-16 21:00:04.301 4016 4057 E eglCodecCommon: glUtilsParamSize: unknow param 0x00008caa
04-16 21:00:04.311 4016 4057 E eglCodecCommon: glUtilsParamSize: unknow param 0x00000d02
04-16 21:00:04.325 4016 4057 E eglCodecCommon: glUtilsParamSize: unknow param 0x00008caa
04-16 21:00:04.332 3946 3961 I Gecko : 1744837204332 Marionette INFO No differences allowed
04-16 21:00:04.426 3946 3961 I Gecko : 1744837204426 Marionette INFO Testing http://web-platform.test:8000/css/CSS2/box-display/containing-block-007.xht == http://web-platform.test:8000/css/CSS2/box-display/containing-block-007-ref.xht
04-16 21:00:04.471 3946 3961 E GeckoConsole: [JavaScript Error: "TypeError: can't access property "nodePrincipal", this.contentDocument is null" {file: "chrome://global/content/elements/browser-custom-element.js" line: 661}]
04-16 21:00:04.471 3946 3961 E GeckoConsole: get contentPrincipal@chrome://global/content/elements/browser-custom-element.js:661:1
04-16 21:00:04.471 3946 3961 E GeckoConsole: onLocationChange@resource://gre/modules/GeckoViewNavigation.sys.mjs:640:34
04-16 21:00:04.500 3946 3961 E GeckoConsole: [JavaScript Error: "TypeError: can't access property "title", this.contentDocument is null" {file: "chrome://global/content/elements/browser-custom-element.js" line: 630}]
04-16 21:00:04.500 3946 3961 E GeckoConsole: get contentTitle@chrome://global/content/elements/browser-custom-element.js:630:1
04-16 21:00:04.500 3946 3961 E GeckoConsole: handleEvent@resource://gre/modules/GeckoViewContent.sys.mjs:379:11
04-16 21:00:04.503 4016 4057 E eglCodecCommon: glUtilsParamSize: unknow param 0x00008caa
04-16 21:00:04.536 4016 4057 E eglCodecCommon: glUtilsParamSize: unknow param 0x00008caa
04-16 21:00:04.569 4016 4057 E eglCodecCommon: glUtilsParamSize: unknow param 0x00008741
04-16 21:00:04.737 4016 4057 E eglCodecCommon: glUtilsParamSize: unknow param 0x00008caa
04-16 21:00:04.755 4016 4057 E eglCodecCommon: glUtilsParamSize: unknow param 0x00008caa
04-16 21:00:04.767 4016 4057 E eglCodecCommon: glUtilsParamSize: unknow param 0x00008caa
04-16 21:00:04.785 4016 4057 E eglCodecCommon: glUtilsParamSize: unknow param 0x00008caa
04-16 21:00:04.800 4016 4057 E eglCodecCommon: glUtilsParamSize: unknow param 0x00000d02
04-16 21:00:04.813 4016 4057 E eglCodecCommon: glUtilsParamSize: unknow param 0x00008caa
04-16 21:00:04.885 3946 3961 E GeckoConsole: [JavaScript Error: "TypeError: can't access property "nodePrincipal", this.contentDocument is null" {file: "chrome://global/content/elements/browser-custom-element.js" line: 661}]
04-16 21:00:04.885 3946 3961 E GeckoConsole: get contentPrincipal@chrome://global/content/elements/browser-custom-element.js:661:1
04-16 21:00:04.885 3946 3961 E GeckoConsole: onLocationChange@resource://gre/modules/GeckoViewNavigation.sys.mjs:640:34
04-16 21:00:04.901 3946 3961 E GeckoConsole: [JavaScript Error: "TypeError: can't access property "title", this.contentDocument is null" {file: "chrome://global/content/elements/browser-custom-element.js" line: 630}]
04-16 21:00:04.901 3946 3961 E GeckoConsole: get contentTitle@chrome://global/content/elements/browser-custom-element.js:630:1
04-16 21:00:04.901 3946 3961 E GeckoConsole: handleEvent@resource://gre/modules/GeckoViewContent.sys.mjs:379:11
04-16 21:00:04.937 4016 4057 E eglCodecCommon: glUtilsParamSize: unknow param 0x00008caa
04-16 21:00:04.994 4016 4057 E eglCodecCommon: glUtilsParamSize: unknow param 0x00008caa
04-16 21:00:05.005 4016 4057 E eglCodecCommon: glUtilsParamSize: unknow param 0x00008caa
04-16 21:00:05.018 4016 4057 E eglCodecCommon: glUtilsParamSize: unknow param 0x00008caa
04-16 21:00:05.027 4016 4057 E eglCodecCommon: glUtilsParamSize: unknow param 0x00000d02
04-16 21:00:05.038 4016 4057 E eglCodecCommon: glUtilsParamSize: unknow param 0x00008caa
04-16 21:00:05.059 3946 3961 I Gecko : 1744837205059 Marionette INFO No differences allowed
04-16 21:00:05.140 3946 3961 I Gecko : 1744837205140 Marionette INFO Testing http://web-platform.test:8000/css/CSS2/box-display/containing-block-008.xht == http://web-platform.test:8000/css/CSS2/box-display/containing-block-008-ref.xht
04-16 21:00:05.158 3946 3961 W GeckoEventDispatcher: No listener for GeckoView:StateUpdated
04-16 21:00:05.187 3946 3961 E GeckoConsole: [JavaScript Error: "TypeError: can't access property "nodePrincipal", this.contentDocument is null" {file: "chrome://global/content/elements/browser-custom-element.js" line: 661}]
04-16 21:00:05.187 3946 3961 E GeckoConsole: get contentPrincipal@chrome://global/content/elements/browser-custom-element.js:661:1
04-16 21:00:05.187 3946 3961 E GeckoConsole: onLocationChange@resource://gre/modules/GeckoViewNavigation.sys.mjs:640:34
04-16 21:00:05.207 3946 3961 E GeckoConsole: [JavaScript Error: "TypeError: can't access property "title", this.contentDocument is null" {file: "chrome://global/content/elements/browser-custom-element.js" line: 630}]
04-16 21:00:05.207 3946 3961 E GeckoConsole: get contentTitle@chrome://global/content/elements/browser-custom-element.js:630:1
04-16 21:00:05.207 3946 3961 E GeckoConsole: handleEvent@resource://gre/modules/GeckoViewContent.sys.mjs:379:11
04-16 21:00:05.237 4016 4057 E eglCodecCommon: glUtilsParamSize: unknow param 0x00008caa
04-16 21:00:05.253 4016 4057 E eglCodecCommon: glUtilsParamSize: unknow param 0x00008caa
04-16 21:00:05.270 4016 4057 E eglCodecCommon: glUtilsParamSize: unknow param 0x00008caa
04-16 21:00:05.289 4016 4057 E eglCodecCommon: glUtilsParamSize: unknow param 0x00008caa
04-16 21:00:05.317 4016 4057 E eglCodecCommon: glUtilsParamSize: unknow param 0x00008caa
04-16 21:00:05.334 4016 4057 E eglCodecCommon: glUtilsParamSize: unknow param 0x00008caa
04-16 21:00:05.353 4016 4057 E eglCodecCommon: glUtilsParamSize: unknow param 0x00008caa
04-16 21:00:05.360 4016 4057 E eglCodecCommon: glUtilsParamSize: unknow param 0x00000d02
04-16 21:00:05.368 4016 4057 E eglCodecCommon: glUtilsParamSize: unknow param 0x00008caa
04-16 21:00:05.456 3946 3961 E GeckoConsole: [JavaScript Error: "TypeError: can't access property "nodePrincipal", this.contentDocument is null" {file: "chrome://global/content/elements/browser-custom-element.js" line: 661}]
04-16 21:00:05.456 3946 3961 E GeckoConsole: get contentPrincipal@chrome://global/content/elements/browser-custom-element.js:661:1
04-16 21:00:05.456 3946 3961 E GeckoConsole: onLocationChange@resource://gre/modules/GeckoViewNavigation.sys.mjs:640:34
04-16 21:00:05.474 3946 3961 E GeckoConsole: [JavaScript Error: "TypeError: can't access property "title", this.contentDocument is null" {file: "chrome://global/content/elements/browser-custom-element.js" line: 630}]
04-16 21:00:05.474 3946 3961 E GeckoConsole: get contentTitle@chrome://global/content/elements/browser-custom-element.js:630:1
04-16 21:00:05.474 3946 3961 E GeckoConsole: handleEvent@resource://gre/modules/GeckoViewContent.sys.mjs:379:11
04-16 21:00:05.503 4016 4057 E eglCodecCommon: glUtilsParamSize: unknow param 0x00008caa
04-16 21:00:05.539 4016 4057 E eglCodecCommon: glUtilsParamSize: unknow param 0x00008caa
04-16 21:00:05.552 4016 4057 E eglCodecCommon: glUtilsParamSize: unknow param 0x00008caa
04-16 21:00:05.568 4016 4057 E eglCodecCommon: glUtilsParamSize: unknow param 0x00008caa
04-16 21:00:05.584 4016 4057 E eglCodecCommon: glUtilsParamSize: unknow param 0x00008caa
04-16 21:00:05.595 4016 4057 E eglCodecCommon: glUtilsParamSize: unknow param 0x00000d02
04-16 21:00:05.607 4016 4057 E eglCodecCommon: glUtilsParamSize: unknow param 0x00008caa
04-16 21:00:05.624 3946 3961 I Gecko : 1744837205624 Marionette INFO No differences allowed
04-16 21:00:05.708 3946 3961 I Gecko : 1744837205708 Marionette INFO Testing http://web-platform.test:8000/css/CSS2/box-display/containing-block-009.xht == http://web-platform.test:8000/css/CSS2/box-display/containing-block-009-ref.xht
04-16 21:00:05.748 3946 3961 E GeckoConsole: [JavaScript Error: "TypeError: can't access property "nodePrincipal", this.contentDocument is null" {file: "chrome://global/content/elements/browser-custom-element.js" line: 661}]
04-16 21:00:05.748 3946 3961 E GeckoConsole: get contentPrincipal@chrome://global/content/elements/browser-custom-element.js:661:1
04-16 21:00:05.748 3946 3961 E GeckoConsole: onLocationChange@resource://gre/modules/GeckoViewNavigation.sys.mjs:640:34
04-16 21:00:05.765 3946 3961 E GeckoConsole: [JavaScript Error: "TypeError: can't access property "title", this.contentDocument is null" {file: "chrome://global/content/elements/browser-custom-element.js" line: 630}]
04-16 21:00:05.765 3946 3961 E GeckoConsole: get contentTitle@chrome://global/content/elements/browser-custom-element.js:630:1
04-16 21:00:05.765 3946 3961 E GeckoConsole: handleEvent@resource://gre/modules/GeckoViewContent.sys.mjs:379:11
04-16 21:00:05.803 4016 4057 E eglCodecCommon: glUtilsParamSize: unknow param 0x00008caa
04-16 21:00:05.837 4016 4057 E eglCodecCommon: glUtilsParamSize: unknow param 0x00008caa
04-16 21:00:05.862 4016 4057 E eglCodecCommon: glUtilsParamSize: unknow param 0x00008caa
04-16 21:00:05.876 4016 4057 E eglCodecCommon: glUtilsParamSize: unknow param 0x00008caa
04-16 21:00:05.886 4016 4057 E eglCodecCommon: glUtilsParamSize: unknow param 0x00008caa
04-16 21:00:05.895 4016 4057 E eglCodecCommon: glUtilsParamSize: unknow param 0x00000d02
04-16 21:00:05.910 4016 4057 E eglCodecCommon: glUtilsParamSize: unknow param 0x00008caa
04-16 21:00:06.000 3946 3961 E GeckoConsole: [JavaScript Error: "TypeError: can't access property "nodePrincipal", this.contentDocument is null" {file: "chrome://global/content/elements/browser-custom-element.js" line: 661}]
04-16 21:00:06.000 3946 3961 E GeckoConsole: get contentPrincipal@chrome://global/content/elements/browser-custom-element.js:661:1
04-16 21:00:06.000 3946 3961 E GeckoConsole: onLocationChange@resource://gre/modules/GeckoViewNavigation.sys.mjs:640:34
04-16 21:00:06.018 3946 3961 E GeckoConsole: [JavaScript Error: "TypeError: can't access property "title", this.contentDocument is null" {file: "chrome://global/content/elements/browser-custom-element.js" line: 630}]
04-16 21:00:06.018 3946 3961 E GeckoConsole: get contentTitle@chrome://global/content/elements/browser-custom-element.js:630:1
04-16 21:00:06.018 3946 3961 E GeckoConsole: handleEvent@resource://gre/modules/GeckoViewContent.sys.mjs:379:11
04-16 21:00:06.053 4016 4057 E eglCodecCommon: glUtilsParamSize: unknow param 0x00008caa
04-16 21:00:06.072 4016 4057 E eglCodecCommon: glUtilsParamSize: unknow param 0x00008caa
04-16 21:00:06.094 4016 4057 E eglCodecCommon: glUtilsParamSize: unknow param 0x00008caa
04-16 21:00:06.111 4016 4057 E eglCodecCommon: glUtilsParamSize: unknow param 0x00008caa
04-16 21:00:06.129 4016 4057 E eglCodecCommon: glUtilsParamSize: unknow param 0x00008caa
04-16 21:00:06.137 4016 4057 E eglCodecCommon: glUtilsParamSize: unknow param 0x00000d02
04-16 21:00:06.160 4016 4057 E eglCodecCommon: glUtilsParamSize: unknow param 0x00008caa
04-16 21:00:06.178 3946 3961 I Gecko : 1744837206178 Marionette INFO No differences allowed
04-16 21:00:06.186 3946 3961 W GeckoEventDispatcher: No listener for GeckoView:StateUpdated
04-16 21:00:06.258 3946 3961 I Gecko : 1744837206258 Marionette INFO Testing http://web-platform.test:8000/css/CSS2/box-display/containing-block-010.xht == http://web-platform.test:8000/css/CSS2/box-display/containing-block-008-ref.xht
04-16 21:00:06.304 3946 3961 E GeckoConsole: [JavaScript Error: "TypeError: can't access property "nodePrincipal", this.contentDocument is null" {file: "chrome://global/content/elements/browser-custom-element.js" line: 661}]
04-16 21:00:06.304 3946 3961 E GeckoConsole: get contentPrincipal@chrome://global/content/elements/browser-custom-element.js:661:1
04-16 21:00:06.304 3946 3961 E GeckoConsole: onLocationChange@resource://gre/modules/GeckoViewNavigation.sys.mjs:640:34
04-16 21:00:06.321 3946 3961 E GeckoConsole: [JavaScript Error: "TypeError: can't access property "title", this.contentDocument is null" {file: "chrome://global/content/elements/browser-custom-element.js" line: 630}]
04-16 21:00:06.321 3946 3961 E GeckoConsole: get contentTitle@chrome://global/content/elements/browser-custom-element.js:630:1
04-16 21:00:06.321 3946 3961 E GeckoConsole: handleEvent@resource://gre/modules/GeckoViewContent.sys.mjs:379:11
04-16 21:00:06.353 4016 4057 E eglCodecCommon: glUtilsParamSize: unknow param 0x00008caa
04-16 21:00:06.472 4016 4057 E eglCodecCommon: glUtilsParamSize: unknow param 0x00008caa
04-16 21:00:06.488 4016 4057 E eglCodecCommon: glUtilsParamSize: unknow param 0x00008caa
04-16 21:00:06.501 4016 4057 E eglCodecCommon: glUtilsParamSize: unknow param 0x00008caa
04-16 21:00:06.523 4016 4057 E eglCodecCommon: glUtilsParamSize: unknow param 0x00008caa
04-16 21:00:06.532 4016 4057 E eglCodecCommon: glUtilsParamSize: unknow param 0x00000d02
04-16 21:00:06.548 4016 4057 E eglCodecCommon: glUtilsParamSize: unknow param 0x00008caa
04-16 21:00:06.560 3946 3961 I Gecko : 1744837206560 Marionette INFO No differences allowed
04-16 21:00:06.645 3946 3961 I Gecko : 1744837206645 Marionette INFO Testing http://web-platform.test:8000/css/CSS2/box-display/containing-block-019.xht == http://web-platform.test:8000/css/CSS2/box-display/containing-block-019-ref.xht
04-16 21:00:06.692 3946 3961 E GeckoConsole: [JavaScript Error: "TypeError: can't access property "nodePrincipal", this.contentDocument is null" {file: "chrome://global/content/elements/browser-custom-element.js" line: 661}]
04-16 21:00:06.692 3946 3961 E GeckoConsole: get contentPrincipal@chrome://global/content/elements/browser-custom-element.js:661:1
04-16 21:00:06.692 3946 3961 E GeckoConsole: onLocationChange@resource://gre/modules/GeckoViewNavigation.sys.mjs:640:34
04-16 21:00:06.716 3946 3961 E GeckoConsole: [JavaScript Error: "TypeError: can't access property "title", this.contentDocument is null" {file: "chrome://global/content/elements/browser-custom-element.js" line: 630}]
04-16 21:00:06.716 3946 3961 E GeckoConsole: get contentTitle@chrome://global/content/elements/browser-custom-element.js:630:1
04-16 21:00:06.716 3946 3961 E GeckoConsole: handleEvent@resource://gre/modules/GeckoViewContent.sys.mjs:379:11
04-16 21:00:06.743 4016 4057 E eglCodecCommon: glUtilsParamSize: unknow param 0x00008caa
04-16 21:00:06.760 4016 4057 E eglCodecCommon: glUtilsParamSize: unknow param 0x00008caa
04-16 21:00:06.773 4016 4057 E eglCodecCommon: glUtilsParamSize: unknow param 0x00008caa
04-16 21:00:06.796 4016 4057 E eglCodecCommon: glUtilsParamSize: unknow param 0x00008caa
04-16 21:00:06.815 4016 4057 E eglCodecCommon: glUtilsParamSize: unknow param 0x00008caa
04-16 21:00:06.833 4016 4057 E eglCodecCommon: glUtilsParamSize: unknow param 0x00008caa
04-16 21:00:06.847 4016 4057 E eglCodecCommon: glUtilsParamSize: unknow param 0x00000d02
04-16 21:00:06.860 4016 4057 E eglCodecCommon: glUtilsParamSize: unknow param 0x00008caa
04-16 21:00:06.935 3946 3961 E GeckoConsole: [JavaScript Error: "TypeError: can't access property "nodePrincipal", this.contentDocument is null" {file: "chrome://global/content/elements/browser-custom-element.js" line: 661}]
04-16 21:00:06.935 3946 3961 E GeckoConsole: get contentPrincipal@chrome://global/content/elements/browser-custom-element.js:661:1
04-16 21:00:06.935 3946 3961 E GeckoConsole: onLocationChange@resource://gre/modules/GeckoViewNavigation.sys.mjs:640:34
04-16 21:00:06.952 3946 3961 E GeckoConsole: [JavaScript Error: "TypeError: can't access property "title", this.contentDocument is null" {file: "chrome://global/content/elements/browser-custom-element.js" line: 630}]
04-16 21:00:06.952 3946 3961 E GeckoConsole: get contentTitle@chrome://global/content/elements/browser-custom-element.js:630:1
04-16 21:00:06.952 3946 3961 E GeckoConsole: handleEvent@resource://gre/modules/GeckoViewContent.sys.mjs:379:11
04-16 21:00:06.988 4016 4057 E eglCodecCommon: glUtilsParamSize: unknow param 0x00008caa
04-16 21:00:07.021 4016 4057 E eglCodecCommon: glUtilsParamSize: unknow param 0x00008caa
04-16 21:00:07.037 4016 4057 E eglCodecCommon: glUtilsParamSize: unknow param 0x00008caa
04-16 21:00:07.051 4016 4057 E eglCodecCommon: glUtilsParamSize: unknow param 0x00008caa
04-16 21:00:07.070 4016 4057 E eglCodecCommon: glUtilsParamSize: unknow param 0x00008caa
04-16 21:00:07.083 4016 4057 E eglCodecCommon: glUtilsParamSize: unknow param 0x00000d02
04-16 21:00:07.097 4016 4057 E eglCodecCommon: glUtilsParamSize: unknow param 0x00008caa
04-16 21:00:07.113 3946 3961 I Gecko : 1744837207113 Marionette INFO No differences allowed
04-16 21:00:07.230 3946 3961 I Gecko : 1744837207230 Marionette INFO Testing http://web-platform.test:8000/css/CSS2/box-display/containing-block-020.xht == http://web-platform.test:8000/css/CSS2/box-display/containing-block-020-ref.xht
04-16 21:00:07.274 3946 3961 E GeckoConsole: [JavaScript Error: "TypeError: can't access property "nodePrincipal", this.contentDocument is null" {file: "chrome://global/content/elements/browser-custom-element.js" line: 661}]
04-16 21:00:07.274 3946 3961 E GeckoConsole: get contentPrincipal@chrome://global/content/elements/browser-custom-element.js:661:1
04-16 21:00:07.274 3946 3961 E GeckoConsole: onLocationChange@resource://gre/modules/GeckoViewNavigation.sys.mjs:640:34
04-16 21:00:07.295 3946 3961 E GeckoConsole: [JavaScript Error: "TypeError: can't access property "title", this.contentDocument is null" {file: "chrome://global/content/elements/browser-custom-element.js" line: 630}]
04-16 21:00:07.295 3946 3961 E GeckoConsole: get contentTitle@chrome://global/content/elements/browser-custom-element.js:630:1
04-16 21:00:07.295 3946 3961 E GeckoConsole: handleEvent@resource://gre/modules/GeckoViewContent.sys.mjs:379:11
04-16 21:00:07.324 4016 4057 E eglCodecCommon: glUtilsParamSize: unknow param 0x00008caa
04-16 21:00:07.341 4016 4057 E eglCodecCommon: glUtilsParamSize: unknow param 0x00008caa
04-16 21:00:07.341 3946 3961 W GeckoEventDispatcher: No listener for GeckoView:StateUpdated
04-16 21:00:07.355 4016 4057 E eglCodecCommon: glUtilsParamSize: unknow param 0x00008caa
04-16 21:00:07.377 4016 4057 E eglCodecCommon: glUtilsParamSize: unknow param 0x00008caa
04-16 21:00:07.392 4016 4057 E eglCodecCommon: glUtilsParamSize: unknow param 0x00008caa
04-16 21:00:07.418 4016 4057 E eglCodecCommon: glUtilsParamSize: unknow param 0x00008caa
04-16 21:00:07.429 4016 4057 E eglCodecCommon: glUtilsParamSize: unknow param 0x00000d02
04-16 21:00:07.436 4016 4057 E eglCodecCommon: glUtilsParamSize: unknow param 0x00008caa
04-16 21:00:07.514 3946 3961 E GeckoConsole: [JavaScript Error: "TypeError: can't access property "nodePrincipal", this.contentDocument is null" {file: "chrome://global/content/elements/browser-custom-element.js" line: 661}]
04-16 21:00:07.514 3946 3961 E GeckoConsole: get contentPrincipal@chrome://global/content/elements/browser-custom-element.js:661:1
04-16 21:00:07.514 3946 3961 E GeckoConsole: onLocationChange@resource://gre/modules/GeckoViewNavigation.sys.mjs:640:34
04-16 21:00:07.531 3946 3961 E GeckoConsole: [JavaScript Error: "TypeError: can't access property "title", this.contentDocument is null" {file: "chrome://global/content/elements/browser-custom-element.js" line: 630}]
04-16 21:00:07.531 3946 3961 E GeckoConsole: get contentTitle@chrome://global/content/elements/browser-custom-element.js:630:1
04-16 21:00:07.531 3946 3961 E GeckoConsole: handleEvent@resource://gre/modules/GeckoViewContent.sys.mjs:379:11
04-16 21:00:07.554 4016 4057 E eglCodecCommon: glUtilsParamSize: unknow param 0x00008caa
04-16 21:00:07.588 4016 4057 E eglCodecCommon: glUtilsParamSize: unknow param 0x00008caa
04-16 21:00:07.636 4016 4057 E eglCodecCommon: glUtilsParamSize: unknow param 0x00008caa
04-16 21:00:07.647 4016 4057 E eglCodecCommon: glUtilsParamSize: unknow param 0x00008caa
04-16 21:00:07.661 4016 4057 E eglCodecCommon: glUtilsParamSize: unknow param 0x00008caa
04-16 21:00:07.670 4016 4057 E eglCodecCommon: glUtilsParamSize: unknow param 0x00000d02
04-16 21:00:07.682 4016 4057 E eglCodecCommon: glUtilsParamSize: unknow param 0x00008caa
04-16 21:00:07.696 3946 3961 I Gecko : 1744837207696 Marionette INFO No differences allowed
04-16 21:00:07.785 3946 3961 I Gecko : 1744837207785 Marionette INFO Testing http://web-platform.test:8000/css/CSS2/box-display/containing-block-021.xht == http://web-platform.test:8000/css/CSS2/box-display/containing-block-019-ref.xht
04-16 21:00:07.828 3946 3961 E GeckoConsole: [JavaScript Error: "TypeError: can't access property "nodePrincipal", this.contentDocument is null" {file: "chrome://global/content/elements/browser-custom-element.js" line: 661}]
04-16 21:00:07.828 3946 3961 E GeckoConsole: get contentPrincipal@chrome://global/content/elements/browser-custom-element.js:661:1
04-16 21:00:07.828 3946 3961 E GeckoConsole: onLocationChange@resource://gre/modules/GeckoViewNavigation.sys.mjs:640:34
04-16 21:00:07.845 3946 3961 E GeckoConsole: [JavaScript Error: "TypeError: can't access property "title", this.contentDocument is null" {file: "chrome://global/content/elements/browser-custom-element.js" line: 630}]
