04-16 20:59:35.981 1657 1657 I GnssLocationProvider: WakeLock acquired by sendMessage(3, 0, com.android.server.location.GnssLocationProvider$GpsRequest@379219b)
04-16 20:59:35.982 1657 1670 I GnssLocationProvider: WakeLock released by handleMessage(3, 0, com.android.server.location.GnssLocationProvider$GpsRequest@379219b)
04-16 20:59:35.983 3399 3399 I art : System.exit called, status: 0
04-16 20:59:35.983 3399 3399 I AndroidRuntime: VM exiting with result code 0.
04-16 20:59:36.105 3411 3411 D AndroidRuntime: >>>>>> START com.android.internal.os.RuntimeInit uid 0 <<<<<<
04-16 20:59:36.106 3411 3411 D AndroidRuntime: CheckJNI is OFF
04-16 20:59:36.129 3411 3411 W art : Unexpected CPU variant for X86 using defaults: x86_64
04-16 20:59:36.132 3411 3411 D ICU : No timezone override file found: /data/misc/zoneinfo/current/icu/icu_tzdata.dat
04-16 20:59:36.147 3411 3411 E memtrack: Couldn't load memtrack module (No such file or directory)
04-16 20:59:36.147 3411 3411 E android.os.Debug: failed to load memtrack module: -2
04-16 20:59:36.148 3411 3411 I Radio-JNI: register_android_hardware_Radio DONE
04-16 20:59:36.152 3411 3411 D AndroidRuntime: Calling main entry com.android.commands.pm.Pm
04-16 20:59:36.158 1657 2092 D VoldConnector: SND -> {7 volume remount_uid 10062 default}
04-16 20:59:36.159 1294 1326 D vold : Remounting 10062 as mode default
04-16 20:59:36.159 1657 1657 I GnssLocationProvider: WakeLock acquired by sendMessage(3, 0, com.android.server.location.GnssLocationProvider$GpsRequest@bb2b938)
04-16 20:59:36.160 1657 1670 I GnssLocationProvider: WakeLock released by handleMessage(3, 0, com.android.server.location.GnssLocationProvider$GpsRequest@bb2b938)
04-16 20:59:36.160 1657 1698 D VoldConnector: RCV <- {200 7 Command succeeded}
04-16 20:59:36.161 3411 3411 I art : System.exit called, status: 0
04-16 20:59:36.161 3411 3411 I AndroidRuntime: VM exiting with result code 0.
04-16 20:59:36.282 3423 3423 D AndroidRuntime: >>>>>> START com.android.internal.os.RuntimeInit uid 0 <<<<<<
04-16 20:59:36.283 3423 3423 D AndroidRuntime: CheckJNI is OFF
04-16 20:59:36.306 3423 3423 W art : Unexpected CPU variant for X86 using defaults: x86_64
04-16 20:59:36.309 3423 3423 D ICU : No timezone override file found: /data/misc/zoneinfo/current/icu/icu_tzdata.dat
04-16 20:59:36.325 3423 3423 E memtrack: Couldn't load memtrack module (No such file or directory)
04-16 20:59:36.326 3423 3423 E android.os.Debug: failed to load memtrack module: -2
04-16 20:59:36.326 3423 3423 I Radio-JNI: register_android_hardware_Radio DONE
04-16 20:59:36.331 3423 3423 D AndroidRuntime: Calling main entry com.android.commands.pm.Pm
04-16 20:59:36.338 1657 2078 D VoldConnector: SND -> {8 volume remount_uid 10062 write}
04-16 20:59:36.339 1294 1326 D vold : Remounting 10062 as mode write
04-16 20:59:36.339 1657 1657 I GnssLocationProvider: WakeLock acquired by sendMessage(3, 0, com.android.server.location.GnssLocationProvider$GpsRequest@8d81d11)
04-16 20:59:36.340 1657 1698 D VoldConnector: RCV <- {200 8 Command succeeded}
04-16 20:59:36.340 1657 1670 I GnssLocationProvider: WakeLock released by handleMessage(3, 0, com.android.server.location.GnssLocationProvider$GpsRequest@8d81d11)
04-16 20:59:36.341 3423 3423 I art : System.exit called, status: 0
04-16 20:59:36.341 3423 3423 I AndroidRuntime: VM exiting with result code 0.
04-16 20:59:36.462 3435 3435 D AndroidRuntime: >>>>>> START com.android.internal.os.RuntimeInit uid 0 <<<<<<
04-16 20:59:36.463 3435 3435 D AndroidRuntime: CheckJNI is OFF
04-16 20:59:36.485 3435 3435 W art : Unexpected CPU variant for X86 using defaults: x86_64
04-16 20:59:36.488 3435 3435 D ICU : No timezone override file found: /data/misc/zoneinfo/current/icu/icu_tzdata.dat
04-16 20:59:36.507 3435 3435 E memtrack: Couldn't load memtrack module (No such file or directory)
04-16 20:59:36.507 3435 3435 E android.os.Debug: failed to load memtrack module: -2
04-16 20:59:36.507 3435 3435 I Radio-JNI: register_android_hardware_Radio DONE
04-16 20:59:36.512 3435 3435 D AndroidRuntime: Calling main entry com.android.commands.am.Am
04-16 20:59:36.520 1657 1669 I ActivityManager: START u0 {act=android.intent.action.MAIN flg=0x10000000 cmp=org.mozilla.geckoview.test_runner/.TestRunnerActivity (has extras)} from uid 0 on display 0
04-16 20:59:36.532 1657 1669 E WindowManager: Performed 6 layouts in a row. Skipping
04-16 20:59:36.541 3444 3444 I art : Late-enabling -Xcheck:jni
04-16 20:59:36.541 3444 3444 W art : Unexpected CPU variant for X86 using defaults: x86_64
04-16 20:59:36.544 1657 1861 I ActivityManager: Start proc 3444:org.mozilla.geckoview.test_runner/u0a62 for activity org.mozilla.geckoview.test_runner/.TestRunnerActivity
04-16 20:59:36.570 1337 1588 D gralloc_ranchu: gralloc_alloc: Creating ashmem region of size 4096000
04-16 20:59:36.634 2144 2196 D EGL_emulation: eglMakeCurrent: 0x757aa4071da0: ver 3 0 (tinfo 0x757aa408fc00)
04-16 20:59:36.660 3444 3444 D GeckoThread: State changed to LAUNCHED
04-16 20:59:36.662 3444 3460 I GeckoThread: preparing to run Gecko
04-16 20:59:36.704 3444 3460 W linker : /data/app/org.mozilla.geckoview.test_runner-1/lib/x86_64/libmozglue.so: unused DT entry: type 0x24 arg 0x3dbe8
04-16 20:59:36.704 3444 3460 W linker : /data/app/org.mozilla.geckoview.test_runner-1/lib/x86_64/libmozglue.so: unused DT entry: type 0x23 arg 0x200
04-16 20:59:36.704 3444 3460 W linker : /data/app/org.mozilla.geckoview.test_runner-1/lib/x86_64/libmozglue.so: unused DT entry: type 0x25 arg 0x8
04-16 20:59:36.720 3444 3444 D GeckoRuntime: Lifecycle: onCreate
04-16 20:59:36.724 3444 3460 D GeckoThread: State changed to MOZGLUE_READY
04-16 20:59:36.756 3444 3460 D GeckoLoader: Library base=/data/app/org.mozilla.geckoview.test_runner-1/lib/x86_64
04-16 20:59:36.758 3444 3460 I art : Rejecting re-init on previously-failed class java.lang.Class: java.lang.NoClassDefFoundError: Failed resolution of: Landroid/app/UiModeManager$ContrastChangeListener;
04-16 20:59:36.758 3444 3460 I art : at org.mozilla.gecko.GeckoSystemStateListener org.mozilla.gecko.GeckoSystemStateListener.getInstance() (GeckoSystemStateListener.java:49)
04-16 20:59:36.758 3444 3460 I art : at void org.mozilla.gecko.GeckoThread.initGeckoEnvironment() (GeckoThread.java:328)
04-16 20:59:36.758 3444 3460 I art : at void org.mozilla.gecko.GeckoThread.run() (GeckoThread.java:475)
04-16 20:59:36.758 3444 3460 I art : Caused by: java.lang.ClassNotFoundException: Didn't find class "android.app.UiModeManager$ContrastChangeListener" on path: DexPathList[[zip file "/system/framework/android.test.runner.jar", zip file "/data/app/org.mozilla.geckoview.test_runner-1/base.apk"],nativeLibraryDirectories=[/data/app/org.mozilla.geckoview.test_runner-1/lib/x86_64, /data/app/org.mozilla.geckoview.test_runner-1/base.apk!/lib/x86_64, /system/lib64, /vendor/lib64]]
04-16 20:59:36.758 3444 3460 I art : at java.lang.Class dalvik.system.BaseDexClassLoader.findClass(java.lang.String) (BaseDexClassLoader.java:56)
04-16 20:59:36.758 3444 3460 I art : at java.lang.Class java.lang.ClassLoader.loadClass(java.lang.String, boolean) (ClassLoader.java:380)
04-16 20:59:36.758 3444 3460 I art : at java.lang.Class java.lang.ClassLoader.loadClass(java.lang.String) (ClassLoader.java:312)
04-16 20:59:36.758 3444 3460 I art : at org.mozilla.gecko.GeckoSystemStateListener org.mozilla.gecko.GeckoSystemStateListener.getInstance() (GeckoSystemStateListener.java:49)
04-16 20:59:36.758 3444 3460 I art : at void org.mozilla.gecko.GeckoThread.initGeckoEnvironment() (GeckoThread.java:328)
04-16 20:59:36.758 3444 3460 I art : at void org.mozilla.gecko.GeckoThread.run() (GeckoThread.java:475)
04-16 20:59:36.758 3444 3460 I art :
04-16 20:59:36.763 3444 3460 W Settings: Setting animator_duration_scale has moved from android.provider.Settings.System to android.provider.Settings.Global, returning read-only global URI.
04-16 20:59:36.766 3444 3460 D GeckoLoader: Library base=/data/app/org.mozilla.geckoview.test_runner-1/lib/x86_64
04-16 20:59:36.773 3444 3460 E GeckoLibLoad: Load sqlite start
04-16 20:59:36.797 3444 3460 W linker : /data/app/org.mozilla.geckoview.test_runner-1/lib/x86_64/libnss3.so: unused DT entry: type 0x24 arg 0x16248
04-16 20:59:36.797 3444 3460 W linker : /data/app/org.mozilla.geckoview.test_runner-1/lib/x86_64/libnss3.so: unused DT entry: type 0x23 arg 0x600
04-16 20:59:36.797 3444 3460 W linker : /data/app/org.mozilla.geckoview.test_runner-1/lib/x86_64/libnss3.so: unused DT entry: type 0x25 arg 0x8
04-16 20:59:36.798 3444 3460 E GeckoLibLoad: Load sqlite done
04-16 20:59:36.799 3444 3460 D GeckoLoader: Library base=/data/app/org.mozilla.geckoview.test_runner-1/lib/x86_64
04-16 20:59:36.799 3444 3460 E GeckoLibLoad: Load nss start
04-16 20:59:36.799 3444 3460 E GeckoLibLoad: Load nss done
04-16 20:59:36.799 3444 3460 D GeckoLoader: Library base=/data/app/org.mozilla.geckoview.test_runner-1/lib/x86_64
04-16 20:59:36.817 3444 3460 W linker : /data/app/org.mozilla.geckoview.test_runner-1/lib/x86_64/libxul.so: unused DT entry: type 0x24 arg 0x224d8
04-16 20:59:36.818 3444 3460 W linker : /data/app/org.mozilla.geckoview.test_runner-1/lib/x86_64/libxul.so: unused DT entry: type 0x23 arg 0x17fb0
04-16 20:59:36.818 3444 3460 W linker : /data/app/org.mozilla.geckoview.test_runner-1/lib/x86_64/libxul.so: unused DT entry: type 0x25 arg 0x8
04-16 20:59:36.818 3444 3460 W linker : /data/app/org.mozilla.geckoview.test_runner-1/lib/x86_64/libgkcodecs.so: unused DT entry: type 0x24 arg 0x34a0
04-16 20:59:36.818 3444 3460 W linker : /data/app/org.mozilla.geckoview.test_runner-1/lib/x86_64/libgkcodecs.so: unused DT entry: type 0x23 arg 0xa60
04-16 20:59:36.818 3444 3460 W linker : /data/app/org.mozilla.geckoview.test_runner-1/lib/x86_64/libgkcodecs.so: unused DT entry: type 0x25 arg 0x8
04-16 20:59:37.020 3444 3460 E GeckoLibLoad: Loaded libs in 221.236270ms total, 0ms(60ms) user, 150ms(210ms) system, 0(0) faults
04-16 20:59:37.020 3444 3460 D GeckoThread: State changed to LIBS_READY
04-16 20:59:37.027 3444 3460 W GeckoThread: zerdatime 57611 - runGecko
04-16 20:59:37.033 3444 3444 D GeckoRuntime: Lifecycle: onStart
04-16 20:59:37.044 3444 3444 D GeckoRuntime: Lifecycle: onResume
04-16 20:59:37.047 3444 3444 D GeckoNetworkManager: Incoming event start for state OffNoListeners -> OnNoListeners
04-16 20:59:37.049 3444 3444 D GeckoNetworkManager: New network state: UP, WIFI, WIFI
04-16 20:59:37.033 3444 3444 I Gecko : type=1400 audit(0.0:4): avc: denied { write } for name="profile" dev="vdc" ino=56324 scontext=u:r:untrusted_app:s0:c512,c768 tcontext=u:object_r:shell_data_file:s0 tclass=dir permissive=1
04-16 20:59:37.071 3444 3460 I Gecko:DumpUtils: Fifo watcher disabled via pref.
04-16 20:59:37.033 3444 3444 I Gecko : type=1400 audit(0.0:5): avc: denied { add_name } for name=".parentlock" scontext=u:r:untrusted_app:s0:c512,c768 tcontext=u:object_r:shell_data_file:s0 tclass=dir permissive=1
04-16 20:59:37.080 3444 3460 W ResourceType: Too many attribute references, stopped at: 0x01010099
04-16 20:59:37.033 3444 3444 I Gecko : type=1400 audit(0.0:6): avc: denied { create } for name=".parentlock" scontext=u:r:untrusted_app:s0:c512,c768 tcontext=u:object_r:shell_data_file:s0:c512,c768 tclass=file permissive=1
04-16 20:59:37.053 3444 3444 I Gecko : type=1400 audit(0.0:7): avc: denied { create } for name="lock" scontext=u:r:untrusted_app:s0:c512,c768 tcontext=u:object_r:shell_data_file:s0:c512,c768 tclass=lnk_file permissive=1
04-16 20:59:37.129 3444 3460 D GeckoAppShell: System memory: 3006MB.
04-16 20:59:37.053 3444 3444 I Gecko : type=1400 audit(0.0:8): avc: denied { create } for name="minidumps" scontext=u:r:untrusted_app:s0:c512,c768 tcontext=u:object_r:shell_data_file:s0:c512,c768 tclass=dir permissive=1
04-16 20:59:37.131 1337 1588 E SurfaceFlinger: ro.sf.lcd_density must be defined as a build property
04-16 20:59:37.133 3444 3460 D GeckoThread: State changed to JNI_READY
04-16 20:59:37.053 3444 3444 I Gecko : type=1400 audit(0.0:9): avc: denied { write } for name="crashes" dev="vdc" ino=56336 scontext=u:r:untrusted_app:s0:c512,c768 tcontext=u:object_r:shell_data_file:s0:c512,c768 tclass=dir permissive=1
04-16 20:59:37.053 3444 3444 I Gecko : type=1400 audit(0.0:10): avc: denied { add_name } for name="events" scontext=u:r:untrusted_app:s0:c512,c768 tcontext=u:object_r:shell_data_file:s0:c512,c768 tclass=dir permissive=1
04-16 20:59:37.180 3479 3479 I art : Late-enabling -Xcheck:jni
04-16 20:59:37.181 3479 3479 W art : Unexpected CPU variant for X86 using defaults: x86_64
04-16 20:59:37.182 3444 3444 D : HostConnection::get() New Host Connection established 0x757aa2a222e0, tid 3444
04-16 20:59:37.183 1657 2078 I ActivityManager: Start proc 3479:org.mozilla.geckoview.test_runner:tab32/u0a62 for service org.mozilla.geckoview.test_runner/org.mozilla.gecko.process.GeckoChildProcessServices$tab32
04-16 20:59:37.184 3444 3477 D ServiceAllocator: org.mozilla.gecko.process.GeckoChildProcessServices$tab32 updateBindings: BACKGROUND priority, 0 importance, 2 successful binds, 0 failed binds, 0 successful unbinds
04-16 20:59:37.198 3444 3444 I Choreographer: Skipped 35 frames! The application may be doing too much work on its main thread.
04-16 20:59:37.211 3479 3479 I ServiceChildProcess: onCreate
04-16 20:59:37.228 3479 3479 D GeckoThread: State changed to LAUNCHED
04-16 20:59:37.228 3479 3496 I GeckoThread: preparing to run Gecko
04-16 20:59:37.263 3444 3444 I Cookie : type=1400 audit(0.0:11): avc: denied { remove_name } for name="cookies.sqlite-journal" dev="vdc" ino=56342 scontext=u:r:untrusted_app:s0:c512,c768 tcontext=u:object_r:shell_data_file:s0 tclass=dir permissive=1
04-16 20:59:37.300 3444 3476 D : HostConnection::get() New Host Connection established 0x757aa2a22400, tid 3476
04-16 20:59:37.263 3444 3444 I Cookie : type=1400 audit(0.0:12): avc: denied { unlink } for name="cookies.sqlite-journal" dev="vdc" ino=56342 scontext=u:r:untrusted_app:s0:c512,c768 tcontext=u:object_r:shell_data_file:s0:c512,c768 tclass=file permissive=1
04-16 20:59:37.319 3444 3476 I OpenGLRenderer: Initialized EGL, version 1.4
04-16 20:59:37.319 3444 3476 D OpenGLRenderer: Swap behavior 1
04-16 20:59:37.320 3444 3476 W OpenGLRenderer: Failed to choose config with EGL_SWAP_BEHAVIOR_PRESERVED, retrying without...
04-16 20:59:37.321 3444 3476 D OpenGLRenderer: Swap behavior 0
04-16 20:59:37.328 3444 3476 D EGL_emulation: eglCreateContext: 0x757abc7f7060: maj 3 min 0 rcv 3
04-16 20:59:37.334 3444 3476 D EGL_emulation: eglMakeCurrent: 0x757abc7f7060: ver 3 0 (tinfo 0x757aa2a5a360)
04-16 20:59:37.337 3444 3476 E eglCodecCommon: glUtilsParamSize: unknow param 0x00008cdf
04-16 20:59:37.337 3444 3476 E eglCodecCommon: glUtilsParamSize: unknow param 0x00008824
04-16 20:59:37.356 3444 3460 I GeckoConsole: No chrome package registered for chrome://browser/content/built_in_addons.json
04-16 20:59:37.370 3444 3444 D GeckoNetworkManager: Incoming event receivedUpdate for state OnNoListeners -> OnNoListeners
04-16 20:59:37.371 3444 3444 D GeckoNetworkManager: New network state: UP, WIFI, WIFI
04-16 20:59:37.417 3444 3476 D EGL_emulation: eglMakeCurrent: 0x757abc7f7060: ver 3 0 (tinfo 0x757aa2a5a360)
04-16 20:59:37.452 3444 3460 D GeckoThread: State changed to PROFILE_READY
04-16 20:59:37.513 3444 3444 I org.mozilla.geckoview.test_runner: type=1400 audit(0.0:13): avc: denied { remove_name } for comm=51756F74614D616E6167657220494F name="ls-archive.sqlite-journal" dev="vdc" ino=56345 scontext=u:r:untrusted_app:s0:c512,c768 tcontext=u:object_r:shell_data_file:s0:c512,c768 tclass=dir permissive=1
04-16 20:59:37.580 3444 3460 W linker : /data/app/org.mozilla.geckoview.test_runner-1/lib/x86_64/libsoftokn3.so: unused DT entry: type 0x24 arg 0x2640
04-16 20:59:37.580 3444 3460 W linker : /data/app/org.mozilla.geckoview.test_runner-1/lib/x86_64/libsoftokn3.so: unused DT entry: type 0x23 arg 0x68
04-16 20:59:37.580 3444 3460 W linker : /data/app/org.mozilla.geckoview.test_runner-1/lib/x86_64/libsoftokn3.so: unused DT entry: type 0x25 arg 0x8
04-16 20:59:37.553 3444 3444 I org.mozilla.geckoview.test_runner: type=1400 audit(0.0:14): avc: denied { rename } for comm=51756F74614D616E6167657220494F name=".metadata-v2-tmp" dev="vdc" ino=56347 scontext=u:r:untrusted_app:s0:c512,c768 tcontext=u:object_r:shell_data_file:s0:c512,c768 tclass=file permissive=1
04-16 20:59:37.581 3444 3460 W linker : /data/app/org.mozilla.geckoview.test_runner-1/lib/x86_64/libfreebl3.so: unused DT entry: type 0x24 arg 0xe70
04-16 20:59:37.581 3444 3460 W linker : /data/app/org.mozilla.geckoview.test_runner-1/lib/x86_64/libfreebl3.so: unused DT entry: type 0x23 arg 0x68
04-16 20:59:37.581 3444 3460 W linker : /data/app/org.mozilla.geckoview.test_runner-1/lib/x86_64/libfreebl3.so: unused DT entry: type 0x25 arg 0x8
04-16 20:59:37.598 3444 3460 D GeckoThread: State changed to RUNNING
04-16 20:59:37.634 3444 3460 I Gecko : 1744837177634 Marionette INFO Marionette enabled
04-16 20:59:37.646 3444 3460 I Gecko : 1744837177646 Marionette INFO Listening on port 39588
04-16 20:59:37.657 3444 3460 D : HostConnection::get() New Host Connection established 0x757ab4965300, tid 3460
04-16 20:59:37.686 3444 3460 D EGL_emulation: eglCreateContext: 0x757ab48b7600: maj 3 min 0 rcv 3
04-16 20:59:37.688 3444 3460 D EGL_emulation: eglMakeCurrent: 0x757ab48b7600: ver 3 0 (tinfo 0x757ab495a020)
04-16 20:59:37.690 1657 1678 I ActivityManager: Displayed org.mozilla.geckoview.test_runner/.TestRunnerActivity: +1s158ms
04-16 20:59:37.690 3444 3444 D GeckoSession: handleMessage: GeckoView:DismissClipboardPermissionRequest
04-16 20:59:37.691 3444 3460 E eglCodecCommon: glUtilsParamSize: unknow param 0x00008cdf
04-16 20:59:37.691 3444 3460 E eglCodecCommon: glUtilsParamSize: unknow param 0x00008824
04-16 20:59:37.692 3435 3435 D AndroidRuntime: Shutting down VM
04-16 20:59:37.724 3444 3444 D GeckoSession: handleMessage: GeckoView:DismissClipboardPermissionRequest
04-16 20:59:37.740 3520 3520 I art : Late-enabling -Xcheck:jni
04-16 20:59:37.740 3520 3520 W art : Unexpected CPU variant for X86 using defaults: x86_64
04-16 20:59:37.743 1657 2052 I ActivityManager: Start proc 3520:org.mozilla.geckoview.test_runner:gpu/u0a62 for service org.mozilla.geckoview.test_runner/org.mozilla.gecko.process.GeckoChildProcessServices$gpu
04-16 20:59:37.744 3444 3477 D ServiceAllocator: org.mozilla.gecko.process.GeckoChildProcessServices$gpu updateBindings: FOREGROUND priority, 0 importance, 3 successful binds, 0 failed binds, 0 successful unbinds
04-16 20:59:37.748 1657 1836 I WindowManager: Destroying surface Surface(name=com.android.launcher3/com.android.launcher3.Launcher) called by com.android.server.wm.WindowStateAnimator.destroySurface:2014 com.android.server.wm.WindowStateAnimator.destroySurfaceLocked:881 com.android.server.wm.WindowState.destroyOrSaveSurface:2073 com.android.server.wm.AppWindowToken.destroySurfaces:363 com.android.server.wm.AppWindowToken.notifyAppStopped:389 com.android.server.wm.WindowManagerService.notifyAppStopped:4456 com.android.server.am.ActivityStack.activityStoppedLocked:1252 com.android.server.am.ActivityManagerService.activityStopped:6903
04-16 20:59:37.778 3520 3520 I ServiceChildProcess: onCreate
04-16 20:59:37.791 3444 3460 W ResourceType: Too many attribute references, stopped at: 0x01010099
04-16 20:59:37.794 3520 3520 D GeckoThread: State changed to LAUNCHED
04-16 20:59:37.795 3520 3540 I GeckoThread: preparing to run Gecko
04-16 20:59:37.797 3444 3444 D GeckoNetworkManager: Incoming event enableNotifications for state OnNoListeners -> OnWithListeners
04-16 20:59:37.798 3444 3444 D GeckoNetworkManager: New network state: UP, WIFI, WIFI
04-16 20:59:37.800 3444 3444 D GeckoNetworkManager: Incoming event receivedUpdate for state OnWithListeners -> OnWithListeners
04-16 20:59:37.801 3444 3444 D GeckoNetworkManager: New network state: UP, WIFI, WIFI
04-16 20:59:37.783 3444 3444 I Gecko : type=1400 audit(0.0:15): avc: denied { read } for name="product_name" dev="sysfs" ino=114 scontext=u:r:untrusted_app:s0:c512,c768 tcontext=u:object_r:sysfs:s0 tclass=file permissive=1
04-16 20:59:37.819 3520 3540 W linker : /data/app/org.mozilla.geckoview.test_runner-1/lib/x86_64/libmozglue.so: unused DT entry: type 0x24 arg 0x3dbe8
04-16 20:59:37.819 3520 3540 W linker : /data/app/org.mozilla.geckoview.test_runner-1/lib/x86_64/libmozglue.so: unused DT entry: type 0x23 arg 0x200
04-16 20:59:37.819 3520 3540 W linker : /data/app/org.mozilla.geckoview.test_runner-1/lib/x86_64/libmozglue.so: unused DT entry: type 0x25 arg 0x8
04-16 20:59:37.820 3520 3540 D GeckoThread: State changed to MOZGLUE_READY
04-16 20:59:37.822 3520 3540 D GeckoLoader: Library base=/data/app/org.mozilla.geckoview.test_runner-1/lib/x86_64
04-16 20:59:37.822 3520 3540 D GeckoLoader: Library base=/data/app/org.mozilla.geckoview.test_runner-1/lib/x86_64
04-16 20:59:37.823 3520 3540 E GeckoLibLoad: Load sqlite start
04-16 20:59:37.824 3520 3540 W linker : /data/app/org.mozilla.geckoview.test_runner-1/lib/x86_64/libnss3.so: unused DT entry: type 0x24 arg 0x16248
04-16 20:59:37.824 3520 3540 W linker : /data/app/org.mozilla.geckoview.test_runner-1/lib/x86_64/libnss3.so: unused DT entry: type 0x23 arg 0x600
04-16 20:59:37.824 3520 3540 W linker : /data/app/org.mozilla.geckoview.test_runner-1/lib/x86_64/libnss3.so: unused DT entry: type 0x25 arg 0x8
04-16 20:59:37.824 3520 3540 E GeckoLibLoad: Load sqlite done
04-16 20:59:37.824 3520 3540 D GeckoLoader: Library base=/data/app/org.mozilla.geckoview.test_runner-1/lib/x86_64
04-16 20:59:37.824 3520 3540 E GeckoLibLoad: Load nss start
04-16 20:59:37.824 3520 3540 E GeckoLibLoad: Load nss done
04-16 20:59:37.824 3520 3540 D GeckoLoader: Library base=/data/app/org.mozilla.geckoview.test_runner-1/lib/x86_64
04-16 20:59:37.825 3520 3540 W linker : /data/app/org.mozilla.geckoview.test_runner-1/lib/x86_64/libxul.so: unused DT entry: type 0x24 arg 0x224d8
04-16 20:59:37.825 3520 3540 W linker : /data/app/org.mozilla.geckoview.test_runner-1/lib/x86_64/libxul.so: unused DT entry: type 0x23 arg 0x17fb0
04-16 20:59:37.825 3520 3540 W linker : /data/app/org.mozilla.geckoview.test_runner-1/lib/x86_64/libxul.so: unused DT entry: type 0x25 arg 0x8
04-16 20:59:37.825 3520 3540 W linker : /data/app/org.mozilla.geckoview.test_runner-1/lib/x86_64/libgkcodecs.so: unused DT entry: type 0x24 arg 0x34a0
04-16 20:59:37.825 3520 3540 W linker : /data/app/org.mozilla.geckoview.test_runner-1/lib/x86_64/libgkcodecs.so: unused DT entry: type 0x23 arg 0xa60
04-16 20:59:37.825 3520 3540 W linker : /data/app/org.mozilla.geckoview.test_runner-1/lib/x86_64/libgkcodecs.so: unused DT entry: type 0x25 arg 0x8
04-16 20:59:37.793 3444 3444 I Gecko : type=1400 audit(0.0:16): avc: denied { open } for path="/sys/devices/virtual/dmi/id/product_name" dev="sysfs" ino=114 scontext=u:r:untrusted_app:s0:c512,c768 tcontext=u:object_r:sysfs:s0 tclass=file permissive=1
04-16 20:59:37.793 3444 3444 I Gecko : type=1400 audit(0.0:17): avc: denied { getattr } for path="/sys/devices/virtual/dmi/id/product_name" dev="sysfs" ino=114 scontext=u:r:untrusted_app:s0:c512,c768 tcontext=u:object_r:sysfs:s0 tclass=file permissive=1
04-16 20:59:37.873 3520 3540 E GeckoLibLoad: Loaded libs in 48.024490ms total, 20ms(20ms) user, 20ms(30ms) system, 0(0) faults
04-16 20:59:37.873 3520 3540 D GeckoThread: State changed to LIBS_READY
04-16 20:59:37.873 3520 3540 W GeckoThread: zerdatime 58457 - runGecko
04-16 20:59:37.891 1657 1678 I WindowManager: Destroying surface Surface(name=Starting org.mozilla.geckoview.test_runner) called by com.android.server.wm.WindowStateAnimator.destroySurface:2014 com.android.server.wm.WindowStateAnimator.destroySurfaceLocked:881 com.android.server.wm.WindowState.destroyOrSaveSurface:2073 com.android.server.wm.AppWindowToken.destroySurfaces:363 com.android.server.wm.WindowStateAnimator.finishExit:565 com.android.server.wm.WindowStateAnimator.stepAnimationLocked:491 com.android.server.wm.WindowAnimator.updateWindowsLocked:303 com.android.server.wm.WindowAnimator.animateLocked:704
04-16 20:59:37.901 3520 3540 D GeckoThread: State changed to RUNNING
04-16 20:59:37.943 3444 3444 I org.mozilla.geckoview.test_runner: type=1400 audit(0.0:18): avc: denied { unlink } for comm=53747265616D5472616E73202331 name="prefs.js" dev="vdc" ino=56330 scontext=u:r:untrusted_app:s0:c512,c768 tcontext=u:object_r:shell_data_file:s0 tclass=file permissive=1
04-16 20:59:37.989 3444 3460 I VideoCapabilities: Unsupported profile 4 for video/mp4v-es
04-16 20:59:37.992 3444 3460 D HardwareCodecCapability: Found candidate encoder OMX.google.h264.encoder
04-16 20:59:37.992 3444 3460 D HardwareCodecCapability: Found candidate encoder OMX.google.vp8.encoder
04-16 20:59:37.992 3444 3460 D HardwareCodecCapability: Found candidate decoder OMX.google.vp8.decoder
04-16 20:59:38.062 3520 3557 D : HostConnection::get() New Host Connection established 0x757ab481d780, tid 3557
04-16 20:59:38.067 3520 3557 D EGL_emulation: eglCreateContext: 0x757ab483ba00: maj 3 min 0 rcv 3
04-16 20:59:38.070 3520 3557 D EGL_emulation: eglMakeCurrent: 0x757ab483ba00: ver 3 0 (tinfo 0x757ab480c6c0)
04-16 20:59:38.070 3520 3557 E eglCodecCommon: glUtilsParamSize: unknow param 0x00008cdf
04-16 20:59:38.071 3520 3557 E eglCodecCommon: glUtilsParamSize: unknow param 0x00008824
04-16 20:59:38.075 3520 3569 I VideoCapabilities: Unsupported profile 4 for video/mp4v-es
04-16 20:59:38.077 3520 3569 D HardwareCodecCapability: MIME support: SW audio/mp4a-latm
04-16 20:59:38.077 3520 3569 D HardwareCodecCapability: MIME support: SW video/3gpp
04-16 20:59:38.077 3520 3569 D HardwareCodecCapability: MIME support: SW audio/raw
04-16 20:59:38.077 3520 3569 D HardwareCodecCapability: MIME support: SW video/avc
04-16 20:59:38.077 3520 3569 D HardwareCodecCapability: MIME support: SW audio/vorbis
04-16 20:59:38.077 3520 3569 D HardwareCodecCapability: MIME support: SW audio/mpeg
04-16 20:59:38.077 3520 3569 D HardwareCodecCapability: MIME support: SW video/x-vnd.on2.vp9
04-16 20:59:38.077 3520 3569 D HardwareCodecCapability: MIME support: SW video/mp4v-es
04-16 20:59:38.077 3520 3569 D HardwareCodecCapability: MIME support: SW audio/gsm
04-16 20:59:38.077 3520 3569 D HardwareCodecCapability: MIME support: SW audio/g711-mlaw
04-16 20:59:38.077 3520 3569 D HardwareCodecCapability: MIME support: SW audio/3gpp
04-16 20:59:38.077 3520 3569 D HardwareCodecCapability: MIME support: SW audio/amr-wb
04-16 20:59:38.077 3520 3569 D HardwareCodecCapability: MIME support: SW video/x-vnd.on2.vp8
04-16 20:59:38.077 3520 3569 D HardwareCodecCapability: MIME support: SW video/hevc
04-16 20:59:38.077 3520 3569 D HardwareCodecCapability: MIME support: SW audio/g711-alaw
04-16 20:59:38.077 3520 3569 D HardwareCodecCapability: MIME support: SW audio/opus
04-16 20:59:38.077 3520 3557 E eglCodecCommon: glUtilsParamSize: unknow param 0x00008caa
04-16 20:59:38.079 3520 3557 E eglCodecCommon: glUtilsParamSize: unknow param 0x00008caa
04-16 20:59:38.081 3520 3557 E eglCodecCommon: glUtilsParamSize: unknow param 0x00008caa
04-16 20:59:38.083 3520 3557 E eglCodecCommon: glUtilsParamSize: unknow param 0x00008caa
04-16 20:59:38.083 3520 3557 E eglCodecCommon: glUtilsParamSize: unknow param 0x00008caa
04-16 20:59:38.084 3520 3557 E eglCodecCommon: glUtilsParamSize: unknow param 0x00008caa
04-16 20:59:38.085 3520 3557 E eglCodecCommon: glUtilsParamSize: unknow param 0x00008caa
04-16 20:59:38.086 3520 3557 E eglCodecCommon: glUtilsParamSize: unknow param 0x00008caa
04-16 20:59:38.087 3520 3557 E eglCodecCommon: glUtilsParamSize: unknow param 0x00008caa
04-16 20:59:38.088 3520 3557 E eglCodecCommon: glUtilsParamSize: unknow param 0x00008caa
04-16 20:59:38.089 3520 3557 E eglCodecCommon: glUtilsParamSize: unknow param 0x00008caa
04-16 20:59:38.089 3520 3557 E eglCodecCommon: glUtilsParamSize: unknow param 0x00008caa
04-16 20:59:38.090 3520 3557 E eglCodecCommon: glUtilsParamSize: unknow param 0x00008caa
04-16 20:59:38.091 3520 3557 E eglCodecCommon: glUtilsParamSize: unknow param 0x00008caa
04-16 20:59:38.091 3520 3557 E eglCodecCommon: glUtilsParamSize: unknow param 0x00008caa
04-16 20:59:38.092 3520 3557 E eglCodecCommon: glUtilsParamSize: unknow param 0x00008caa
04-16 20:59:38.093 3520 3557 E eglCodecCommon: glUtilsParamSize: unknow param 0x00008caa
04-16 20:59:38.093 3520 3557 E eglCodecCommon: glUtilsParamSize: unknow param 0x00008caa
04-16 20:59:38.094 3520 3557 E eglCodecCommon: glUtilsParamSize: unknow param 0x00008caa
04-16 20:59:38.095 3520 3557 E eglCodecCommon: glUtilsParamSize: unknow param 0x00008caa
04-16 20:59:38.095 3520 3557 E eglCodecCommon: glUtilsParamSize: unknow param 0x00008caa
04-16 20:59:38.096 3520 3557 E eglCodecCommon: glUtilsParamSize: unknow param 0x00008caa
04-16 20:59:38.099 3520 3557 E eglCodecCommon: glUtilsParamSize: unknow param 0x00008caa
04-16 20:59:38.100 3520 3557 E eglCodecCommon: glUtilsParamSize: unknow param 0x00008caa
04-16 20:59:38.101 3520 3557 E eglCodecCommon: glUtilsParamSize: unknow param 0x00008caa
04-16 20:59:38.102 3520 3557 E eglCodecCommon: glUtilsParamSize: unknow param 0x00008caa
04-16 20:59:38.103 3520 3557 E eglCodecCommon: glUtilsParamSize: unknow param 0x00008caa
04-16 20:59:38.103 3520 3557 E eglCodecCommon: glUtilsParamSize: unknow param 0x00008caa
04-16 20:59:38.104 3520 3557 E eglCodecCommon: glUtilsParamSize: unknow param 0x00008caa
04-16 20:59:38.105 3520 3557 E eglCodecCommon: glUtilsParamSize: unknow param 0x00008caa
04-16 20:59:38.105 3520 3557 E eglCodecCommon: glUtilsParamSize: unknow param 0x00008caa
04-16 20:59:38.106 3520 3557 E eglCodecCommon: glUtilsParamSize: unknow param 0x00008caa
04-16 20:59:38.108 3520 3557 E eglCodecCommon: glUtilsParamSize: unknow param 0x00008caa
04-16 20:59:38.109 3520 3557 E eglCodecCommon: glUtilsParamSize: unknow param 0x00008caa
04-16 20:59:38.110 3520 3557 E eglCodecCommon: glUtilsParamSize: unknow param 0x00008caa
04-16 20:59:38.111 3520 3557 E eglCodecCommon: glUtilsParamSize: unknow param 0x00008caa
04-16 20:59:38.112 3520 3557 E eglCodecCommon: glUtilsParamSize: unknow param 0x00008caa
04-16 20:59:38.112 3520 3557 E eglCodecCommon: glUtilsParamSize: unknow param 0x00008caa
04-16 20:59:38.113 3520 3557 E eglCodecCommon: glUtilsParamSize: unknow param 0x00008caa
04-16 20:59:38.114 3520 3557 E eglCodecCommon: glUtilsParamSize: unknow param 0x00008caa
04-16 20:59:38.114 3520 3557 E eglCodecCommon: glUtilsParamSize: unknow param 0x00008caa
04-16 20:59:38.115 3520 3557 E eglCodecCommon: glUtilsParamSize: unknow param 0x00008caa
04-16 20:59:38.117 3520 3557 E eglCodecCommon: glUtilsParamSize: unknow param 0x00008caa
04-16 20:59:38.117 3444 3477 D ServiceAllocator: org.mozilla.gecko.process.GeckoChildProcessServices$tab32 updateBindings: FOREGROUND priority, 0 importance, 1 successful binds, 0 failed binds, 0 successful unbinds
04-16 20:59:38.119 3520 3557 E eglCodecCommon: glUtilsParamSize: unknow param 0x00008caa
04-16 20:59:38.120 3520 3557 E eglCodecCommon: glUtilsParamSize: unknow param 0x00008caa
04-16 20:59:38.120 3520 3557 E eglCodecCommon: glUtilsParamSize: unknow param 0x00008caa
04-16 20:59:38.121 3479 3496 W linker : /data/app/org.mozilla.geckoview.test_runner-1/lib/x86_64/libmozglue.so: unused DT entry: type 0x24 arg 0x3dbe8
04-16 20:59:38.121 3479 3496 W linker : /data/app/org.mozilla.geckoview.test_runner-1/lib/x86_64/libmozglue.so: unused DT entry: type 0x23 arg 0x200
04-16 20:59:38.121 3479 3496 W linker : /data/app/org.mozilla.geckoview.test_runner-1/lib/x86_64/libmozglue.so: unused DT entry: type 0x25 arg 0x8
04-16 20:59:38.121 3520 3557 E eglCodecCommon: glUtilsParamSize: unknow param 0x00008caa
04-16 20:59:38.122 3520 3557 E eglCodecCommon: glUtilsParamSize: unknow param 0x00008caa
04-16 20:59:38.123 3520 3557 E eglCodecCommon: glUtilsParamSize: unknow param 0x00008caa
04-16 20:59:38.124 3520 3557 E eglCodecCommon: glUtilsParamSize: unknow param 0x00008caa
04-16 20:59:38.124 3479 3496 D GeckoThread: State changed to MOZGLUE_READY
04-16 20:59:38.124 3520 3557 E eglCodecCommon: glUtilsParamSize: unknow param 0x00008caa
04-16 20:59:38.125 3520 3557 E eglCodecCommon: glUtilsParamSize: unknow param 0x00008caa
04-16 20:59:38.126 3520 3557 E eglCodecCommon: glUtilsParamSize: unknow param 0x00008caa
04-16 20:59:38.127 3520 3557 E eglCodecCommon: glUtilsParamSize: unknow param 0x00008caa
04-16 20:59:38.128 3520 3557 E eglCodecCommon: glUtilsParamSize: unknow param 0x00008caa
04-16 20:59:38.130 3520 3557 E eglCodecCommon: glUtilsParamSize: unknow param 0x00008caa
04-16 20:59:38.131 3520 3557 E eglCodecCommon: glUtilsParamSize: unknow param 0x00008caa
04-16 20:59:38.132 3520 3557 E eglCodecCommon: glUtilsParamSize: unknow param 0x00008caa
04-16 20:59:38.132 3520 3557 E eglCodecCommon: glUtilsParamSize: unknow param 0x00008caa
04-16 20:59:38.133 3444 3477 D ServiceAllocator: org.mozilla.gecko.process.GeckoChildProcessServices$tab32 updateBindings: FOREGROUND priority, 2 importance, 0 successful binds, 0 failed binds, 0 successful unbinds
04-16 20:59:38.134 3520 3557 E eglCodecCommon: glUtilsParamSize: unknow param 0x00008caa
04-16 20:59:38.139 3520 3557 E eglCodecCommon: glUtilsParamSize: unknow param 0x00008caa
04-16 20:59:38.141 3479 3496 D GeckoLoader: Library base=/data/app/org.mozilla.geckoview.test_runner-1/lib/x86_64
04-16 20:59:38.141 3479 3496 D GeckoLoader: Library base=/data/app/org.mozilla.geckoview.test_runner-1/lib/x86_64
04-16 20:59:38.142 3479 3496 E GeckoLibLoad: Load sqlite start
04-16 20:59:38.142 3479 3496 W linker : /data/app/org.mozilla.geckoview.test_runner-1/lib/x86_64/libnss3.so: unused DT entry: type 0x24 arg 0x16248
04-16 20:59:38.143 3479 3496 W linker : /data/app/org.mozilla.geckoview.test_runner-1/lib/x86_64/libnss3.so: unused DT entry: type 0x23 arg 0x600
04-16 20:59:38.143 3479 3496 W linker : /data/app/org.mozilla.geckoview.test_runner-1/lib/x86_64/libnss3.so: unused DT entry: type 0x25 arg 0x8
04-16 20:59:38.143 3479 3496 E GeckoLibLoad: Load sqlite done
04-16 20:59:38.143 3479 3496 D GeckoLoader: Library base=/data/app/org.mozilla.geckoview.test_runner-1/lib/x86_64
04-16 20:59:38.143 3479 3496 E GeckoLibLoad: Load nss start
04-16 20:59:38.143 3479 3496 E GeckoLibLoad: Load nss done
04-16 20:59:38.143 3479 3496 D GeckoLoader: Library base=/data/app/org.mozilla.geckoview.test_runner-1/lib/x86_64
04-16 20:59:38.144 3479 3496 W linker : /data/app/org.mozilla.geckoview.test_runner-1/lib/x86_64/libxul.so: unused DT entry: type 0x24 arg 0x224d8
04-16 20:59:38.144 3479 3496 W linker : /data/app/org.mozilla.geckoview.test_runner-1/lib/x86_64/libxul.so: unused DT entry: type 0x23 arg 0x17fb0
04-16 20:59:38.144 3479 3496 W linker : /data/app/org.mozilla.geckoview.test_runner-1/lib/x86_64/libxul.so: unused DT entry: type 0x25 arg 0x8
04-16 20:59:38.144 3479 3496 W linker : /data/app/org.mozilla.geckoview.test_runner-1/lib/x86_64/libgkcodecs.so: unused DT entry: type 0x24 arg 0x34a0
04-16 20:59:38.144 3479 3496 W linker : /data/app/org.mozilla.geckoview.test_runner-1/lib/x86_64/libgkcodecs.so: unused DT entry: type 0x23 arg 0xa60
04-16 20:59:38.144 3479 3496 W linker : /data/app/org.mozilla.geckoview.test_runner-1/lib/x86_64/libgkcodecs.so: unused DT entry: type 0x25 arg 0x8
04-16 20:59:38.152 3520 3557 E eglCodecCommon: glUtilsParamSize: unknow param 0x00008741
04-16 20:59:38.158 3520 3557 E eglCodecCommon: glUtilsParamSize: unknow param 0x00008caa
04-16 20:59:38.158 3520 3557 E eglCodecCommon: glUtilsParamSize: unknow param 0x00008caa
04-16 20:59:38.161 3520 3557 E eglCodecCommon: glUtilsParamSize: unknow param 0x00008caa
04-16 20:59:38.162 3520 3557 E eglCodecCommon: glUtilsParamSize: unknow param 0x00008caa
04-16 20:59:38.162 3520 3557 E eglCodecCommon: glUtilsParamSize: unknow param 0x00008caa
04-16 20:59:38.163 3520 3557 E eglCodecCommon: glUtilsParamSize: unknow param 0x00008caa
04-16 20:59:38.166 1337 2200 D : HostConnection::get() New Host Connection established 0x7a7e22c1b8a0, tid 2200
04-16 20:59:38.174 3520 3557 D EGL_emulation: eglMakeCurrent: 0x757ab483ba00: ver 3 0 (tinfo 0x757ab480c6c0)
04-16 20:59:38.175 3520 3557 E eglCodecCommon: glUtilsParamSize: unknow param 0x00008caa
04-16 20:59:38.177 3520 3557 E eglCodecCommon: glUtilsParamSize: unknow param 0x00008caa
04-16 20:59:38.177 3520 3557 E eglCodecCommon: glUtilsParamSize: unknow param 0x00008caa
04-16 20:59:38.178 3520 3557 E eglCodecCommon: glUtilsParamSize: unknow param 0x00008caa
04-16 20:59:38.179 3520 3557 E eglCodecCommon: glUtilsParamSize: unknow param 0x00008caa
04-16 20:59:38.180 3520 3557 E eglCodecCommon: glUtilsParamSize: unknow param 0x00008caa
04-16 20:59:38.180 3444 3460 I GeckoSession: zerdatime 58764 - chrome startup finished
04-16 20:59:38.181 3520 3557 E eglCodecCommon: glUtilsParamSize: unknow param 0x00008caa
04-16 20:59:38.194 3479 3496 E GeckoLibLoad: Loaded libs in 50.018850ms total, 0ms(0ms) user, 40ms(40ms) system, 0(0) faults
04-16 20:59:38.194 3479 3496 D GeckoThread: State changed to LIBS_READY
04-16 20:59:38.194 3479 3496 W GeckoThread: zerdatime 58778 - runGecko
04-16 20:59:38.237 3520 3557 E eglCodecCommon: glUtilsParamSize: unknow param 0x00008caa
04-16 20:59:38.253 3479 3496 D GeckoThread: State changed to RUNNING
04-16 20:59:38.317 3520 3557 E eglCodecCommon: glUtilsParamSize: unknow param 0x00008741
04-16 20:59:38.414 3520 3557 E eglCodecCommon: glUtilsParamSize: unknow param 0x00008caa
04-16 20:59:38.539 3444 3444 D WebExtension: handleMessage GeckoView:WebExtension:OnInstalling
04-16 20:59:38.585 3444 3444 D WebExtension: handleMessage GeckoView:WebExtension:OnInstalled
04-16 20:59:38.585 3444 3444 D WebExtension: handleMessage GeckoView:WebExtension:OnReady
04-16 20:59:38.585 3444 3444 D WebExtension: handleMessage GeckoView:WebExtension:OnOptionalPermissionsChanged
04-16 20:59:38.589 3444 3444 I WebExtension: releasePendingMessages: extension=test-runner-support@tests.mozilla.org nativeApp=test-runner-support session=null
04-16 20:59:38.589 3444 3444 D WebExtension: handleMessage GeckoView:WebExtension:OnOptionalPermissionsChanged
04-16 20:59:38.681 3444 3460 D GeckoIdleService: Register idle observer 0x757a8adfe628 for 5 seconds
04-16 20:59:38.681 3444 3460 D GeckoIdleService: Register: adjusting next switch from -1 to 5 seconds
04-16 20:59:38.681 3444 3460 D GeckoIdleService: next timeout 4998 msec from now
04-16 20:59:38.681 3444 3460 D GeckoIdleService: SetTimerExpiryIfBefore: next timeout 4998 msec from now
04-16 20:59:38.681 3444 3460 D GeckoIdleService: reset timer expiry to 5008 msec from now
04-16 20:59:39.403 3444 3460 I Gecko : 1744837179403 Marionette INFO Testing http://web-platform.test:8000/css/CSS2/bidi-005.xht == http://web-platform.test:8000/css/CSS2/reference/bidi-005-ref.xht
04-16 20:59:39.407 3520 3557 E eglCodecCommon: glUtilsParamSize: unknow param 0x00008caa
04-16 20:59:39.418 3520 3557 E eglCodecCommon: glUtilsParamSize: unknow param 0x00008741
04-16 20:59:39.469 3520 3557 E eglCodecCommon: glUtilsParamSize: unknow param 0x00008caa
04-16 20:59:39.488 3520 3557 E eglCodecCommon: glUtilsParamSize: unknow param 0x00008caa
04-16 20:59:39.504 3444 3460 E GeckoConsole: [JavaScript Error: "TypeError: can't access property "nodePrincipal", this.contentDocument is null" {file: "chrome://global/content/elements/browser-custom-element.js" line: 661}]
04-16 20:59:39.504 3444 3460 E GeckoConsole: get contentPrincipal@chrome://global/content/elements/browser-custom-element.js:661:1
04-16 20:59:39.504 3444 3460 E GeckoConsole: onLocationChange@resource://gre/modules/GeckoViewNavigation.sys.mjs:640:34
04-16 20:59:39.525 1657 1726 E TaskPersister: File error accessing recents directory (directory doesn't exist?).
04-16 20:59:39.540 3444 3460 E GeckoConsole: [JavaScript Error: "TypeError: can't access property "title", this.contentDocument is null" {file: "chrome://global/content/elements/browser-custom-element.js" line: 630}]
04-16 20:59:39.540 3444 3460 E GeckoConsole: get contentTitle@chrome://global/content/elements/browser-custom-element.js:630:1
04-16 20:59:39.540 3444 3460 E GeckoConsole: handleEvent@resource://gre/modules/GeckoViewContent.sys.mjs:379:11
04-16 20:59:39.557 3479 3496 W linker : /data/app/org.mozilla.geckoview.test_runner-1/lib/x86_64/libsoftokn3.so: unused DT entry: type 0x24 arg 0x2640
04-16 20:59:39.558 3479 3496 W linker : /data/app/org.mozilla.geckoview.test_runner-1/lib/x86_64/libsoftokn3.so: unused DT entry: type 0x23 arg 0x68
04-16 20:59:39.558 3479 3496 W linker : /data/app/org.mozilla.geckoview.test_runner-1/lib/x86_64/libsoftokn3.so: unused DT entry: type 0x25 arg 0x8
04-16 20:59:39.558 3479 3496 W linker : /data/app/org.mozilla.geckoview.test_runner-1/lib/x86_64/libfreebl3.so: unused DT entry: type 0x24 arg 0xe70
04-16 20:59:39.558 3479 3496 W linker : /data/app/org.mozilla.geckoview.test_runner-1/lib/x86_64/libfreebl3.so: unused DT entry: type 0x23 arg 0x68
04-16 20:59:39.558 3479 3496 W linker : /data/app/org.mozilla.geckoview.test_runner-1/lib/x86_64/libfreebl3.so: unused DT entry: type 0x25 arg 0x8
04-16 20:59:39.573 3520 3557 E eglCodecCommon: glUtilsParamSize: unknow param 0x00008caa
04-16 20:59:39.627 3520 3557 E eglCodecCommon: glUtilsParamSize: unknow param 0x00008741
04-16 20:59:39.696 3520 3557 E eglCodecCommon: glUtilsParamSize: unknow param 0x00008741
04-16 20:59:39.784 3520 3557 E eglCodecCommon: glUtilsParamSize: unknow param 0x00008741
04-16 20:59:39.891 3520 3557 E eglCodecCommon: glUtilsParamSize: unknow param 0x00008741
04-16 20:59:39.993 3520 3557 E eglCodecCommon: glUtilsParamSize: unknow param 0x00008caa
04-16 20:59:40.033 3520 3557 E eglCodecCommon: glUtilsParamSize: unknow param 0x00008caa
04-16 20:59:40.053 3520 3557 E eglCodecCommon: glUtilsParamSize: unknow param 0x00008caa
04-16 20:59:40.068 3520 3557 E eglCodecCommon: glUtilsParamSize: unknow param 0x00008caa
04-16 20:59:40.088 3520 3557 E eglCodecCommon: glUtilsParamSize: unknow param 0x00008caa
04-16 20:59:40.106 3520 3557 E eglCodecCommon: glUtilsParamSize: unknow param 0x00008caa
04-16 20:59:40.117 3520 3557 E eglCodecCommon: glUtilsParamSize: unknow param 0x00000d02
04-16 20:59:40.147 3520 3557 E eglCodecCommon: glUtilsParamSize: unknow param 0x00008caa
04-16 20:59:40.230 3444 3460 E GeckoConsole: [JavaScript Error: "TypeError: can't access property "nodePrincipal", this.contentDocument is null" {file: "chrome://global/content/elements/browser-custom-element.js" line: 661}]
04-16 20:59:40.230 3444 3460 E GeckoConsole: get contentPrincipal@chrome://global/content/elements/browser-custom-element.js:661:1
04-16 20:59:40.230 3444 3460 E GeckoConsole: onLocationChange@resource://gre/modules/GeckoViewNavigation.sys.mjs:640:34
04-16 20:59:40.249 3444 3460 E GeckoConsole: [JavaScript Error: "TypeError: can't access property "title", this.contentDocument is null" {file: "chrome://global/content/elements/browser-custom-element.js" line: 630}]
04-16 20:59:40.249 3444 3460 E GeckoConsole: get contentTitle@chrome://global/content/elements/browser-custom-element.js:630:1
04-16 20:59:40.249 3444 3460 E GeckoConsole: handleEvent@resource://gre/modules/GeckoViewContent.sys.mjs:379:11
04-16 20:59:40.286 3520 3557 E eglCodecCommon: glUtilsParamSize: unknow param 0x00008caa
04-16 20:59:40.320 3520 3557 E eglCodecCommon: glUtilsParamSize: unknow param 0x00008caa
04-16 20:59:40.338 3520 3557 E eglCodecCommon: glUtilsParamSize: unknow param 0x00008caa
04-16 20:59:40.351 3520 3557 E eglCodecCommon: glUtilsParamSize: unknow param 0x00008caa
04-16 20:59:40.371 3520 3557 E eglCodecCommon: glUtilsParamSize: unknow param 0x00008caa
04-16 20:59:40.382 3520 3557 E eglCodecCommon: glUtilsParamSize: unknow param 0x00000d02
04-16 20:59:40.407 3520 3557 E eglCodecCommon: glUtilsParamSize: unknow param 0x00008caa
04-16 20:59:40.431 3444 3460 I Gecko : 1744837180430 Marionette INFO No differences allowed
04-16 20:59:40.433 3444 3460 W GeckoEventDispatcher: No listener for GeckoView:StateUpdated
04-16 20:59:40.510 3444 3460 I Gecko : 1744837180509 Marionette INFO Testing http://web-platform.test:8000/css/CSS2/bidi-006.xht == http://web-platform.test:8000/css/CSS2/reference/bidi-005-ref.xht
04-16 20:59:40.555 3444 3460 E GeckoConsole: [JavaScript Error: "TypeError: can't access property "nodePrincipal", this.contentDocument is null" {file: "chrome://global/content/elements/browser-custom-element.js" line: 661}]
04-16 20:59:40.555 3444 3460 E GeckoConsole: get contentPrincipal@chrome://global/content/elements/browser-custom-element.js:661:1
04-16 20:59:40.555 3444 3460 E GeckoConsole: onLocationChange@resource://gre/modules/GeckoViewNavigation.sys.mjs:640:34
04-16 20:59:40.574 3444 3460 E GeckoConsole: [JavaScript Error: "TypeError: can't access property "title", this.contentDocument is null" {file: "chrome://global/content/elements/browser-custom-element.js" line: 630}]
04-16 20:59:40.574 3444 3460 E GeckoConsole: get contentTitle@chrome://global/content/elements/browser-custom-element.js:630:1
04-16 20:59:40.574 3444 3460 E GeckoConsole: handleEvent@resource://gre/modules/GeckoViewContent.sys.mjs:379:11
04-16 20:59:40.592 3520 3557 E eglCodecCommon: glUtilsParamSize: unknow param 0x00008caa
04-16 20:59:40.608 3520 3557 E eglCodecCommon: glUtilsParamSize: unknow param 0x00008caa
04-16 20:59:40.622 3520 3557 E eglCodecCommon: glUtilsParamSize: unknow param 0x00008caa
04-16 20:59:40.652 3520 3557 E eglCodecCommon: glUtilsParamSize: unknow param 0x00008caa
04-16 20:59:40.667 3520 3557 E eglCodecCommon: glUtilsParamSize: unknow param 0x00008caa
04-16 20:59:40.685 3520 3557 E eglCodecCommon: glUtilsParamSize: unknow param 0x00008caa
04-16 20:59:40.696 3520 3557 E eglCodecCommon: glUtilsParamSize: unknow param 0x00000d02
04-16 20:59:40.709 3520 3557 E eglCodecCommon: glUtilsParamSize: unknow param 0x00008caa
04-16 20:59:40.725 3444 3460 I Gecko : 1744837180724 Marionette INFO No differences allowed
04-16 20:59:40.807 3444 3460 I Gecko : 1744837180806 Marionette INFO Testing http://web-platform.test:8000/css/CSS2/bidi-007.xht == http://web-platform.test:8000/css/CSS2/reference/bidi-007-ref.xht
04-16 20:59:40.850 3444 3460 E GeckoConsole: [JavaScript Error: "TypeError: can't access property "nodePrincipal", this.contentDocument is null" {file: "chrome://global/content/elements/browser-custom-element.js" line: 661}]
04-16 20:59:40.850 3444 3460 E GeckoConsole: get contentPrincipal@chrome://global/content/elements/browser-custom-element.js:661:1
04-16 20:59:40.850 3444 3460 E GeckoConsole: onLocationChange@resource://gre/modules/GeckoViewNavigation.sys.mjs:640:34
04-16 20:59:40.870 3444 3460 E GeckoConsole: [JavaScript Error: "TypeError: can't access property "title", this.contentDocument is null" {file: "chrome://global/content/elements/browser-custom-element.js" line: 630}]
04-16 20:59:40.870 3444 3460 E GeckoConsole: get contentTitle@chrome://global/content/elements/browser-custom-element.js:630:1
04-16 20:59:40.870 3444 3460 E GeckoConsole: handleEvent@resource://gre/modules/GeckoViewContent.sys.mjs:379:11
04-16 20:59:40.903 3520 3557 E eglCodecCommon: glUtilsParamSize: unknow param 0x00008caa
04-16 20:59:40.936 3520 3557 E eglCodecCommon: glUtilsParamSize: unknow param 0x00008caa
04-16 20:59:40.947 3520 3557 E eglCodecCommon: glUtilsParamSize: unknow param 0x00008caa
04-16 20:59:40.964 3520 3557 E eglCodecCommon: glUtilsParamSize: unknow param 0x00008caa
04-16 20:59:40.976 3520 3557 E eglCodecCommon: glUtilsParamSize: unknow param 0x00008caa
04-16 20:59:40.991 3520 3557 E eglCodecCommon: glUtilsParamSize: unknow param 0x00000d02
04-16 20:59:41.001 3520 3557 E eglCodecCommon: glUtilsParamSize: unknow param 0x00008caa
04-16 20:59:41.074 3444 3460 E GeckoConsole: [JavaScript Error: "TypeError: can't access property "nodePrincipal", this.contentDocument is null" {file: "chrome://global/content/elements/browser-custom-element.js" line: 661}]
04-16 20:59:41.074 3444 3460 E GeckoConsole: get contentPrincipal@chrome://global/content/elements/browser-custom-element.js:661:1
04-16 20:59:41.074 3444 3460 E GeckoConsole: onLocationChange@resource://gre/modules/GeckoViewNavigation.sys.mjs:640:34
04-16 20:59:41.092 3444 3460 E GeckoConsole: [JavaScript Error: "TypeError: can't access property "title", this.contentDocument is null" {file: "chrome://global/content/elements/browser-custom-element.js" line: 630}]
04-16 20:59:41.092 3444 3460 E GeckoConsole: get contentTitle@chrome://global/content/elements/browser-custom-element.js:630:1
04-16 20:59:41.092 3444 3460 E GeckoConsole: handleEvent@resource://gre/modules/GeckoViewContent.sys.mjs:379:11
04-16 20:59:41.120 3520 3557 E eglCodecCommon: glUtilsParamSize: unknow param 0x00008caa
04-16 20:59:41.155 3520 3557 E eglCodecCommon: glUtilsParamSize: unknow param 0x00008caa
04-16 20:59:41.176 3520 3557 E eglCodecCommon: glUtilsParamSize: unknow param 0x00008caa
04-16 20:59:41.187 3520 3557 E eglCodecCommon: glUtilsParamSize: unknow param 0x00008caa
04-16 20:59:41.205 3520 3557 E eglCodecCommon: glUtilsParamSize: unknow param 0x00008caa
04-16 20:59:41.214 3520 3557 E eglCodecCommon: glUtilsParamSize: unknow param 0x00000d02
04-16 20:59:41.232 3520 3557 E eglCodecCommon: glUtilsParamSize: unknow param 0x00008caa
04-16 20:59:41.257 3444 3460 I Gecko : 1744837181257 Marionette INFO No differences allowed
04-16 20:59:41.330 3444 3460 I Gecko : 1744837181330 Marionette INFO Testing http://web-platform.test:8000/css/CSS2/bidi-008.xht == http://web-platform.test:8000/css/CSS2/reference/bidi-007-ref.xht
04-16 20:59:41.370 3444 3460 E GeckoConsole: [JavaScript Error: "TypeError: can't access property "nodePrincipal", this.contentDocument is null" {file: "chrome://global/content/elements/browser-custom-element.js" line: 661}]
04-16 20:59:41.370 3444 3460 E GeckoConsole: get contentPrincipal@chrome://global/content/elements/browser-custom-element.js:661:1
04-16 20:59:41.370 3444 3460 E GeckoConsole: onLocationChange@resource://gre/modules/GeckoViewNavigation.sys.mjs:640:34
