04-16 21:00:15.591 4016 4057 E eglCodecCommon: glUtilsParamSize: unknow param 0x00008caa
04-16 21:00:15.601 4016 4057 E eglCodecCommon: glUtilsParamSize: unknow param 0x00008caa
04-16 21:00:15.617 4016 4057 E eglCodecCommon: glUtilsParamSize: unknow param 0x00008caa
04-16 21:00:15.628 4016 4057 E eglCodecCommon: glUtilsParamSize: unknow param 0x00000d02
04-16 21:00:15.641 4016 4057 E eglCodecCommon: glUtilsParamSize: unknow param 0x00008caa
04-16 21:00:15.702 3946 3961 E GeckoConsole: [JavaScript Error: "TypeError: can't access property "nodePrincipal", this.contentDocument is null" {file: "chrome://global/content/elements/browser-custom-element.js" line: 661}]
04-16 21:00:15.702 3946 3961 E GeckoConsole: get contentPrincipal@chrome://global/content/elements/browser-custom-element.js:661:1
04-16 21:00:15.702 3946 3961 E GeckoConsole: onLocationChange@resource://gre/modules/GeckoViewNavigation.sys.mjs:640:34
04-16 21:00:15.718 3946 3961 E GeckoConsole: [JavaScript Error: "TypeError: can't access property "title", this.contentDocument is null" {file: "chrome://global/content/elements/browser-custom-element.js" line: 630}]
04-16 21:00:15.718 3946 3961 E GeckoConsole: get contentTitle@chrome://global/content/elements/browser-custom-element.js:630:1
04-16 21:00:15.718 3946 3961 E GeckoConsole: handleEvent@resource://gre/modules/GeckoViewContent.sys.mjs:379:11
04-16 21:00:15.753 4016 4057 E eglCodecCommon: glUtilsParamSize: unknow param 0x00008caa
04-16 21:00:15.792 4016 4057 E eglCodecCommon: glUtilsParamSize: unknow param 0x00008caa
04-16 21:00:15.802 4016 4057 E eglCodecCommon: glUtilsParamSize: unknow param 0x00008caa
04-16 21:00:15.817 4016 4057 E eglCodecCommon: glUtilsParamSize: unknow param 0x00008caa
04-16 21:00:15.827 4016 4057 E eglCodecCommon: glUtilsParamSize: unknow param 0x00000d02
04-16 21:00:15.847 4016 4057 E eglCodecCommon: glUtilsParamSize: unknow param 0x00008caa
04-16 21:00:15.864 3946 3961 I Gecko : 1744837215864 Marionette INFO No differences allowed
04-16 21:00:15.945 3946 3961 I Gecko : 1744837215945 Marionette INFO Testing http://web-platform.test:8000/css/CSS2/box-display/display-005.xht == http://web-platform.test:8000/css/CSS2/box-display/display-001-ref.xht
04-16 21:00:15.990 3946 3961 E GeckoConsole: [JavaScript Error: "TypeError: can't access property "nodePrincipal", this.contentDocument is null" {file: "chrome://global/content/elements/browser-custom-element.js" line: 661}]
04-16 21:00:15.990 3946 3961 E GeckoConsole: get contentPrincipal@chrome://global/content/elements/browser-custom-element.js:661:1
04-16 21:00:15.990 3946 3961 E GeckoConsole: onLocationChange@resource://gre/modules/GeckoViewNavigation.sys.mjs:640:34
04-16 21:00:16.007 3946 3961 E GeckoConsole: [JavaScript Error: "TypeError: can't access property "title", this.contentDocument is null" {file: "chrome://global/content/elements/browser-custom-element.js" line: 630}]
04-16 21:00:16.007 3946 3961 E GeckoConsole: get contentTitle@chrome://global/content/elements/browser-custom-element.js:630:1
04-16 21:00:16.007 3946 3961 E GeckoConsole: handleEvent@resource://gre/modules/GeckoViewContent.sys.mjs:379:11
04-16 21:00:16.036 4016 4057 E eglCodecCommon: glUtilsParamSize: unknow param 0x00008caa
04-16 21:00:16.078 4016 4057 E eglCodecCommon: glUtilsParamSize: unknow param 0x00008caa
04-16 21:00:16.092 4016 4057 E eglCodecCommon: glUtilsParamSize: unknow param 0x00008caa
04-16 21:00:16.102 4016 4057 E eglCodecCommon: glUtilsParamSize: unknow param 0x00008caa
04-16 21:00:16.111 4016 4057 E eglCodecCommon: glUtilsParamSize: unknow param 0x00000d02
04-16 21:00:16.123 4016 4057 E eglCodecCommon: glUtilsParamSize: unknow param 0x00008caa
04-16 21:00:16.135 3946 3961 I Gecko : 1744837216135 Marionette INFO No differences allowed
04-16 21:00:16.221 3946 3961 I Gecko : 1744837216221 Marionette INFO Testing http://web-platform.test:8000/css/CSS2/box-display/display-006.xht == http://web-platform.test:8000/css/CSS2/box-display/display-001-ref.xht
04-16 21:00:16.264 3946 3961 E GeckoConsole: [JavaScript Error: "TypeError: can't access property "nodePrincipal", this.contentDocument is null" {file: "chrome://global/content/elements/browser-custom-element.js" line: 661}]
04-16 21:00:16.264 3946 3961 E GeckoConsole: get contentPrincipal@chrome://global/content/elements/browser-custom-element.js:661:1
04-16 21:00:16.264 3946 3961 E GeckoConsole: onLocationChange@resource://gre/modules/GeckoViewNavigation.sys.mjs:640:34
04-16 21:00:16.280 3946 3961 E GeckoConsole: [JavaScript Error: "TypeError: can't access property "title", this.contentDocument is null" {file: "chrome://global/content/elements/browser-custom-element.js" line: 630}]
04-16 21:00:16.280 3946 3961 E GeckoConsole: get contentTitle@chrome://global/content/elements/browser-custom-element.js:630:1
04-16 21:00:16.280 3946 3961 E GeckoConsole: handleEvent@resource://gre/modules/GeckoViewContent.sys.mjs:379:11
04-16 21:00:16.303 4016 4057 E eglCodecCommon: glUtilsParamSize: unknow param 0x00008caa
04-16 21:00:16.359 4016 4057 E eglCodecCommon: glUtilsParamSize: unknow param 0x00008caa
04-16 21:00:16.369 4016 4057 E eglCodecCommon: glUtilsParamSize: unknow param 0x00008caa
04-16 21:00:16.384 4016 4057 E eglCodecCommon: glUtilsParamSize: unknow param 0x00008caa
04-16 21:00:16.396 4016 4057 E eglCodecCommon: glUtilsParamSize: unknow param 0x00000d02
04-16 21:00:16.407 4016 4057 E eglCodecCommon: glUtilsParamSize: unknow param 0x00008caa
04-16 21:00:16.414 3946 3961 I Gecko : 1744837216414 Marionette INFO No differences allowed
04-16 21:00:16.463 3946 3961 W GeckoEventDispatcher: No listener for GeckoView:StateUpdated
04-16 21:00:16.506 3946 3961 I Gecko : 1744837216506 Marionette INFO Testing http://web-platform.test:8000/css/CSS2/box-display/display-007.xht == http://web-platform.test:8000/css/CSS2/box-display/display-001-ref.xht
04-16 21:00:16.547 3946 3961 E GeckoConsole: [JavaScript Error: "TypeError: can't access property "nodePrincipal", this.contentDocument is null" {file: "chrome://global/content/elements/browser-custom-element.js" line: 661}]
04-16 21:00:16.547 3946 3961 E GeckoConsole: get contentPrincipal@chrome://global/content/elements/browser-custom-element.js:661:1
04-16 21:00:16.547 3946 3961 E GeckoConsole: onLocationChange@resource://gre/modules/GeckoViewNavigation.sys.mjs:640:34
04-16 21:00:16.563 3946 3961 E GeckoConsole: [JavaScript Error: "TypeError: can't access property "title", this.contentDocument is null" {file: "chrome://global/content/elements/browser-custom-element.js" line: 630}]
04-16 21:00:16.563 3946 3961 E GeckoConsole: get contentTitle@chrome://global/content/elements/browser-custom-element.js:630:1
04-16 21:00:16.563 3946 3961 E GeckoConsole: handleEvent@resource://gre/modules/GeckoViewContent.sys.mjs:379:11
04-16 21:00:16.587 4016 4057 E eglCodecCommon: glUtilsParamSize: unknow param 0x00008caa
04-16 21:00:16.641 4016 4057 E eglCodecCommon: glUtilsParamSize: unknow param 0x00008caa
04-16 21:00:16.651 4016 4057 E eglCodecCommon: glUtilsParamSize: unknow param 0x00008caa
04-16 21:00:16.668 4016 4057 E eglCodecCommon: glUtilsParamSize: unknow param 0x00008caa
04-16 21:00:16.677 4016 4057 E eglCodecCommon: glUtilsParamSize: unknow param 0x00000d02
04-16 21:00:16.687 4016 4057 E eglCodecCommon: glUtilsParamSize: unknow param 0x00008caa
04-16 21:00:16.701 3946 3961 I Gecko : 1744837216701 Marionette INFO No differences allowed
04-16 21:00:16.791 3946 3961 I Gecko : 1744837216791 Marionette INFO Testing http://web-platform.test:8000/css/CSS2/box-display/display-008.xht == http://web-platform.test:8000/css/CSS2/box-display/display-008-ref.xht
04-16 21:00:16.833 3946 3961 E GeckoConsole: [JavaScript Error: "TypeError: can't access property "nodePrincipal", this.contentDocument is null" {file: "chrome://global/content/elements/browser-custom-element.js" line: 661}]
04-16 21:00:16.833 3946 3961 E GeckoConsole: get contentPrincipal@chrome://global/content/elements/browser-custom-element.js:661:1
04-16 21:00:16.833 3946 3961 E GeckoConsole: onLocationChange@resource://gre/modules/GeckoViewNavigation.sys.mjs:640:34
04-16 21:00:16.849 3946 3961 E GeckoConsole: [JavaScript Error: "TypeError: can't access property "title", this.contentDocument is null" {file: "chrome://global/content/elements/browser-custom-element.js" line: 630}]
04-16 21:00:16.849 3946 3961 E GeckoConsole: get contentTitle@chrome://global/content/elements/browser-custom-element.js:630:1
04-16 21:00:16.849 3946 3961 E GeckoConsole: handleEvent@resource://gre/modules/GeckoViewContent.sys.mjs:379:11
04-16 21:00:16.870 4016 4057 E eglCodecCommon: glUtilsParamSize: unknow param 0x00008caa
04-16 21:00:16.924 4016 4057 E eglCodecCommon: glUtilsParamSize: unknow param 0x00008caa
04-16 21:00:16.935 4016 4057 E eglCodecCommon: glUtilsParamSize: unknow param 0x00008caa
04-16 21:00:16.951 4016 4057 E eglCodecCommon: glUtilsParamSize: unknow param 0x00008caa
04-16 21:00:16.961 4016 4057 E eglCodecCommon: glUtilsParamSize: unknow param 0x00000d02
04-16 21:00:16.974 4016 4057 E eglCodecCommon: glUtilsParamSize: unknow param 0x00008caa
04-16 21:00:17.041 3946 3961 E GeckoConsole: [JavaScript Error: "TypeError: can't access property "nodePrincipal", this.contentDocument is null" {file: "chrome://global/content/elements/browser-custom-element.js" line: 661}]
04-16 21:00:17.041 3946 3961 E GeckoConsole: get contentPrincipal@chrome://global/content/elements/browser-custom-element.js:661:1
04-16 21:00:17.041 3946 3961 E GeckoConsole: onLocationChange@resource://gre/modules/GeckoViewNavigation.sys.mjs:640:34
04-16 21:00:17.058 3946 3961 E GeckoConsole: [JavaScript Error: "TypeError: can't access property "title", this.contentDocument is null" {file: "chrome://global/content/elements/browser-custom-element.js" line: 630}]
04-16 21:00:17.058 3946 3961 E GeckoConsole: get contentTitle@chrome://global/content/elements/browser-custom-element.js:630:1
04-16 21:00:17.058 3946 3961 E GeckoConsole: handleEvent@resource://gre/modules/GeckoViewContent.sys.mjs:379:11
04-16 21:00:17.087 4016 4057 E eglCodecCommon: glUtilsParamSize: unknow param 0x00008caa
04-16 21:00:17.143 4016 4057 E eglCodecCommon: glUtilsParamSize: unknow param 0x00008caa
04-16 21:00:17.154 4016 4057 E eglCodecCommon: glUtilsParamSize: unknow param 0x00008caa
04-16 21:00:17.168 4016 4057 E eglCodecCommon: glUtilsParamSize: unknow param 0x00008caa
04-16 21:00:17.179 4016 4057 E eglCodecCommon: glUtilsParamSize: unknow param 0x00000d02
04-16 21:00:17.189 4016 4057 E eglCodecCommon: glUtilsParamSize: unknow param 0x00008caa
04-16 21:00:17.197 3946 3961 I Gecko : 1744837217197 Marionette INFO No differences allowed
04-16 21:00:17.285 3946 3961 I Gecko : 1744837217285 Marionette INFO Testing http://web-platform.test:8000/css/CSS2/box-display/display-009.xht == http://web-platform.test:8000/css/CSS2/box-display/display-008-ref.xht
04-16 21:00:17.330 3946 3961 E GeckoConsole: [JavaScript Error: "TypeError: can't access property "nodePrincipal", this.contentDocument is null" {file: "chrome://global/content/elements/browser-custom-element.js" line: 661}]
04-16 21:00:17.330 3946 3961 E GeckoConsole: get contentPrincipal@chrome://global/content/elements/browser-custom-element.js:661:1
04-16 21:00:17.330 3946 3961 E GeckoConsole: onLocationChange@resource://gre/modules/GeckoViewNavigation.sys.mjs:640:34
04-16 21:00:17.347 3946 3961 E GeckoConsole: [JavaScript Error: "TypeError: can't access property "title", this.contentDocument is null" {file: "chrome://global/content/elements/browser-custom-element.js" line: 630}]
04-16 21:00:17.347 3946 3961 E GeckoConsole: get contentTitle@chrome://global/content/elements/browser-custom-element.js:630:1
04-16 21:00:17.347 3946 3961 E GeckoConsole: handleEvent@resource://gre/modules/GeckoViewContent.sys.mjs:379:11
04-16 21:00:17.370 4016 4057 E eglCodecCommon: glUtilsParamSize: unknow param 0x00008caa
04-16 21:00:17.411 4016 4057 E eglCodecCommon: glUtilsParamSize: unknow param 0x00008caa
04-16 21:00:17.426 4016 4057 E eglCodecCommon: glUtilsParamSize: unknow param 0x00008caa
04-16 21:00:17.436 4016 4057 E eglCodecCommon: glUtilsParamSize: unknow param 0x00008caa
04-16 21:00:17.445 4016 4057 E eglCodecCommon: glUtilsParamSize: unknow param 0x00000d02
04-16 21:00:17.456 4016 4057 E eglCodecCommon: glUtilsParamSize: unknow param 0x00008caa
04-16 21:00:17.464 3946 3961 I Gecko : 1744837217464 Marionette INFO No differences allowed
04-16 21:00:17.520 3946 3961 W GeckoEventDispatcher: No listener for GeckoView:StateUpdated
04-16 21:00:17.552 3946 3961 I Gecko : 1744837217551 Marionette INFO Testing http://web-platform.test:8000/css/CSS2/box-display/display-010.xht == http://web-platform.test:8000/css/CSS2/box-display/display-010-ref.xht
04-16 21:00:17.593 3946 3961 E GeckoConsole: [JavaScript Error: "TypeError: can't access property "nodePrincipal", this.contentDocument is null" {file: "chrome://global/content/elements/browser-custom-element.js" line: 661}]
04-16 21:00:17.593 3946 3961 E GeckoConsole: get contentPrincipal@chrome://global/content/elements/browser-custom-element.js:661:1
04-16 21:00:17.593 3946 3961 E GeckoConsole: onLocationChange@resource://gre/modules/GeckoViewNavigation.sys.mjs:640:34
04-16 21:00:17.608 3946 3961 E GeckoConsole: [JavaScript Error: "TypeError: can't access property "title", this.contentDocument is null" {file: "chrome://global/content/elements/browser-custom-element.js" line: 630}]
04-16 21:00:17.608 3946 3961 E GeckoConsole: get contentTitle@chrome://global/content/elements/browser-custom-element.js:630:1
04-16 21:00:17.608 3946 3961 E GeckoConsole: handleEvent@resource://gre/modules/GeckoViewContent.sys.mjs:379:11
04-16 21:00:17.637 4016 4057 E eglCodecCommon: glUtilsParamSize: unknow param 0x00008caa
04-16 21:00:17.692 4016 4057 E eglCodecCommon: glUtilsParamSize: unknow param 0x00008caa
04-16 21:00:17.702 4016 4057 E eglCodecCommon: glUtilsParamSize: unknow param 0x00008caa
04-16 21:00:17.717 4016 4057 E eglCodecCommon: glUtilsParamSize: unknow param 0x00008caa
04-16 21:00:17.729 4016 4057 E eglCodecCommon: glUtilsParamSize: unknow param 0x00000d02
04-16 21:00:17.741 4016 4057 E eglCodecCommon: glUtilsParamSize: unknow param 0x00008caa
04-16 21:00:17.807 3946 3961 E GeckoConsole: [JavaScript Error: "TypeError: can't access property "nodePrincipal", this.contentDocument is null" {file: "chrome://global/content/elements/browser-custom-element.js" line: 661}]
04-16 21:00:17.807 3946 3961 E GeckoConsole: get contentPrincipal@chrome://global/content/elements/browser-custom-element.js:661:1
04-16 21:00:17.807 3946 3961 E GeckoConsole: onLocationChange@resource://gre/modules/GeckoViewNavigation.sys.mjs:640:34
04-16 21:00:17.824 3946 3961 E GeckoConsole: [JavaScript Error: "TypeError: can't access property "title", this.contentDocument is null" {file: "chrome://global/content/elements/browser-custom-element.js" line: 630}]
04-16 21:00:17.824 3946 3961 E GeckoConsole: get contentTitle@chrome://global/content/elements/browser-custom-element.js:630:1
04-16 21:00:17.824 3946 3961 E GeckoConsole: handleEvent@resource://gre/modules/GeckoViewContent.sys.mjs:379:11
04-16 21:00:17.853 4016 4057 E eglCodecCommon: glUtilsParamSize: unknow param 0x00008caa
04-16 21:00:17.898 4016 4057 E eglCodecCommon: glUtilsParamSize: unknow param 0x00008caa
04-16 21:00:17.909 4016 4057 E eglCodecCommon: glUtilsParamSize: unknow param 0x00008caa
04-16 21:00:17.920 4016 4057 E eglCodecCommon: glUtilsParamSize: unknow param 0x00008caa
04-16 21:00:17.935 4016 4057 E eglCodecCommon: glUtilsParamSize: unknow param 0x00000d02
04-16 21:00:17.945 4016 4057 E eglCodecCommon: glUtilsParamSize: unknow param 0x00008caa
04-16 21:00:17.958 3946 3961 I Gecko : 1744837217958 Marionette INFO No differences allowed
04-16 21:00:18.048 3946 3961 I Gecko : 1744837218048 Marionette INFO Testing http://web-platform.test:8000/css/CSS2/box-display/display-011.xht == http://web-platform.test:8000/css/CSS2/box-display/display-002-ref.xht
04-16 21:00:18.094 3946 3961 E GeckoConsole: [JavaScript Error: "TypeError: can't access property "nodePrincipal", this.contentDocument is null" {file: "chrome://global/content/elements/browser-custom-element.js" line: 661}]
04-16 21:00:18.094 3946 3961 E GeckoConsole: get contentPrincipal@chrome://global/content/elements/browser-custom-element.js:661:1
04-16 21:00:18.094 3946 3961 E GeckoConsole: onLocationChange@resource://gre/modules/GeckoViewNavigation.sys.mjs:640:34
04-16 21:00:18.109 3946 3961 E GeckoConsole: [JavaScript Error: "TypeError: can't access property "title", this.contentDocument is null" {file: "chrome://global/content/elements/browser-custom-element.js" line: 630}]
04-16 21:00:18.109 3946 3961 E GeckoConsole: get contentTitle@chrome://global/content/elements/browser-custom-element.js:630:1
04-16 21:00:18.109 3946 3961 E GeckoConsole: handleEvent@resource://gre/modules/GeckoViewContent.sys.mjs:379:11
04-16 21:00:18.136 4016 4057 E eglCodecCommon: glUtilsParamSize: unknow param 0x00008caa
04-16 21:00:18.192 4016 4057 E eglCodecCommon: glUtilsParamSize: unknow param 0x00008caa
04-16 21:00:18.204 4016 4057 E eglCodecCommon: glUtilsParamSize: unknow param 0x00008caa
04-16 21:00:18.217 4016 4057 E eglCodecCommon: glUtilsParamSize: unknow param 0x00008caa
04-16 21:00:18.227 4016 4057 E eglCodecCommon: glUtilsParamSize: unknow param 0x00000d02
04-16 21:00:18.240 4016 4057 E eglCodecCommon: glUtilsParamSize: unknow param 0x00008caa
04-16 21:00:18.253 3946 3961 I Gecko : 1744837218253 Marionette INFO No differences allowed
04-16 21:00:18.344 3946 3961 I Gecko : 1744837218344 Marionette INFO Testing http://web-platform.test:8000/css/CSS2/box-display/display-012.xht == http://web-platform.test:8000/css/CSS2/box-display/display-012-ref.xht
04-16 21:00:18.387 3946 3961 E GeckoConsole: [JavaScript Error: "TypeError: can't access property "nodePrincipal", this.contentDocument is null" {file: "chrome://global/content/elements/browser-custom-element.js" line: 661}]
04-16 21:00:18.387 3946 3961 E GeckoConsole: get contentPrincipal@chrome://global/content/elements/browser-custom-element.js:661:1
04-16 21:00:18.387 3946 3961 E GeckoConsole: onLocationChange@resource://gre/modules/GeckoViewNavigation.sys.mjs:640:34
04-16 21:00:18.403 3946 3961 E GeckoConsole: [JavaScript Error: "TypeError: can't access property "title", this.contentDocument is null" {file: "chrome://global/content/elements/browser-custom-element.js" line: 630}]
04-16 21:00:18.403 3946 3961 E GeckoConsole: get contentTitle@chrome://global/content/elements/browser-custom-element.js:630:1
04-16 21:00:18.403 3946 3961 E GeckoConsole: handleEvent@resource://gre/modules/GeckoViewContent.sys.mjs:379:11
04-16 21:00:18.436 4016 4057 E eglCodecCommon: glUtilsParamSize: unknow param 0x00008caa
04-16 21:00:18.492 4016 4057 E eglCodecCommon: glUtilsParamSize: unknow param 0x00008caa
04-16 21:00:18.503 4016 4057 E eglCodecCommon: glUtilsParamSize: unknow param 0x00008caa
04-16 21:00:18.518 4016 4057 E eglCodecCommon: glUtilsParamSize: unknow param 0x00008caa
04-16 21:00:18.534 4016 4057 E eglCodecCommon: glUtilsParamSize: unknow param 0x00000d02
04-16 21:00:18.545 4016 4057 E eglCodecCommon: glUtilsParamSize: unknow param 0x00008caa
04-16 21:00:18.571 3946 3961 W GeckoEventDispatcher: No listener for GeckoView:StateUpdated
04-16 21:00:18.619 3946 3961 E GeckoConsole: [JavaScript Error: "TypeError: can't access property "nodePrincipal", this.contentDocument is null" {file: "chrome://global/content/elements/browser-custom-element.js" line: 661}]
04-16 21:00:18.619 3946 3961 E GeckoConsole: get contentPrincipal@chrome://global/content/elements/browser-custom-element.js:661:1
04-16 21:00:18.619 3946 3961 E GeckoConsole: onLocationChange@resource://gre/modules/GeckoViewNavigation.sys.mjs:640:34
04-16 21:00:18.636 3946 3961 E GeckoConsole: [JavaScript Error: "TypeError: can't access property "title", this.contentDocument is null" {file: "chrome://global/content/elements/browser-custom-element.js" line: 630}]
04-16 21:00:18.636 3946 3961 E GeckoConsole: get contentTitle@chrome://global/content/elements/browser-custom-element.js:630:1
04-16 21:00:18.636 3946 3961 E GeckoConsole: handleEvent@resource://gre/modules/GeckoViewContent.sys.mjs:379:11
04-16 21:00:18.670 4016 4057 E eglCodecCommon: glUtilsParamSize: unknow param 0x00008caa
04-16 21:00:18.726 4016 4057 E eglCodecCommon: glUtilsParamSize: unknow param 0x00008caa
04-16 21:00:18.737 4016 4057 E eglCodecCommon: glUtilsParamSize: unknow param 0x00008caa
04-16 21:00:18.751 4016 4057 E eglCodecCommon: glUtilsParamSize: unknow param 0x00008caa
04-16 21:00:18.762 4016 4057 E eglCodecCommon: glUtilsParamSize: unknow param 0x00000d02
04-16 21:00:18.776 4016 4057 E eglCodecCommon: glUtilsParamSize: unknow param 0x00008caa
04-16 21:00:18.782 3946 3961 I Gecko : 1744837218782 Marionette INFO No differences allowed
04-16 21:00:18.875 3946 3961 I Gecko : 1744837218875 Marionette INFO Testing http://web-platform.test:8000/css/CSS2/box-display/display-013.xht == http://web-platform.test:8000/css/CSS2/box-display/display-012-ref.xht
04-16 21:00:18.918 3946 3961 E GeckoConsole: [JavaScript Error: "TypeError: can't access property "nodePrincipal", this.contentDocument is null" {file: "chrome://global/content/elements/browser-custom-element.js" line: 661}]
04-16 21:00:18.918 3946 3961 E GeckoConsole: get contentPrincipal@chrome://global/content/elements/browser-custom-element.js:661:1
04-16 21:00:18.918 3946 3961 E GeckoConsole: onLocationChange@resource://gre/modules/GeckoViewNavigation.sys.mjs:640:34
04-16 21:00:18.935 3946 3961 E GeckoConsole: [JavaScript Error: "TypeError: can't access property "title", this.contentDocument is null" {file: "chrome://global/content/elements/browser-custom-element.js" line: 630}]
04-16 21:00:18.935 3946 3961 E GeckoConsole: get contentTitle@chrome://global/content/elements/browser-custom-element.js:630:1
04-16 21:00:18.935 3946 3961 E GeckoConsole: handleEvent@resource://gre/modules/GeckoViewContent.sys.mjs:379:11
04-16 21:00:18.970 4016 4057 E eglCodecCommon: glUtilsParamSize: unknow param 0x00008caa
04-16 21:00:19.025 4016 4057 E eglCodecCommon: glUtilsParamSize: unknow param 0x00008caa
04-16 21:00:19.037 4016 4057 E eglCodecCommon: glUtilsParamSize: unknow param 0x00008caa
04-16 21:00:19.051 4016 4057 E eglCodecCommon: glUtilsParamSize: unknow param 0x00008caa
04-16 21:00:19.061 4016 4057 E eglCodecCommon: glUtilsParamSize: unknow param 0x00000d02
04-16 21:00:19.073 4016 4057 E eglCodecCommon: glUtilsParamSize: unknow param 0x00008caa
04-16 21:00:19.084 3946 3961 I Gecko : 1744837219084 Marionette INFO No differences allowed
04-16 21:00:19.177 3946 3961 I Gecko : 1744837219176 Marionette INFO Testing http://web-platform.test:8000/css/CSS2/box-display/display-014.xht == http://web-platform.test:8000/css/CSS2/box-display/display-001-ref.xht
04-16 21:00:19.224 3946 3961 E GeckoConsole: [JavaScript Error: "TypeError: can't access property "nodePrincipal", this.contentDocument is null" {file: "chrome://global/content/elements/browser-custom-element.js" line: 661}]
04-16 21:00:19.224 3946 3961 E GeckoConsole: get contentPrincipal@chrome://global/content/elements/browser-custom-element.js:661:1
04-16 21:00:19.224 3946 3961 E GeckoConsole: onLocationChange@resource://gre/modules/GeckoViewNavigation.sys.mjs:640:34
04-16 21:00:19.240 3946 3961 E GeckoConsole: [JavaScript Error: "TypeError: can't access property "title", this.contentDocument is null" {file: "chrome://global/content/elements/browser-custom-element.js" line: 630}]
04-16 21:00:19.240 3946 3961 E GeckoConsole: get contentTitle@chrome://global/content/elements/browser-custom-element.js:630:1
04-16 21:00:19.240 3946 3961 E GeckoConsole: handleEvent@resource://gre/modules/GeckoViewContent.sys.mjs:379:11
04-16 21:00:19.270 4016 4057 E eglCodecCommon: glUtilsParamSize: unknow param 0x00008caa
04-16 21:00:19.311 4016 4057 E eglCodecCommon: glUtilsParamSize: unknow param 0x00008caa
04-16 21:00:19.327 4016 4057 E eglCodecCommon: glUtilsParamSize: unknow param 0x00008caa
04-16 21:00:19.337 4016 4057 E eglCodecCommon: glUtilsParamSize: unknow param 0x00008caa
04-16 21:00:19.347 4016 4057 E eglCodecCommon: glUtilsParamSize: unknow param 0x00000d02
04-16 21:00:19.359 4016 4057 E eglCodecCommon: glUtilsParamSize: unknow param 0x00008caa
04-16 21:00:19.367 3946 3961 I Gecko : 1744837219367 Marionette INFO No differences allowed
04-16 21:00:19.453 3946 3961 I Gecko : 1744837219453 Marionette INFO Testing http://web-platform.test:8000/css/CSS2/box-display/display-015.xht == http://web-platform.test:8000/css/CSS2/box-display/display-002-ref.xht
04-16 21:00:19.497 3946 3961 E GeckoConsole: [JavaScript Error: "TypeError: can't access property "nodePrincipal", this.contentDocument is null" {file: "chrome://global/content/elements/browser-custom-element.js" line: 661}]
04-16 21:00:19.497 3946 3961 E GeckoConsole: get contentPrincipal@chrome://global/content/elements/browser-custom-element.js:661:1
04-16 21:00:19.497 3946 3961 E GeckoConsole: onLocationChange@resource://gre/modules/GeckoViewNavigation.sys.mjs:640:34
04-16 21:00:19.514 3946 3961 E GeckoConsole: [JavaScript Error: "TypeError: can't access property "title", this.contentDocument is null" {file: "chrome://global/content/elements/browser-custom-element.js" line: 630}]
04-16 21:00:19.514 3946 3961 E GeckoConsole: get contentTitle@chrome://global/content/elements/browser-custom-element.js:630:1
04-16 21:00:19.514 3946 3961 E GeckoConsole: handleEvent@resource://gre/modules/GeckoViewContent.sys.mjs:379:11
04-16 21:00:19.537 4016 4057 E eglCodecCommon: glUtilsParamSize: unknow param 0x00008caa
04-16 21:00:19.581 3946 3961 W GeckoEventDispatcher: No listener for GeckoView:StateUpdated
04-16 21:00:19.591 4016 4057 E eglCodecCommon: glUtilsParamSize: unknow param 0x00008caa
04-16 21:00:19.601 4016 4057 E eglCodecCommon: glUtilsParamSize: unknow param 0x00008caa
04-16 21:00:19.618 4016 4057 E eglCodecCommon: glUtilsParamSize: unknow param 0x00008caa
04-16 21:00:19.628 4016 4057 E eglCodecCommon: glUtilsParamSize: unknow param 0x00000d02
04-16 21:00:19.640 4016 4057 E eglCodecCommon: glUtilsParamSize: unknow param 0x00008caa
04-16 21:00:19.649 3946 3961 I Gecko : 1744837219648 Marionette INFO No differences allowed
04-16 21:00:19.735 3946 3961 I Gecko : 1744837219735 Marionette INFO Testing http://web-platform.test:8000/css/CSS2/box-display/display-016.xht == http://web-platform.test:8000/css/CSS2/reference/ref-if-there-is-no-red.xht
04-16 21:00:19.778 3946 3961 E GeckoConsole: [JavaScript Error: "TypeError: can't access property "nodePrincipal", this.contentDocument is null" {file: "chrome://global/content/elements/browser-custom-element.js" line: 661}]
04-16 21:00:19.778 3946 3961 E GeckoConsole: get contentPrincipal@chrome://global/content/elements/browser-custom-element.js:661:1
04-16 21:00:19.778 3946 3961 E GeckoConsole: onLocationChange@resource://gre/modules/GeckoViewNavigation.sys.mjs:640:34
04-16 21:00:19.794 3946 3961 E GeckoConsole: [JavaScript Error: "TypeError: can't access property "title", this.contentDocument is null" {file: "chrome://global/content/elements/browser-custom-element.js" line: 630}]
04-16 21:00:19.794 3946 3961 E GeckoConsole: get contentTitle@chrome://global/content/elements/browser-custom-element.js:630:1
04-16 21:00:19.794 3946 3961 E GeckoConsole: handleEvent@resource://gre/modules/GeckoViewContent.sys.mjs:379:11
04-16 21:00:19.820 4016 4057 E eglCodecCommon: glUtilsParamSize: unknow param 0x00008caa
04-16 21:00:19.875 4016 4057 E eglCodecCommon: glUtilsParamSize: unknow param 0x00008caa
04-16 21:00:19.886 4016 4057 E eglCodecCommon: glUtilsParamSize: unknow param 0x00008caa
04-16 21:00:19.901 4016 4057 E eglCodecCommon: glUtilsParamSize: unknow param 0x00008caa
04-16 21:00:19.912 4016 4057 E eglCodecCommon: glUtilsParamSize: unknow param 0x00000d02
04-16 21:00:19.922 4016 4057 E eglCodecCommon: glUtilsParamSize: unknow param 0x00008caa
04-16 21:00:19.932 3946 3961 I Gecko : 1744837219932 Marionette INFO No differences allowed
04-16 21:00:20.022 3946 3961 I Gecko : 1744837220022 Marionette INFO Testing http://web-platform.test:8000/css/CSS2/box-display/display-017.xht == http://web-platform.test:8000/css/CSS2/box-display/display-002-ref.xht
04-16 21:00:20.065 3946 3961 E GeckoConsole: [JavaScript Error: "TypeError: can't access property "nodePrincipal", this.contentDocument is null" {file: "chrome://global/content/elements/browser-custom-element.js" line: 661}]
04-16 21:00:20.065 3946 3961 E GeckoConsole: get contentPrincipal@chrome://global/content/elements/browser-custom-element.js:661:1
04-16 21:00:20.065 3946 3961 E GeckoConsole: onLocationChange@resource://gre/modules/GeckoViewNavigation.sys.mjs:640:34
04-16 21:00:20.081 3946 3961 E GeckoConsole: [JavaScript Error: "TypeError: can't access property "title", this.contentDocument is null" {file: "chrome://global/content/elements/browser-custom-element.js" line: 630}]
04-16 21:00:20.081 3946 3961 E GeckoConsole: get contentTitle@chrome://global/content/elements/browser-custom-element.js:630:1
04-16 21:00:20.081 3946 3961 E GeckoConsole: handleEvent@resource://gre/modules/GeckoViewContent.sys.mjs:379:11
04-16 21:00:20.120 4016 4057 E eglCodecCommon: glUtilsParamSize: unknow param 0x00008caa
04-16 21:00:20.175 4016 4057 E eglCodecCommon: glUtilsParamSize: unknow param 0x00008caa
04-16 21:00:20.187 4016 4057 E eglCodecCommon: glUtilsParamSize: unknow param 0x00008caa
04-16 21:00:20.201 4016 4057 E eglCodecCommon: glUtilsParamSize: unknow param 0x00008caa
04-16 21:00:20.212 4016 4057 E eglCodecCommon: glUtilsParamSize: unknow param 0x00000d02
04-16 21:00:20.222 4016 4057 E eglCodecCommon: glUtilsParamSize: unknow param 0x00008caa
04-16 21:00:20.230 3946 3961 I Gecko : 1744837220230 Marionette INFO No differences allowed
04-16 21:00:20.324 3946 3961 I Gecko : 1744837220323 Marionette INFO Testing http://web-platform.test:8000/css/CSS2/box-display/display-018.xht == http://web-platform.test:8000/css/CSS2/box-display/display-018-ref.xht
04-16 21:00:20.369 3946 3961 E GeckoConsole: [JavaScript Error: "TypeError: can't access property "nodePrincipal", this.contentDocument is null" {file: "chrome://global/content/elements/browser-custom-element.js" line: 661}]
04-16 21:00:20.369 3946 3961 E GeckoConsole: get contentPrincipal@chrome://global/content/elements/browser-custom-element.js:661:1
04-16 21:00:20.369 3946 3961 E GeckoConsole: onLocationChange@resource://gre/modules/GeckoViewNavigation.sys.mjs:640:34
04-16 21:00:20.385 3946 3961 E GeckoConsole: [JavaScript Error: "TypeError: can't access property "title", this.contentDocument is null" {file: "chrome://global/content/elements/browser-custom-element.js" line: 630}]
04-16 21:00:20.385 3946 3961 E GeckoConsole: get contentTitle@chrome://global/content/elements/browser-custom-element.js:630:1
04-16 21:00:20.385 3946 3961 E GeckoConsole: handleEvent@resource://gre/modules/GeckoViewContent.sys.mjs:379:11
04-16 21:00:20.421 4016 4057 E eglCodecCommon: glUtilsParamSize: unknow param 0x00008caa
04-16 21:00:20.461 4016 4057 E eglCodecCommon: glUtilsParamSize: unknow param 0x00008caa
04-16 21:00:20.476 4016 4057 E eglCodecCommon: glUtilsParamSize: unknow param 0x00008caa
04-16 21:00:20.490 4016 4057 E eglCodecCommon: glUtilsParamSize: unknow param 0x00008caa
04-16 21:00:20.502 4016 4057 E eglCodecCommon: glUtilsParamSize: unknow param 0x00000d02
04-16 21:00:20.511 4016 4057 E eglCodecCommon: glUtilsParamSize: unknow param 0x00008caa
04-16 21:00:20.578 3946 3961 E GeckoConsole: [JavaScript Error: "TypeError: can't access property "nodePrincipal", this.contentDocument is null" {file: "chrome://global/content/elements/browser-custom-element.js" line: 661}]
04-16 21:00:20.578 3946 3961 E GeckoConsole: get contentPrincipal@chrome://global/content/elements/browser-custom-element.js:661:1
04-16 21:00:20.578 3946 3961 E GeckoConsole: onLocationChange@resource://gre/modules/GeckoViewNavigation.sys.mjs:640:34
04-16 21:00:20.594 3946 3961 E GeckoConsole: [JavaScript Error: "TypeError: can't access property "title", this.contentDocument is null" {file: "chrome://global/content/elements/browser-custom-element.js" line: 630}]
04-16 21:00:20.594 3946 3961 E GeckoConsole: get contentTitle@chrome://global/content/elements/browser-custom-element.js:630:1
04-16 21:00:20.594 3946 3961 E GeckoConsole: handleEvent@resource://gre/modules/GeckoViewContent.sys.mjs:379:11
04-16 21:00:20.620 4016 4057 E eglCodecCommon: glUtilsParamSize: unknow param 0x00008caa
04-16 21:00:20.660 4016 4057 E eglCodecCommon: glUtilsParamSize: unknow param 0x00008caa
04-16 21:00:20.674 4016 4057 E eglCodecCommon: glUtilsParamSize: unknow param 0x00008caa
04-16 21:00:20.684 4016 4057 E eglCodecCommon: glUtilsParamSize: unknow param 0x00008caa
04-16 21:00:20.693 4016 4057 E eglCodecCommon: glUtilsParamSize: unknow param 0x00000d02
04-16 21:00:20.706 4016 4057 E eglCodecCommon: glUtilsParamSize: unknow param 0x00008caa
04-16 21:00:20.713 3946 3961 I Gecko : 1744837220713 Marionette INFO No differences allowed
04-16 21:00:20.777 3946 3961 W GeckoEventDispatcher: No listener for GeckoView:StateUpdated
04-16 21:00:20.804 3946 3961 I Gecko : 1744837220804 Marionette INFO Testing http://web-platform.test:8000/css/CSS2/box-display/display-change-001.xht == http://web-platform.test:8000/css/CSS2/box-display/display-change-001-ref.xht
04-16 21:00:20.849 3946 3961 E GeckoConsole: [JavaScript Error: "TypeError: can't access property "nodePrincipal", this.contentDocument is null" {file: "chrome://global/content/elements/browser-custom-element.js" line: 661}]
04-16 21:00:20.849 3946 3961 E GeckoConsole: get contentPrincipal@chrome://global/content/elements/browser-custom-element.js:661:1
04-16 21:00:20.849 3946 3961 E GeckoConsole: onLocationChange@resource://gre/modules/GeckoViewNavigation.sys.mjs:640:34
04-16 21:00:20.870 4016 4057 E eglCodecCommon: glUtilsParamSize: unknow param 0x00008caa
04-16 21:00:20.877 3946 3961 E GeckoConsole: [JavaScript Error: "TypeError: can't access property "title", this.contentDocument is null" {file: "chrome://global/content/elements/browser-custom-element.js" line: 630}]
04-16 21:00:20.877 3946 3961 E GeckoConsole: get contentTitle@chrome://global/content/elements/browser-custom-element.js:630:1
04-16 21:00:20.877 3946 3961 E GeckoConsole: handleEvent@resource://gre/modules/GeckoViewContent.sys.mjs:379:11
04-16 21:00:20.920 4016 4057 E eglCodecCommon: glUtilsParamSize: unknow param 0x00008caa
04-16 21:00:20.953 4016 4057 E eglCodecCommon: glUtilsParamSize: unknow param 0x00008caa
04-16 21:00:20.976 4016 4057 E eglCodecCommon: glUtilsParamSize: unknow param 0x00008caa
04-16 21:00:20.987 4016 4057 E eglCodecCommon: glUtilsParamSize: unknow param 0x00008caa
04-16 21:00:21.006 4016 4057 E eglCodecCommon: glUtilsParamSize: unknow param 0x00008caa
04-16 21:00:21.020 4016 4057 E eglCodecCommon: glUtilsParamSize: unknow param 0x00000d02
04-16 21:00:21.037 4016 4057 E eglCodecCommon: glUtilsParamSize: unknow param 0x00008caa
04-16 21:00:21.099 3946 3961 E GeckoConsole: [JavaScript Error: "TypeError: can't access property "nodePrincipal", this.contentDocument is null" {file: "chrome://global/content/elements/browser-custom-element.js" line: 661}]
04-16 21:00:21.099 3946 3961 E GeckoConsole: get contentPrincipal@chrome://global/content/elements/browser-custom-element.js:661:1
04-16 21:00:21.099 3946 3961 E GeckoConsole: onLocationChange@resource://gre/modules/GeckoViewNavigation.sys.mjs:640:34
04-16 21:00:21.118 3946 3961 E GeckoConsole: [JavaScript Error: "TypeError: can't access property "title", this.contentDocument is null" {file: "chrome://global/content/elements/browser-custom-element.js" line: 630}]
04-16 21:00:21.118 3946 3961 E GeckoConsole: get contentTitle@chrome://global/content/elements/browser-custom-element.js:630:1
04-16 21:00:21.118 3946 3961 E GeckoConsole: handleEvent@resource://gre/modules/GeckoViewContent.sys.mjs:379:11
04-16 21:00:21.153 4016 4057 E eglCodecCommon: glUtilsParamSize: unknow param 0x00008caa
04-16 21:00:21.208 4016 4057 E eglCodecCommon: glUtilsParamSize: unknow param 0x00008caa
04-16 21:00:21.219 4016 4057 E eglCodecCommon: glUtilsParamSize: unknow param 0x00008caa
04-16 21:00:21.234 4016 4057 E eglCodecCommon: glUtilsParamSize: unknow param 0x00008caa
04-16 21:00:21.245 4016 4057 E eglCodecCommon: glUtilsParamSize: unknow param 0x00000d02
04-16 21:00:21.254 4016 4057 E eglCodecCommon: glUtilsParamSize: unknow param 0x00008caa
04-16 21:00:21.266 3946 3961 I Gecko : 1744837221265 Marionette INFO No differences allowed
04-16 21:00:21.349 3946 3961 I Gecko : 1744837221349 Marionette INFO Testing http://web-platform.test:8000/css/CSS2/box-display/display-none-001.xht == http://web-platform.test:8000/css/CSS2/reference/ref-if-there-is-no-red.xht
04-16 21:00:21.389 3946 3961 E GeckoConsole: [JavaScript Error: "TypeError: can't access property "nodePrincipal", this.contentDocument is null" {file: "chrome://global/content/elements/browser-custom-element.js" line: 661}]
04-16 21:00:21.389 3946 3961 E GeckoConsole: get contentPrincipal@chrome://global/content/elements/browser-custom-element.js:661:1
04-16 21:00:21.389 3946 3961 E GeckoConsole: onLocationChange@resource://gre/modules/GeckoViewNavigation.sys.mjs:640:34
04-16 21:00:21.404 3946 3961 E GeckoConsole: [JavaScript Error: "TypeError: can't access property "title", this.contentDocument is null" {file: "chrome://global/content/elements/browser-custom-element.js" line: 630}]
04-16 21:00:21.404 3946 3961 E GeckoConsole: get contentTitle@chrome://global/content/elements/browser-custom-element.js:630:1
04-16 21:00:21.404 3946 3961 E GeckoConsole: handleEvent@resource://gre/modules/GeckoViewContent.sys.mjs:379:11
04-16 21:00:21.436 4016 4057 E eglCodecCommon: glUtilsParamSize: unknow param 0x00008caa
04-16 21:00:21.474 4016 4057 E eglCodecCommon: glUtilsParamSize: unknow param 0x00008caa
04-16 21:00:21.485 4016 4057 E eglCodecCommon: glUtilsParamSize: unknow param 0x00008caa
04-16 21:00:21.500 4016 4057 E eglCodecCommon: glUtilsParamSize: unknow param 0x00008caa
04-16 21:00:21.510 4016 4057 E eglCodecCommon: glUtilsParamSize: unknow param 0x00000d02
04-16 21:00:21.520 4016 4057 E eglCodecCommon: glUtilsParamSize: unknow param 0x00008caa
04-16 21:00:21.529 3946 3961 I Gecko : 1744837221529 Marionette INFO No differences allowed
04-16 21:00:21.616 3946 3961 I Gecko : 1744837221616 Marionette INFO Testing http://web-platform.test:8000/css/CSS2/box-display/display-none-002.xht == http://web-platform.test:8000/css/CSS2/reference/ref-if-there-is-no-red.xht
04-16 21:00:21.657 3946 3961 E GeckoConsole: [JavaScript Error: "TypeError: can't access property "nodePrincipal", this.contentDocument is null" {file: "chrome://global/content/elements/browser-custom-element.js" line: 661}]
04-16 21:00:21.657 3946 3961 E GeckoConsole: get contentPrincipal@chrome://global/content/elements/browser-custom-element.js:661:1
04-16 21:00:21.657 3946 3961 E GeckoConsole: onLocationChange@resource://gre/modules/GeckoViewNavigation.sys.mjs:640:34
04-16 21:00:21.673 3946 3961 E GeckoConsole: [JavaScript Error: "TypeError: can't access property "title", this.contentDocument is null" {file: "chrome://global/content/elements/browser-custom-element.js" line: 630}]
04-16 21:00:21.673 3946 3961 E GeckoConsole: get contentTitle@chrome://global/content/elements/browser-custom-element.js:630:1
04-16 21:00:21.673 3946 3961 E GeckoConsole: handleEvent@resource://gre/modules/GeckoViewContent.sys.mjs:379:11
04-16 21:00:21.703 4016 4057 E eglCodecCommon: glUtilsParamSize: unknow param 0x00008caa
04-16 21:00:21.741 4016 4057 E eglCodecCommon: glUtilsParamSize: unknow param 0x00008caa
04-16 21:00:21.751 4016 4057 E eglCodecCommon: glUtilsParamSize: unknow param 0x00008caa
04-16 21:00:21.768 4016 4057 E eglCodecCommon: glUtilsParamSize: unknow param 0x00008caa
04-16 21:00:21.778 4016 4057 E eglCodecCommon: glUtilsParamSize: unknow param 0x00000d02
04-16 21:00:21.788 4016 4057 E eglCodecCommon: glUtilsParamSize: unknow param 0x00008caa
04-16 21:00:21.798 3946 3961 I Gecko : 1744837221798 Marionette INFO No differences allowed
04-16 21:00:21.851 3946 3961 W GeckoEventDispatcher: No listener for GeckoView:StateUpdated
04-16 21:00:21.878 3946 3961 I Gecko : 1744837221878 Marionette INFO Testing http://web-platform.test:8000/css/CSS2/box-display/display-none-003.xht == http://web-platform.test:8000/css/CSS2/reference/ref-if-there-is-no-red.xht
04-16 21:00:21.921 3946 3961 E GeckoConsole: [JavaScript Error: "TypeError: can't access property "nodePrincipal", this.contentDocument is null" {file: "chrome://global/content/elements/browser-custom-element.js" line: 661}]
04-16 21:00:21.921 3946 3961 E GeckoConsole: get contentPrincipal@chrome://global/content/elements/browser-custom-element.js:661:1
04-16 21:00:21.921 3946 3961 E GeckoConsole: onLocationChange@resource://gre/modules/GeckoViewNavigation.sys.mjs:640:34
04-16 21:00:21.938 3946 3961 E GeckoConsole: [JavaScript Error: "TypeError: can't access property "title", this.contentDocument is null" {file: "chrome://global/content/elements/browser-custom-element.js" line: 630}]
04-16 21:00:21.938 3946 3961 E GeckoConsole: get contentTitle@chrome://global/content/elements/browser-custom-element.js:630:1
04-16 21:00:21.938 3946 3961 E GeckoConsole: handleEvent@resource://gre/modules/GeckoViewContent.sys.mjs:379:11
04-16 21:00:21.970 4016 4057 E eglCodecCommon: glUtilsParamSize: unknow param 0x00008caa
04-16 21:00:22.008 4016 4057 E eglCodecCommon: glUtilsParamSize: unknow param 0x00008caa
04-16 21:00:22.018 4016 4057 E eglCodecCommon: glUtilsParamSize: unknow param 0x00008caa
04-16 21:00:22.034 4016 4057 E eglCodecCommon: glUtilsParamSize: unknow param 0x00008caa
04-16 21:00:22.044 4016 4057 E eglCodecCommon: glUtilsParamSize: unknow param 0x00000d02
04-16 21:00:22.058 4016 4057 E eglCodecCommon: glUtilsParamSize: unknow param 0x00008caa
04-16 21:00:22.064 3946 3961 I Gecko : 1744837222064 Marionette INFO No differences allowed
04-16 21:00:22.152 3946 3961 I Gecko : 1744837222152 Marionette INFO Testing http://web-platform.test:8000/css/CSS2/box-display/insert-block-in-blocks-n-inlines-begin-001.xht == http://web-platform.test:8000/css/CSS2/box-display/insert-block-in-blocks-n-inlines-begin-001-ref.xht
04-16 21:00:22.197 3946 3961 E GeckoConsole: [JavaScript Error: "TypeError: can't access property "nodePrincipal", this.contentDocument is null" {file: "chrome://global/content/elements/browser-custom-element.js" line: 661}]
04-16 21:00:22.197 3946 3961 E GeckoConsole: get contentPrincipal@chrome://global/content/elements/browser-custom-element.js:661:1
04-16 21:00:22.197 3946 3961 E GeckoConsole: onLocationChange@resource://gre/modules/GeckoViewNavigation.sys.mjs:640:34
04-16 21:00:22.215 3946 3961 E GeckoConsole: [JavaScript Error: "TypeError: can't access property "title", this.contentDocument is null" {file: "chrome://global/content/elements/browser-custom-element.js" line: 630}]
04-16 21:00:22.215 3946 3961 E GeckoConsole: get contentTitle@chrome://global/content/elements/browser-custom-element.js:630:1
04-16 21:00:22.215 3946 3961 E GeckoConsole: handleEvent@resource://gre/modules/GeckoViewContent.sys.mjs:379:11
04-16 21:00:22.254 4016 4057 E eglCodecCommon: glUtilsParamSize: unknow param 0x00008caa
04-16 21:00:22.318 3980 3997 I Gecko : 1744837222318 Marionette WARN http://web-platform.test:8000/css/CSS2/box-display/insert-block-in-blocks-n-inlines-begin-001-ref.xht overflows viewport (width: 800, height: 777)
04-16 21:00:22.320 4016 4057 E eglCodecCommon: glUtilsParamSize: unknow param 0x00008caa
04-16 21:00:22.341 4016 4057 E eglCodecCommon: glUtilsParamSize: unknow param 0x00008caa
04-16 21:00:22.352 4016 4057 E eglCodecCommon: glUtilsParamSize: unknow param 0x00008caa
04-16 21:00:22.371 4016 4057 E eglCodecCommon: glUtilsParamSize: unknow param 0x00008caa
04-16 21:00:22.388 4016 4057 E eglCodecCommon: glUtilsParamSize: unknow param 0x00000d02
04-16 21:00:22.404 4016 4057 E eglCodecCommon: glUtilsParamSize: unknow param 0x00008caa
04-16 21:00:22.471 3946 3961 E GeckoConsole: [JavaScript Error: "TypeError: can't access property "nodePrincipal", this.contentDocument is null" {file: "chrome://global/content/elements/browser-custom-element.js" line: 661}]
04-16 21:00:22.471 3946 3961 E GeckoConsole: get contentPrincipal@chrome://global/content/elements/browser-custom-element.js:661:1
04-16 21:00:22.471 3946 3961 E GeckoConsole: onLocationChange@resource://gre/modules/GeckoViewNavigation.sys.mjs:640:34
04-16 21:00:22.491 3946 3961 E GeckoConsole: [JavaScript Error: "TypeError: can't access property "title", this.contentDocument is null" {file: "chrome://global/content/elements/browser-custom-element.js" line: 630}]
04-16 21:00:22.491 3946 3961 E GeckoConsole: get contentTitle@chrome://global/content/elements/browser-custom-element.js:630:1
04-16 21:00:22.491 3946 3961 E GeckoConsole: handleEvent@resource://gre/modules/GeckoViewContent.sys.mjs:379:11
04-16 21:00:22.520 4016 4057 E eglCodecCommon: glUtilsParamSize: unknow param 0x00008caa
04-16 21:00:22.541 4016 4057 E eglCodecCommon: glUtilsParamSize: unknow param 0x00008caa
04-16 21:00:22.554 3980 3997 I Gecko : 1744837222554 Marionette WARN http://web-platform.test:8000/css/CSS2/box-display/insert-block-in-blocks-n-inlines-begin-001.xht overflows viewport (width: 800, height: 777)
04-16 21:00:22.562 4016 4057 E eglCodecCommon: glUtilsParamSize: unknow param 0x00008caa
04-16 21:00:22.579 4016 4057 E eglCodecCommon: glUtilsParamSize: unknow param 0x00008caa
04-16 21:00:22.597 4016 4057 E eglCodecCommon: glUtilsParamSize: unknow param 0x00008caa
04-16 21:00:22.607 4016 4057 E eglCodecCommon: glUtilsParamSize: unknow param 0x00000d02
04-16 21:00:22.627 4016 4057 E eglCodecCommon: glUtilsParamSize: unknow param 0x00008caa
04-16 21:00:22.635 3946 3961 I Gecko : 1744837222635 Marionette INFO No differences allowed
04-16 21:00:22.719 3946 3961 I Gecko : 1744837222719 Marionette INFO Testing http://web-platform.test:8000/css/CSS2/box-display/insert-block-in-blocks-n-inlines-begin-002.xht == http://web-platform.test:8000/css/CSS2/box-display/insert-block-in-blocks-n-inlines-begin-002-ref.xht
04-16 21:00:22.762 3946 3961 E GeckoConsole: [JavaScript Error: "TypeError: can't access property "nodePrincipal", this.contentDocument is null" {file: "chrome://global/content/elements/browser-custom-element.js" line: 661}]
04-16 21:00:22.762 3946 3961 E GeckoConsole: get contentPrincipal@chrome://global/content/elements/browser-custom-element.js:661:1
04-16 21:00:22.762 3946 3961 E GeckoConsole: onLocationChange@resource://gre/modules/GeckoViewNavigation.sys.mjs:640:34
04-16 21:00:22.779 3946 3961 E GeckoConsole: [JavaScript Error: "TypeError: can't access property "title", this.contentDocument is null" {file: "chrome://global/content/elements/browser-custom-element.js" line: 630}]
04-16 21:00:22.779 3946 3961 E GeckoConsole: get contentTitle@chrome://global/content/elements/browser-custom-element.js:630:1
04-16 21:00:22.779 3946 3961 E GeckoConsole: handleEvent@resource://gre/modules/GeckoViewContent.sys.mjs:379:11
04-16 21:00:22.802 4016 4057 E eglCodecCommon: glUtilsParamSize: unknow param 0x00008caa
04-16 21:00:22.839 4016 4057 E eglCodecCommon: glUtilsParamSize: unknow param 0x00008caa
04-16 21:00:22.851 3980 3997 I Gecko : 1744837222851 Marionette WARN http://web-platform.test:8000/css/CSS2/box-display/insert-block-in-blocks-n-inlines-begin-002-ref.xht overflows viewport (width: 800, height: 777)
04-16 21:00:22.859 4016 4057 E eglCodecCommon: glUtilsParamSize: unknow param 0x00008caa
04-16 21:00:22.869 4016 4057 E eglCodecCommon: glUtilsParamSize: unknow param 0x00008caa
04-16 21:00:22.887 4016 4057 E eglCodecCommon: glUtilsParamSize: unknow param 0x00008caa
04-16 21:00:22.897 4016 4057 E eglCodecCommon: glUtilsParamSize: unknow param 0x00000d02
04-16 21:00:22.913 4016 4057 E eglCodecCommon: glUtilsParamSize: unknow param 0x00008caa
04-16 21:00:22.942 3946 3961 W GeckoEventDispatcher: No listener for GeckoView:StateUpdated
04-16 21:00:22.989 3946 3961 E GeckoConsole: [JavaScript Error: "TypeError: can't access property "nodePrincipal", this.contentDocument is null" {file: "chrome://global/content/elements/browser-custom-element.js" line: 661}]
04-16 21:00:22.989 3946 3961 E GeckoConsole: get contentPrincipal@chrome://global/content/elements/browser-custom-element.js:661:1
04-16 21:00:22.989 3946 3961 E GeckoConsole: onLocationChange@resource://gre/modules/GeckoViewNavigation.sys.mjs:640:34
04-16 21:00:23.009 3946 3961 E GeckoConsole: [JavaScript Error: "TypeError: can't access property "title", this.contentDocument is null" {file: "chrome://global/content/elements/browser-custom-element.js" line: 630}]
04-16 21:00:23.009 3946 3961 E GeckoConsole: get contentTitle@chrome://global/content/elements/browser-custom-element.js:630:1
04-16 21:00:23.009 3946 3961 E GeckoConsole: handleEvent@resource://gre/modules/GeckoViewContent.sys.mjs:379:11
04-16 21:00:23.037 4016 4057 E eglCodecCommon: glUtilsParamSize: unknow param 0x00008caa
04-16 21:00:23.053 4016 4057 E eglCodecCommon: glUtilsParamSize: unknow param 0x00008caa
04-16 21:00:23.072 4016 4057 E eglCodecCommon: glUtilsParamSize: unknow param 0x00008caa
04-16 21:00:23.085 3980 3997 I Gecko : 1744837223085 Marionette WARN http://web-platform.test:8000/css/CSS2/box-display/insert-block-in-blocks-n-inlines-begin-002.xht overflows viewport (width: 800, height: 777)
04-16 21:00:23.098 4016 4057 E eglCodecCommon: glUtilsParamSize: unknow param 0x00008caa
04-16 21:00:23.117 4016 4057 E eglCodecCommon: glUtilsParamSize: unknow param 0x00008caa
04-16 21:00:23.138 4016 4057 E eglCodecCommon: glUtilsParamSize: unknow param 0x00008caa
04-16 21:00:23.144 4016 4057 E eglCodecCommon: glUtilsParamSize: unknow param 0x00000d02
04-16 21:00:23.154 4016 4057 E eglCodecCommon: glUtilsParamSize: unknow param 0x00008caa
