04-16 21:00:23.159 3946 3961 I Gecko : 1744837223159 Marionette INFO No differences allowed
04-16 21:00:23.252 3946 3961 I Gecko : 1744837223252 Marionette INFO Testing http://web-platform.test:8000/css/CSS2/box-display/insert-block-in-blocks-n-inlines-begin-003.xht == http://web-platform.test:8000/css/CSS2/box-display/insert-block-in-blocks-n-inlines-begin-003-ref.xht
04-16 21:00:23.295 3946 3961 E GeckoConsole: [JavaScript Error: "TypeError: can't access property "nodePrincipal", this.contentDocument is null" {file: "chrome://global/content/elements/browser-custom-element.js" line: 661}]
04-16 21:00:23.295 3946 3961 E GeckoConsole: get contentPrincipal@chrome://global/content/elements/browser-custom-element.js:661:1
04-16 21:00:23.295 3946 3961 E GeckoConsole: onLocationChange@resource://gre/modules/GeckoViewNavigation.sys.mjs:640:34
04-16 21:00:23.314 3946 3961 E GeckoConsole: [JavaScript Error: "TypeError: can't access property "title", this.contentDocument is null" {file: "chrome://global/content/elements/browser-custom-element.js" line: 630}]
04-16 21:00:23.314 3946 3961 E GeckoConsole: get contentTitle@chrome://global/content/elements/browser-custom-element.js:630:1
04-16 21:00:23.314 3946 3961 E GeckoConsole: handleEvent@resource://gre/modules/GeckoViewContent.sys.mjs:379:11
04-16 21:00:23.337 4016 4057 E eglCodecCommon: glUtilsParamSize: unknow param 0x00008caa
04-16 21:00:23.353 4016 4057 E eglCodecCommon: glUtilsParamSize: unknow param 0x00008caa
04-16 21:00:23.370 4016 4057 E eglCodecCommon: glUtilsParamSize: unknow param 0x00008caa
04-16 21:00:23.389 3980 3997 I Gecko : 1744837223388 Marionette WARN http://web-platform.test:8000/css/CSS2/box-display/insert-block-in-blocks-n-inlines-begin-003-ref.xht overflows viewport (width: 800, height: 777)
04-16 21:00:23.402 4016 4057 E eglCodecCommon: glUtilsParamSize: unknow param 0x00008caa
04-16 21:00:23.428 4016 4057 E eglCodecCommon: glUtilsParamSize: unknow param 0x00008caa
04-16 21:00:23.438 4016 4057 E eglCodecCommon: glUtilsParamSize: unknow param 0x00008caa
04-16 21:00:23.455 4016 4057 E eglCodecCommon: glUtilsParamSize: unknow param 0x00000d02
04-16 21:00:23.470 4016 4057 E eglCodecCommon: glUtilsParamSize: unknow param 0x00008caa
04-16 21:00:23.538 3946 3961 E GeckoConsole: [JavaScript Error: "TypeError: can't access property "nodePrincipal", this.contentDocument is null" {file: "chrome://global/content/elements/browser-custom-element.js" line: 661}]
04-16 21:00:23.538 3946 3961 E GeckoConsole: get contentPrincipal@chrome://global/content/elements/browser-custom-element.js:661:1
04-16 21:00:23.538 3946 3961 E GeckoConsole: onLocationChange@resource://gre/modules/GeckoViewNavigation.sys.mjs:640:34
04-16 21:00:23.557 3946 3961 E GeckoConsole: [JavaScript Error: "TypeError: can't access property "title", this.contentDocument is null" {file: "chrome://global/content/elements/browser-custom-element.js" line: 630}]
04-16 21:00:23.557 3946 3961 E GeckoConsole: get contentTitle@chrome://global/content/elements/browser-custom-element.js:630:1
04-16 21:00:23.557 3946 3961 E GeckoConsole: handleEvent@resource://gre/modules/GeckoViewContent.sys.mjs:379:11
04-16 21:00:23.589 4016 4057 E eglCodecCommon: glUtilsParamSize: unknow param 0x00008caa
04-16 21:00:23.620 4016 4057 E eglCodecCommon: glUtilsParamSize: unknow param 0x00008caa
04-16 21:00:23.635 3980 3997 I Gecko : 1744837223635 Marionette WARN http://web-platform.test:8000/css/CSS2/box-display/insert-block-in-blocks-n-inlines-begin-003.xht overflows viewport (width: 800, height: 777)
04-16 21:00:23.642 4016 4057 E eglCodecCommon: glUtilsParamSize: unknow param 0x00008caa
04-16 21:00:23.653 4016 4057 E eglCodecCommon: glUtilsParamSize: unknow param 0x00008caa
04-16 21:00:23.673 4016 4057 E eglCodecCommon: glUtilsParamSize: unknow param 0x00008caa
04-16 21:00:23.687 4016 4057 E eglCodecCommon: glUtilsParamSize: unknow param 0x00000d02
04-16 21:00:23.693 4016 4057 E eglCodecCommon: glUtilsParamSize: unknow param 0x00008caa
04-16 21:00:23.705 3946 3961 I Gecko : 1744837223705 Marionette INFO No differences allowed
04-16 21:00:23.795 3946 3961 I Gecko : 1744837223795 Marionette INFO Testing http://web-platform.test:8000/css/CSS2/box-display/insert-block-in-blocks-n-inlines-end-001.xht == http://web-platform.test:8000/css/CSS2/box-display/insert-block-in-blocks-n-inlines-end-001-ref.xht
04-16 21:00:23.845 3946 3961 E GeckoConsole: [JavaScript Error: "TypeError: can't access property "nodePrincipal", this.contentDocument is null" {file: "chrome://global/content/elements/browser-custom-element.js" line: 661}]
04-16 21:00:23.845 3946 3961 E GeckoConsole: get contentPrincipal@chrome://global/content/elements/browser-custom-element.js:661:1
04-16 21:00:23.845 3946 3961 E GeckoConsole: onLocationChange@resource://gre/modules/GeckoViewNavigation.sys.mjs:640:34
04-16 21:00:23.863 3946 3961 E GeckoConsole: [JavaScript Error: "TypeError: can't access property "title", this.contentDocument is null" {file: "chrome://global/content/elements/browser-custom-element.js" line: 630}]
04-16 21:00:23.863 3946 3961 E GeckoConsole: get contentTitle@chrome://global/content/elements/browser-custom-element.js:630:1
04-16 21:00:23.863 3946 3961 E GeckoConsole: handleEvent@resource://gre/modules/GeckoViewContent.sys.mjs:379:11
04-16 21:00:23.886 4016 4057 E eglCodecCommon: glUtilsParamSize: unknow param 0x00008caa
04-16 21:00:23.906 4016 4057 E eglCodecCommon: glUtilsParamSize: unknow param 0x00008caa
04-16 21:00:23.922 4016 4057 E eglCodecCommon: glUtilsParamSize: unknow param 0x00008caa
04-16 21:00:23.935 3980 3997 I Gecko : 1744837223935 Marionette WARN http://web-platform.test:8000/css/CSS2/box-display/insert-block-in-blocks-n-inlines-end-001-ref.xht overflows viewport (width: 800, height: 777)
04-16 21:00:23.944 4016 4057 E eglCodecCommon: glUtilsParamSize: unknow param 0x00008caa
04-16 21:00:23.962 4016 4057 E eglCodecCommon: glUtilsParamSize: unknow param 0x00008caa
04-16 21:00:23.991 4016 4057 E eglCodecCommon: glUtilsParamSize: unknow param 0x00008caa
04-16 21:00:24.001 4016 4057 E eglCodecCommon: glUtilsParamSize: unknow param 0x00000d02
04-16 21:00:24.020 4016 4057 E eglCodecCommon: glUtilsParamSize: unknow param 0x00008caa
04-16 21:00:24.056 3946 3961 W GeckoEventDispatcher: No listener for GeckoView:StateUpdated
04-16 21:00:24.082 3946 3961 E GeckoConsole: [JavaScript Error: "TypeError: can't access property "nodePrincipal", this.contentDocument is null" {file: "chrome://global/content/elements/browser-custom-element.js" line: 661}]
04-16 21:00:24.082 3946 3961 E GeckoConsole: get contentPrincipal@chrome://global/content/elements/browser-custom-element.js:661:1
04-16 21:00:24.082 3946 3961 E GeckoConsole: onLocationChange@resource://gre/modules/GeckoViewNavigation.sys.mjs:640:34
04-16 21:00:24.102 3946 3961 E GeckoConsole: [JavaScript Error: "TypeError: can't access property "title", this.contentDocument is null" {file: "chrome://global/content/elements/browser-custom-element.js" line: 630}]
04-16 21:00:24.102 3946 3961 E GeckoConsole: get contentTitle@chrome://global/content/elements/browser-custom-element.js:630:1
04-16 21:00:24.102 3946 3961 E GeckoConsole: handleEvent@resource://gre/modules/GeckoViewContent.sys.mjs:379:11
04-16 21:00:24.136 4016 4057 E eglCodecCommon: glUtilsParamSize: unknow param 0x00008caa
04-16 21:00:24.159 4016 4057 E eglCodecCommon: glUtilsParamSize: unknow param 0x00008caa
04-16 21:00:24.170 3980 3997 I Gecko : 1744837224169 Marionette WARN http://web-platform.test:8000/css/CSS2/box-display/insert-block-in-blocks-n-inlines-end-001.xht overflows viewport (width: 800, height: 777)
04-16 21:00:24.178 4016 4057 E eglCodecCommon: glUtilsParamSize: unknow param 0x00008caa
04-16 21:00:24.195 4016 4057 E eglCodecCommon: glUtilsParamSize: unknow param 0x00008caa
04-16 21:00:24.219 4016 4057 E eglCodecCommon: glUtilsParamSize: unknow param 0x00008caa
04-16 21:00:24.227 4016 4057 E eglCodecCommon: glUtilsParamSize: unknow param 0x00000d02
04-16 21:00:24.240 4016 4057 E eglCodecCommon: glUtilsParamSize: unknow param 0x00008caa
04-16 21:00:24.249 3946 3961 I Gecko : 1744837224249 Marionette INFO No differences allowed
04-16 21:00:24.333 3946 3961 I Gecko : 1744837224333 Marionette INFO Testing http://web-platform.test:8000/css/CSS2/box-display/insert-block-in-blocks-n-inlines-end-002.xht == http://web-platform.test:8000/css/CSS2/box-display/insert-block-in-blocks-n-inlines-end-002-ref.xht
04-16 21:00:24.375 3946 3961 E GeckoConsole: [JavaScript Error: "TypeError: can't access property "nodePrincipal", this.contentDocument is null" {file: "chrome://global/content/elements/browser-custom-element.js" line: 661}]
04-16 21:00:24.375 3946 3961 E GeckoConsole: get contentPrincipal@chrome://global/content/elements/browser-custom-element.js:661:1
04-16 21:00:24.375 3946 3961 E GeckoConsole: onLocationChange@resource://gre/modules/GeckoViewNavigation.sys.mjs:640:34
04-16 21:00:24.393 3946 3961 E GeckoConsole: [JavaScript Error: "TypeError: can't access property "title", this.contentDocument is null" {file: "chrome://global/content/elements/browser-custom-element.js" line: 630}]
04-16 21:00:24.393 3946 3961 E GeckoConsole: get contentTitle@chrome://global/content/elements/browser-custom-element.js:630:1
04-16 21:00:24.393 3946 3961 E GeckoConsole: handleEvent@resource://gre/modules/GeckoViewContent.sys.mjs:379:11
04-16 21:00:24.420 4016 4057 E eglCodecCommon: glUtilsParamSize: unknow param 0x00008caa
04-16 21:00:24.453 4016 4057 E eglCodecCommon: glUtilsParamSize: unknow param 0x00008caa
04-16 21:00:24.468 3980 3997 I Gecko : 1744837224468 Marionette WARN http://web-platform.test:8000/css/CSS2/box-display/insert-block-in-blocks-n-inlines-end-002-ref.xht overflows viewport (width: 800, height: 777)
04-16 21:00:24.476 4016 4057 E eglCodecCommon: glUtilsParamSize: unknow param 0x00008caa
04-16 21:00:24.487 4016 4057 E eglCodecCommon: glUtilsParamSize: unknow param 0x00008caa
04-16 21:00:24.507 4016 4057 E eglCodecCommon: glUtilsParamSize: unknow param 0x00008caa
04-16 21:00:24.518 4016 4057 E eglCodecCommon: glUtilsParamSize: unknow param 0x00000d02
04-16 21:00:24.527 4016 4057 E eglCodecCommon: glUtilsParamSize: unknow param 0x00008caa
04-16 21:00:24.589 3946 3961 E GeckoConsole: [JavaScript Error: "TypeError: can't access property "nodePrincipal", this.contentDocument is null" {file: "chrome://global/content/elements/browser-custom-element.js" line: 661}]
04-16 21:00:24.589 3946 3961 E GeckoConsole: get contentPrincipal@chrome://global/content/elements/browser-custom-element.js:661:1
04-16 21:00:24.589 3946 3961 E GeckoConsole: onLocationChange@resource://gre/modules/GeckoViewNavigation.sys.mjs:640:34
04-16 21:00:24.610 3946 3961 E GeckoConsole: [JavaScript Error: "TypeError: can't access property "title", this.contentDocument is null" {file: "chrome://global/content/elements/browser-custom-element.js" line: 630}]
04-16 21:00:24.610 3946 3961 E GeckoConsole: get contentTitle@chrome://global/content/elements/browser-custom-element.js:630:1
04-16 21:00:24.610 3946 3961 E GeckoConsole: handleEvent@resource://gre/modules/GeckoViewContent.sys.mjs:379:11
04-16 21:00:24.636 4016 4057 E eglCodecCommon: glUtilsParamSize: unknow param 0x00008caa
04-16 21:00:24.669 4016 4057 E eglCodecCommon: glUtilsParamSize: unknow param 0x00008caa
04-16 21:00:24.684 3980 3997 I Gecko : 1744837224684 Marionette WARN http://web-platform.test:8000/css/CSS2/box-display/insert-block-in-blocks-n-inlines-end-002.xht overflows viewport (width: 800, height: 777)
04-16 21:00:24.697 4016 4057 E eglCodecCommon: glUtilsParamSize: unknow param 0x00008caa
04-16 21:00:24.714 4016 4057 E eglCodecCommon: glUtilsParamSize: unknow param 0x00008caa
04-16 21:00:24.732 4016 4057 E eglCodecCommon: glUtilsParamSize: unknow param 0x00008caa
04-16 21:00:24.745 4016 4057 E eglCodecCommon: glUtilsParamSize: unknow param 0x00000d02
04-16 21:00:24.756 4016 4057 E eglCodecCommon: glUtilsParamSize: unknow param 0x00008caa
04-16 21:00:24.764 3946 3961 I Gecko : 1744837224764 Marionette INFO No differences allowed
04-16 21:00:24.858 3946 3961 I Gecko : 1744837224857 Marionette INFO Testing http://web-platform.test:8000/css/CSS2/box-display/insert-block-in-blocks-n-inlines-end-003.xht == http://web-platform.test:8000/css/CSS2/box-display/insert-block-in-blocks-n-inlines-end-003-ref.xht
04-16 21:00:24.899 3946 3961 E GeckoConsole: [JavaScript Error: "TypeError: can't access property "nodePrincipal", this.contentDocument is null" {file: "chrome://global/content/elements/browser-custom-element.js" line: 661}]
04-16 21:00:24.899 3946 3961 E GeckoConsole: get contentPrincipal@chrome://global/content/elements/browser-custom-element.js:661:1
04-16 21:00:24.899 3946 3961 E GeckoConsole: onLocationChange@resource://gre/modules/GeckoViewNavigation.sys.mjs:640:34
04-16 21:00:24.917 3946 3961 E GeckoConsole: [JavaScript Error: "TypeError: can't access property "title", this.contentDocument is null" {file: "chrome://global/content/elements/browser-custom-element.js" line: 630}]
04-16 21:00:24.917 3946 3961 E GeckoConsole: get contentTitle@chrome://global/content/elements/browser-custom-element.js:630:1
04-16 21:00:24.917 3946 3961 E GeckoConsole: handleEvent@resource://gre/modules/GeckoViewContent.sys.mjs:379:11
04-16 21:00:24.952 4016 4057 E eglCodecCommon: glUtilsParamSize: unknow param 0x00008caa
04-16 21:00:24.985 3980 3997 I Gecko : 1744837224985 Marionette WARN http://web-platform.test:8000/css/CSS2/box-display/insert-block-in-blocks-n-inlines-end-003-ref.xht overflows viewport (width: 800, height: 777)
04-16 21:00:24.987 4016 4057 E eglCodecCommon: glUtilsParamSize: unknow param 0x00008caa
04-16 21:00:25.004 4016 4057 E eglCodecCommon: glUtilsParamSize: unknow param 0x00008caa
04-16 21:00:25.017 4016 4057 E eglCodecCommon: glUtilsParamSize: unknow param 0x00008caa
04-16 21:00:25.036 4016 4057 E eglCodecCommon: glUtilsParamSize: unknow param 0x00008caa
04-16 21:00:25.045 4016 4057 E eglCodecCommon: glUtilsParamSize: unknow param 0x00000d02
04-16 21:00:25.057 4016 4057 E eglCodecCommon: glUtilsParamSize: unknow param 0x00008caa
04-16 21:00:25.123 3946 3961 E GeckoConsole: [JavaScript Error: "TypeError: can't access property "nodePrincipal", this.contentDocument is null" {file: "chrome://global/content/elements/browser-custom-element.js" line: 661}]
04-16 21:00:25.123 3946 3961 E GeckoConsole: get contentPrincipal@chrome://global/content/elements/browser-custom-element.js:661:1
04-16 21:00:25.123 3946 3961 E GeckoConsole: onLocationChange@resource://gre/modules/GeckoViewNavigation.sys.mjs:640:34
04-16 21:00:25.143 3946 3961 E GeckoConsole: [JavaScript Error: "TypeError: can't access property "title", this.contentDocument is null" {file: "chrome://global/content/elements/browser-custom-element.js" line: 630}]
04-16 21:00:25.143 3946 3961 E GeckoConsole: get contentTitle@chrome://global/content/elements/browser-custom-element.js:630:1
04-16 21:00:25.143 3946 3961 E GeckoConsole: handleEvent@resource://gre/modules/GeckoViewContent.sys.mjs:379:11
04-16 21:00:25.172 4016 4057 E eglCodecCommon: glUtilsParamSize: unknow param 0x00008caa
04-16 21:00:25.181 3946 3961 W GeckoEventDispatcher: No listener for GeckoView:StateUpdated
04-16 21:00:25.203 4016 4057 E eglCodecCommon: glUtilsParamSize: unknow param 0x00008caa
04-16 21:00:25.219 3980 3997 I Gecko : 1744837225219 Marionette WARN http://web-platform.test:8000/css/CSS2/box-display/insert-block-in-blocks-n-inlines-end-003.xht overflows viewport (width: 800, height: 777)
04-16 21:00:25.226 4016 4057 E eglCodecCommon: glUtilsParamSize: unknow param 0x00008caa
04-16 21:00:25.237 4016 4057 E eglCodecCommon: glUtilsParamSize: unknow param 0x00008caa
04-16 21:00:25.256 4016 4057 E eglCodecCommon: glUtilsParamSize: unknow param 0x00008caa
04-16 21:00:25.270 4016 4057 E eglCodecCommon: glUtilsParamSize: unknow param 0x00000d02
04-16 21:00:25.283 4016 4057 E eglCodecCommon: glUtilsParamSize: unknow param 0x00008caa
04-16 21:00:25.292 3946 3961 I Gecko : 1744837225292 Marionette INFO No differences allowed
04-16 21:00:25.374 3946 3961 I Gecko : 1744837225374 Marionette INFO Testing http://web-platform.test:8000/css/CSS2/box-display/insert-block-in-blocks-n-inlines-middle-001.xht == http://web-platform.test:8000/css/CSS2/box-display/insert-block-in-blocks-n-inlines-middle-001-ref.xht
04-16 21:00:25.418 3946 3961 E GeckoConsole: [JavaScript Error: "TypeError: can't access property "nodePrincipal", this.contentDocument is null" {file: "chrome://global/content/elements/browser-custom-element.js" line: 661}]
04-16 21:00:25.418 3946 3961 E GeckoConsole: get contentPrincipal@chrome://global/content/elements/browser-custom-element.js:661:1
04-16 21:00:25.418 3946 3961 E GeckoConsole: onLocationChange@resource://gre/modules/GeckoViewNavigation.sys.mjs:640:34
04-16 21:00:25.435 3946 3961 E GeckoConsole: [JavaScript Error: "TypeError: can't access property "title", this.contentDocument is null" {file: "chrome://global/content/elements/browser-custom-element.js" line: 630}]
04-16 21:00:25.435 3946 3961 E GeckoConsole: get contentTitle@chrome://global/content/elements/browser-custom-element.js:630:1
04-16 21:00:25.435 3946 3961 E GeckoConsole: handleEvent@resource://gre/modules/GeckoViewContent.sys.mjs:379:11
04-16 21:00:25.469 4016 4057 E eglCodecCommon: glUtilsParamSize: unknow param 0x00008caa
04-16 21:00:25.503 4016 4057 E eglCodecCommon: glUtilsParamSize: unknow param 0x00008caa
04-16 21:00:25.517 3980 3997 I Gecko : 1744837225517 Marionette WARN http://web-platform.test:8000/css/CSS2/box-display/insert-block-in-blocks-n-inlines-middle-001-ref.xht overflows viewport (width: 800, height: 777)
04-16 21:00:25.526 4016 4057 E eglCodecCommon: glUtilsParamSize: unknow param 0x00008caa
04-16 21:00:25.538 4016 4057 E eglCodecCommon: glUtilsParamSize: unknow param 0x00008caa
04-16 21:00:25.559 4016 4057 E eglCodecCommon: glUtilsParamSize: unknow param 0x00008caa
04-16 21:00:25.570 4016 4057 E eglCodecCommon: glUtilsParamSize: unknow param 0x00000d02
04-16 21:00:25.580 4016 4057 E eglCodecCommon: glUtilsParamSize: unknow param 0x00008caa
04-16 21:00:25.647 3946 3961 E GeckoConsole: [JavaScript Error: "TypeError: can't access property "nodePrincipal", this.contentDocument is null" {file: "chrome://global/content/elements/browser-custom-element.js" line: 661}]
04-16 21:00:25.647 3946 3961 E GeckoConsole: get contentPrincipal@chrome://global/content/elements/browser-custom-element.js:661:1
04-16 21:00:25.647 3946 3961 E GeckoConsole: onLocationChange@resource://gre/modules/GeckoViewNavigation.sys.mjs:640:34
04-16 21:00:25.667 3946 3961 E GeckoConsole: [JavaScript Error: "TypeError: can't access property "title", this.contentDocument is null" {file: "chrome://global/content/elements/browser-custom-element.js" line: 630}]
04-16 21:00:25.667 3946 3961 E GeckoConsole: get contentTitle@chrome://global/content/elements/browser-custom-element.js:630:1
04-16 21:00:25.667 3946 3961 E GeckoConsole: handleEvent@resource://gre/modules/GeckoViewContent.sys.mjs:379:11
04-16 21:00:25.702 4016 4057 E eglCodecCommon: glUtilsParamSize: unknow param 0x00008caa
04-16 21:00:25.735 3980 3997 I Gecko : 1744837225735 Marionette WARN http://web-platform.test:8000/css/CSS2/box-display/insert-block-in-blocks-n-inlines-middle-001.xht overflows viewport (width: 800, height: 777)
04-16 21:00:25.737 4016 4057 E eglCodecCommon: glUtilsParamSize: unknow param 0x00008caa
04-16 21:00:25.748 4016 4057 E eglCodecCommon: glUtilsParamSize: unknow param 0x00008caa
04-16 21:00:25.764 4016 4057 E eglCodecCommon: glUtilsParamSize: unknow param 0x00008caa
04-16 21:00:25.776 4016 4057 E eglCodecCommon: glUtilsParamSize: unknow param 0x00008caa
04-16 21:00:25.790 4016 4057 E eglCodecCommon: glUtilsParamSize: unknow param 0x00000d02
04-16 21:00:25.807 4016 4057 E eglCodecCommon: glUtilsParamSize: unknow param 0x00008caa
04-16 21:00:25.817 3946 3961 I Gecko : 1744837225817 Marionette INFO No differences allowed
04-16 21:00:25.898 3946 3961 I Gecko : 1744837225898 Marionette INFO Testing http://web-platform.test:8000/css/CSS2/box-display/insert-block-in-blocks-n-inlines-middle-002.xht == http://web-platform.test:8000/css/CSS2/box-display/insert-block-in-blocks-n-inlines-middle-002-ref.xht
04-16 21:00:25.942 3946 3961 E GeckoConsole: [JavaScript Error: "TypeError: can't access property "nodePrincipal", this.contentDocument is null" {file: "chrome://global/content/elements/browser-custom-element.js" line: 661}]
04-16 21:00:25.942 3946 3961 E GeckoConsole: get contentPrincipal@chrome://global/content/elements/browser-custom-element.js:661:1
04-16 21:00:25.942 3946 3961 E GeckoConsole: onLocationChange@resource://gre/modules/GeckoViewNavigation.sys.mjs:640:34
04-16 21:00:25.959 3946 3961 E GeckoConsole: [JavaScript Error: "TypeError: can't access property "title", this.contentDocument is null" {file: "chrome://global/content/elements/browser-custom-element.js" line: 630}]
04-16 21:00:25.959 3946 3961 E GeckoConsole: get contentTitle@chrome://global/content/elements/browser-custom-element.js:630:1
04-16 21:00:25.959 3946 3961 E GeckoConsole: handleEvent@resource://gre/modules/GeckoViewContent.sys.mjs:379:11
04-16 21:00:25.985 4016 4057 E eglCodecCommon: glUtilsParamSize: unknow param 0x00008caa
04-16 21:00:26.017 3980 3997 I Gecko : 1744837226017 Marionette WARN http://web-platform.test:8000/css/CSS2/box-display/insert-block-in-blocks-n-inlines-middle-002-ref.xht overflows viewport (width: 800, height: 777)
04-16 21:00:26.022 4016 4057 E eglCodecCommon: glUtilsParamSize: unknow param 0x00008caa
04-16 21:00:26.038 4016 4057 E eglCodecCommon: glUtilsParamSize: unknow param 0x00008caa
04-16 21:00:26.051 4016 4057 E eglCodecCommon: glUtilsParamSize: unknow param 0x00008caa
04-16 21:00:26.070 4016 4057 E eglCodecCommon: glUtilsParamSize: unknow param 0x00008caa
04-16 21:00:26.081 4016 4057 E eglCodecCommon: glUtilsParamSize: unknow param 0x00000d02
04-16 21:00:26.090 4016 4057 E eglCodecCommon: glUtilsParamSize: unknow param 0x00008caa
04-16 21:00:26.156 3946 3961 E GeckoConsole: [JavaScript Error: "TypeError: can't access property "nodePrincipal", this.contentDocument is null" {file: "chrome://global/content/elements/browser-custom-element.js" line: 661}]
04-16 21:00:26.156 3946 3961 E GeckoConsole: get contentPrincipal@chrome://global/content/elements/browser-custom-element.js:661:1
04-16 21:00:26.156 3946 3961 E GeckoConsole: onLocationChange@resource://gre/modules/GeckoViewNavigation.sys.mjs:640:34
04-16 21:00:26.175 3946 3961 E GeckoConsole: [JavaScript Error: "TypeError: can't access property "title", this.contentDocument is null" {file: "chrome://global/content/elements/browser-custom-element.js" line: 630}]
04-16 21:00:26.175 3946 3961 E GeckoConsole: get contentTitle@chrome://global/content/elements/browser-custom-element.js:630:1
04-16 21:00:26.175 3946 3961 E GeckoConsole: handleEvent@resource://gre/modules/GeckoViewContent.sys.mjs:379:11
04-16 21:00:26.203 4016 4057 E eglCodecCommon: glUtilsParamSize: unknow param 0x00008caa
04-16 21:00:26.220 4016 4057 E eglCodecCommon: glUtilsParamSize: unknow param 0x00008caa
04-16 21:00:26.237 4016 4057 E eglCodecCommon: glUtilsParamSize: unknow param 0x00008caa
04-16 21:00:26.253 3980 3997 I Gecko : 1744837226253 Marionette WARN http://web-platform.test:8000/css/CSS2/box-display/insert-block-in-blocks-n-inlines-middle-002.xht overflows viewport (width: 800, height: 777)
04-16 21:00:26.266 4016 4057 E eglCodecCommon: glUtilsParamSize: unknow param 0x00008caa
04-16 21:00:26.288 4016 4057 E eglCodecCommon: glUtilsParamSize: unknow param 0x00008caa
04-16 21:00:26.300 4016 4057 E eglCodecCommon: glUtilsParamSize: unknow param 0x00008caa
04-16 21:00:26.310 4016 4057 E eglCodecCommon: glUtilsParamSize: unknow param 0x00000d02
04-16 21:00:26.321 4016 4057 E eglCodecCommon: glUtilsParamSize: unknow param 0x00008caa
04-16 21:00:26.332 3946 3961 I Gecko : 1744837226332 Marionette INFO No differences allowed
04-16 21:00:26.408 3946 3961 W GeckoEventDispatcher: No listener for GeckoView:StateUpdated
04-16 21:00:26.418 3946 3961 I Gecko : 1744837226418 Marionette INFO Testing http://web-platform.test:8000/css/CSS2/box-display/insert-block-in-blocks-n-inlines-middle-003.xht == http://web-platform.test:8000/css/CSS2/box-display/insert-block-in-blocks-n-inlines-middle-003-ref.xht
04-16 21:00:26.462 3946 3961 E GeckoConsole: [JavaScript Error: "TypeError: can't access property "nodePrincipal", this.contentDocument is null" {file: "chrome://global/content/elements/browser-custom-element.js" line: 661}]
04-16 21:00:26.462 3946 3961 E GeckoConsole: get contentPrincipal@chrome://global/content/elements/browser-custom-element.js:661:1
04-16 21:00:26.462 3946 3961 E GeckoConsole: onLocationChange@resource://gre/modules/GeckoViewNavigation.sys.mjs:640:34
04-16 21:00:26.479 3946 3961 E GeckoConsole: [JavaScript Error: "TypeError: can't access property "title", this.contentDocument is null" {file: "chrome://global/content/elements/browser-custom-element.js" line: 630}]
04-16 21:00:26.479 3946 3961 E GeckoConsole: get contentTitle@chrome://global/content/elements/browser-custom-element.js:630:1
04-16 21:00:26.479 3946 3961 E GeckoConsole: handleEvent@resource://gre/modules/GeckoViewContent.sys.mjs:379:11
04-16 21:00:26.503 4016 4057 E eglCodecCommon: glUtilsParamSize: unknow param 0x00008caa
04-16 21:00:26.538 4016 4057 E eglCodecCommon: glUtilsParamSize: unknow param 0x00008caa
04-16 21:00:26.553 3980 3997 I Gecko : 1744837226553 Marionette WARN http://web-platform.test:8000/css/CSS2/box-display/insert-block-in-blocks-n-inlines-middle-003-ref.xht overflows viewport (width: 800, height: 777)
04-16 21:00:26.560 4016 4057 E eglCodecCommon: glUtilsParamSize: unknow param 0x00008caa
04-16 21:00:26.571 4016 4057 E eglCodecCommon: glUtilsParamSize: unknow param 0x00008caa
04-16 21:00:26.587 4016 4057 E eglCodecCommon: glUtilsParamSize: unknow param 0x00008caa
04-16 21:00:26.596 4016 4057 E eglCodecCommon: glUtilsParamSize: unknow param 0x00000d02
04-16 21:00:26.609 4016 4057 E eglCodecCommon: glUtilsParamSize: unknow param 0x00008caa
04-16 21:00:26.672 3946 3961 E GeckoConsole: [JavaScript Error: "TypeError: can't access property "nodePrincipal", this.contentDocument is null" {file: "chrome://global/content/elements/browser-custom-element.js" line: 661}]
04-16 21:00:26.672 3946 3961 E GeckoConsole: get contentPrincipal@chrome://global/content/elements/browser-custom-element.js:661:1
04-16 21:00:26.672 3946 3961 E GeckoConsole: onLocationChange@resource://gre/modules/GeckoViewNavigation.sys.mjs:640:34
04-16 21:00:26.691 3946 3961 E GeckoConsole: [JavaScript Error: "TypeError: can't access property "title", this.contentDocument is null" {file: "chrome://global/content/elements/browser-custom-element.js" line: 630}]
04-16 21:00:26.691 3946 3961 E GeckoConsole: get contentTitle@chrome://global/content/elements/browser-custom-element.js:630:1
04-16 21:00:26.691 3946 3961 E GeckoConsole: handleEvent@resource://gre/modules/GeckoViewContent.sys.mjs:379:11
04-16 21:00:26.719 4016 4057 E eglCodecCommon: glUtilsParamSize: unknow param 0x00008caa
04-16 21:00:26.741 4016 4057 E eglCodecCommon: glUtilsParamSize: unknow param 0x00008caa
04-16 21:00:26.752 3980 3997 I Gecko : 1744837226752 Marionette WARN http://web-platform.test:8000/css/CSS2/box-display/insert-block-in-blocks-n-inlines-middle-003.xht overflows viewport (width: 800, height: 777)
04-16 21:00:26.760 4016 4057 E eglCodecCommon: glUtilsParamSize: unknow param 0x00008caa
04-16 21:00:26.772 4016 4057 E eglCodecCommon: glUtilsParamSize: unknow param 0x00008caa
04-16 21:00:26.786 4016 4057 E eglCodecCommon: glUtilsParamSize: unknow param 0x00008caa
04-16 21:00:26.797 4016 4057 E eglCodecCommon: glUtilsParamSize: unknow param 0x00000d02
04-16 21:00:26.810 4016 4057 E eglCodecCommon: glUtilsParamSize: unknow param 0x00008caa
04-16 21:00:26.822 3946 3961 I Gecko : 1744837226822 Marionette INFO No differences allowed
04-16 21:00:26.910 3946 3961 I Gecko : 1744837226910 Marionette INFO Testing http://web-platform.test:8000/css/CSS2/box-display/insert-block-in-inlines-beginning-001.xht == http://web-platform.test:8000/css/CSS2/box-display/insert-block-in-inlines-beginning-001-ref.xht
04-16 21:00:26.953 3946 3961 E GeckoConsole: [JavaScript Error: "TypeError: can't access property "nodePrincipal", this.contentDocument is null" {file: "chrome://global/content/elements/browser-custom-element.js" line: 661}]
04-16 21:00:26.953 3946 3961 E GeckoConsole: get contentPrincipal@chrome://global/content/elements/browser-custom-element.js:661:1
04-16 21:00:26.953 3946 3961 E GeckoConsole: onLocationChange@resource://gre/modules/GeckoViewNavigation.sys.mjs:640:34
04-16 21:00:26.970 3946 3961 E GeckoConsole: [JavaScript Error: "TypeError: can't access property "title", this.contentDocument is null" {file: "chrome://global/content/elements/browser-custom-element.js" line: 630}]
04-16 21:00:26.970 3946 3961 E GeckoConsole: get contentTitle@chrome://global/content/elements/browser-custom-element.js:630:1
04-16 21:00:26.970 3946 3961 E GeckoConsole: handleEvent@resource://gre/modules/GeckoViewContent.sys.mjs:379:11
04-16 21:00:27.003 4016 4057 E eglCodecCommon: glUtilsParamSize: unknow param 0x00008caa
04-16 21:00:27.021 4016 4057 E eglCodecCommon: glUtilsParamSize: unknow param 0x00008caa
04-16 21:00:27.042 4016 4057 E eglCodecCommon: glUtilsParamSize: unknow param 0x00008caa
04-16 21:00:27.053 4016 4057 E eglCodecCommon: glUtilsParamSize: unknow param 0x00008caa
04-16 21:00:27.071 4016 4057 E eglCodecCommon: glUtilsParamSize: unknow param 0x00008caa
04-16 21:00:27.080 4016 4057 E eglCodecCommon: glUtilsParamSize: unknow param 0x00000d02
04-16 21:00:27.094 4016 4057 E eglCodecCommon: glUtilsParamSize: unknow param 0x00008caa
04-16 21:00:27.162 3946 3961 E GeckoConsole: [JavaScript Error: "TypeError: can't access property "nodePrincipal", this.contentDocument is null" {file: "chrome://global/content/elements/browser-custom-element.js" line: 661}]
04-16 21:00:27.162 3946 3961 E GeckoConsole: get contentPrincipal@chrome://global/content/elements/browser-custom-element.js:661:1
04-16 21:00:27.162 3946 3961 E GeckoConsole: onLocationChange@resource://gre/modules/GeckoViewNavigation.sys.mjs:640:34
04-16 21:00:27.181 3946 3961 E GeckoConsole: [JavaScript Error: "TypeError: can't access property "title", this.contentDocument is null" {file: "chrome://global/content/elements/browser-custom-element.js" line: 630}]
04-16 21:00:27.181 3946 3961 E GeckoConsole: get contentTitle@chrome://global/content/elements/browser-custom-element.js:630:1
04-16 21:00:27.181 3946 3961 E GeckoConsole: handleEvent@resource://gre/modules/GeckoViewContent.sys.mjs:379:11
04-16 21:00:27.203 4016 4057 E eglCodecCommon: glUtilsParamSize: unknow param 0x00008caa
04-16 21:00:27.220 4016 4057 E eglCodecCommon: glUtilsParamSize: unknow param 0x00008caa
04-16 21:00:27.238 4016 4057 E eglCodecCommon: glUtilsParamSize: unknow param 0x00008caa
04-16 21:00:27.261 4016 4057 E eglCodecCommon: glUtilsParamSize: unknow param 0x00008caa
04-16 21:00:27.275 4016 4057 E eglCodecCommon: glUtilsParamSize: unknow param 0x00008caa
04-16 21:00:27.299 4016 4057 E eglCodecCommon: glUtilsParamSize: unknow param 0x00008caa
04-16 21:00:27.308 4016 4057 E eglCodecCommon: glUtilsParamSize: unknow param 0x00000d02
04-16 21:00:27.319 4016 4057 E eglCodecCommon: glUtilsParamSize: unknow param 0x00008caa
04-16 21:00:27.327 3946 3961 I Gecko : 1744837227327 Marionette INFO No differences allowed
04-16 21:00:27.410 3946 3961 I Gecko : 1744837227410 Marionette INFO Testing http://web-platform.test:8000/css/CSS2/box-display/insert-block-in-inlines-end-001.xht == http://web-platform.test:8000/css/CSS2/box-display/insert-block-in-inlines-end-001-ref.xht
04-16 21:00:27.455 3946 3961 E GeckoConsole: [JavaScript Error: "TypeError: can't access property "nodePrincipal", this.contentDocument is null" {file: "chrome://global/content/elements/browser-custom-element.js" line: 661}]
04-16 21:00:27.455 3946 3961 E GeckoConsole: get contentPrincipal@chrome://global/content/elements/browser-custom-element.js:661:1
04-16 21:00:27.455 3946 3961 E GeckoConsole: onLocationChange@resource://gre/modules/GeckoViewNavigation.sys.mjs:640:34
04-16 21:00:27.471 3946 3961 E GeckoConsole: [JavaScript Error: "TypeError: can't access property "title", this.contentDocument is null" {file: "chrome://global/content/elements/browser-custom-element.js" line: 630}]
04-16 21:00:27.471 3946 3961 E GeckoConsole: get contentTitle@chrome://global/content/elements/browser-custom-element.js:630:1
04-16 21:00:27.471 3946 3961 E GeckoConsole: handleEvent@resource://gre/modules/GeckoViewContent.sys.mjs:379:11
04-16 21:00:27.503 4016 4057 E eglCodecCommon: glUtilsParamSize: unknow param 0x00008caa
04-16 21:00:27.510 3946 3961 W GeckoEventDispatcher: No listener for GeckoView:StateUpdated
04-16 21:00:27.539 4016 4057 E eglCodecCommon: glUtilsParamSize: unknow param 0x00008caa
04-16 21:00:27.560 4016 4057 E eglCodecCommon: glUtilsParamSize: unknow param 0x00008caa
04-16 21:00:27.571 4016 4057 E eglCodecCommon: glUtilsParamSize: unknow param 0x00008caa
04-16 21:00:27.588 4016 4057 E eglCodecCommon: glUtilsParamSize: unknow param 0x00008caa
04-16 21:00:27.605 4016 4057 E eglCodecCommon: glUtilsParamSize: unknow param 0x00000d02
04-16 21:00:27.617 4016 4057 E eglCodecCommon: glUtilsParamSize: unknow param 0x00008caa
04-16 21:00:27.677 3946 3961 E GeckoConsole: [JavaScript Error: "TypeError: can't access property "nodePrincipal", this.contentDocument is null" {file: "chrome://global/content/elements/browser-custom-element.js" line: 661}]
04-16 21:00:27.677 3946 3961 E GeckoConsole: get contentPrincipal@chrome://global/content/elements/browser-custom-element.js:661:1
04-16 21:00:27.677 3946 3961 E GeckoConsole: onLocationChange@resource://gre/modules/GeckoViewNavigation.sys.mjs:640:34
04-16 21:00:27.698 3946 3961 E GeckoConsole: [JavaScript Error: "TypeError: can't access property "title", this.contentDocument is null" {file: "chrome://global/content/elements/browser-custom-element.js" line: 630}]
04-16 21:00:27.698 3946 3961 E GeckoConsole: get contentTitle@chrome://global/content/elements/browser-custom-element.js:630:1
04-16 21:00:27.698 3946 3961 E GeckoConsole: handleEvent@resource://gre/modules/GeckoViewContent.sys.mjs:379:11
04-16 21:00:27.736 4016 4057 E eglCodecCommon: glUtilsParamSize: unknow param 0x00008caa
04-16 21:00:27.770 4016 4057 E eglCodecCommon: glUtilsParamSize: unknow param 0x00008caa
04-16 21:00:27.783 4016 4057 E eglCodecCommon: glUtilsParamSize: unknow param 0x00008caa
04-16 21:00:27.801 4016 4057 E eglCodecCommon: glUtilsParamSize: unknow param 0x00008caa
04-16 21:00:27.821 4016 4057 E eglCodecCommon: glUtilsParamSize: unknow param 0x00008caa
04-16 21:00:27.831 4016 4057 E eglCodecCommon: glUtilsParamSize: unknow param 0x00000d02
04-16 21:00:27.844 4016 4057 E eglCodecCommon: glUtilsParamSize: unknow param 0x00008caa
04-16 21:00:27.853 3946 3961 I Gecko : 1744837227853 Marionette INFO No differences allowed
04-16 21:00:27.942 3946 3961 I Gecko : 1744837227942 Marionette INFO Testing http://web-platform.test:8000/css/CSS2/box-display/insert-block-in-inlines-middle-001.xht == http://web-platform.test:8000/css/CSS2/box-display/insert-block-in-inlines-middle-001-ref.xht
04-16 21:00:27.983 3946 3961 E GeckoConsole: [JavaScript Error: "TypeError: can't access property "nodePrincipal", this.contentDocument is null" {file: "chrome://global/content/elements/browser-custom-element.js" line: 661}]
04-16 21:00:27.983 3946 3961 E GeckoConsole: get contentPrincipal@chrome://global/content/elements/browser-custom-element.js:661:1
04-16 21:00:27.983 3946 3961 E GeckoConsole: onLocationChange@resource://gre/modules/GeckoViewNavigation.sys.mjs:640:34
04-16 21:00:27.999 3946 3961 E GeckoConsole: [JavaScript Error: "TypeError: can't access property "title", this.contentDocument is null" {file: "chrome://global/content/elements/browser-custom-element.js" line: 630}]
04-16 21:00:27.999 3946 3961 E GeckoConsole: get contentTitle@chrome://global/content/elements/browser-custom-element.js:630:1
04-16 21:00:27.999 3946 3961 E GeckoConsole: handleEvent@resource://gre/modules/GeckoViewContent.sys.mjs:379:11
04-16 21:00:28.036 4016 4057 E eglCodecCommon: glUtilsParamSize: unknow param 0x00008caa
04-16 21:00:28.070 4016 4057 E eglCodecCommon: glUtilsParamSize: unknow param 0x00008caa
04-16 21:00:28.081 4016 4057 E eglCodecCommon: glUtilsParamSize: unknow param 0x00008caa
04-16 21:00:28.102 4016 4057 E eglCodecCommon: glUtilsParamSize: unknow param 0x00008caa
04-16 21:00:28.118 4016 4057 E eglCodecCommon: glUtilsParamSize: unknow param 0x00008caa
04-16 21:00:28.128 4016 4057 E eglCodecCommon: glUtilsParamSize: unknow param 0x00000d02
04-16 21:00:28.139 4016 4057 E eglCodecCommon: glUtilsParamSize: unknow param 0x00008caa
04-16 21:00:28.208 3946 3961 E GeckoConsole: [JavaScript Error: "TypeError: can't access property "nodePrincipal", this.contentDocument is null" {file: "chrome://global/content/elements/browser-custom-element.js" line: 661}]
04-16 21:00:28.208 3946 3961 E GeckoConsole: get contentPrincipal@chrome://global/content/elements/browser-custom-element.js:661:1
04-16 21:00:28.208 3946 3961 E GeckoConsole: onLocationChange@resource://gre/modules/GeckoViewNavigation.sys.mjs:640:34
04-16 21:00:28.226 3946 3961 E GeckoConsole: [JavaScript Error: "TypeError: can't access property "title", this.contentDocument is null" {file: "chrome://global/content/elements/browser-custom-element.js" line: 630}]
04-16 21:00:28.226 3946 3961 E GeckoConsole: get contentTitle@chrome://global/content/elements/browser-custom-element.js:630:1
04-16 21:00:28.226 3946 3961 E GeckoConsole: handleEvent@resource://gre/modules/GeckoViewContent.sys.mjs:379:11
04-16 21:00:28.257 4016 4057 E eglCodecCommon: glUtilsParamSize: unknow param 0x00008caa
04-16 21:00:28.287 4016 4057 E eglCodecCommon: glUtilsParamSize: unknow param 0x00008caa
04-16 21:00:28.308 4016 4057 E eglCodecCommon: glUtilsParamSize: unknow param 0x00008caa
04-16 21:00:28.325 4016 4057 E eglCodecCommon: glUtilsParamSize: unknow param 0x00008caa
04-16 21:00:28.341 4016 4057 E eglCodecCommon: glUtilsParamSize: unknow param 0x00008caa
04-16 21:00:28.364 4016 4057 E eglCodecCommon: glUtilsParamSize: unknow param 0x00000d02
04-16 21:00:28.382 4016 4057 E eglCodecCommon: glUtilsParamSize: unknow param 0x00008caa
04-16 21:00:28.386 3946 3961 I Gecko : 1744837228385 Marionette INFO No differences allowed
04-16 21:00:28.506 3946 3961 I Gecko : 1744837228506 Marionette INFO Testing http://web-platform.test:8000/css/CSS2/box-display/insert-inline-in-blocks-beginning-001.xht == http://web-platform.test:8000/css/CSS2/box-display/insert-inline-in-blocks-beginning-001-ref.xht
04-16 21:00:28.561 3946 3961 E GeckoConsole: [JavaScript Error: "TypeError: can't access property "nodePrincipal", this.contentDocument is null" {file: "chrome://global/content/elements/browser-custom-element.js" line: 661}]
04-16 21:00:28.561 3946 3961 E GeckoConsole: get contentPrincipal@chrome://global/content/elements/browser-custom-element.js:661:1
04-16 21:00:28.561 3946 3961 E GeckoConsole: onLocationChange@resource://gre/modules/GeckoViewNavigation.sys.mjs:640:34
04-16 21:00:28.577 3946 3961 E GeckoConsole: [JavaScript Error: "TypeError: can't access property "title", this.contentDocument is null" {file: "chrome://global/content/elements/browser-custom-element.js" line: 630}]
04-16 21:00:28.577 3946 3961 E GeckoConsole: get contentTitle@chrome://global/content/elements/browser-custom-element.js:630:1
04-16 21:00:28.577 3946 3961 E GeckoConsole: handleEvent@resource://gre/modules/GeckoViewContent.sys.mjs:379:11
04-16 21:00:28.593 4016 4057 E eglCodecCommon: glUtilsParamSize: unknow param 0x00008caa
04-16 21:00:28.619 4016 4057 E eglCodecCommon: glUtilsParamSize: unknow param 0x00008caa
04-16 21:00:28.647 4016 4057 E eglCodecCommon: glUtilsParamSize: unknow param 0x00008caa
04-16 21:00:28.664 4016 4057 E eglCodecCommon: glUtilsParamSize: unknow param 0x00008caa
04-16 21:00:28.682 4016 4057 E eglCodecCommon: glUtilsParamSize: unknow param 0x00008caa
04-16 21:00:28.691 4016 4057 E eglCodecCommon: glUtilsParamSize: unknow param 0x00000d02
04-16 21:00:28.698 4016 4057 E eglCodecCommon: glUtilsParamSize: unknow param 0x00008caa
04-16 21:00:28.748 3946 3961 W GeckoEventDispatcher: No listener for GeckoView:StateUpdated
04-16 21:00:28.773 3946 3961 E GeckoConsole: [JavaScript Error: "TypeError: can't access property "nodePrincipal", this.contentDocument is null" {file: "chrome://global/content/elements/browser-custom-element.js" line: 661}]
04-16 21:00:28.773 3946 3961 E GeckoConsole: get contentPrincipal@chrome://global/content/elements/browser-custom-element.js:661:1
04-16 21:00:28.773 3946 3961 E GeckoConsole: onLocationChange@resource://gre/modules/GeckoViewNavigation.sys.mjs:640:34
04-16 21:00:28.792 3946 3961 E GeckoConsole: [JavaScript Error: "TypeError: can't access property "title", this.contentDocument is null" {file: "chrome://global/content/elements/browser-custom-element.js" line: 630}]
04-16 21:00:28.792 3946 3961 E GeckoConsole: get contentTitle@chrome://global/content/elements/browser-custom-element.js:630:1
04-16 21:00:28.792 3946 3961 E GeckoConsole: handleEvent@resource://gre/modules/GeckoViewContent.sys.mjs:379:11
04-16 21:00:28.821 4016 4057 E eglCodecCommon: glUtilsParamSize: unknow param 0x00008caa
04-16 21:00:28.853 4016 4057 E eglCodecCommon: glUtilsParamSize: unknow param 0x00008caa
04-16 21:00:28.889 4016 4057 E eglCodecCommon: glUtilsParamSize: unknow param 0x00008caa
04-16 21:00:28.901 4016 4057 E eglCodecCommon: glUtilsParamSize: unknow param 0x00008caa
04-16 21:00:28.917 4016 4057 E eglCodecCommon: glUtilsParamSize: unknow param 0x00008caa
04-16 21:00:28.931 4016 4057 E eglCodecCommon: glUtilsParamSize: unknow param 0x00000d02
04-16 21:00:28.940 4016 4057 E eglCodecCommon: glUtilsParamSize: unknow param 0x00008caa
04-16 21:00:28.952 3946 3961 I Gecko : 1744837228952 Marionette INFO No differences allowed
04-16 21:00:29.042 3946 3961 I Gecko : 1744837229042 Marionette INFO Testing http://web-platform.test:8000/css/CSS2/box-display/insert-inline-in-blocks-end-001.xht == http://web-platform.test:8000/css/CSS2/box-display/insert-inline-in-blocks-end-001-ref.xht
04-16 21:00:29.083 3946 3961 E GeckoConsole: [JavaScript Error: "TypeError: can't access property "nodePrincipal", this.contentDocument is null" {file: "chrome://global/content/elements/browser-custom-element.js" line: 661}]
04-16 21:00:29.083 3946 3961 E GeckoConsole: get contentPrincipal@chrome://global/content/elements/browser-custom-element.js:661:1
04-16 21:00:29.083 3946 3961 E GeckoConsole: onLocationChange@resource://gre/modules/GeckoViewNavigation.sys.mjs:640:34
04-16 21:00:29.101 3946 3961 E GeckoConsole: [JavaScript Error: "TypeError: can't access property "title", this.contentDocument is null" {file: "chrome://global/content/elements/browser-custom-element.js" line: 630}]
04-16 21:00:29.101 3946 3961 E GeckoConsole: get contentTitle@chrome://global/content/elements/browser-custom-element.js:630:1
04-16 21:00:29.101 3946 3961 E GeckoConsole: handleEvent@resource://gre/modules/GeckoViewContent.sys.mjs:379:11
04-16 21:00:29.136 4016 4057 E eglCodecCommon: glUtilsParamSize: unknow param 0x00008caa
04-16 21:00:29.169 4016 4057 E eglCodecCommon: glUtilsParamSize: unknow param 0x00008caa
04-16 21:00:29.194 4016 4057 E eglCodecCommon: glUtilsParamSize: unknow param 0x00008caa
04-16 21:00:29.205 4016 4057 E eglCodecCommon: glUtilsParamSize: unknow param 0x00008caa
04-16 21:00:29.221 4016 4057 E eglCodecCommon: glUtilsParamSize: unknow param 0x00008caa
04-16 21:00:29.230 4016 4057 E eglCodecCommon: glUtilsParamSize: unknow param 0x00000d02
04-16 21:00:29.247 4016 4057 E eglCodecCommon: glUtilsParamSize: unknow param 0x00008caa
04-16 21:00:29.318 3946 3961 E GeckoConsole: [JavaScript Error: "TypeError: can't access property "nodePrincipal", this.contentDocument is null" {file: "chrome://global/content/elements/browser-custom-element.js" line: 661}]
04-16 21:00:29.318 3946 3961 E GeckoConsole: get contentPrincipal@chrome://global/content/elements/browser-custom-element.js:661:1
04-16 21:00:29.318 3946 3961 E GeckoConsole: onLocationChange@resource://gre/modules/GeckoViewNavigation.sys.mjs:640:34
04-16 21:00:29.339 3946 3961 E GeckoConsole: [JavaScript Error: "TypeError: can't access property "title", this.contentDocument is null" {file: "chrome://global/content/elements/browser-custom-element.js" line: 630}]
04-16 21:00:29.339 3946 3961 E GeckoConsole: get contentTitle@chrome://global/content/elements/browser-custom-element.js:630:1
04-16 21:00:29.339 3946 3961 E GeckoConsole: handleEvent@resource://gre/modules/GeckoViewContent.sys.mjs:379:11
04-16 21:00:29.370 4016 4057 E eglCodecCommon: glUtilsParamSize: unknow param 0x00008caa
04-16 21:00:29.403 4016 4057 E eglCodecCommon: glUtilsParamSize: unknow param 0x00008caa
04-16 21:00:29.414 4016 4057 E eglCodecCommon: glUtilsParamSize: unknow param 0x00008caa
04-16 21:00:29.431 4016 4057 E eglCodecCommon: glUtilsParamSize: unknow param 0x00008caa
04-16 21:00:29.448 4016 4057 E eglCodecCommon: glUtilsParamSize: unknow param 0x00008caa
04-16 21:00:29.457 4016 4057 E eglCodecCommon: glUtilsParamSize: unknow param 0x00000d02
04-16 21:00:29.473 4016 4057 E eglCodecCommon: glUtilsParamSize: unknow param 0x00008caa
04-16 21:00:29.483 3946 3961 I Gecko : 1744837229483 Marionette INFO No differences allowed
04-16 21:00:29.563 3946 3961 I Gecko : 1744837229563 Marionette INFO Testing http://web-platform.test:8000/css/CSS2/box-display/insert-inline-in-blocks-middle-001.xht == http://web-platform.test:8000/css/CSS2/box-display/insert-inline-in-blocks-middle-001-ref.xht
04-16 21:00:29.604 3946 3961 E GeckoConsole: [JavaScript Error: "TypeError: can't access property "nodePrincipal", this.contentDocument is null" {file: "chrome://global/content/elements/browser-custom-element.js" line: 661}]
04-16 21:00:29.604 3946 3961 E GeckoConsole: get contentPrincipal@chrome://global/content/elements/browser-custom-element.js:661:1
04-16 21:00:29.604 3946 3961 E GeckoConsole: onLocationChange@resource://gre/modules/GeckoViewNavigation.sys.mjs:640:34
04-16 21:00:29.621 3946 3961 E GeckoConsole: [JavaScript Error: "TypeError: can't access property "title", this.contentDocument is null" {file: "chrome://global/content/elements/browser-custom-element.js" line: 630}]
04-16 21:00:29.621 3946 3961 E GeckoConsole: get contentTitle@chrome://global/content/elements/browser-custom-element.js:630:1
04-16 21:00:29.621 3946 3961 E GeckoConsole: handleEvent@resource://gre/modules/GeckoViewContent.sys.mjs:379:11
04-16 21:00:29.653 4016 4057 E eglCodecCommon: glUtilsParamSize: unknow param 0x00008caa
04-16 21:00:29.686 4016 4057 E eglCodecCommon: glUtilsParamSize: unknow param 0x00008caa
04-16 21:00:29.709 4016 4057 E eglCodecCommon: glUtilsParamSize: unknow param 0x00008caa
04-16 21:00:29.723 4016 4057 E eglCodecCommon: glUtilsParamSize: unknow param 0x00008caa
04-16 21:00:29.734 4016 4057 E eglCodecCommon: glUtilsParamSize: unknow param 0x00008caa
04-16 21:00:29.744 4016 4057 E eglCodecCommon: glUtilsParamSize: unknow param 0x00000d02
04-16 21:00:29.758 4016 4057 E eglCodecCommon: glUtilsParamSize: unknow param 0x00008caa
04-16 21:00:29.791 3946 3961 W GeckoEventDispatcher: No listener for GeckoView:StateUpdated
04-16 21:00:29.828 3946 3961 E GeckoConsole: [JavaScript Error: "TypeError: can't access property "nodePrincipal", this.contentDocument is null" {file: "chrome://global/content/elements/browser-custom-element.js" line: 661}]
04-16 21:00:29.828 3946 3961 E GeckoConsole: get contentPrincipal@chrome://global/content/elements/browser-custom-element.js:661:1
04-16 21:00:29.828 3946 3961 E GeckoConsole: onLocationChange@resource://gre/modules/GeckoViewNavigation.sys.mjs:640:34
04-16 21:00:29.847 3946 3961 E GeckoConsole: [JavaScript Error: "TypeError: can't access property "title", this.contentDocument is null" {file: "chrome://global/content/elements/browser-custom-element.js" line: 630}]
04-16 21:00:29.847 3946 3961 E GeckoConsole: get contentTitle@chrome://global/content/elements/browser-custom-element.js:630:1
04-16 21:00:29.847 3946 3961 E GeckoConsole: handleEvent@resource://gre/modules/GeckoViewContent.sys.mjs:379:11
04-16 21:00:29.870 4016 4057 E eglCodecCommon: glUtilsParamSize: unknow param 0x00008caa
04-16 21:00:29.887 4016 4057 E eglCodecCommon: glUtilsParamSize: unknow param 0x00008caa
04-16 21:00:29.903 4016 4057 E eglCodecCommon: glUtilsParamSize: unknow param 0x00008caa
04-16 21:00:29.928 4016 4057 E eglCodecCommon: glUtilsParamSize: unknow param 0x00008caa
04-16 21:00:29.944 4016 4057 E eglCodecCommon: glUtilsParamSize: unknow param 0x00008caa
04-16 21:00:29.962 4016 4057 E eglCodecCommon: glUtilsParamSize: unknow param 0x00008caa
04-16 21:00:29.977 4016 4057 E eglCodecCommon: glUtilsParamSize: unknow param 0x00000d02
04-16 21:00:29.989 4016 4057 E eglCodecCommon: glUtilsParamSize: unknow param 0x00008caa
04-16 21:00:29.996 3946 3961 I Gecko : 1744837229996 Marionette INFO No differences allowed
04-16 21:00:30.079 3946 3961 I Gecko : 1744837230079 Marionette INFO Testing http://web-platform.test:8000/css/CSS2/box-display/insert-inline-in-blocks-middle-002.xht == http://web-platform.test:8000/css/CSS2/box-display/insert-inline-in-blocks-middle-002-ref.xht
04-16 21:00:30.118 3946 3961 E GeckoConsole: [JavaScript Error: "TypeError: can't access property "nodePrincipal", this.contentDocument is null" {file: "chrome://global/content/elements/browser-custom-element.js" line: 661}]
04-16 21:00:30.118 3946 3961 E GeckoConsole: get contentPrincipal@chrome://global/content/elements/browser-custom-element.js:661:1
04-16 21:00:30.118 3946 3961 E GeckoConsole: onLocationChange@resource://gre/modules/GeckoViewNavigation.sys.mjs:640:34
