04-16 20:59:41.388 3444 3460 E GeckoConsole: [JavaScript Error: "TypeError: can't access property "title", this.contentDocument is null" {file: "chrome://global/content/elements/browser-custom-element.js" line: 630}]
04-16 20:59:41.388 3444 3460 E GeckoConsole: get contentTitle@chrome://global/content/elements/browser-custom-element.js:630:1
04-16 20:59:41.388 3444 3460 E GeckoConsole: handleEvent@resource://gre/modules/GeckoViewContent.sys.mjs:379:11
04-16 20:59:41.419 3520 3557 E eglCodecCommon: glUtilsParamSize: unknow param 0x00008caa
04-16 20:59:41.438 3520 3557 E eglCodecCommon: glUtilsParamSize: unknow param 0x00008caa
04-16 20:59:41.459 3520 3557 E eglCodecCommon: glUtilsParamSize: unknow param 0x00008caa
04-16 20:59:41.470 3520 3557 E eglCodecCommon: glUtilsParamSize: unknow param 0x00008caa
04-16 20:59:41.489 3520 3557 E eglCodecCommon: glUtilsParamSize: unknow param 0x00008caa
04-16 20:59:41.502 3520 3557 E eglCodecCommon: glUtilsParamSize: unknow param 0x00000d02
04-16 20:59:41.519 3520 3557 E eglCodecCommon: glUtilsParamSize: unknow param 0x00008caa
04-16 20:59:41.539 3444 3460 I Gecko : 1744837181539 Marionette INFO No differences allowed
04-16 20:59:41.541 3444 3460 W GeckoEventDispatcher: No listener for GeckoView:StateUpdated
04-16 20:59:41.617 3444 3460 I Gecko : 1744837181617 Marionette INFO Testing http://web-platform.test:8000/css/CSS2/bidi-009.xht == http://web-platform.test:8000/css/CSS2/reference/bidi-005-ref.xht
04-16 20:59:41.657 3444 3460 E GeckoConsole: [JavaScript Error: "TypeError: can't access property "nodePrincipal", this.contentDocument is null" {file: "chrome://global/content/elements/browser-custom-element.js" line: 661}]
04-16 20:59:41.657 3444 3460 E GeckoConsole: get contentPrincipal@chrome://global/content/elements/browser-custom-element.js:661:1
04-16 20:59:41.657 3444 3460 E GeckoConsole: onLocationChange@resource://gre/modules/GeckoViewNavigation.sys.mjs:640:34
04-16 20:59:41.675 3444 3460 E GeckoConsole: [JavaScript Error: "TypeError: can't access property "title", this.contentDocument is null" {file: "chrome://global/content/elements/browser-custom-element.js" line: 630}]
04-16 20:59:41.675 3444 3460 E GeckoConsole: get contentTitle@chrome://global/content/elements/browser-custom-element.js:630:1
04-16 20:59:41.675 3444 3460 E GeckoConsole: handleEvent@resource://gre/modules/GeckoViewContent.sys.mjs:379:11
04-16 20:59:41.703 3520 3557 E eglCodecCommon: glUtilsParamSize: unknow param 0x00008caa
04-16 20:59:41.721 3520 3557 E eglCodecCommon: glUtilsParamSize: unknow param 0x00008caa
04-16 20:59:41.739 3520 3557 E eglCodecCommon: glUtilsParamSize: unknow param 0x00008caa
04-16 20:59:41.761 3520 3557 E eglCodecCommon: glUtilsParamSize: unknow param 0x00008caa
04-16 20:59:41.781 3520 3557 E eglCodecCommon: glUtilsParamSize: unknow param 0x00008caa
04-16 20:59:41.798 3520 3557 E eglCodecCommon: glUtilsParamSize: unknow param 0x00008caa
04-16 20:59:41.812 3520 3557 E eglCodecCommon: glUtilsParamSize: unknow param 0x00000d02
04-16 20:59:41.823 3520 3557 E eglCodecCommon: glUtilsParamSize: unknow param 0x00008caa
04-16 20:59:41.835 3444 3460 I Gecko : 1744837181835 Marionette INFO No differences allowed
04-16 20:59:41.918 3444 3460 I Gecko : 1744837181918 Marionette INFO Testing http://web-platform.test:8000/css/CSS2/bidi-010.xht == http://web-platform.test:8000/css/CSS2/reference/bidi-007-ref.xht
04-16 20:59:41.959 3444 3460 E GeckoConsole: [JavaScript Error: "TypeError: can't access property "nodePrincipal", this.contentDocument is null" {file: "chrome://global/content/elements/browser-custom-element.js" line: 661}]
04-16 20:59:41.959 3444 3460 E GeckoConsole: get contentPrincipal@chrome://global/content/elements/browser-custom-element.js:661:1
04-16 20:59:41.959 3444 3460 E GeckoConsole: onLocationChange@resource://gre/modules/GeckoViewNavigation.sys.mjs:640:34
04-16 20:59:41.977 3444 3460 E GeckoConsole: [JavaScript Error: "TypeError: can't access property "title", this.contentDocument is null" {file: "chrome://global/content/elements/browser-custom-element.js" line: 630}]
04-16 20:59:41.977 3444 3460 E GeckoConsole: get contentTitle@chrome://global/content/elements/browser-custom-element.js:630:1
04-16 20:59:41.977 3444 3460 E GeckoConsole: handleEvent@resource://gre/modules/GeckoViewContent.sys.mjs:379:11
04-16 20:59:42.003 3520 3557 E eglCodecCommon: glUtilsParamSize: unknow param 0x00008caa
04-16 20:59:42.020 3520 3557 E eglCodecCommon: glUtilsParamSize: unknow param 0x00008caa
04-16 20:59:42.036 3520 3557 E eglCodecCommon: glUtilsParamSize: unknow param 0x00008caa
04-16 20:59:42.060 3520 3557 E eglCodecCommon: glUtilsParamSize: unknow param 0x00008caa
04-16 20:59:42.074 3520 3557 E eglCodecCommon: glUtilsParamSize: unknow param 0x00008caa
04-16 20:59:42.097 3520 3557 E eglCodecCommon: glUtilsParamSize: unknow param 0x00008caa
04-16 20:59:42.110 3520 3557 E eglCodecCommon: glUtilsParamSize: unknow param 0x00000d02
04-16 20:59:42.127 3520 3557 E eglCodecCommon: glUtilsParamSize: unknow param 0x00008caa
04-16 20:59:42.136 3444 3460 I Gecko : 1744837182136 Marionette INFO No differences allowed
04-16 20:59:42.567 3444 3674 D ProfileInstaller: Installing profile for org.mozilla.geckoview.test_runner
04-16 20:59:42.626 3444 3460 W GeckoEventDispatcher: No listener for GeckoView:StateUpdated
04-16 20:59:42.661 3444 3460 I Gecko : 1744837182661 Marionette INFO Testing http://web-platform.test:8000/css/CSS2/border-seams-001.xht == http://web-platform.test:8000/css/CSS2/reference/border-seams-001.xht
04-16 20:59:42.706 3444 3460 E GeckoConsole: [JavaScript Error: "TypeError: can't access property "nodePrincipal", this.contentDocument is null" {file: "chrome://global/content/elements/browser-custom-element.js" line: 661}]
04-16 20:59:42.706 3444 3460 E GeckoConsole: get contentPrincipal@chrome://global/content/elements/browser-custom-element.js:661:1
04-16 20:59:42.706 3444 3460 E GeckoConsole: onLocationChange@resource://gre/modules/GeckoViewNavigation.sys.mjs:640:34
04-16 20:59:42.722 3444 3460 E GeckoConsole: [JavaScript Error: "TypeError: can't access property "title", this.contentDocument is null" {file: "chrome://global/content/elements/browser-custom-element.js" line: 630}]
04-16 20:59:42.722 3444 3460 E GeckoConsole: get contentTitle@chrome://global/content/elements/browser-custom-element.js:630:1
04-16 20:59:42.722 3444 3460 E GeckoConsole: handleEvent@resource://gre/modules/GeckoViewContent.sys.mjs:379:11
04-16 20:59:42.740 3520 3557 E eglCodecCommon: glUtilsParamSize: unknow param 0x00008caa
04-16 20:59:42.759 3520 3557 E eglCodecCommon: glUtilsParamSize: unknow param 0x00008caa
04-16 20:59:42.771 3520 3557 E eglCodecCommon: glUtilsParamSize: unknow param 0x00008caa
04-16 20:59:42.795 3520 3557 E eglCodecCommon: glUtilsParamSize: unknow param 0x00008caa
04-16 20:59:42.813 3520 3557 E eglCodecCommon: glUtilsParamSize: unknow param 0x00008caa
04-16 20:59:42.830 3520 3557 E eglCodecCommon: glUtilsParamSize: unknow param 0x00008caa
04-16 20:59:42.844 3520 3557 E eglCodecCommon: glUtilsParamSize: unknow param 0x00000d02
04-16 20:59:42.863 3520 3557 E eglCodecCommon: glUtilsParamSize: unknow param 0x00008caa
04-16 20:59:42.934 3444 3460 E GeckoConsole: [JavaScript Error: "TypeError: can't access property "nodePrincipal", this.contentDocument is null" {file: "chrome://global/content/elements/browser-custom-element.js" line: 661}]
04-16 20:59:42.934 3444 3460 E GeckoConsole: get contentPrincipal@chrome://global/content/elements/browser-custom-element.js:661:1
04-16 20:59:42.934 3444 3460 E GeckoConsole: onLocationChange@resource://gre/modules/GeckoViewNavigation.sys.mjs:640:34
04-16 20:59:42.950 3444 3460 E GeckoConsole: [JavaScript Error: "TypeError: can't access property "title", this.contentDocument is null" {file: "chrome://global/content/elements/browser-custom-element.js" line: 630}]
04-16 20:59:42.950 3444 3460 E GeckoConsole: get contentTitle@chrome://global/content/elements/browser-custom-element.js:630:1
04-16 20:59:42.950 3444 3460 E GeckoConsole: handleEvent@resource://gre/modules/GeckoViewContent.sys.mjs:379:11
04-16 20:59:42.986 3520 3557 E eglCodecCommon: glUtilsParamSize: unknow param 0x00008caa
04-16 20:59:43.020 3520 3557 E eglCodecCommon: glUtilsParamSize: unknow param 0x00008caa
04-16 20:59:43.043 3520 3557 E eglCodecCommon: glUtilsParamSize: unknow param 0x00008caa
04-16 20:59:43.055 3520 3557 E eglCodecCommon: glUtilsParamSize: unknow param 0x00008caa
04-16 20:59:43.074 3520 3557 E eglCodecCommon: glUtilsParamSize: unknow param 0x00008caa
04-16 20:59:43.088 3520 3557 E eglCodecCommon: glUtilsParamSize: unknow param 0x00000d02
04-16 20:59:43.106 3520 3557 E eglCodecCommon: glUtilsParamSize: unknow param 0x00008caa
04-16 20:59:43.127 3444 3460 I Gecko : 1744837183126 Marionette INFO No differences allowed
04-16 20:59:43.207 3444 3460 I Gecko : 1744837183207 Marionette INFO Testing http://web-platform.test:8000/css/CSS2/css-e-notation-test-1.html == http://web-platform.test:8000/css/CSS2/css-e-notation-ref-1.html
04-16 20:59:43.248 3444 3460 E GeckoConsole: [JavaScript Error: "TypeError: can't access property "nodePrincipal", this.contentDocument is null" {file: "chrome://global/content/elements/browser-custom-element.js" line: 661}]
04-16 20:59:43.248 3444 3460 E GeckoConsole: get contentPrincipal@chrome://global/content/elements/browser-custom-element.js:661:1
04-16 20:59:43.248 3444 3460 E GeckoConsole: onLocationChange@resource://gre/modules/GeckoViewNavigation.sys.mjs:640:34
04-16 20:59:43.253 3444 3460 E GeckoConsole: [JavaScript Error: "TypeError: can't access property "title", this.contentDocument is null" {file: "chrome://global/content/elements/browser-custom-element.js" line: 630}]
04-16 20:59:43.253 3444 3460 E GeckoConsole: get contentTitle@chrome://global/content/elements/browser-custom-element.js:630:1
04-16 20:59:43.253 3444 3460 E GeckoConsole: handleEvent@resource://gre/modules/GeckoViewContent.sys.mjs:379:11
04-16 20:59:43.287 3520 3557 E eglCodecCommon: glUtilsParamSize: unknow param 0x00008caa
04-16 20:59:43.403 3520 3557 E eglCodecCommon: glUtilsParamSize: unknow param 0x00008caa
04-16 20:59:43.421 3520 3557 E eglCodecCommon: glUtilsParamSize: unknow param 0x00008caa
04-16 20:59:43.434 3520 3557 E eglCodecCommon: glUtilsParamSize: unknow param 0x00008caa
04-16 20:59:43.451 3520 3557 E eglCodecCommon: glUtilsParamSize: unknow param 0x00008caa
04-16 20:59:43.462 3520 3557 E eglCodecCommon: glUtilsParamSize: unknow param 0x00000d02
04-16 20:59:43.478 3520 3557 E eglCodecCommon: glUtilsParamSize: unknow param 0x00008caa
04-16 20:59:43.542 3444 3460 E GeckoConsole: [JavaScript Error: "TypeError: can't access property "nodePrincipal", this.contentDocument is null" {file: "chrome://global/content/elements/browser-custom-element.js" line: 661}]
04-16 20:59:43.542 3444 3460 E GeckoConsole: get contentPrincipal@chrome://global/content/elements/browser-custom-element.js:661:1
04-16 20:59:43.542 3444 3460 E GeckoConsole: onLocationChange@resource://gre/modules/GeckoViewNavigation.sys.mjs:640:34
04-16 20:59:43.547 3444 3460 E GeckoConsole: [JavaScript Error: "TypeError: can't access property "title", this.contentDocument is null" {file: "chrome://global/content/elements/browser-custom-element.js" line: 630}]
04-16 20:59:43.547 3444 3460 E GeckoConsole: get contentTitle@chrome://global/content/elements/browser-custom-element.js:630:1
04-16 20:59:43.547 3444 3460 E GeckoConsole: handleEvent@resource://gre/modules/GeckoViewContent.sys.mjs:379:11
04-16 20:59:43.570 3520 3557 E eglCodecCommon: glUtilsParamSize: unknow param 0x00008caa
04-16 20:59:43.588 3520 3557 E eglCodecCommon: glUtilsParamSize: unknow param 0x00008caa
04-16 20:59:43.603 3520 3557 E eglCodecCommon: glUtilsParamSize: unknow param 0x00008caa
04-16 20:59:43.629 3520 3557 E eglCodecCommon: glUtilsParamSize: unknow param 0x00008caa
04-16 20:59:43.652 3520 3557 E eglCodecCommon: glUtilsParamSize: unknow param 0x00008caa
04-16 20:59:43.668 3520 3557 E eglCodecCommon: glUtilsParamSize: unknow param 0x00008caa
04-16 20:59:43.678 3520 3557 E eglCodecCommon: glUtilsParamSize: unknow param 0x00000d02
04-16 20:59:43.688 3520 3557 E eglCodecCommon: glUtilsParamSize: unknow param 0x00008caa
04-16 20:59:43.708 3444 3460 I Gecko : 1744837183708 Marionette INFO No differences allowed
04-16 20:59:43.712 3444 3460 W GeckoEventDispatcher: No listener for GeckoView:StateUpdated
04-16 20:59:43.749 3444 3460 D GeckoIdleService: Get idle time: time since reset 5070 msec
04-16 20:59:43.750 3444 3460 D GeckoIdleService: Idle timer callback: current idle time 5070 msec
04-16 20:59:43.750 3444 3460 D GeckoIdleService: next timeout 4294967289930 msec from now
04-16 20:59:43.750 3444 3460 D GeckoIdleService: SetTimerExpiryIfBefore: next timeout 4294967289930 msec from now
04-16 20:59:43.750 3444 3460 D GeckoIdleService: reset timer expiry to 4294967289940 msec from now
04-16 20:59:43.750 3444 3460 D GeckoIdleService: Idle timer callback: tell observer 0x757a8adfe628 user is idle
04-16 20:59:43.801 3444 3460 I Gecko : 1744837183801 Marionette INFO Testing http://web-platform.test:8000/css/CSS2/css-e-notation-test-2.html == http://web-platform.test:8000/css/CSS2/css-e-notation-ref-2.html
04-16 20:59:43.843 3444 3460 E GeckoConsole: [JavaScript Error: "TypeError: can't access property "nodePrincipal", this.contentDocument is null" {file: "chrome://global/content/elements/browser-custom-element.js" line: 661}]
04-16 20:59:43.843 3444 3460 E GeckoConsole: get contentPrincipal@chrome://global/content/elements/browser-custom-element.js:661:1
04-16 20:59:43.843 3444 3460 E GeckoConsole: onLocationChange@resource://gre/modules/GeckoViewNavigation.sys.mjs:640:34
04-16 20:59:43.848 3444 3460 E GeckoConsole: [JavaScript Error: "TypeError: can't access property "title", this.contentDocument is null" {file: "chrome://global/content/elements/browser-custom-element.js" line: 630}]
04-16 20:59:43.848 3444 3460 E GeckoConsole: get contentTitle@chrome://global/content/elements/browser-custom-element.js:630:1
04-16 20:59:43.848 3444 3460 E GeckoConsole: handleEvent@resource://gre/modules/GeckoViewContent.sys.mjs:379:11
04-16 20:59:43.869 3520 3557 E eglCodecCommon: glUtilsParamSize: unknow param 0x00008caa
04-16 20:59:43.925 3520 3557 E eglCodecCommon: glUtilsParamSize: unknow param 0x00008caa
04-16 20:59:43.937 3520 3557 E eglCodecCommon: glUtilsParamSize: unknow param 0x00008caa
04-16 20:59:43.950 3520 3557 E eglCodecCommon: glUtilsParamSize: unknow param 0x00008caa
04-16 20:59:43.961 3520 3557 E eglCodecCommon: glUtilsParamSize: unknow param 0x00000d02
04-16 20:59:43.980 3520 3557 E eglCodecCommon: glUtilsParamSize: unknow param 0x00008caa
04-16 20:59:44.053 3444 3460 E GeckoConsole: [JavaScript Error: "TypeError: can't access property "nodePrincipal", this.contentDocument is null" {file: "chrome://global/content/elements/browser-custom-element.js" line: 661}]
04-16 20:59:44.053 3444 3460 E GeckoConsole: get contentPrincipal@chrome://global/content/elements/browser-custom-element.js:661:1
04-16 20:59:44.053 3444 3460 E GeckoConsole: onLocationChange@resource://gre/modules/GeckoViewNavigation.sys.mjs:640:34
04-16 20:59:44.057 3444 3460 E GeckoConsole: [JavaScript Error: "TypeError: can't access property "title", this.contentDocument is null" {file: "chrome://global/content/elements/browser-custom-element.js" line: 630}]
04-16 20:59:44.057 3444 3460 E GeckoConsole: get contentTitle@chrome://global/content/elements/browser-custom-element.js:630:1
04-16 20:59:44.057 3444 3460 E GeckoConsole: handleEvent@resource://gre/modules/GeckoViewContent.sys.mjs:379:11
04-16 20:59:44.086 3520 3557 E eglCodecCommon: glUtilsParamSize: unknow param 0x00008caa
04-16 20:59:44.124 3520 3557 E eglCodecCommon: glUtilsParamSize: unknow param 0x00008caa
04-16 20:59:44.135 3520 3557 E eglCodecCommon: glUtilsParamSize: unknow param 0x00008caa
04-16 20:59:44.150 3520 3557 E eglCodecCommon: glUtilsParamSize: unknow param 0x00008caa
04-16 20:59:44.160 3520 3557 E eglCodecCommon: glUtilsParamSize: unknow param 0x00000d02
04-16 20:59:44.173 3520 3557 E eglCodecCommon: glUtilsParamSize: unknow param 0x00008caa
04-16 20:59:44.189 3444 3460 I Gecko : 1744837184189 Marionette INFO No differences allowed
04-16 20:59:44.275 3444 3460 I Gecko : 1744837184275 Marionette INFO Testing http://web-platform.test:8000/css/CSS2/inline-svg-100-percent-in-body.html == http://web-platform.test:8000/css/CSS2/reference/inline-svg-100-percent-in-body-ref.html
04-16 20:59:44.318 3444 3460 E GeckoConsole: [JavaScript Error: "TypeError: can't access property "nodePrincipal", this.contentDocument is null" {file: "chrome://global/content/elements/browser-custom-element.js" line: 661}]
04-16 20:59:44.318 3444 3460 E GeckoConsole: get contentPrincipal@chrome://global/content/elements/browser-custom-element.js:661:1
04-16 20:59:44.318 3444 3460 E GeckoConsole: onLocationChange@resource://gre/modules/GeckoViewNavigation.sys.mjs:640:34
04-16 20:59:44.334 3444 3460 E GeckoConsole: [JavaScript Error: "TypeError: can't access property "title", this.contentDocument is null" {file: "chrome://global/content/elements/browser-custom-element.js" line: 630}]
04-16 20:59:44.334 3444 3460 E GeckoConsole: get contentTitle@chrome://global/content/elements/browser-custom-element.js:630:1
04-16 20:59:44.334 3444 3460 E GeckoConsole: handleEvent@resource://gre/modules/GeckoViewContent.sys.mjs:379:11
04-16 20:59:44.337 3520 3557 E eglCodecCommon: glUtilsParamSize: unknow param 0x00008caa
04-16 20:59:44.372 3520 3557 E eglCodecCommon: glUtilsParamSize: unknow param 0x00008caa
04-16 20:59:44.518 3479 3496 I Gecko : 1744837184518 Marionette WARN http://web-platform.test:8000/css/CSS2/reference/inline-svg-100-percent-in-body-ref.html overflows viewport (width: 800, height: 821)
04-16 20:59:44.528 3520 3557 E eglCodecCommon: glUtilsParamSize: unknow param 0x00008caa
04-16 20:59:44.543 3520 3557 E eglCodecCommon: glUtilsParamSize: unknow param 0x00008caa
04-16 20:59:44.552 3520 3557 E eglCodecCommon: glUtilsParamSize: unknow param 0x00008caa
04-16 20:59:44.564 3520 3557 E eglCodecCommon: glUtilsParamSize: unknow param 0x00000d02
04-16 20:59:44.588 3520 3557 E eglCodecCommon: glUtilsParamSize: unknow param 0x00008caa
04-16 20:59:44.651 3444 3460 E GeckoConsole: [JavaScript Error: "TypeError: can't access property "nodePrincipal", this.contentDocument is null" {file: "chrome://global/content/elements/browser-custom-element.js" line: 661}]
04-16 20:59:44.651 3444 3460 E GeckoConsole: get contentPrincipal@chrome://global/content/elements/browser-custom-element.js:661:1
04-16 20:59:44.651 3444 3460 E GeckoConsole: onLocationChange@resource://gre/modules/GeckoViewNavigation.sys.mjs:640:34
04-16 20:59:44.657 3444 3460 E GeckoConsole: [JavaScript Error: "TypeError: can't access property "title", this.contentDocument is null" {file: "chrome://global/content/elements/browser-custom-element.js" line: 630}]
04-16 20:59:44.657 3444 3460 E GeckoConsole: get contentTitle@chrome://global/content/elements/browser-custom-element.js:630:1
04-16 20:59:44.657 3444 3460 E GeckoConsole: handleEvent@resource://gre/modules/GeckoViewContent.sys.mjs:379:11
04-16 20:59:44.686 3520 3557 E eglCodecCommon: glUtilsParamSize: unknow param 0x00008caa
04-16 20:59:44.720 3520 3557 E eglCodecCommon: glUtilsParamSize: unknow param 0x00008caa
04-16 20:59:44.739 3479 3496 I Gecko : 1744837184739 Marionette WARN http://web-platform.test:8000/css/CSS2/inline-svg-100-percent-in-body.html overflows viewport (width: 800, height: 821)
04-16 20:59:44.746 3520 3557 E eglCodecCommon: glUtilsParamSize: unknow param 0x00008caa
04-16 20:59:44.757 3520 3557 E eglCodecCommon: glUtilsParamSize: unknow param 0x00008caa
04-16 20:59:44.776 3520 3557 E eglCodecCommon: glUtilsParamSize: unknow param 0x00008caa
04-16 20:59:44.791 3520 3557 E eglCodecCommon: glUtilsParamSize: unknow param 0x00000d02
04-16 20:59:44.803 3520 3557 E eglCodecCommon: glUtilsParamSize: unknow param 0x00008caa
04-16 20:59:44.823 3444 3460 I Gecko : 1744837184823 Marionette INFO No differences allowed
04-16 20:59:44.827 3444 3460 W GeckoEventDispatcher: No listener for GeckoView:StateUpdated
04-16 20:59:44.909 3444 3460 I Gecko : 1744837184909 Marionette INFO Testing http://web-platform.test:8000/css/CSS2/inline-svg-intrinsic-size-100-percent-1.html == http://web-platform.test:8000/css/CSS2/reference/60x60-green.html
04-16 20:59:44.949 3444 3460 E GeckoConsole: [JavaScript Error: "TypeError: can't access property "nodePrincipal", this.contentDocument is null" {file: "chrome://global/content/elements/browser-custom-element.js" line: 661}]
04-16 20:59:44.949 3444 3460 E GeckoConsole: get contentPrincipal@chrome://global/content/elements/browser-custom-element.js:661:1
04-16 20:59:44.949 3444 3460 E GeckoConsole: onLocationChange@resource://gre/modules/GeckoViewNavigation.sys.mjs:640:34
04-16 20:59:44.954 3444 3460 E GeckoConsole: [JavaScript Error: "TypeError: can't access property "title", this.contentDocument is null" {file: "chrome://global/content/elements/browser-custom-element.js" line: 630}]
04-16 20:59:44.954 3444 3460 E GeckoConsole: get contentTitle@chrome://global/content/elements/browser-custom-element.js:630:1
04-16 20:59:44.954 3444 3460 E GeckoConsole: handleEvent@resource://gre/modules/GeckoViewContent.sys.mjs:379:11
04-16 20:59:44.986 3520 3557 E eglCodecCommon: glUtilsParamSize: unknow param 0x00008caa
04-16 20:59:45.024 3520 3557 E eglCodecCommon: glUtilsParamSize: unknow param 0x00008caa
04-16 20:59:45.035 3520 3557 E eglCodecCommon: glUtilsParamSize: unknow param 0x00008caa
04-16 20:59:45.050 3520 3557 E eglCodecCommon: glUtilsParamSize: unknow param 0x00008caa
04-16 20:59:45.060 3520 3557 E eglCodecCommon: glUtilsParamSize: unknow param 0x00000d02
04-16 20:59:45.074 3520 3557 E eglCodecCommon: glUtilsParamSize: unknow param 0x00008caa
04-16 20:59:45.141 3444 3460 E GeckoConsole: [JavaScript Error: "TypeError: can't access property "nodePrincipal", this.contentDocument is null" {file: "chrome://global/content/elements/browser-custom-element.js" line: 661}]
04-16 20:59:45.141 3444 3460 E GeckoConsole: get contentPrincipal@chrome://global/content/elements/browser-custom-element.js:661:1
04-16 20:59:45.141 3444 3460 E GeckoConsole: onLocationChange@resource://gre/modules/GeckoViewNavigation.sys.mjs:640:34
04-16 20:59:45.146 3444 3460 E GeckoConsole: [JavaScript Error: "TypeError: can't access property "title", this.contentDocument is null" {file: "chrome://global/content/elements/browser-custom-element.js" line: 630}]
04-16 20:59:45.146 3444 3460 E GeckoConsole: get contentTitle@chrome://global/content/elements/browser-custom-element.js:630:1
04-16 20:59:45.146 3444 3460 E GeckoConsole: handleEvent@resource://gre/modules/GeckoViewContent.sys.mjs:379:11
04-16 20:59:45.170 3520 3557 E eglCodecCommon: glUtilsParamSize: unknow param 0x00008caa
04-16 20:59:45.187 3520 3557 E eglCodecCommon: glUtilsParamSize: unknow param 0x00008caa
04-16 20:59:45.202 3520 3557 E eglCodecCommon: glUtilsParamSize: unknow param 0x00008caa
04-16 20:59:45.226 3520 3557 E eglCodecCommon: glUtilsParamSize: unknow param 0x00008caa
04-16 20:59:45.241 3520 3557 E eglCodecCommon: glUtilsParamSize: unknow param 0x00008caa
04-16 20:59:45.268 3520 3557 E eglCodecCommon: glUtilsParamSize: unknow param 0x00008caa
04-16 20:59:45.279 3520 3557 E eglCodecCommon: glUtilsParamSize: unknow param 0x00000d02
04-16 20:59:45.287 3520 3557 E eglCodecCommon: glUtilsParamSize: unknow param 0x00008caa
04-16 20:59:45.307 3444 3460 I Gecko : 1744837185307 Marionette INFO No differences allowed
04-16 20:59:45.388 3444 3460 I Gecko : 1744837185388 Marionette INFO Testing http://web-platform.test:8000/css/CSS2/inline-svg-intrinsic-size-100-percent-2.html == http://web-platform.test:8000/css/CSS2/reference/60x60-green.html
04-16 20:59:45.427 3444 3460 E GeckoConsole: [JavaScript Error: "TypeError: can't access property "nodePrincipal", this.contentDocument is null" {file: "chrome://global/content/elements/browser-custom-element.js" line: 661}]
04-16 20:59:45.427 3444 3460 E GeckoConsole: get contentPrincipal@chrome://global/content/elements/browser-custom-element.js:661:1
04-16 20:59:45.427 3444 3460 E GeckoConsole: onLocationChange@resource://gre/modules/GeckoViewNavigation.sys.mjs:640:34
04-16 20:59:45.434 3444 3460 E GeckoConsole: [JavaScript Error: "TypeError: can't access property "title", this.contentDocument is null" {file: "chrome://global/content/elements/browser-custom-element.js" line: 630}]
04-16 20:59:45.434 3444 3460 E GeckoConsole: get contentTitle@chrome://global/content/elements/browser-custom-element.js:630:1
04-16 20:59:45.434 3444 3460 E GeckoConsole: handleEvent@resource://gre/modules/GeckoViewContent.sys.mjs:379:11
04-16 20:59:45.469 3520 3557 E eglCodecCommon: glUtilsParamSize: unknow param 0x00008caa
04-16 20:59:45.488 3520 3557 E eglCodecCommon: glUtilsParamSize: unknow param 0x00008caa
04-16 20:59:45.509 3520 3557 E eglCodecCommon: glUtilsParamSize: unknow param 0x00008caa
04-16 20:59:45.520 3520 3557 E eglCodecCommon: glUtilsParamSize: unknow param 0x00008caa
04-16 20:59:45.539 3520 3557 E eglCodecCommon: glUtilsParamSize: unknow param 0x00008caa
04-16 20:59:45.552 3520 3557 E eglCodecCommon: glUtilsParamSize: unknow param 0x00000d02
04-16 20:59:45.572 3520 3557 E eglCodecCommon: glUtilsParamSize: unknow param 0x00008caa
04-16 20:59:45.579 3444 3460 I Gecko : 1744837185579 Marionette INFO No differences allowed
04-16 20:59:45.659 3444 3460 I Gecko : 1744837185659 Marionette INFO Testing http://web-platform.test:8000/css/CSS2/inline-svg-margin-padding-border.html == http://web-platform.test:8000/css/CSS2/reference/inline-svg-margin-padding-border-ref.html
04-16 20:59:45.700 3444 3460 E GeckoConsole: [JavaScript Error: "TypeError: can't access property "nodePrincipal", this.contentDocument is null" {file: "chrome://global/content/elements/browser-custom-element.js" line: 661}]
04-16 20:59:45.700 3444 3460 E GeckoConsole: get contentPrincipal@chrome://global/content/elements/browser-custom-element.js:661:1
04-16 20:59:45.700 3444 3460 E GeckoConsole: onLocationChange@resource://gre/modules/GeckoViewNavigation.sys.mjs:640:34
04-16 20:59:45.705 3444 3460 E GeckoConsole: [JavaScript Error: "TypeError: can't access property "title", this.contentDocument is null" {file: "chrome://global/content/elements/browser-custom-element.js" line: 630}]
04-16 20:59:45.705 3444 3460 E GeckoConsole: get contentTitle@chrome://global/content/elements/browser-custom-element.js:630:1
04-16 20:59:45.705 3444 3460 E GeckoConsole: handleEvent@resource://gre/modules/GeckoViewContent.sys.mjs:379:11
04-16 20:59:45.736 3520 3557 E eglCodecCommon: glUtilsParamSize: unknow param 0x00008caa
04-16 20:59:45.755 3520 3557 E eglCodecCommon: glUtilsParamSize: unknow param 0x00008caa
04-16 20:59:45.775 3520 3557 E eglCodecCommon: glUtilsParamSize: unknow param 0x00008caa
04-16 20:59:45.786 3520 3557 E eglCodecCommon: glUtilsParamSize: unknow param 0x00008caa
04-16 20:59:45.807 3520 3557 E eglCodecCommon: glUtilsParamSize: unknow param 0x00008caa
04-16 20:59:45.822 3520 3557 E eglCodecCommon: glUtilsParamSize: unknow param 0x00000d02
04-16 20:59:45.836 3520 3557 E eglCodecCommon: glUtilsParamSize: unknow param 0x00008caa
04-16 20:59:45.907 3444 3460 E GeckoConsole: [JavaScript Error: "TypeError: can't access property "nodePrincipal", this.contentDocument is null" {file: "chrome://global/content/elements/browser-custom-element.js" line: 661}]
04-16 20:59:45.907 3444 3460 E GeckoConsole: get contentPrincipal@chrome://global/content/elements/browser-custom-element.js:661:1
04-16 20:59:45.907 3444 3460 E GeckoConsole: onLocationChange@resource://gre/modules/GeckoViewNavigation.sys.mjs:640:34
04-16 20:59:45.912 3444 3460 E GeckoConsole: [JavaScript Error: "TypeError: can't access property "title", this.contentDocument is null" {file: "chrome://global/content/elements/browser-custom-element.js" line: 630}]
04-16 20:59:45.912 3444 3460 E GeckoConsole: get contentTitle@chrome://global/content/elements/browser-custom-element.js:630:1
04-16 20:59:45.912 3444 3460 E GeckoConsole: handleEvent@resource://gre/modules/GeckoViewContent.sys.mjs:379:11
04-16 20:59:45.936 3520 3557 E eglCodecCommon: glUtilsParamSize: unknow param 0x00008caa
04-16 20:59:45.948 3444 3460 W GeckoEventDispatcher: No listener for GeckoView:StateUpdated
04-16 20:59:45.953 3520 3557 E eglCodecCommon: glUtilsParamSize: unknow param 0x00008caa
04-16 20:59:45.969 3520 3557 E eglCodecCommon: glUtilsParamSize: unknow param 0x00008caa
04-16 20:59:45.995 3520 3557 E eglCodecCommon: glUtilsParamSize: unknow param 0x00008caa
04-16 20:59:46.015 3520 3557 E eglCodecCommon: glUtilsParamSize: unknow param 0x00008caa
04-16 20:59:46.032 3520 3557 E eglCodecCommon: glUtilsParamSize: unknow param 0x00008caa
04-16 20:59:46.040 3520 3557 E eglCodecCommon: glUtilsParamSize: unknow param 0x00000d02
04-16 20:59:46.060 3520 3557 E eglCodecCommon: glUtilsParamSize: unknow param 0x00008caa
04-16 20:59:46.082 3444 3460 I Gecko : 1744837186082 Marionette INFO No differences allowed
04-16 20:59:46.218 3444 3460 I Gecko : 1744837186218 Marionette INFO Stopped listening on port 39588
04-16 20:59:46.325 3520 3557 D EGL_emulation: eglMakeCurrent: 0x757ab483ba00: ver 3 0 (tinfo 0x757ab480c6c0)
04-16 20:59:46.337 3520 3557 D EGL_emulation: eglMakeCurrent: 0x757ab483ba00: ver 3 0 (tinfo 0x757ab480c6c0)
04-16 20:59:46.338 3520 3557 E eglCodecCommon: glUtilsParamSize: unknow param 0x00008caa
04-16 20:59:46.352 3444 3460 D GeckoThread: State changed to EXITING
04-16 20:59:46.370 1657 2052 I ActivityManager: Killing 2119:com.android.keychain/1000 (adj 906): empty #17
04-16 20:59:46.372 3479 3479 I ServiceChildProcess: Destroying GeckoServiceChildProcess
04-16 20:59:46.373 1657 1668 D ActivityManager: cleanUpApplicationRecord -- 2119
04-16 20:59:46.374 3479 3479 I art : System.exit called, status: 0
04-16 20:59:46.374 3479 3479 I AndroidRuntime: VM exiting with result code 0, cleanup skipped.
04-16 20:59:46.380 1657 2092 I ActivityManager: Process org.mozilla.geckoview.test_runner:tab32 (pid 3479) has died
04-16 20:59:46.380 1657 2092 D ActivityManager: cleanUpApplicationRecord -- 3479
04-16 20:59:46.482 3444 3460 D GeckoIdleService: Remove observer 0x757a8adfe628 (5 seconds), 0 remain idle
04-16 20:59:46.503 3444 3444 I glean.dispatche: type=1400 audit(0.0:19): avc: denied { append } for path="/data/local/tmp/test_root/profile/datareporting/glean/events/pageload" dev="vdc" ino=56376 scontext=u:r:untrusted_app:s0:c512,c768 tcontext=u:object_r:shell_data_file:s0:c512,c768 tclass=file permissive=1
04-16 20:59:46.580 3755 3755 D AndroidRuntime: >>>>>> START com.android.internal.os.RuntimeInit uid 0 <<<<<<
04-16 20:59:46.582 3755 3755 D AndroidRuntime: CheckJNI is OFF
04-16 20:59:46.600 1657 1695 W InputDispatcher: channel 'cf33f61 org.mozilla.geckoview.test_runner/org.mozilla.geckoview.test_runner.TestRunnerActivity (server)' ~ Consumer closed input channel or an error occurred. events=0x9
04-16 20:59:46.600 1657 1695 E InputDispatcher: channel 'cf33f61 org.mozilla.geckoview.test_runner/org.mozilla.geckoview.test_runner.TestRunnerActivity (server)' ~ Channel is unrecoverably broken and will be disposed!
04-16 20:59:46.600 1657 2094 I WindowManager: WIN DEATH: Window{cf33f61 u0 org.mozilla.geckoview.test_runner/org.mozilla.geckoview.test_runner.TestRunnerActivity}
04-16 20:59:46.600 1657 2052 D GraphicsStats: Buffer count: 3
04-16 20:59:46.600 1657 2094 W InputDispatcher: Attempted to unregister already unregistered input channel 'cf33f61 org.mozilla.geckoview.test_runner/org.mozilla.geckoview.test_runner.TestRunnerActivity (server)'
04-16 20:59:46.601 1657 2094 W WindowManager: Force-removing child win Window{6c0b837 u0 SurfaceView - org.mozilla.geckoview.test_runner/org.mozilla.geckoview.test_runner.TestRunnerActivity} from container Window{cf33f61 u0 org.mozilla.geckoview.test_runner/org.mozilla.geckoview.test_runner.TestRunnerActivity}
04-16 20:59:46.601 1657 1669 I ActivityManager: Process org.mozilla.geckoview.test_runner (pid 3444) has died
04-16 20:59:46.601 1657 1669 D ActivityManager: cleanUpApplicationRecord -- 3444
04-16 20:59:46.605 3755 3755 W art : Unexpected CPU variant for X86 using defaults: x86_64
04-16 20:59:46.608 3755 3755 D ICU : No timezone override file found: /data/misc/zoneinfo/current/icu/icu_tzdata.dat
04-16 20:59:46.610 1657 2094 I WindowManager: Destroying surface Surface(name=SurfaceView - org.mozilla.geckoview.test_runner/org.mozilla.geckoview.test_runner.TestRunnerActivity) called by com.android.server.wm.WindowStateAnimator.destroySurface:2014 com.android.server.wm.WindowStateAnimator.destroySurfaceLocked:881 com.android.server.wm.WindowState.removeLocked:1449 com.android.server.wm.WindowManagerService.removeWindowInnerLocked:2478 com.android.server.wm.WindowManagerService.removeWindowInnerLocked:2457 com.android.server.wm.WindowManagerService.removeWindowLocked:2436 com.android.server.wm.WindowState$DeathRecipient.binderDied:1780 android.os.BinderProxy.sendDeathNotice:688
04-16 20:59:46.611 1657 1669 E JavaBinder: !!! FAILED BINDER TRANSACTION !!! (parcel size = 76)
04-16 20:59:46.611 1341 1341 I Zygote : Process 3520 exited due to signal (15)
04-16 20:59:46.612 1657 1669 W ActivityManager: Exception when unbinding service org.mozilla.geckoview.test_runner/org.mozilla.gecko.process.GeckoChildProcessServices$gpu
04-16 20:59:46.612 1657 1669 W ActivityManager: android.os.DeadObjectException
04-16 20:59:46.612 1657 1669 W ActivityManager: at android.os.BinderProxy.transactNative(Native Method)
04-16 20:59:46.612 1657 1669 W ActivityManager: at android.os.BinderProxy.transact(Binder.java:615)
04-16 20:59:46.612 1657 1669 W ActivityManager: at android.app.ApplicationThreadProxy.scheduleUnbindService(ApplicationThreadNative.java:1014)
04-16 20:59:46.612 1657 1669 W ActivityManager: at com.android.server.am.ActiveServices.removeConnectionLocked(ActiveServices.java:2154)
04-16 20:59:46.612 1657 1669 W ActivityManager: at com.android.server.am.ActiveServices.killServicesLocked(ActiveServices.java:2530)
04-16 20:59:46.612 1657 1669 W ActivityManager: at com.android.server.am.ActivityManagerService.cleanUpApplicationRecordLocked(ActivityManagerService.java:16783)
04-16 20:59:46.612 1657 1669 W ActivityManager: at com.android.server.am.ActivityManagerService.handleAppDiedLocked(ActivityManagerService.java:5044)
04-16 20:59:46.612 1657 1669 W ActivityManager: at com.android.server.am.ActivityManagerService.appDiedLocked(ActivityManagerService.java:5207)
04-16 20:59:46.612 1657 1669 W ActivityManager: at com.android.server.am.ActivityManagerService$AppDeathRecipient.binderDied(ActivityManagerService.java:1460)
04-16 20:59:46.612 1657 1669 W ActivityManager: at android.os.BinderProxy.sendDeathNotice(Binder.java:688)
04-16 20:59:46.612 1334 1334 E lowmemorykiller: Error opening /proc/3520/oom_score_adj; errno=2
04-16 20:59:46.613 1657 1669 W ActivityManager: Force removing ActivityRecord{cbe3c77 u0 org.mozilla.geckoview.test_runner/.TestRunnerActivity t2}: app died, no saved state
04-16 20:59:46.613 1657 2094 I WindowManager: Destroying surface Surface(name=org.mozilla.geckoview.test_runner/org.mozilla.geckoview.test_runner.TestRunnerActivity) called by com.android.server.wm.WindowStateAnimator.destroySurface:2014 com.android.server.wm.WindowStateAnimator.destroySurfaceLocked:881 com.android.server.wm.WindowState.removeLocked:1449 com.android.server.wm.WindowManagerService.removeWindowInnerLocked:2478 com.android.server.wm.WindowManagerService.removeWindowLocked:2436 com.android.server.wm.WindowState$DeathRecipient.binderDied:1780 android.os.BinderProxy.sendDeathNotice:688
04-16 20:59:46.614 1657 1836 W WindowManager: Failed looking up window
04-16 20:59:46.614 1657 1836 W WindowManager: java.lang.IllegalArgumentException: Requested window android.os.BinderProxy@5236f47 does not exist
04-16 20:59:46.614 1657 1836 W WindowManager: at com.android.server.wm.WindowManagerService.windowForClientLocked(WindowManagerService.java:9100)
04-16 20:59:46.614 1657 1836 W WindowManager: at com.android.server.wm.WindowManagerService.windowForClientLocked(WindowManagerService.java:9091)
04-16 20:59:46.614 1657 1836 W WindowManager: at com.android.server.wm.WindowState$DeathRecipient.binderDied(WindowState.java:1777)
04-16 20:59:46.614 1657 1836 W WindowManager: at android.os.BinderProxy.sendDeathNotice(Binder.java:688)
04-16 20:59:46.614 1657 1836 I WindowManager: WIN DEATH: null
04-16 20:59:46.616 1337 1337 W SurfaceFlinger: couldn't log to binary event log: overflow.
04-16 20:59:46.617 1337 1337 W SurfaceFlinger: couldn't log to binary event log: overflow.
04-16 20:59:46.621 1657 2052 I ActivityManager: Process org.mozilla.geckoview.test_runner:gpu (pid 3520) has died
04-16 20:59:46.621 1657 2052 D ActivityManager: cleanUpApplicationRecord -- 3520
04-16 20:59:46.625 3755 3755 E memtrack: Couldn't load memtrack module (No such file or directory)
04-16 20:59:46.626 3755 3755 E android.os.Debug: failed to load memtrack module: -2
04-16 20:59:46.626 3755 3755 I Radio-JNI: register_android_hardware_Radio DONE
04-16 20:59:46.632 3755 3755 D AndroidRuntime: Calling main entry com.android.commands.am.Am
04-16 20:59:46.634 1657 2078 I ActivityManager: Force stopping org.mozilla.geckoview.test_runner appid=10062 user=0: from pid 3755
04-16 20:59:46.638 3755 3755 D AndroidRuntime: Shutting down VM
04-16 20:59:46.640 1871 1871 D CarrierSvcBindHelper: No carrier app for: 0
04-16 20:59:46.696 2144 2196 D EGL_emulation: eglMakeCurrent: 0x757aa4071da0: ver 3 0 (tinfo 0x757aa408fc00)
04-16 20:59:47.200 2144 2196 W OpenGLRenderer: Incorrectly called buildLayer on View: ShortcutAndWidgetContainer, destroying layer...
04-16 20:59:49.618 1657 1726 E TaskPersister: File error accessing recents directory (directory doesn't exist?).
04-16 20:59:52.891 3864 3864 D AndroidRuntime: >>>>>> START com.android.internal.os.RuntimeInit uid 0 <<<<<<
04-16 20:59:52.892 3864 3864 D AndroidRuntime: CheckJNI is OFF
04-16 20:59:52.915 3864 3864 W art : Unexpected CPU variant for X86 using defaults: x86_64
04-16 20:59:52.918 3864 3864 D ICU : No timezone override file found: /data/misc/zoneinfo/current/icu/icu_tzdata.dat
04-16 20:59:52.933 3864 3864 E memtrack: Couldn't load memtrack module (No such file or directory)
04-16 20:59:52.933 3864 3864 E android.os.Debug: failed to load memtrack module: -2
04-16 20:59:52.934 3864 3864 I Radio-JNI: register_android_hardware_Radio DONE
04-16 20:59:52.939 3864 3864 D AndroidRuntime: Calling main entry com.android.commands.pm.Pm
04-16 20:59:52.946 3864 3864 I art : System.exit called, status: 0
04-16 20:59:52.946 3864 3864 I AndroidRuntime: VM exiting with result code 0.
04-16 20:59:53.067 3876 3876 D AndroidRuntime: >>>>>> START com.android.internal.os.RuntimeInit uid 0 <<<<<<
04-16 20:59:53.068 3876 3876 D AndroidRuntime: CheckJNI is OFF
04-16 20:59:53.091 3876 3876 W art : Unexpected CPU variant for X86 using defaults: x86_64
04-16 20:59:53.093 3876 3876 D ICU : No timezone override file found: /data/misc/zoneinfo/current/icu/icu_tzdata.dat
04-16 20:59:53.110 3876 3876 E memtrack: Couldn't load memtrack module (No such file or directory)
04-16 20:59:53.110 3876 3876 E android.os.Debug: failed to load memtrack module: -2
04-16 20:59:53.110 3876 3876 I Radio-JNI: register_android_hardware_Radio DONE
04-16 20:59:53.115 3876 3876 D AndroidRuntime: Calling main entry com.android.commands.pm.Pm
04-16 20:59:53.121 3876 3876 I art : System.exit called, status: 0
04-16 20:59:53.122 3876 3876 I AndroidRuntime: VM exiting with result code 0.
04-16 20:59:53.243 3889 3889 D AndroidRuntime: >>>>>> START com.android.internal.os.RuntimeInit uid 0 <<<<<<
04-16 20:59:53.244 3889 3889 D AndroidRuntime: CheckJNI is OFF
04-16 20:59:53.267 3889 3889 W art : Unexpected CPU variant for X86 using defaults: x86_64
04-16 20:59:53.270 3889 3889 D ICU : No timezone override file found: /data/misc/zoneinfo/current/icu/icu_tzdata.dat
04-16 20:59:53.288 3889 3889 E memtrack: Couldn't load memtrack module (No such file or directory)
04-16 20:59:53.288 3889 3889 E android.os.Debug: failed to load memtrack module: -2
04-16 20:59:53.289 3889 3889 I Radio-JNI: register_android_hardware_Radio DONE
04-16 20:59:53.294 3889 3889 D AndroidRuntime: Calling main entry com.android.commands.pm.Pm
04-16 20:59:53.301 3889 3889 I art : System.exit called, status: 0
04-16 20:59:53.301 3889 3889 I AndroidRuntime: VM exiting with result code 0.
04-16 20:59:53.420 3901 3901 D AndroidRuntime: >>>>>> START com.android.internal.os.RuntimeInit uid 0 <<<<<<
04-16 20:59:53.421 3901 3901 D AndroidRuntime: CheckJNI is OFF
04-16 20:59:53.444 3901 3901 W art : Unexpected CPU variant for X86 using defaults: x86_64
04-16 20:59:53.446 3901 3901 D ICU : No timezone override file found: /data/misc/zoneinfo/current/icu/icu_tzdata.dat
04-16 20:59:53.464 3901 3901 E memtrack: Couldn't load memtrack module (No such file or directory)
04-16 20:59:53.464 3901 3901 E android.os.Debug: failed to load memtrack module: -2
04-16 20:59:53.465 3901 3901 I Radio-JNI: register_android_hardware_Radio DONE
04-16 20:59:53.470 3901 3901 D AndroidRuntime: Calling main entry com.android.commands.pm.Pm
04-16 20:59:53.476 3901 3901 I art : System.exit called, status: 0
04-16 20:59:53.476 3901 3901 I AndroidRuntime: VM exiting with result code 0.
04-16 20:59:53.598 3913 3913 D AndroidRuntime: >>>>>> START com.android.internal.os.RuntimeInit uid 0 <<<<<<
04-16 20:59:53.599 3913 3913 D AndroidRuntime: CheckJNI is OFF
04-16 20:59:53.621 3913 3913 W art : Unexpected CPU variant for X86 using defaults: x86_64
04-16 20:59:53.624 3913 3913 D ICU : No timezone override file found: /data/misc/zoneinfo/current/icu/icu_tzdata.dat
04-16 20:59:53.640 3913 3913 E memtrack: Couldn't load memtrack module (No such file or directory)
04-16 20:59:53.640 3913 3913 E android.os.Debug: failed to load memtrack module: -2
04-16 20:59:53.640 3913 3913 I Radio-JNI: register_android_hardware_Radio DONE
04-16 20:59:53.645 3913 3913 D AndroidRuntime: Calling main entry com.android.commands.pm.Pm
04-16 20:59:53.651 3913 3913 I art : System.exit called, status: 0
04-16 20:59:53.651 3913 3913 I AndroidRuntime: VM exiting with result code 0.
04-16 20:59:53.774 3925 3925 D AndroidRuntime: >>>>>> START com.android.internal.os.RuntimeInit uid 0 <<<<<<
04-16 20:59:53.775 3925 3925 D AndroidRuntime: CheckJNI is OFF
04-16 20:59:53.798 3925 3925 W art : Unexpected CPU variant for X86 using defaults: x86_64
04-16 20:59:53.800 3925 3925 D ICU : No timezone override file found: /data/misc/zoneinfo/current/icu/icu_tzdata.dat
04-16 20:59:53.817 3925 3925 E memtrack: Couldn't load memtrack module (No such file or directory)
04-16 20:59:53.817 3925 3925 E android.os.Debug: failed to load memtrack module: -2
04-16 20:59:53.818 3925 3925 I Radio-JNI: register_android_hardware_Radio DONE
04-16 20:59:53.823 3925 3925 D AndroidRuntime: Calling main entry com.android.commands.pm.Pm
04-16 20:59:53.830 3925 3925 I art : System.exit called, status: 0
04-16 20:59:53.830 3925 3925 I AndroidRuntime: VM exiting with result code 0.
04-16 20:59:53.949 3937 3937 D AndroidRuntime: >>>>>> START com.android.internal.os.RuntimeInit uid 0 <<<<<<
04-16 20:59:53.950 3937 3937 D AndroidRuntime: CheckJNI is OFF
04-16 20:59:53.972 3937 3937 W art : Unexpected CPU variant for X86 using defaults: x86_64
04-16 20:59:53.975 3937 3937 D ICU : No timezone override file found: /data/misc/zoneinfo/current/icu/icu_tzdata.dat
04-16 20:59:53.991 3937 3937 E memtrack: Couldn't load memtrack module (No such file or directory)
04-16 20:59:53.991 3937 3937 E android.os.Debug: failed to load memtrack module: -2
04-16 20:59:53.991 3937 3937 I Radio-JNI: register_android_hardware_Radio DONE
04-16 20:59:53.996 3937 3937 D AndroidRuntime: Calling main entry com.android.commands.am.Am
04-16 20:59:54.003 1657 1836 I ActivityManager: START u0 {act=android.intent.action.MAIN flg=0x10000000 cmp=org.mozilla.geckoview.test_runner/.TestRunnerActivity (has extras)} from uid 0 on display 0
04-16 20:59:54.013 3946 3946 I art : Late-enabling -Xcheck:jni
04-16 20:59:54.013 3946 3946 W art : Unexpected CPU variant for X86 using defaults: x86_64
04-16 20:59:54.019 1657 2094 I ActivityManager: Start proc 3946:org.mozilla.geckoview.test_runner/u0a62 for activity org.mozilla.geckoview.test_runner/.TestRunnerActivity
04-16 20:59:54.068 1337 2200 D gralloc_ranchu: gralloc_alloc: Creating ashmem region of size 4096000
04-16 20:59:54.132 2144 2196 D EGL_emulation: eglMakeCurrent: 0x757aa4071da0: ver 3 0 (tinfo 0x757aa408fc00)
04-16 20:59:54.171 3946 3946 D GeckoThread: State changed to LAUNCHED
04-16 20:59:54.175 3946 3961 I GeckoThread: preparing to run Gecko
04-16 20:59:54.204 3946 3946 D GeckoRuntime: Lifecycle: onCreate
04-16 20:59:54.216 3946 3961 W linker : /data/app/org.mozilla.geckoview.test_runner-1/lib/x86_64/libmozglue.so: unused DT entry: type 0x24 arg 0x3dbe8
04-16 20:59:54.216 3946 3961 W linker : /data/app/org.mozilla.geckoview.test_runner-1/lib/x86_64/libmozglue.so: unused DT entry: type 0x23 arg 0x200
04-16 20:59:54.216 3946 3961 W linker : /data/app/org.mozilla.geckoview.test_runner-1/lib/x86_64/libmozglue.so: unused DT entry: type 0x25 arg 0x8
04-16 20:59:54.228 3946 3961 D GeckoThread: State changed to MOZGLUE_READY
04-16 20:59:54.238 3946 3961 D GeckoLoader: Library base=/data/app/org.mozilla.geckoview.test_runner-1/lib/x86_64
04-16 20:59:54.239 3946 3961 I art : Rejecting re-init on previously-failed class java.lang.Class: java.lang.NoClassDefFoundError: Failed resolution of: Landroid/app/UiModeManager$ContrastChangeListener;
04-16 20:59:54.239 3946 3961 I art : at org.mozilla.gecko.GeckoSystemStateListener org.mozilla.gecko.GeckoSystemStateListener.getInstance() (GeckoSystemStateListener.java:49)
04-16 20:59:54.239 3946 3961 I art : at void org.mozilla.gecko.GeckoThread.initGeckoEnvironment() (GeckoThread.java:328)
04-16 20:59:54.239 3946 3961 I art : at void org.mozilla.gecko.GeckoThread.run() (GeckoThread.java:475)
04-16 20:59:54.239 3946 3961 I art : Caused by: java.lang.ClassNotFoundException: Didn't find class "android.app.UiModeManager$ContrastChangeListener" on path: DexPathList[[zip file "/system/framework/android.test.runner.jar", zip file "/data/app/org.mozilla.geckoview.test_runner-1/base.apk"],nativeLibraryDirectories=[/data/app/org.mozilla.geckoview.test_runner-1/lib/x86_64, /data/app/org.mozilla.geckoview.test_runner-1/base.apk!/lib/x86_64, /system/lib64, /vendor/lib64]]
04-16 20:59:54.239 3946 3961 I art : at java.lang.Class dalvik.system.BaseDexClassLoader.findClass(java.lang.String) (BaseDexClassLoader.java:56)
04-16 20:59:54.239 3946 3961 I art : at java.lang.Class java.lang.ClassLoader.loadClass(java.lang.String, boolean) (ClassLoader.java:380)
04-16 20:59:54.239 3946 3961 I art : at java.lang.Class java.lang.ClassLoader.loadClass(java.lang.String) (ClassLoader.java:312)
04-16 20:59:54.239 3946 3961 I art : at org.mozilla.gecko.GeckoSystemStateListener org.mozilla.gecko.GeckoSystemStateListener.getInstance() (GeckoSystemStateListener.java:49)
04-16 20:59:54.240 3946 3961 I art : at void org.mozilla.gecko.GeckoThread.initGeckoEnvironment() (GeckoThread.java:328)
04-16 20:59:54.240 3946 3961 I art : at void org.mozilla.gecko.GeckoThread.run() (GeckoThread.java:475)
04-16 20:59:54.240 3946 3961 I art :
04-16 20:59:54.242 3946 3961 W Settings: Setting animator_duration_scale has moved from android.provider.Settings.System to android.provider.Settings.Global, returning read-only global URI.
04-16 20:59:54.245 3946 3961 D GeckoLoader: Library base=/data/app/org.mozilla.geckoview.test_runner-1/lib/x86_64
04-16 20:59:54.248 3946 3961 E GeckoLibLoad: Load sqlite start
04-16 20:59:54.258 3946 3961 W linker : /data/app/org.mozilla.geckoview.test_runner-1/lib/x86_64/libnss3.so: unused DT entry: type 0x24 arg 0x16248
04-16 20:59:54.258 3946 3961 W linker : /data/app/org.mozilla.geckoview.test_runner-1/lib/x86_64/libnss3.so: unused DT entry: type 0x23 arg 0x600
04-16 20:59:54.259 3946 3961 W linker : /data/app/org.mozilla.geckoview.test_runner-1/lib/x86_64/libnss3.so: unused DT entry: type 0x25 arg 0x8
04-16 20:59:54.274 3946 3961 E GeckoLibLoad: Load sqlite done
04-16 20:59:54.274 3946 3961 D GeckoLoader: Library base=/data/app/org.mozilla.geckoview.test_runner-1/lib/x86_64
04-16 20:59:54.274 3946 3961 E GeckoLibLoad: Load nss start
04-16 20:59:54.274 3946 3961 E GeckoLibLoad: Load nss done
04-16 20:59:54.274 3946 3961 D GeckoLoader: Library base=/data/app/org.mozilla.geckoview.test_runner-1/lib/x86_64
04-16 20:59:54.296 3946 3961 W linker : /data/app/org.mozilla.geckoview.test_runner-1/lib/x86_64/libxul.so: unused DT entry: type 0x24 arg 0x224d8
04-16 20:59:54.297 3946 3961 W linker : /data/app/org.mozilla.geckoview.test_runner-1/lib/x86_64/libxul.so: unused DT entry: type 0x23 arg 0x17fb0
04-16 20:59:54.297 3946 3961 W linker : /data/app/org.mozilla.geckoview.test_runner-1/lib/x86_64/libxul.so: unused DT entry: type 0x25 arg 0x8
04-16 20:59:54.297 3946 3961 W linker : /data/app/org.mozilla.geckoview.test_runner-1/lib/x86_64/libgkcodecs.so: unused DT entry: type 0x24 arg 0x34a0
04-16 20:59:54.297 3946 3961 W linker : /data/app/org.mozilla.geckoview.test_runner-1/lib/x86_64/libgkcodecs.so: unused DT entry: type 0x23 arg 0xa60
04-16 20:59:54.297 3946 3961 W linker : /data/app/org.mozilla.geckoview.test_runner-1/lib/x86_64/libgkcodecs.so: unused DT entry: type 0x25 arg 0x8
04-16 20:59:54.320 3946 3961 E GeckoLibLoad: Loaded libs in 45.222230ms total, 10ms(0ms) user, 30ms(40ms) system, 0(0) faults
04-16 20:59:54.320 3946 3961 D GeckoThread: State changed to LIBS_READY
04-16 20:59:54.323 3946 3961 W GeckoThread: zerdatime 74907 - runGecko
