04-16 21:00:50.803 5682 5714 E eglCodecCommon: glUtilsParamSize: unknow param 0x00008caa
04-16 21:00:50.817 5682 5714 E eglCodecCommon: glUtilsParamSize: unknow param 0x00008caa
04-16 21:00:50.829 5682 5714 E eglCodecCommon: glUtilsParamSize: unknow param 0x00000d02
04-16 21:00:50.845 5682 5714 E eglCodecCommon: glUtilsParamSize: unknow param 0x00008caa
04-16 21:00:50.853 5601 5616 I Gecko : 1744837250853 Marionette INFO No differences allowed
04-16 21:00:50.939 5601 5616 I Gecko : 1744837250939 Marionette INFO Testing http://web-platform.test:8000/css/CSS2/lists/counter-increment-006.xht == http://web-platform.test:8000/css/CSS2/reference/pass-if-number-0-30px.xht
04-16 21:00:50.979 5601 5616 E GeckoConsole: [JavaScript Error: "TypeError: can't access property "nodePrincipal", this.contentDocument is null" {file: "chrome://global/content/elements/browser-custom-element.js" line: 661}]
04-16 21:00:50.979 5601 5616 E GeckoConsole: get contentPrincipal@chrome://global/content/elements/browser-custom-element.js:661:1
04-16 21:00:50.979 5601 5616 E GeckoConsole: onLocationChange@resource://gre/modules/GeckoViewNavigation.sys.mjs:640:34
04-16 21:00:50.996 5601 5616 E GeckoConsole: [JavaScript Error: "TypeError: can't access property "title", this.contentDocument is null" {file: "chrome://global/content/elements/browser-custom-element.js" line: 630}]
04-16 21:00:50.996 5601 5616 E GeckoConsole: get contentTitle@chrome://global/content/elements/browser-custom-element.js:630:1
04-16 21:00:50.996 5601 5616 E GeckoConsole: handleEvent@resource://gre/modules/GeckoViewContent.sys.mjs:379:11
04-16 21:00:51.023 5682 5714 E eglCodecCommon: glUtilsParamSize: unknow param 0x00008caa
04-16 21:00:51.075 5682 5714 E eglCodecCommon: glUtilsParamSize: unknow param 0x00008caa
04-16 21:00:51.086 5682 5714 E eglCodecCommon: glUtilsParamSize: unknow param 0x00008caa
04-16 21:00:51.101 5682 5714 E eglCodecCommon: glUtilsParamSize: unknow param 0x00008caa
04-16 21:00:51.111 5682 5714 E eglCodecCommon: glUtilsParamSize: unknow param 0x00000d02
04-16 21:00:51.126 5682 5714 E eglCodecCommon: glUtilsParamSize: unknow param 0x00008caa
04-16 21:00:51.131 5601 5616 I Gecko : 1744837251131 Marionette INFO No differences allowed
04-16 21:00:51.185 5601 5616 W GeckoEventDispatcher: No listener for GeckoView:StateUpdated
04-16 21:00:51.222 5601 5616 I Gecko : 1744837251222 Marionette INFO Testing http://web-platform.test:8000/css/CSS2/lists/counter-increment-007.xht == http://web-platform.test:8000/css/CSS2/reference/pass-if-number-0-30px.xht
04-16 21:00:51.268 5601 5616 E GeckoConsole: [JavaScript Error: "TypeError: can't access property "nodePrincipal", this.contentDocument is null" {file: "chrome://global/content/elements/browser-custom-element.js" line: 661}]
04-16 21:00:51.268 5601 5616 E GeckoConsole: get contentPrincipal@chrome://global/content/elements/browser-custom-element.js:661:1
04-16 21:00:51.268 5601 5616 E GeckoConsole: onLocationChange@resource://gre/modules/GeckoViewNavigation.sys.mjs:640:34
04-16 21:00:51.284 5601 5616 E GeckoConsole: [JavaScript Error: "TypeError: can't access property "title", this.contentDocument is null" {file: "chrome://global/content/elements/browser-custom-element.js" line: 630}]
04-16 21:00:51.284 5601 5616 E GeckoConsole: get contentTitle@chrome://global/content/elements/browser-custom-element.js:630:1
04-16 21:00:51.284 5601 5616 E GeckoConsole: handleEvent@resource://gre/modules/GeckoViewContent.sys.mjs:379:11
04-16 21:00:51.320 5682 5714 E eglCodecCommon: glUtilsParamSize: unknow param 0x00008caa
04-16 21:00:51.358 5682 5714 E eglCodecCommon: glUtilsParamSize: unknow param 0x00008caa
04-16 21:00:51.369 5682 5714 E eglCodecCommon: glUtilsParamSize: unknow param 0x00008caa
04-16 21:00:51.384 5682 5714 E eglCodecCommon: glUtilsParamSize: unknow param 0x00008caa
04-16 21:00:51.394 5682 5714 E eglCodecCommon: glUtilsParamSize: unknow param 0x00000d02
04-16 21:00:51.406 5682 5714 E eglCodecCommon: glUtilsParamSize: unknow param 0x00008caa
04-16 21:00:51.413 5601 5616 I Gecko : 1744837251413 Marionette INFO No differences allowed
04-16 21:00:51.498 5601 5616 I Gecko : 1744837251498 Marionette INFO Testing http://web-platform.test:8000/css/CSS2/lists/counter-increment-008.xht == http://web-platform.test:8000/css/reference/pass_if_number_10.html
04-16 21:00:51.538 5601 5616 E GeckoConsole: [JavaScript Error: "TypeError: can't access property "nodePrincipal", this.contentDocument is null" {file: "chrome://global/content/elements/browser-custom-element.js" line: 661}]
04-16 21:00:51.538 5601 5616 E GeckoConsole: get contentPrincipal@chrome://global/content/elements/browser-custom-element.js:661:1
04-16 21:00:51.538 5601 5616 E GeckoConsole: onLocationChange@resource://gre/modules/GeckoViewNavigation.sys.mjs:640:34
04-16 21:00:51.543 5601 5616 E GeckoConsole: [JavaScript Error: "TypeError: can't access property "title", this.contentDocument is null" {file: "chrome://global/content/elements/browser-custom-element.js" line: 630}]
04-16 21:00:51.543 5601 5616 E GeckoConsole: get contentTitle@chrome://global/content/elements/browser-custom-element.js:630:1
04-16 21:00:51.543 5601 5616 E GeckoConsole: handleEvent@resource://gre/modules/GeckoViewContent.sys.mjs:379:11
04-16 21:00:51.570 5682 5714 E eglCodecCommon: glUtilsParamSize: unknow param 0x00008caa
04-16 21:00:51.625 5682 5714 E eglCodecCommon: glUtilsParamSize: unknow param 0x00008caa
04-16 21:00:51.634 5682 5714 E eglCodecCommon: glUtilsParamSize: unknow param 0x00008caa
04-16 21:00:51.651 5682 5714 E eglCodecCommon: glUtilsParamSize: unknow param 0x00008caa
04-16 21:00:51.661 5682 5714 E eglCodecCommon: glUtilsParamSize: unknow param 0x00000d02
04-16 21:00:51.672 5682 5714 E eglCodecCommon: glUtilsParamSize: unknow param 0x00008caa
04-16 21:00:51.735 5601 5616 E GeckoConsole: [JavaScript Error: "TypeError: can't access property "nodePrincipal", this.contentDocument is null" {file: "chrome://global/content/elements/browser-custom-element.js" line: 661}]
04-16 21:00:51.735 5601 5616 E GeckoConsole: get contentPrincipal@chrome://global/content/elements/browser-custom-element.js:661:1
04-16 21:00:51.735 5601 5616 E GeckoConsole: onLocationChange@resource://gre/modules/GeckoViewNavigation.sys.mjs:640:34
04-16 21:00:51.752 5601 5616 E GeckoConsole: [JavaScript Error: "TypeError: can't access property "title", this.contentDocument is null" {file: "chrome://global/content/elements/browser-custom-element.js" line: 630}]
04-16 21:00:51.752 5601 5616 E GeckoConsole: get contentTitle@chrome://global/content/elements/browser-custom-element.js:630:1
04-16 21:00:51.752 5601 5616 E GeckoConsole: handleEvent@resource://gre/modules/GeckoViewContent.sys.mjs:379:11
04-16 21:00:51.787 5682 5714 E eglCodecCommon: glUtilsParamSize: unknow param 0x00008caa
04-16 21:00:51.825 5682 5714 E eglCodecCommon: glUtilsParamSize: unknow param 0x00008caa
04-16 21:00:51.836 5682 5714 E eglCodecCommon: glUtilsParamSize: unknow param 0x00008caa
04-16 21:00:51.851 5682 5714 E eglCodecCommon: glUtilsParamSize: unknow param 0x00008caa
04-16 21:00:51.860 5682 5714 E eglCodecCommon: glUtilsParamSize: unknow param 0x00000d02
04-16 21:00:51.870 5682 5714 E eglCodecCommon: glUtilsParamSize: unknow param 0x00008caa
04-16 21:00:51.881 5601 5616 I Gecko : 1744837251881 Marionette INFO No differences allowed
04-16 21:00:51.969 5601 5616 I Gecko : 1744837251969 Marionette INFO Testing http://web-platform.test:8000/css/CSS2/lists/counter-increment-009.xht == http://web-platform.test:8000/css/reference/pass_if_number_10.html
04-16 21:00:52.011 5601 5616 E GeckoConsole: [JavaScript Error: "TypeError: can't access property "nodePrincipal", this.contentDocument is null" {file: "chrome://global/content/elements/browser-custom-element.js" line: 661}]
04-16 21:00:52.011 5601 5616 E GeckoConsole: get contentPrincipal@chrome://global/content/elements/browser-custom-element.js:661:1
04-16 21:00:52.011 5601 5616 E GeckoConsole: onLocationChange@resource://gre/modules/GeckoViewNavigation.sys.mjs:640:34
04-16 21:00:52.027 5601 5616 E GeckoConsole: [JavaScript Error: "TypeError: can't access property "title", this.contentDocument is null" {file: "chrome://global/content/elements/browser-custom-element.js" line: 630}]
04-16 21:00:52.027 5601 5616 E GeckoConsole: get contentTitle@chrome://global/content/elements/browser-custom-element.js:630:1
04-16 21:00:52.027 5601 5616 E GeckoConsole: handleEvent@resource://gre/modules/GeckoViewContent.sys.mjs:379:11
04-16 21:00:52.052 5682 5714 E eglCodecCommon: glUtilsParamSize: unknow param 0x00008caa
04-16 21:00:52.092 5682 5714 E eglCodecCommon: glUtilsParamSize: unknow param 0x00008caa
04-16 21:00:52.102 5682 5714 E eglCodecCommon: glUtilsParamSize: unknow param 0x00008caa
04-16 21:00:52.117 5682 5714 E eglCodecCommon: glUtilsParamSize: unknow param 0x00008caa
04-16 21:00:52.127 5682 5714 E eglCodecCommon: glUtilsParamSize: unknow param 0x00000d02
04-16 21:00:52.140 5682 5714 E eglCodecCommon: glUtilsParamSize: unknow param 0x00008caa
04-16 21:00:52.157 5601 5616 I Gecko : 1744837252157 Marionette INFO No differences allowed
04-16 21:00:52.231 5601 5616 W GeckoEventDispatcher: No listener for GeckoView:StateUpdated
04-16 21:00:52.240 5601 5616 I Gecko : 1744837252240 Marionette INFO Testing http://web-platform.test:8000/css/CSS2/lists/counter-increment-014.xht == http://web-platform.test:8000/css/CSS2/lists/counter-increment-014-ref.html
04-16 21:00:52.284 5601 5616 E GeckoConsole: [JavaScript Error: "TypeError: can't access property "nodePrincipal", this.contentDocument is null" {file: "chrome://global/content/elements/browser-custom-element.js" line: 661}]
04-16 21:00:52.284 5601 5616 E GeckoConsole: get contentPrincipal@chrome://global/content/elements/browser-custom-element.js:661:1
04-16 21:00:52.284 5601 5616 E GeckoConsole: onLocationChange@resource://gre/modules/GeckoViewNavigation.sys.mjs:640:34
04-16 21:00:52.291 5601 5616 E GeckoConsole: [JavaScript Error: "TypeError: can't access property "title", this.contentDocument is null" {file: "chrome://global/content/elements/browser-custom-element.js" line: 630}]
04-16 21:00:52.291 5601 5616 E GeckoConsole: get contentTitle@chrome://global/content/elements/browser-custom-element.js:630:1
04-16 21:00:52.291 5601 5616 E GeckoConsole: handleEvent@resource://gre/modules/GeckoViewContent.sys.mjs:379:11
04-16 21:00:52.320 5682 5714 E eglCodecCommon: glUtilsParamSize: unknow param 0x00008caa
04-16 21:00:52.375 5682 5714 E eglCodecCommon: glUtilsParamSize: unknow param 0x00008caa
04-16 21:00:52.387 5682 5714 E eglCodecCommon: glUtilsParamSize: unknow param 0x00008caa
04-16 21:00:52.401 5682 5714 E eglCodecCommon: glUtilsParamSize: unknow param 0x00008caa
04-16 21:00:52.411 5682 5714 E eglCodecCommon: glUtilsParamSize: unknow param 0x00000d02
04-16 21:00:52.428 5682 5714 E eglCodecCommon: glUtilsParamSize: unknow param 0x00008caa
04-16 21:00:52.492 5601 5616 E GeckoConsole: [JavaScript Error: "TypeError: can't access property "nodePrincipal", this.contentDocument is null" {file: "chrome://global/content/elements/browser-custom-element.js" line: 661}]
04-16 21:00:52.492 5601 5616 E GeckoConsole: get contentPrincipal@chrome://global/content/elements/browser-custom-element.js:661:1
04-16 21:00:52.492 5601 5616 E GeckoConsole: onLocationChange@resource://gre/modules/GeckoViewNavigation.sys.mjs:640:34
04-16 21:00:52.509 5601 5616 E GeckoConsole: [JavaScript Error: "TypeError: can't access property "title", this.contentDocument is null" {file: "chrome://global/content/elements/browser-custom-element.js" line: 630}]
04-16 21:00:52.509 5601 5616 E GeckoConsole: get contentTitle@chrome://global/content/elements/browser-custom-element.js:630:1
04-16 21:00:52.509 5601 5616 E GeckoConsole: handleEvent@resource://gre/modules/GeckoViewContent.sys.mjs:379:11
04-16 21:00:52.536 5682 5714 E eglCodecCommon: glUtilsParamSize: unknow param 0x00008caa
04-16 21:00:52.575 5682 5714 E eglCodecCommon: glUtilsParamSize: unknow param 0x00008caa
04-16 21:00:52.587 5682 5714 E eglCodecCommon: glUtilsParamSize: unknow param 0x00008caa
04-16 21:00:52.600 5682 5714 E eglCodecCommon: glUtilsParamSize: unknow param 0x00008caa
04-16 21:00:52.610 5682 5714 E eglCodecCommon: glUtilsParamSize: unknow param 0x00000d02
04-16 21:00:52.623 5682 5714 E eglCodecCommon: glUtilsParamSize: unknow param 0x00008caa
04-16 21:00:52.631 5601 5616 I Gecko : 1744837252631 Marionette INFO No differences allowed
04-16 21:00:52.719 5601 5616 I Gecko : 1744837252719 Marionette INFO Testing http://web-platform.test:8000/css/CSS2/lists/counter-increment-018.xht == http://web-platform.test:8000/css/CSS2/reference/pass-if-number-0-30px.xht
04-16 21:00:52.766 5601 5616 E GeckoConsole: [JavaScript Error: "TypeError: can't access property "nodePrincipal", this.contentDocument is null" {file: "chrome://global/content/elements/browser-custom-element.js" line: 661}]
04-16 21:00:52.766 5601 5616 E GeckoConsole: get contentPrincipal@chrome://global/content/elements/browser-custom-element.js:661:1
04-16 21:00:52.766 5601 5616 E GeckoConsole: onLocationChange@resource://gre/modules/GeckoViewNavigation.sys.mjs:640:34
04-16 21:00:52.782 5601 5616 E GeckoConsole: [JavaScript Error: "TypeError: can't access property "title", this.contentDocument is null" {file: "chrome://global/content/elements/browser-custom-element.js" line: 630}]
04-16 21:00:52.782 5601 5616 E GeckoConsole: get contentTitle@chrome://global/content/elements/browser-custom-element.js:630:1
04-16 21:00:52.782 5601 5616 E GeckoConsole: handleEvent@resource://gre/modules/GeckoViewContent.sys.mjs:379:11
04-16 21:00:52.821 5682 5714 E eglCodecCommon: glUtilsParamSize: unknow param 0x00008caa
04-16 21:00:52.862 5682 5714 E eglCodecCommon: glUtilsParamSize: unknow param 0x00008caa
04-16 21:00:52.876 5682 5714 E eglCodecCommon: glUtilsParamSize: unknow param 0x00008caa
04-16 21:00:52.885 5682 5714 E eglCodecCommon: glUtilsParamSize: unknow param 0x00008caa
04-16 21:00:52.894 5682 5714 E eglCodecCommon: glUtilsParamSize: unknow param 0x00000d02
04-16 21:00:52.907 5682 5714 E eglCodecCommon: glUtilsParamSize: unknow param 0x00008caa
04-16 21:00:52.913 5601 5616 I Gecko : 1744837252913 Marionette INFO No differences allowed
04-16 21:00:52.999 5601 5616 I Gecko : 1744837252999 Marionette INFO Testing http://web-platform.test:8000/css/CSS2/lists/counter-increment-019.xht == http://web-platform.test:8000/css/CSS2/reference/pass-if-number-0-30px.xht
04-16 21:00:53.045 5601 5616 E GeckoConsole: [JavaScript Error: "TypeError: can't access property "nodePrincipal", this.contentDocument is null" {file: "chrome://global/content/elements/browser-custom-element.js" line: 661}]
04-16 21:00:53.045 5601 5616 E GeckoConsole: get contentPrincipal@chrome://global/content/elements/browser-custom-element.js:661:1
04-16 21:00:53.045 5601 5616 E GeckoConsole: onLocationChange@resource://gre/modules/GeckoViewNavigation.sys.mjs:640:34
04-16 21:00:53.061 5601 5616 E GeckoConsole: [JavaScript Error: "TypeError: can't access property "title", this.contentDocument is null" {file: "chrome://global/content/elements/browser-custom-element.js" line: 630}]
04-16 21:00:53.061 5601 5616 E GeckoConsole: get contentTitle@chrome://global/content/elements/browser-custom-element.js:630:1
04-16 21:00:53.061 5601 5616 E GeckoConsole: handleEvent@resource://gre/modules/GeckoViewContent.sys.mjs:379:11
04-16 21:00:53.086 5682 5714 E eglCodecCommon: glUtilsParamSize: unknow param 0x00008caa
04-16 21:00:53.125 5682 5714 E eglCodecCommon: glUtilsParamSize: unknow param 0x00008caa
04-16 21:00:53.137 5682 5714 E eglCodecCommon: glUtilsParamSize: unknow param 0x00008caa
04-16 21:00:53.151 5682 5714 E eglCodecCommon: glUtilsParamSize: unknow param 0x00008caa
04-16 21:00:53.161 5682 5714 E eglCodecCommon: glUtilsParamSize: unknow param 0x00000d02
04-16 21:00:53.171 5682 5714 E eglCodecCommon: glUtilsParamSize: unknow param 0x00008caa
04-16 21:00:53.181 5601 5616 I Gecko : 1744837253181 Marionette INFO No differences allowed
04-16 21:00:53.252 5601 5616 W GeckoEventDispatcher: No listener for GeckoView:StateUpdated
04-16 21:00:53.267 5601 5616 I Gecko : 1744837253266 Marionette INFO Testing http://web-platform.test:8000/css/CSS2/lists/counter-increment-020.xht == http://web-platform.test:8000/css/CSS2/reference/pass-if-number-0-30px.xht
04-16 21:00:53.307 5601 5616 E GeckoConsole: [JavaScript Error: "TypeError: can't access property "nodePrincipal", this.contentDocument is null" {file: "chrome://global/content/elements/browser-custom-element.js" line: 661}]
04-16 21:00:53.307 5601 5616 E GeckoConsole: get contentPrincipal@chrome://global/content/elements/browser-custom-element.js:661:1
04-16 21:00:53.307 5601 5616 E GeckoConsole: onLocationChange@resource://gre/modules/GeckoViewNavigation.sys.mjs:640:34
04-16 21:00:53.323 5601 5616 E GeckoConsole: [JavaScript Error: "TypeError: can't access property "title", this.contentDocument is null" {file: "chrome://global/content/elements/browser-custom-element.js" line: 630}]
04-16 21:00:53.323 5601 5616 E GeckoConsole: get contentTitle@chrome://global/content/elements/browser-custom-element.js:630:1
04-16 21:00:53.323 5601 5616 E GeckoConsole: handleEvent@resource://gre/modules/GeckoViewContent.sys.mjs:379:11
04-16 21:00:53.353 5682 5714 E eglCodecCommon: glUtilsParamSize: unknow param 0x00008caa
04-16 21:00:53.391 5682 5714 E eglCodecCommon: glUtilsParamSize: unknow param 0x00008caa
04-16 21:00:53.401 5682 5714 E eglCodecCommon: glUtilsParamSize: unknow param 0x00008caa
04-16 21:00:53.417 5682 5714 E eglCodecCommon: glUtilsParamSize: unknow param 0x00008caa
04-16 21:00:53.427 5682 5714 E eglCodecCommon: glUtilsParamSize: unknow param 0x00000d02
04-16 21:00:53.440 5682 5714 E eglCodecCommon: glUtilsParamSize: unknow param 0x00008caa
04-16 21:00:53.450 5601 5616 I Gecko : 1744837253450 Marionette INFO No differences allowed
04-16 21:00:53.532 5601 5616 I Gecko : 1744837253532 Marionette INFO Testing http://web-platform.test:8000/css/CSS2/lists/counter-increment-021.xht == http://web-platform.test:8000/css/CSS2/lists/counter-increment-021-ref.html
04-16 21:00:53.571 5601 5616 E GeckoConsole: [JavaScript Error: "TypeError: can't access property "nodePrincipal", this.contentDocument is null" {file: "chrome://global/content/elements/browser-custom-element.js" line: 661}]
04-16 21:00:53.571 5601 5616 E GeckoConsole: get contentPrincipal@chrome://global/content/elements/browser-custom-element.js:661:1
04-16 21:00:53.571 5601 5616 E GeckoConsole: onLocationChange@resource://gre/modules/GeckoViewNavigation.sys.mjs:640:34
04-16 21:00:53.576 5601 5616 E GeckoConsole: [JavaScript Error: "TypeError: can't access property "title", this.contentDocument is null" {file: "chrome://global/content/elements/browser-custom-element.js" line: 630}]
04-16 21:00:53.576 5601 5616 E GeckoConsole: get contentTitle@chrome://global/content/elements/browser-custom-element.js:630:1
04-16 21:00:53.576 5601 5616 E GeckoConsole: handleEvent@resource://gre/modules/GeckoViewContent.sys.mjs:379:11
04-16 21:00:53.602 5682 5714 E eglCodecCommon: glUtilsParamSize: unknow param 0x00008caa
04-16 21:00:53.641 5682 5714 E eglCodecCommon: glUtilsParamSize: unknow param 0x00008caa
04-16 21:00:53.652 5682 5714 E eglCodecCommon: glUtilsParamSize: unknow param 0x00008caa
04-16 21:00:53.667 5682 5714 E eglCodecCommon: glUtilsParamSize: unknow param 0x00008caa
04-16 21:00:53.677 5682 5714 E eglCodecCommon: glUtilsParamSize: unknow param 0x00000d02
04-16 21:00:53.689 5682 5714 E eglCodecCommon: glUtilsParamSize: unknow param 0x00008caa
04-16 21:00:53.761 5601 5616 E GeckoConsole: [JavaScript Error: "TypeError: can't access property "nodePrincipal", this.contentDocument is null" {file: "chrome://global/content/elements/browser-custom-element.js" line: 661}]
04-16 21:00:53.761 5601 5616 E GeckoConsole: get contentPrincipal@chrome://global/content/elements/browser-custom-element.js:661:1
04-16 21:00:53.761 5601 5616 E GeckoConsole: onLocationChange@resource://gre/modules/GeckoViewNavigation.sys.mjs:640:34
04-16 21:00:53.778 5601 5616 E GeckoConsole: [JavaScript Error: "TypeError: can't access property "title", this.contentDocument is null" {file: "chrome://global/content/elements/browser-custom-element.js" line: 630}]
04-16 21:00:53.778 5601 5616 E GeckoConsole: get contentTitle@chrome://global/content/elements/browser-custom-element.js:630:1
04-16 21:00:53.778 5601 5616 E GeckoConsole: handleEvent@resource://gre/modules/GeckoViewContent.sys.mjs:379:11
04-16 21:00:53.802 5682 5714 E eglCodecCommon: glUtilsParamSize: unknow param 0x00008caa
04-16 21:00:53.841 5682 5714 E eglCodecCommon: glUtilsParamSize: unknow param 0x00008caa
04-16 21:00:53.852 5682 5714 E eglCodecCommon: glUtilsParamSize: unknow param 0x00008caa
04-16 21:00:53.868 5682 5714 E eglCodecCommon: glUtilsParamSize: unknow param 0x00008caa
04-16 21:00:53.877 5682 5714 E eglCodecCommon: glUtilsParamSize: unknow param 0x00000d02
04-16 21:00:53.887 5682 5714 E eglCodecCommon: glUtilsParamSize: unknow param 0x00008caa
04-16 21:00:53.897 5601 5616 I Gecko : 1744837253896 Marionette INFO No differences allowed
04-16 21:00:53.980 5601 5616 I Gecko : 1744837253980 Marionette INFO Testing http://web-platform.test:8000/css/CSS2/lists/counter-increment-022.xht == http://web-platform.test:8000/css/CSS2/lists/counter-increment-021-ref.html
04-16 21:00:54.023 5601 5616 E GeckoConsole: [JavaScript Error: "TypeError: can't access property "nodePrincipal", this.contentDocument is null" {file: "chrome://global/content/elements/browser-custom-element.js" line: 661}]
04-16 21:00:54.023 5601 5616 E GeckoConsole: get contentPrincipal@chrome://global/content/elements/browser-custom-element.js:661:1
04-16 21:00:54.023 5601 5616 E GeckoConsole: onLocationChange@resource://gre/modules/GeckoViewNavigation.sys.mjs:640:34
04-16 21:00:54.039 5601 5616 E GeckoConsole: [JavaScript Error: "TypeError: can't access property "title", this.contentDocument is null" {file: "chrome://global/content/elements/browser-custom-element.js" line: 630}]
04-16 21:00:54.039 5601 5616 E GeckoConsole: get contentTitle@chrome://global/content/elements/browser-custom-element.js:630:1
04-16 21:00:54.039 5601 5616 E GeckoConsole: handleEvent@resource://gre/modules/GeckoViewContent.sys.mjs:379:11
04-16 21:00:54.070 5682 5714 E eglCodecCommon: glUtilsParamSize: unknow param 0x00008caa
04-16 21:00:54.108 5682 5714 E eglCodecCommon: glUtilsParamSize: unknow param 0x00008caa
04-16 21:00:54.118 5682 5714 E eglCodecCommon: glUtilsParamSize: unknow param 0x00008caa
04-16 21:00:54.134 5682 5714 E eglCodecCommon: glUtilsParamSize: unknow param 0x00008caa
04-16 21:00:54.144 5682 5714 E eglCodecCommon: glUtilsParamSize: unknow param 0x00000d02
04-16 21:00:54.156 5682 5714 E eglCodecCommon: glUtilsParamSize: unknow param 0x00008caa
04-16 21:00:54.164 5601 5616 I Gecko : 1744837254164 Marionette INFO No differences allowed
04-16 21:00:54.183 5601 5870 D ProfileInstaller: Installing profile for org.mozilla.geckoview.test_runner
04-16 21:00:54.250 5601 5616 I Gecko : 1744837254250 Marionette INFO Testing http://web-platform.test:8000/css/CSS2/lists/counter-increment-027.xht == http://web-platform.test:8000/css/CSS2/lists/counter-increment-027-ref.html
04-16 21:00:54.278 5601 5616 W GeckoEventDispatcher: No listener for GeckoView:StateUpdated
04-16 21:00:54.297 5601 5616 E GeckoConsole: [JavaScript Error: "TypeError: can't access property "nodePrincipal", this.contentDocument is null" {file: "chrome://global/content/elements/browser-custom-element.js" line: 661}]
04-16 21:00:54.297 5601 5616 E GeckoConsole: get contentPrincipal@chrome://global/content/elements/browser-custom-element.js:661:1
04-16 21:00:54.297 5601 5616 E GeckoConsole: onLocationChange@resource://gre/modules/GeckoViewNavigation.sys.mjs:640:34
04-16 21:00:54.301 5601 5616 E GeckoConsole: [JavaScript Error: "TypeError: can't access property "title", this.contentDocument is null" {file: "chrome://global/content/elements/browser-custom-element.js" line: 630}]
04-16 21:00:54.301 5601 5616 E GeckoConsole: get contentTitle@chrome://global/content/elements/browser-custom-element.js:630:1
04-16 21:00:54.301 5601 5616 E GeckoConsole: handleEvent@resource://gre/modules/GeckoViewContent.sys.mjs:379:11
04-16 21:00:54.337 5682 5714 E eglCodecCommon: glUtilsParamSize: unknow param 0x00008caa
04-16 21:00:54.392 5682 5714 E eglCodecCommon: glUtilsParamSize: unknow param 0x00008caa
04-16 21:00:54.403 5682 5714 E eglCodecCommon: glUtilsParamSize: unknow param 0x00008caa
04-16 21:00:54.418 5682 5714 E eglCodecCommon: glUtilsParamSize: unknow param 0x00008caa
04-16 21:00:54.428 5682 5714 E eglCodecCommon: glUtilsParamSize: unknow param 0x00000d02
04-16 21:00:54.436 5682 5714 E eglCodecCommon: glUtilsParamSize: unknow param 0x00008caa
04-16 21:00:54.506 5601 5616 E GeckoConsole: [JavaScript Error: "TypeError: can't access property "nodePrincipal", this.contentDocument is null" {file: "chrome://global/content/elements/browser-custom-element.js" line: 661}]
04-16 21:00:54.506 5601 5616 E GeckoConsole: get contentPrincipal@chrome://global/content/elements/browser-custom-element.js:661:1
04-16 21:00:54.506 5601 5616 E GeckoConsole: onLocationChange@resource://gre/modules/GeckoViewNavigation.sys.mjs:640:34
04-16 21:00:54.521 5601 5616 E GeckoConsole: [JavaScript Error: "TypeError: can't access property "title", this.contentDocument is null" {file: "chrome://global/content/elements/browser-custom-element.js" line: 630}]
04-16 21:00:54.521 5601 5616 E GeckoConsole: get contentTitle@chrome://global/content/elements/browser-custom-element.js:630:1
04-16 21:00:54.521 5601 5616 E GeckoConsole: handleEvent@resource://gre/modules/GeckoViewContent.sys.mjs:379:11
04-16 21:00:54.553 5682 5714 E eglCodecCommon: glUtilsParamSize: unknow param 0x00008caa
04-16 21:00:54.592 5682 5714 E eglCodecCommon: glUtilsParamSize: unknow param 0x00008caa
04-16 21:00:54.602 5682 5714 E eglCodecCommon: glUtilsParamSize: unknow param 0x00008caa
04-16 21:00:54.617 5682 5714 E eglCodecCommon: glUtilsParamSize: unknow param 0x00008caa
04-16 21:00:54.627 5682 5714 E eglCodecCommon: glUtilsParamSize: unknow param 0x00000d02
04-16 21:00:54.638 5682 5714 E eglCodecCommon: glUtilsParamSize: unknow param 0x00008caa
04-16 21:00:54.647 5601 5616 I Gecko : 1744837254647 Marionette INFO No differences allowed
04-16 21:00:54.649 5601 5616 D GeckoIdleService: Get idle time: time since reset 5060 msec
04-16 21:00:54.649 5601 5616 D GeckoIdleService: Idle timer callback: current idle time 5060 msec
04-16 21:00:54.649 5601 5616 D GeckoIdleService: next timeout 4294967289940 msec from now
04-16 21:00:54.649 5601 5616 D GeckoIdleService: SetTimerExpiryIfBefore: next timeout 4294967289939 msec from now
04-16 21:00:54.649 5601 5616 D GeckoIdleService: reset timer expiry to 4294967289949 msec from now
04-16 21:00:54.649 5601 5616 D GeckoIdleService: Idle timer callback: tell observer 0x757a8a93c7a8 user is idle
04-16 21:00:54.735 5601 5616 I Gecko : 1744837254735 Marionette INFO Testing http://web-platform.test:8000/css/CSS2/lists/counter-increment-031.xht == http://web-platform.test:8000/css/CSS2/reference/pass-if-number-0-30px.xht
04-16 21:00:54.778 5601 5616 E GeckoConsole: [JavaScript Error: "TypeError: can't access property "nodePrincipal", this.contentDocument is null" {file: "chrome://global/content/elements/browser-custom-element.js" line: 661}]
04-16 21:00:54.778 5601 5616 E GeckoConsole: get contentPrincipal@chrome://global/content/elements/browser-custom-element.js:661:1
04-16 21:00:54.778 5601 5616 E GeckoConsole: onLocationChange@resource://gre/modules/GeckoViewNavigation.sys.mjs:640:34
04-16 21:00:54.793 5601 5616 E GeckoConsole: [JavaScript Error: "TypeError: can't access property "title", this.contentDocument is null" {file: "chrome://global/content/elements/browser-custom-element.js" line: 630}]
04-16 21:00:54.793 5601 5616 E GeckoConsole: get contentTitle@chrome://global/content/elements/browser-custom-element.js:630:1
04-16 21:00:54.793 5601 5616 E GeckoConsole: handleEvent@resource://gre/modules/GeckoViewContent.sys.mjs:379:11
04-16 21:00:54.819 5682 5714 E eglCodecCommon: glUtilsParamSize: unknow param 0x00008caa
04-16 21:00:54.857 5682 5714 E eglCodecCommon: glUtilsParamSize: unknow param 0x00008caa
04-16 21:00:54.868 5682 5714 E eglCodecCommon: glUtilsParamSize: unknow param 0x00008caa
04-16 21:00:54.884 5682 5714 E eglCodecCommon: glUtilsParamSize: unknow param 0x00008caa
04-16 21:00:54.895 5682 5714 E eglCodecCommon: glUtilsParamSize: unknow param 0x00000d02
04-16 21:00:54.903 5682 5714 E eglCodecCommon: glUtilsParamSize: unknow param 0x00008caa
04-16 21:00:54.911 5601 5616 I Gecko : 1744837254911 Marionette INFO No differences allowed
04-16 21:00:54.998 5601 5616 I Gecko : 1744837254997 Marionette INFO Testing http://web-platform.test:8000/css/CSS2/lists/counter-increment-032.xht == http://web-platform.test:8000/css/CSS2/reference/pass-if-number-0-30px.xht
04-16 21:00:55.040 5601 5616 E GeckoConsole: [JavaScript Error: "TypeError: can't access property "nodePrincipal", this.contentDocument is null" {file: "chrome://global/content/elements/browser-custom-element.js" line: 661}]
04-16 21:00:55.040 5601 5616 E GeckoConsole: get contentPrincipal@chrome://global/content/elements/browser-custom-element.js:661:1
04-16 21:00:55.040 5601 5616 E GeckoConsole: onLocationChange@resource://gre/modules/GeckoViewNavigation.sys.mjs:640:34
04-16 21:00:55.055 5601 5616 E GeckoConsole: [JavaScript Error: "TypeError: can't access property "title", this.contentDocument is null" {file: "chrome://global/content/elements/browser-custom-element.js" line: 630}]
04-16 21:00:55.055 5601 5616 E GeckoConsole: get contentTitle@chrome://global/content/elements/browser-custom-element.js:630:1
04-16 21:00:55.055 5601 5616 E GeckoConsole: handleEvent@resource://gre/modules/GeckoViewContent.sys.mjs:379:11
04-16 21:00:55.087 5682 5714 E eglCodecCommon: glUtilsParamSize: unknow param 0x00008caa
04-16 21:00:55.125 5682 5714 E eglCodecCommon: glUtilsParamSize: unknow param 0x00008caa
04-16 21:00:55.135 5682 5714 E eglCodecCommon: glUtilsParamSize: unknow param 0x00008caa
04-16 21:00:55.151 5682 5714 E eglCodecCommon: glUtilsParamSize: unknow param 0x00008caa
04-16 21:00:55.160 5682 5714 E eglCodecCommon: glUtilsParamSize: unknow param 0x00000d02
04-16 21:00:55.171 5682 5714 E eglCodecCommon: glUtilsParamSize: unknow param 0x00008caa
04-16 21:00:55.177 5601 5616 I Gecko : 1744837255177 Marionette INFO No differences allowed
04-16 21:00:55.267 5601 5616 I Gecko : 1744837255267 Marionette INFO Testing http://web-platform.test:8000/css/CSS2/lists/counter-increment-033.xht == http://web-platform.test:8000/css/CSS2/reference/pass-if-number-0-30px.xht
04-16 21:00:55.297 5601 5616 W GeckoEventDispatcher: No listener for GeckoView:StateUpdated
04-16 21:00:55.309 5601 5616 E GeckoConsole: [JavaScript Error: "TypeError: can't access property "nodePrincipal", this.contentDocument is null" {file: "chrome://global/content/elements/browser-custom-element.js" line: 661}]
04-16 21:00:55.309 5601 5616 E GeckoConsole: get contentPrincipal@chrome://global/content/elements/browser-custom-element.js:661:1
04-16 21:00:55.309 5601 5616 E GeckoConsole: onLocationChange@resource://gre/modules/GeckoViewNavigation.sys.mjs:640:34
04-16 21:00:55.325 5601 5616 E GeckoConsole: [JavaScript Error: "TypeError: can't access property "title", this.contentDocument is null" {file: "chrome://global/content/elements/browser-custom-element.js" line: 630}]
04-16 21:00:55.325 5601 5616 E GeckoConsole: get contentTitle@chrome://global/content/elements/browser-custom-element.js:630:1
04-16 21:00:55.325 5601 5616 E GeckoConsole: handleEvent@resource://gre/modules/GeckoViewContent.sys.mjs:379:11
04-16 21:00:55.353 5682 5714 E eglCodecCommon: glUtilsParamSize: unknow param 0x00008caa
04-16 21:00:55.391 5682 5714 E eglCodecCommon: glUtilsParamSize: unknow param 0x00008caa
04-16 21:00:55.402 5682 5714 E eglCodecCommon: glUtilsParamSize: unknow param 0x00008caa
04-16 21:00:55.417 5682 5714 E eglCodecCommon: glUtilsParamSize: unknow param 0x00008caa
04-16 21:00:55.428 5682 5714 E eglCodecCommon: glUtilsParamSize: unknow param 0x00000d02
04-16 21:00:55.444 5601 5616 I Gecko : 1744837255444 Marionette INFO No differences allowed
04-16 21:00:55.446 5682 5714 E eglCodecCommon: glUtilsParamSize: unknow param 0x00008caa
04-16 21:00:55.529 5601 5616 I Gecko : 1744837255529 Marionette INFO Testing http://web-platform.test:8000/css/CSS2/lists/counter-increment-034.xht == http://web-platform.test:8000/css/CSS2/lists/counter-increment-034-ref.html
04-16 21:00:55.568 5601 5616 E GeckoConsole: [JavaScript Error: "TypeError: can't access property "nodePrincipal", this.contentDocument is null" {file: "chrome://global/content/elements/browser-custom-element.js" line: 661}]
04-16 21:00:55.568 5601 5616 E GeckoConsole: get contentPrincipal@chrome://global/content/elements/browser-custom-element.js:661:1
04-16 21:00:55.568 5601 5616 E GeckoConsole: onLocationChange@resource://gre/modules/GeckoViewNavigation.sys.mjs:640:34
04-16 21:00:55.576 5601 5616 E GeckoConsole: [JavaScript Error: "TypeError: can't access property "title", this.contentDocument is null" {file: "chrome://global/content/elements/browser-custom-element.js" line: 630}]
04-16 21:00:55.576 5601 5616 E GeckoConsole: get contentTitle@chrome://global/content/elements/browser-custom-element.js:630:1
04-16 21:00:55.576 5601 5616 E GeckoConsole: handleEvent@resource://gre/modules/GeckoViewContent.sys.mjs:379:11
04-16 21:00:55.602 5682 5714 E eglCodecCommon: glUtilsParamSize: unknow param 0x00008caa
04-16 21:00:55.641 5682 5714 E eglCodecCommon: glUtilsParamSize: unknow param 0x00008caa
04-16 21:00:55.650 5682 5714 E eglCodecCommon: glUtilsParamSize: unknow param 0x00008caa
04-16 21:00:55.667 5682 5714 E eglCodecCommon: glUtilsParamSize: unknow param 0x00008caa
04-16 21:00:55.676 5682 5714 E eglCodecCommon: glUtilsParamSize: unknow param 0x00000d02
04-16 21:00:55.696 5682 5714 E eglCodecCommon: glUtilsParamSize: unknow param 0x00008caa
04-16 21:00:55.759 5601 5616 E GeckoConsole: [JavaScript Error: "TypeError: can't access property "nodePrincipal", this.contentDocument is null" {file: "chrome://global/content/elements/browser-custom-element.js" line: 661}]
04-16 21:00:55.759 5601 5616 E GeckoConsole: get contentPrincipal@chrome://global/content/elements/browser-custom-element.js:661:1
04-16 21:00:55.759 5601 5616 E GeckoConsole: onLocationChange@resource://gre/modules/GeckoViewNavigation.sys.mjs:640:34
04-16 21:00:55.775 5601 5616 E GeckoConsole: [JavaScript Error: "TypeError: can't access property "title", this.contentDocument is null" {file: "chrome://global/content/elements/browser-custom-element.js" line: 630}]
04-16 21:00:55.775 5601 5616 E GeckoConsole: get contentTitle@chrome://global/content/elements/browser-custom-element.js:630:1
04-16 21:00:55.775 5601 5616 E GeckoConsole: handleEvent@resource://gre/modules/GeckoViewContent.sys.mjs:379:11
04-16 21:00:55.803 5682 5714 E eglCodecCommon: glUtilsParamSize: unknow param 0x00008caa
04-16 21:00:55.841 5682 5714 E eglCodecCommon: glUtilsParamSize: unknow param 0x00008caa
04-16 21:00:55.850 5682 5714 E eglCodecCommon: glUtilsParamSize: unknow param 0x00008caa
04-16 21:00:55.867 5682 5714 E eglCodecCommon: glUtilsParamSize: unknow param 0x00008caa
04-16 21:00:55.879 5682 5714 E eglCodecCommon: glUtilsParamSize: unknow param 0x00000d02
04-16 21:00:55.899 5601 5616 I Gecko : 1744837255899 Marionette INFO No differences allowed
04-16 21:00:55.902 5682 5714 E eglCodecCommon: glUtilsParamSize: unknow param 0x00008caa
04-16 21:00:55.990 5601 5616 I Gecko : 1744837255990 Marionette INFO Testing http://web-platform.test:8000/css/CSS2/lists/counter-increment-035.xht == http://web-platform.test:8000/css/CSS2/lists/counter-increment-034-ref.html
04-16 21:00:56.033 5601 5616 E GeckoConsole: [JavaScript Error: "TypeError: can't access property "nodePrincipal", this.contentDocument is null" {file: "chrome://global/content/elements/browser-custom-element.js" line: 661}]
04-16 21:00:56.033 5601 5616 E GeckoConsole: get contentPrincipal@chrome://global/content/elements/browser-custom-element.js:661:1
04-16 21:00:56.033 5601 5616 E GeckoConsole: onLocationChange@resource://gre/modules/GeckoViewNavigation.sys.mjs:640:34
04-16 21:00:56.048 5601 5616 E GeckoConsole: [JavaScript Error: "TypeError: can't access property "title", this.contentDocument is null" {file: "chrome://global/content/elements/browser-custom-element.js" line: 630}]
04-16 21:00:56.048 5601 5616 E GeckoConsole: get contentTitle@chrome://global/content/elements/browser-custom-element.js:630:1
04-16 21:00:56.048 5601 5616 E GeckoConsole: handleEvent@resource://gre/modules/GeckoViewContent.sys.mjs:379:11
04-16 21:00:56.069 5682 5714 E eglCodecCommon: glUtilsParamSize: unknow param 0x00008caa
04-16 21:00:56.107 5682 5714 E eglCodecCommon: glUtilsParamSize: unknow param 0x00008caa
04-16 21:00:56.117 5682 5714 E eglCodecCommon: glUtilsParamSize: unknow param 0x00008caa
04-16 21:00:56.134 5682 5714 E eglCodecCommon: glUtilsParamSize: unknow param 0x00008caa
04-16 21:00:56.145 5682 5714 E eglCodecCommon: glUtilsParamSize: unknow param 0x00000d02
04-16 21:00:56.161 5682 5714 E eglCodecCommon: glUtilsParamSize: unknow param 0x00008caa
04-16 21:00:56.167 5601 5616 I Gecko : 1744837256167 Marionette INFO No differences allowed
04-16 21:00:56.250 5601 5616 I Gecko : 1744837256250 Marionette INFO Testing http://web-platform.test:8000/css/CSS2/lists/counter-increment-040.xht == http://web-platform.test:8000/css/CSS2/lists/counter-increment-040-ref.html
04-16 21:00:56.293 5601 5616 E GeckoConsole: [JavaScript Error: "TypeError: can't access property "nodePrincipal", this.contentDocument is null" {file: "chrome://global/content/elements/browser-custom-element.js" line: 661}]
04-16 21:00:56.293 5601 5616 E GeckoConsole: get contentPrincipal@chrome://global/content/elements/browser-custom-element.js:661:1
04-16 21:00:56.293 5601 5616 E GeckoConsole: onLocationChange@resource://gre/modules/GeckoViewNavigation.sys.mjs:640:34
04-16 21:00:56.298 5601 5616 E GeckoConsole: [JavaScript Error: "TypeError: can't access property "title", this.contentDocument is null" {file: "chrome://global/content/elements/browser-custom-element.js" line: 630}]
04-16 21:00:56.298 5601 5616 E GeckoConsole: get contentTitle@chrome://global/content/elements/browser-custom-element.js:630:1
04-16 21:00:56.298 5601 5616 E GeckoConsole: handleEvent@resource://gre/modules/GeckoViewContent.sys.mjs:379:11
04-16 21:00:56.320 5682 5714 E eglCodecCommon: glUtilsParamSize: unknow param 0x00008caa
04-16 21:00:56.345 5601 5616 W GeckoEventDispatcher: No listener for GeckoView:StateUpdated
04-16 21:00:56.374 5682 5714 E eglCodecCommon: glUtilsParamSize: unknow param 0x00008caa
04-16 21:00:56.385 5682 5714 E eglCodecCommon: glUtilsParamSize: unknow param 0x00008caa
04-16 21:00:56.401 5682 5714 E eglCodecCommon: glUtilsParamSize: unknow param 0x00008caa
04-16 21:00:56.411 5682 5714 E eglCodecCommon: glUtilsParamSize: unknow param 0x00000d02
04-16 21:00:56.423 5682 5714 E eglCodecCommon: glUtilsParamSize: unknow param 0x00008caa
04-16 21:00:56.481 5601 5616 E GeckoConsole: [JavaScript Error: "TypeError: can't access property "nodePrincipal", this.contentDocument is null" {file: "chrome://global/content/elements/browser-custom-element.js" line: 661}]
04-16 21:00:56.481 5601 5616 E GeckoConsole: get contentPrincipal@chrome://global/content/elements/browser-custom-element.js:661:1
04-16 21:00:56.481 5601 5616 E GeckoConsole: onLocationChange@resource://gre/modules/GeckoViewNavigation.sys.mjs:640:34
04-16 21:00:56.497 5601 5616 E GeckoConsole: [JavaScript Error: "TypeError: can't access property "title", this.contentDocument is null" {file: "chrome://global/content/elements/browser-custom-element.js" line: 630}]
04-16 21:00:56.497 5601 5616 E GeckoConsole: get contentTitle@chrome://global/content/elements/browser-custom-element.js:630:1
04-16 21:00:56.497 5601 5616 E GeckoConsole: handleEvent@resource://gre/modules/GeckoViewContent.sys.mjs:379:11
04-16 21:00:56.519 5682 5714 E eglCodecCommon: glUtilsParamSize: unknow param 0x00008caa
04-16 21:00:56.558 5682 5714 E eglCodecCommon: glUtilsParamSize: unknow param 0x00008caa
04-16 21:00:56.568 5682 5714 E eglCodecCommon: glUtilsParamSize: unknow param 0x00008caa
04-16 21:00:56.584 5682 5714 E eglCodecCommon: glUtilsParamSize: unknow param 0x00008caa
04-16 21:00:56.593 5682 5714 E eglCodecCommon: glUtilsParamSize: unknow param 0x00000d02
04-16 21:00:56.605 5682 5714 E eglCodecCommon: glUtilsParamSize: unknow param 0x00008caa
04-16 21:00:56.612 5601 5616 I Gecko : 1744837256612 Marionette INFO No differences allowed
04-16 21:00:56.699 5601 5616 I Gecko : 1744837256699 Marionette INFO Testing http://web-platform.test:8000/css/CSS2/lists/counter-increment-044.xht == http://web-platform.test:8000/css/CSS2/reference/pass-if-number-0-30px.xht
04-16 21:00:56.743 5601 5616 E GeckoConsole: [JavaScript Error: "TypeError: can't access property "nodePrincipal", this.contentDocument is null" {file: "chrome://global/content/elements/browser-custom-element.js" line: 661}]
04-16 21:00:56.743 5601 5616 E GeckoConsole: get contentPrincipal@chrome://global/content/elements/browser-custom-element.js:661:1
04-16 21:00:56.743 5601 5616 E GeckoConsole: onLocationChange@resource://gre/modules/GeckoViewNavigation.sys.mjs:640:34
04-16 21:00:56.761 5601 5616 E GeckoConsole: [JavaScript Error: "TypeError: can't access property "title", this.contentDocument is null" {file: "chrome://global/content/elements/browser-custom-element.js" line: 630}]
04-16 21:00:56.761 5601 5616 E GeckoConsole: get contentTitle@chrome://global/content/elements/browser-custom-element.js:630:1
04-16 21:00:56.761 5601 5616 E GeckoConsole: handleEvent@resource://gre/modules/GeckoViewContent.sys.mjs:379:11
04-16 21:00:56.786 5682 5714 E eglCodecCommon: glUtilsParamSize: unknow param 0x00008caa
04-16 21:00:56.841 5682 5714 E eglCodecCommon: glUtilsParamSize: unknow param 0x00008caa
04-16 21:00:56.851 5682 5714 E eglCodecCommon: glUtilsParamSize: unknow param 0x00008caa
04-16 21:00:56.868 5682 5714 E eglCodecCommon: glUtilsParamSize: unknow param 0x00008caa
04-16 21:00:56.878 5682 5714 E eglCodecCommon: glUtilsParamSize: unknow param 0x00000d02
04-16 21:00:56.888 5682 5714 E eglCodecCommon: glUtilsParamSize: unknow param 0x00008caa
04-16 21:00:56.897 5601 5616 I Gecko : 1744837256897 Marionette INFO No differences allowed
04-16 21:00:56.988 5601 5616 I Gecko : 1744837256988 Marionette INFO Testing http://web-platform.test:8000/css/CSS2/lists/counter-increment-045.xht == http://web-platform.test:8000/css/CSS2/reference/pass-if-number-0-30px.xht
04-16 21:00:57.029 5601 5616 E GeckoConsole: [JavaScript Error: "TypeError: can't access property "nodePrincipal", this.contentDocument is null" {file: "chrome://global/content/elements/browser-custom-element.js" line: 661}]
04-16 21:00:57.029 5601 5616 E GeckoConsole: get contentPrincipal@chrome://global/content/elements/browser-custom-element.js:661:1
04-16 21:00:57.029 5601 5616 E GeckoConsole: onLocationChange@resource://gre/modules/GeckoViewNavigation.sys.mjs:640:34
04-16 21:00:57.045 5601 5616 E GeckoConsole: [JavaScript Error: "TypeError: can't access property "title", this.contentDocument is null" {file: "chrome://global/content/elements/browser-custom-element.js" line: 630}]
04-16 21:00:57.045 5601 5616 E GeckoConsole: get contentTitle@chrome://global/content/elements/browser-custom-element.js:630:1
04-16 21:00:57.045 5601 5616 E GeckoConsole: handleEvent@resource://gre/modules/GeckoViewContent.sys.mjs:379:11
04-16 21:00:57.069 5682 5714 E eglCodecCommon: glUtilsParamSize: unknow param 0x00008caa
04-16 21:00:57.107 5682 5714 E eglCodecCommon: glUtilsParamSize: unknow param 0x00008caa
04-16 21:00:57.117 5682 5714 E eglCodecCommon: glUtilsParamSize: unknow param 0x00008caa
04-16 21:00:57.134 5682 5714 E eglCodecCommon: glUtilsParamSize: unknow param 0x00008caa
04-16 21:00:57.143 5682 5714 E eglCodecCommon: glUtilsParamSize: unknow param 0x00000d02
04-16 21:00:57.157 5682 5714 E eglCodecCommon: glUtilsParamSize: unknow param 0x00008caa
04-16 21:00:57.161 5601 5616 I Gecko : 1744837257161 Marionette INFO No differences allowed
04-16 21:00:57.242 5601 5616 I Gecko : 1744837257242 Marionette INFO Testing http://web-platform.test:8000/css/CSS2/lists/counter-increment-046.xht == http://web-platform.test:8000/css/CSS2/reference/pass-if-number-0-30px.xht
04-16 21:00:57.281 5601 5616 E GeckoConsole: [JavaScript Error: "TypeError: can't access property "nodePrincipal", this.contentDocument is null" {file: "chrome://global/content/elements/browser-custom-element.js" line: 661}]
04-16 21:00:57.281 5601 5616 E GeckoConsole: get contentPrincipal@chrome://global/content/elements/browser-custom-element.js:661:1
04-16 21:00:57.281 5601 5616 E GeckoConsole: onLocationChange@resource://gre/modules/GeckoViewNavigation.sys.mjs:640:34
04-16 21:00:57.297 5601 5616 E GeckoConsole: [JavaScript Error: "TypeError: can't access property "title", this.contentDocument is null" {file: "chrome://global/content/elements/browser-custom-element.js" line: 630}]
04-16 21:00:57.297 5601 5616 E GeckoConsole: get contentTitle@chrome://global/content/elements/browser-custom-element.js:630:1
04-16 21:00:57.297 5601 5616 E GeckoConsole: handleEvent@resource://gre/modules/GeckoViewContent.sys.mjs:379:11
04-16 21:00:57.319 5682 5714 E eglCodecCommon: glUtilsParamSize: unknow param 0x00008caa
04-16 21:00:57.357 5682 5714 E eglCodecCommon: glUtilsParamSize: unknow param 0x00008caa
04-16 21:00:57.368 5682 5714 E eglCodecCommon: glUtilsParamSize: unknow param 0x00008caa
04-16 21:00:57.384 5682 5714 E eglCodecCommon: glUtilsParamSize: unknow param 0x00008caa
04-16 21:00:57.393 5682 5714 E eglCodecCommon: glUtilsParamSize: unknow param 0x00000d02
04-16 21:00:57.405 5682 5714 E eglCodecCommon: glUtilsParamSize: unknow param 0x00008caa
04-16 21:00:57.415 5601 5616 I Gecko : 1744837257415 Marionette INFO No differences allowed
04-16 21:00:57.468 5601 5616 W GeckoEventDispatcher: No listener for GeckoView:StateUpdated
04-16 21:00:57.501 5601 5616 I Gecko : 1744837257501 Marionette INFO Testing http://web-platform.test:8000/css/CSS2/lists/counter-increment-047.xht == http://web-platform.test:8000/css/CSS2/lists/counter-increment-047-ref.html
04-16 21:00:57.544 5601 5616 E GeckoConsole: [JavaScript Error: "TypeError: can't access property "nodePrincipal", this.contentDocument is null" {file: "chrome://global/content/elements/browser-custom-element.js" line: 661}]
04-16 21:00:57.544 5601 5616 E GeckoConsole: get contentPrincipal@chrome://global/content/elements/browser-custom-element.js:661:1
04-16 21:00:57.544 5601 5616 E GeckoConsole: onLocationChange@resource://gre/modules/GeckoViewNavigation.sys.mjs:640:34
04-16 21:00:57.549 5601 5616 E GeckoConsole: [JavaScript Error: "TypeError: can't access property "title", this.contentDocument is null" {file: "chrome://global/content/elements/browser-custom-element.js" line: 630}]
04-16 21:00:57.549 5601 5616 E GeckoConsole: get contentTitle@chrome://global/content/elements/browser-custom-element.js:630:1
04-16 21:00:57.549 5601 5616 E GeckoConsole: handleEvent@resource://gre/modules/GeckoViewContent.sys.mjs:379:11
04-16 21:00:57.570 5682 5714 E eglCodecCommon: glUtilsParamSize: unknow param 0x00008caa
04-16 21:00:57.610 5682 5714 E eglCodecCommon: glUtilsParamSize: unknow param 0x00008caa
04-16 21:00:57.624 5682 5714 E eglCodecCommon: glUtilsParamSize: unknow param 0x00008caa
04-16 21:00:57.634 5682 5714 E eglCodecCommon: glUtilsParamSize: unknow param 0x00008caa
04-16 21:00:57.644 5682 5714 E eglCodecCommon: glUtilsParamSize: unknow param 0x00000d02
04-16 21:00:57.657 5682 5714 E eglCodecCommon: glUtilsParamSize: unknow param 0x00008caa
04-16 21:00:57.722 5601 5616 E GeckoConsole: [JavaScript Error: "TypeError: can't access property "nodePrincipal", this.contentDocument is null" {file: "chrome://global/content/elements/browser-custom-element.js" line: 661}]
04-16 21:00:57.722 5601 5616 E GeckoConsole: get contentPrincipal@chrome://global/content/elements/browser-custom-element.js:661:1
04-16 21:00:57.722 5601 5616 E GeckoConsole: onLocationChange@resource://gre/modules/GeckoViewNavigation.sys.mjs:640:34
04-16 21:00:57.739 5601 5616 E GeckoConsole: [JavaScript Error: "TypeError: can't access property "title", this.contentDocument is null" {file: "chrome://global/content/elements/browser-custom-element.js" line: 630}]
04-16 21:00:57.739 5601 5616 E GeckoConsole: get contentTitle@chrome://global/content/elements/browser-custom-element.js:630:1
04-16 21:00:57.739 5601 5616 E GeckoConsole: handleEvent@resource://gre/modules/GeckoViewContent.sys.mjs:379:11
04-16 21:00:57.770 5682 5714 E eglCodecCommon: glUtilsParamSize: unknow param 0x00008caa
04-16 21:00:57.807 5682 5714 E eglCodecCommon: glUtilsParamSize: unknow param 0x00008caa
04-16 21:00:57.818 5682 5714 E eglCodecCommon: glUtilsParamSize: unknow param 0x00008caa
04-16 21:00:57.834 5682 5714 E eglCodecCommon: glUtilsParamSize: unknow param 0x00008caa
04-16 21:00:57.844 5682 5714 E eglCodecCommon: glUtilsParamSize: unknow param 0x00000d02
04-16 21:00:57.854 5682 5714 E eglCodecCommon: glUtilsParamSize: unknow param 0x00008caa
04-16 21:00:57.862 5601 5616 I Gecko : 1744837257862 Marionette INFO No differences allowed
04-16 21:00:57.951 5601 5616 I Gecko : 1744837257951 Marionette INFO Testing http://web-platform.test:8000/css/CSS2/lists/counter-increment-048.xht == http://web-platform.test:8000/css/CSS2/lists/counter-increment-047-ref.html
04-16 21:00:57.996 5601 5616 E GeckoConsole: [JavaScript Error: "TypeError: can't access property "nodePrincipal", this.contentDocument is null" {file: "chrome://global/content/elements/browser-custom-element.js" line: 661}]
