04-16 21:02:59.463 7777 7792 W GeckoEventDispatcher: No listener for GeckoView:StateUpdated
04-16 21:02:59.525 7777 7792 I Gecko : 1744837379525 Marionette INFO Testing http://web-platform.test:8000/css/CSS2/text/text-transform-applies-to-009.xht == http://web-platform.test:8000/css/reference/pass_if_letter_uppercase.html
04-16 21:02:59.563 7777 7792 E GeckoConsole: [JavaScript Error: "TypeError: can't access property "nodePrincipal", this.contentDocument is null" {file: "chrome://global/content/elements/browser-custom-element.js" line: 661}]
04-16 21:02:59.563 7777 7792 E GeckoConsole: get contentPrincipal@chrome://global/content/elements/browser-custom-element.js:661:1
04-16 21:02:59.563 7777 7792 E GeckoConsole: onLocationChange@resource://gre/modules/GeckoViewNavigation.sys.mjs:640:34
04-16 21:02:59.578 7777 7792 E GeckoConsole: [JavaScript Error: "TypeError: can't access property "title", this.contentDocument is null" {file: "chrome://global/content/elements/browser-custom-element.js" line: 630}]
04-16 21:02:59.578 7777 7792 E GeckoConsole: get contentTitle@chrome://global/content/elements/browser-custom-element.js:630:1
04-16 21:02:59.578 7777 7792 E GeckoConsole: handleEvent@resource://gre/modules/GeckoViewContent.sys.mjs:379:11
04-16 21:02:59.602 7849 7889 E eglCodecCommon: glUtilsParamSize: unknow param 0x00008caa
04-16 21:02:59.641 7849 7889 E eglCodecCommon: glUtilsParamSize: unknow param 0x00008caa
04-16 21:02:59.651 7849 7889 E eglCodecCommon: glUtilsParamSize: unknow param 0x00008caa
04-16 21:02:59.667 7849 7889 E eglCodecCommon: glUtilsParamSize: unknow param 0x00008caa
04-16 21:02:59.678 7849 7889 E eglCodecCommon: glUtilsParamSize: unknow param 0x00000d02
04-16 21:02:59.689 7849 7889 E eglCodecCommon: glUtilsParamSize: unknow param 0x00008caa
04-16 21:02:59.699 7777 7792 I Gecko : 1744837379699 Marionette INFO No differences allowed
04-16 21:02:59.789 7777 7792 I Gecko : 1744837379789 Marionette INFO Testing http://web-platform.test:8000/css/CSS2/text/text-transform-applies-to-010.xht == http://web-platform.test:8000/css/reference/pass_if_letter_uppercase.html
04-16 21:02:59.829 7777 7792 E GeckoConsole: [JavaScript Error: "TypeError: can't access property "nodePrincipal", this.contentDocument is null" {file: "chrome://global/content/elements/browser-custom-element.js" line: 661}]
04-16 21:02:59.829 7777 7792 E GeckoConsole: get contentPrincipal@chrome://global/content/elements/browser-custom-element.js:661:1
04-16 21:02:59.829 7777 7792 E GeckoConsole: onLocationChange@resource://gre/modules/GeckoViewNavigation.sys.mjs:640:34
04-16 21:02:59.847 7777 7792 E GeckoConsole: [JavaScript Error: "TypeError: can't access property "title", this.contentDocument is null" {file: "chrome://global/content/elements/browser-custom-element.js" line: 630}]
04-16 21:02:59.847 7777 7792 E GeckoConsole: get contentTitle@chrome://global/content/elements/browser-custom-element.js:630:1
04-16 21:02:59.847 7777 7792 E GeckoConsole: handleEvent@resource://gre/modules/GeckoViewContent.sys.mjs:379:11
04-16 21:02:59.869 7849 7889 E eglCodecCommon: glUtilsParamSize: unknow param 0x00008caa
04-16 21:02:59.908 7849 7889 E eglCodecCommon: glUtilsParamSize: unknow param 0x00008caa
04-16 21:02:59.919 7849 7889 E eglCodecCommon: glUtilsParamSize: unknow param 0x00008caa
04-16 21:02:59.934 7849 7889 E eglCodecCommon: glUtilsParamSize: unknow param 0x00008caa
04-16 21:02:59.945 7849 7889 E eglCodecCommon: glUtilsParamSize: unknow param 0x00000d02
04-16 21:02:59.957 7849 7889 E eglCodecCommon: glUtilsParamSize: unknow param 0x00008caa
04-16 21:02:59.967 7777 7792 I Gecko : 1744837379967 Marionette INFO No differences allowed
04-16 21:03:00.070 7777 7792 I Gecko : 1744837380070 Marionette INFO Testing http://web-platform.test:8000/css/CSS2/text/text-transform-applies-to-011.xht == http://web-platform.test:8000/css/reference/pass_if_letter_uppercase.html
04-16 21:03:00.117 7777 7792 E GeckoConsole: [JavaScript Error: "TypeError: can't access property "nodePrincipal", this.contentDocument is null" {file: "chrome://global/content/elements/browser-custom-element.js" line: 661}]
04-16 21:03:00.117 7777 7792 E GeckoConsole: get contentPrincipal@chrome://global/content/elements/browser-custom-element.js:661:1
04-16 21:03:00.117 7777 7792 E GeckoConsole: onLocationChange@resource://gre/modules/GeckoViewNavigation.sys.mjs:640:34
04-16 21:03:00.133 7777 7792 E GeckoConsole: [JavaScript Error: "TypeError: can't access property "title", this.contentDocument is null" {file: "chrome://global/content/elements/browser-custom-element.js" line: 630}]
04-16 21:03:00.133 7777 7792 E GeckoConsole: get contentTitle@chrome://global/content/elements/browser-custom-element.js:630:1
04-16 21:03:00.133 7777 7792 E GeckoConsole: handleEvent@resource://gre/modules/GeckoViewContent.sys.mjs:379:11
04-16 21:03:00.155 7849 7889 E eglCodecCommon: glUtilsParamSize: unknow param 0x00008caa
04-16 21:03:00.208 7849 7889 E eglCodecCommon: glUtilsParamSize: unknow param 0x00008caa
04-16 21:03:00.218 7849 7889 E eglCodecCommon: glUtilsParamSize: unknow param 0x00008caa
04-16 21:03:00.234 7849 7889 E eglCodecCommon: glUtilsParamSize: unknow param 0x00008caa
04-16 21:03:00.244 7849 7889 E eglCodecCommon: glUtilsParamSize: unknow param 0x00000d02
04-16 21:03:00.259 7849 7889 E eglCodecCommon: glUtilsParamSize: unknow param 0x00008caa
04-16 21:03:00.267 7777 7792 I Gecko : 1744837380267 Marionette INFO No differences allowed
04-16 21:03:00.348 7777 7792 I Gecko : 1744837380348 Marionette INFO Testing http://web-platform.test:8000/css/CSS2/text/text-transform-applies-to-012.xht == http://web-platform.test:8000/css/reference/pass_if_letter_uppercase.html
04-16 21:03:00.388 7777 7792 E GeckoConsole: [JavaScript Error: "TypeError: can't access property "nodePrincipal", this.contentDocument is null" {file: "chrome://global/content/elements/browser-custom-element.js" line: 661}]
04-16 21:03:00.388 7777 7792 E GeckoConsole: get contentPrincipal@chrome://global/content/elements/browser-custom-element.js:661:1
04-16 21:03:00.388 7777 7792 E GeckoConsole: onLocationChange@resource://gre/modules/GeckoViewNavigation.sys.mjs:640:34
04-16 21:03:00.405 7777 7792 E GeckoConsole: [JavaScript Error: "TypeError: can't access property "title", this.contentDocument is null" {file: "chrome://global/content/elements/browser-custom-element.js" line: 630}]
04-16 21:03:00.405 7777 7792 E GeckoConsole: get contentTitle@chrome://global/content/elements/browser-custom-element.js:630:1
04-16 21:03:00.405 7777 7792 E GeckoConsole: handleEvent@resource://gre/modules/GeckoViewContent.sys.mjs:379:11
04-16 21:03:00.436 7849 7889 E eglCodecCommon: glUtilsParamSize: unknow param 0x00008caa
04-16 21:03:00.475 7849 7889 E eglCodecCommon: glUtilsParamSize: unknow param 0x00008caa
04-16 21:03:00.485 7849 7889 E eglCodecCommon: glUtilsParamSize: unknow param 0x00008caa
04-16 21:03:00.501 7849 7889 E eglCodecCommon: glUtilsParamSize: unknow param 0x00008caa
04-16 21:03:00.511 7849 7889 E eglCodecCommon: glUtilsParamSize: unknow param 0x00000d02
04-16 21:03:00.522 7849 7889 E eglCodecCommon: glUtilsParamSize: unknow param 0x00008caa
04-16 21:03:00.533 7777 7792 I Gecko : 1744837380533 Marionette INFO No differences allowed
04-16 21:03:00.549 7777 7792 W GeckoEventDispatcher: No listener for GeckoView:StateUpdated
04-16 21:03:00.619 7777 7792 I Gecko : 1744837380619 Marionette INFO Testing http://web-platform.test:8000/css/CSS2/text/text-transform-applies-to-013.xht == http://web-platform.test:8000/css/reference/pass_if_letter_uppercase.html
04-16 21:03:00.659 7777 7792 E GeckoConsole: [JavaScript Error: "TypeError: can't access property "nodePrincipal", this.contentDocument is null" {file: "chrome://global/content/elements/browser-custom-element.js" line: 661}]
04-16 21:03:00.659 7777 7792 E GeckoConsole: get contentPrincipal@chrome://global/content/elements/browser-custom-element.js:661:1
04-16 21:03:00.659 7777 7792 E GeckoConsole: onLocationChange@resource://gre/modules/GeckoViewNavigation.sys.mjs:640:34
04-16 21:03:00.675 7777 7792 E GeckoConsole: [JavaScript Error: "TypeError: can't access property "title", this.contentDocument is null" {file: "chrome://global/content/elements/browser-custom-element.js" line: 630}]
04-16 21:03:00.675 7777 7792 E GeckoConsole: get contentTitle@chrome://global/content/elements/browser-custom-element.js:630:1
04-16 21:03:00.675 7777 7792 E GeckoConsole: handleEvent@resource://gre/modules/GeckoViewContent.sys.mjs:379:11
04-16 21:03:00.703 7849 7889 E eglCodecCommon: glUtilsParamSize: unknow param 0x00008caa
04-16 21:03:00.741 7849 7889 E eglCodecCommon: glUtilsParamSize: unknow param 0x00008caa
04-16 21:03:00.754 7849 7889 E eglCodecCommon: glUtilsParamSize: unknow param 0x00008caa
04-16 21:03:00.768 7849 7889 E eglCodecCommon: glUtilsParamSize: unknow param 0x00008caa
04-16 21:03:00.779 7849 7889 E eglCodecCommon: glUtilsParamSize: unknow param 0x00000d02
04-16 21:03:00.791 7849 7889 E eglCodecCommon: glUtilsParamSize: unknow param 0x00008caa
04-16 21:03:00.798 7777 7792 I Gecko : 1744837380798 Marionette INFO No differences allowed
04-16 21:03:00.881 7777 7792 I Gecko : 1744837380881 Marionette INFO Testing http://web-platform.test:8000/css/CSS2/text/text-transform-applies-to-014.xht == http://web-platform.test:8000/css/reference/pass_if_letter_uppercase.html
04-16 21:03:00.923 7777 7792 E GeckoConsole: [JavaScript Error: "TypeError: can't access property "nodePrincipal", this.contentDocument is null" {file: "chrome://global/content/elements/browser-custom-element.js" line: 661}]
04-16 21:03:00.923 7777 7792 E GeckoConsole: get contentPrincipal@chrome://global/content/elements/browser-custom-element.js:661:1
04-16 21:03:00.923 7777 7792 E GeckoConsole: onLocationChange@resource://gre/modules/GeckoViewNavigation.sys.mjs:640:34
04-16 21:03:00.940 7777 7792 E GeckoConsole: [JavaScript Error: "TypeError: can't access property "title", this.contentDocument is null" {file: "chrome://global/content/elements/browser-custom-element.js" line: 630}]
04-16 21:03:00.940 7777 7792 E GeckoConsole: get contentTitle@chrome://global/content/elements/browser-custom-element.js:630:1
04-16 21:03:00.940 7777 7792 E GeckoConsole: handleEvent@resource://gre/modules/GeckoViewContent.sys.mjs:379:11
04-16 21:03:00.970 7849 7889 E eglCodecCommon: glUtilsParamSize: unknow param 0x00008caa
04-16 21:03:01.008 7849 7889 E eglCodecCommon: glUtilsParamSize: unknow param 0x00008caa
04-16 21:03:01.019 7849 7889 E eglCodecCommon: glUtilsParamSize: unknow param 0x00008caa
04-16 21:03:01.034 7849 7889 E eglCodecCommon: glUtilsParamSize: unknow param 0x00008caa
04-16 21:03:01.044 7849 7889 E eglCodecCommon: glUtilsParamSize: unknow param 0x00000d02
04-16 21:03:01.058 7849 7889 E eglCodecCommon: glUtilsParamSize: unknow param 0x00008caa
04-16 21:03:01.077 7777 7792 I Gecko : 1744837381077 Marionette INFO No differences allowed
04-16 21:03:01.159 7777 7792 I Gecko : 1744837381159 Marionette INFO Testing http://web-platform.test:8000/css/CSS2/text/text-transform-applies-to-015.xht == http://web-platform.test:8000/css/reference/pass_if_letter_uppercase.html
04-16 21:03:01.196 7777 7792 E GeckoConsole: [JavaScript Error: "TypeError: can't access property "nodePrincipal", this.contentDocument is null" {file: "chrome://global/content/elements/browser-custom-element.js" line: 661}]
04-16 21:03:01.196 7777 7792 E GeckoConsole: get contentPrincipal@chrome://global/content/elements/browser-custom-element.js:661:1
04-16 21:03:01.196 7777 7792 E GeckoConsole: onLocationChange@resource://gre/modules/GeckoViewNavigation.sys.mjs:640:34
04-16 21:03:01.212 7777 7792 E GeckoConsole: [JavaScript Error: "TypeError: can't access property "title", this.contentDocument is null" {file: "chrome://global/content/elements/browser-custom-element.js" line: 630}]
04-16 21:03:01.212 7777 7792 E GeckoConsole: get contentTitle@chrome://global/content/elements/browser-custom-element.js:630:1
04-16 21:03:01.212 7777 7792 E GeckoConsole: handleEvent@resource://gre/modules/GeckoViewContent.sys.mjs:379:11
04-16 21:03:01.236 7849 7889 E eglCodecCommon: glUtilsParamSize: unknow param 0x00008caa
04-16 21:03:01.275 7849 7889 E eglCodecCommon: glUtilsParamSize: unknow param 0x00008caa
04-16 21:03:01.287 7849 7889 E eglCodecCommon: glUtilsParamSize: unknow param 0x00008caa
04-16 21:03:01.301 7849 7889 E eglCodecCommon: glUtilsParamSize: unknow param 0x00008caa
04-16 21:03:01.310 7849 7889 E eglCodecCommon: glUtilsParamSize: unknow param 0x00000d02
04-16 21:03:01.324 7849 7889 E eglCodecCommon: glUtilsParamSize: unknow param 0x00008caa
04-16 21:03:01.331 7777 7792 I Gecko : 1744837381331 Marionette INFO No differences allowed
04-16 21:03:01.416 7777 7792 I Gecko : 1744837381416 Marionette INFO Testing http://web-platform.test:8000/css/CSS2/text/text-transform-bicameral-001.xht == http://web-platform.test:8000/css/CSS2/text/text-transform-bicameral-001-ref.xht
04-16 21:03:01.452 7777 7792 E GeckoConsole: [JavaScript Error: "TypeError: can't access property "nodePrincipal", this.contentDocument is null" {file: "chrome://global/content/elements/browser-custom-element.js" line: 661}]
04-16 21:03:01.452 7777 7792 E GeckoConsole: get contentPrincipal@chrome://global/content/elements/browser-custom-element.js:661:1
04-16 21:03:01.452 7777 7792 E GeckoConsole: onLocationChange@resource://gre/modules/GeckoViewNavigation.sys.mjs:640:34
04-16 21:03:01.481 7777 7792 E GeckoConsole: [JavaScript Error: "TypeError: can't access property "title", this.contentDocument is null" {file: "chrome://global/content/elements/browser-custom-element.js" line: 630}]
04-16 21:03:01.481 7777 7792 E GeckoConsole: get contentTitle@chrome://global/content/elements/browser-custom-element.js:630:1
04-16 21:03:01.481 7777 7792 E GeckoConsole: handleEvent@resource://gre/modules/GeckoViewContent.sys.mjs:379:11
04-16 21:03:01.505 7849 7889 E eglCodecCommon: glUtilsParamSize: unknow param 0x00008caa
04-16 21:03:01.626 7849 7889 E eglCodecCommon: glUtilsParamSize: unknow param 0x00008caa
04-16 21:03:01.640 7849 7889 E eglCodecCommon: glUtilsParamSize: unknow param 0x00008caa
04-16 21:03:01.654 7849 7889 E eglCodecCommon: glUtilsParamSize: unknow param 0x00008caa
04-16 21:03:01.665 7849 7889 E eglCodecCommon: glUtilsParamSize: unknow param 0x00000d02
04-16 21:03:01.679 7849 7889 E eglCodecCommon: glUtilsParamSize: unknow param 0x00008caa
04-16 21:03:01.693 7777 7792 W GeckoEventDispatcher: No listener for GeckoView:StateUpdated
04-16 21:03:01.745 7777 7792 E GeckoConsole: [JavaScript Error: "TypeError: can't access property "nodePrincipal", this.contentDocument is null" {file: "chrome://global/content/elements/browser-custom-element.js" line: 661}]
04-16 21:03:01.745 7777 7792 E GeckoConsole: get contentPrincipal@chrome://global/content/elements/browser-custom-element.js:661:1
04-16 21:03:01.745 7777 7792 E GeckoConsole: onLocationChange@resource://gre/modules/GeckoViewNavigation.sys.mjs:640:34
04-16 21:03:01.776 7777 7792 E GeckoConsole: [JavaScript Error: "TypeError: can't access property "title", this.contentDocument is null" {file: "chrome://global/content/elements/browser-custom-element.js" line: 630}]
04-16 21:03:01.776 7777 7792 E GeckoConsole: get contentTitle@chrome://global/content/elements/browser-custom-element.js:630:1
04-16 21:03:01.776 7777 7792 E GeckoConsole: handleEvent@resource://gre/modules/GeckoViewContent.sys.mjs:379:11
04-16 21:03:01.802 7849 7889 E eglCodecCommon: glUtilsParamSize: unknow param 0x00008caa
04-16 21:03:01.841 7849 7889 E eglCodecCommon: glUtilsParamSize: unknow param 0x00008caa
04-16 21:03:01.854 7849 7889 E eglCodecCommon: glUtilsParamSize: unknow param 0x00008caa
04-16 21:03:01.867 7849 7889 E eglCodecCommon: glUtilsParamSize: unknow param 0x00008caa
04-16 21:03:01.877 7849 7889 E eglCodecCommon: glUtilsParamSize: unknow param 0x00000d02
04-16 21:03:01.892 7849 7889 E eglCodecCommon: glUtilsParamSize: unknow param 0x00008caa
04-16 21:03:01.903 7777 7792 I Gecko : 1744837381903 Marionette INFO No differences allowed
04-16 21:03:01.994 7777 7792 I Gecko : 1744837381994 Marionette INFO Testing http://web-platform.test:8000/css/CSS2/text/text-transform-bicameral-002.xht == http://web-platform.test:8000/css/CSS2/text/text-transform-bicameral-002-ref.xht
04-16 21:03:02.036 7777 7792 E GeckoConsole: [JavaScript Error: "TypeError: can't access property "nodePrincipal", this.contentDocument is null" {file: "chrome://global/content/elements/browser-custom-element.js" line: 661}]
04-16 21:03:02.036 7777 7792 E GeckoConsole: get contentPrincipal@chrome://global/content/elements/browser-custom-element.js:661:1
04-16 21:03:02.036 7777 7792 E GeckoConsole: onLocationChange@resource://gre/modules/GeckoViewNavigation.sys.mjs:640:34
04-16 21:03:02.066 7777 7792 E GeckoConsole: [JavaScript Error: "TypeError: can't access property "title", this.contentDocument is null" {file: "chrome://global/content/elements/browser-custom-element.js" line: 630}]
04-16 21:03:02.066 7777 7792 E GeckoConsole: get contentTitle@chrome://global/content/elements/browser-custom-element.js:630:1
04-16 21:03:02.066 7777 7792 E GeckoConsole: handleEvent@resource://gre/modules/GeckoViewContent.sys.mjs:379:11
04-16 21:03:02.093 7849 7889 E eglCodecCommon: glUtilsParamSize: unknow param 0x00008caa
04-16 21:03:02.159 7849 7889 E eglCodecCommon: glUtilsParamSize: unknow param 0x00008caa
04-16 21:03:02.170 7849 7889 E eglCodecCommon: glUtilsParamSize: unknow param 0x00008caa
04-16 21:03:02.184 7849 7889 E eglCodecCommon: glUtilsParamSize: unknow param 0x00008caa
04-16 21:03:02.194 7849 7889 E eglCodecCommon: glUtilsParamSize: unknow param 0x00000d02
04-16 21:03:02.208 7849 7889 E eglCodecCommon: glUtilsParamSize: unknow param 0x00008caa
04-16 21:03:02.272 7777 7792 E GeckoConsole: [JavaScript Error: "TypeError: can't access property "nodePrincipal", this.contentDocument is null" {file: "chrome://global/content/elements/browser-custom-element.js" line: 661}]
04-16 21:03:02.272 7777 7792 E GeckoConsole: get contentPrincipal@chrome://global/content/elements/browser-custom-element.js:661:1
04-16 21:03:02.272 7777 7792 E GeckoConsole: onLocationChange@resource://gre/modules/GeckoViewNavigation.sys.mjs:640:34
04-16 21:03:02.301 7777 7792 E GeckoConsole: [JavaScript Error: "TypeError: can't access property "title", this.contentDocument is null" {file: "chrome://global/content/elements/browser-custom-element.js" line: 630}]
04-16 21:03:02.301 7777 7792 E GeckoConsole: get contentTitle@chrome://global/content/elements/browser-custom-element.js:630:1
04-16 21:03:02.301 7777 7792 E GeckoConsole: handleEvent@resource://gre/modules/GeckoViewContent.sys.mjs:379:11
04-16 21:03:02.337 7849 7889 E eglCodecCommon: glUtilsParamSize: unknow param 0x00008caa
04-16 21:03:02.375 7849 7889 E eglCodecCommon: glUtilsParamSize: unknow param 0x00008caa
04-16 21:03:02.387 7849 7889 E eglCodecCommon: glUtilsParamSize: unknow param 0x00008caa
04-16 21:03:02.401 7849 7889 E eglCodecCommon: glUtilsParamSize: unknow param 0x00008caa
04-16 21:03:02.411 7849 7889 E eglCodecCommon: glUtilsParamSize: unknow param 0x00000d02
04-16 21:03:02.425 7849 7889 E eglCodecCommon: glUtilsParamSize: unknow param 0x00008caa
04-16 21:03:02.438 7777 7792 I Gecko : 1744837382438 Marionette INFO No differences allowed
04-16 21:03:02.527 7777 7792 I Gecko : 1744837382527 Marionette INFO Testing http://web-platform.test:8000/css/CSS2/text/text-transform-bicameral-003.xht == http://web-platform.test:8000/css/CSS2/text/text-transform-bicameral-003-ref.xht
04-16 21:03:02.568 7777 7792 E GeckoConsole: [JavaScript Error: "TypeError: can't access property "nodePrincipal", this.contentDocument is null" {file: "chrome://global/content/elements/browser-custom-element.js" line: 661}]
04-16 21:03:02.568 7777 7792 E GeckoConsole: get contentPrincipal@chrome://global/content/elements/browser-custom-element.js:661:1
04-16 21:03:02.568 7777 7792 E GeckoConsole: onLocationChange@resource://gre/modules/GeckoViewNavigation.sys.mjs:640:34
04-16 21:03:02.617 7777 7792 E GeckoConsole: [JavaScript Error: "TypeError: can't access property "title", this.contentDocument is null" {file: "chrome://global/content/elements/browser-custom-element.js" line: 630}]
04-16 21:03:02.617 7777 7792 E GeckoConsole: get contentTitle@chrome://global/content/elements/browser-custom-element.js:630:1
04-16 21:03:02.617 7777 7792 E GeckoConsole: handleEvent@resource://gre/modules/GeckoViewContent.sys.mjs:379:11
04-16 21:03:02.650 7849 7889 E eglCodecCommon: glUtilsParamSize: unknow param 0x00008caa
04-16 21:03:02.707 7777 7792 W GeckoEventDispatcher: No listener for GeckoView:StateUpdated
04-16 21:03:02.769 7811 7828 I Gecko : 1744837382769 Marionette WARN http://web-platform.test:8000/css/CSS2/text/text-transform-bicameral-003-ref.xht overflows viewport (width: 800, height: 738)
04-16 21:03:02.777 7849 7889 E eglCodecCommon: glUtilsParamSize: unknow param 0x00008caa
04-16 21:03:02.789 7849 7889 E eglCodecCommon: glUtilsParamSize: unknow param 0x00008caa
04-16 21:03:02.801 7849 7889 E eglCodecCommon: glUtilsParamSize: unknow param 0x00008caa
04-16 21:03:02.812 7849 7889 E eglCodecCommon: glUtilsParamSize: unknow param 0x00000d02
04-16 21:03:02.826 7849 7889 E eglCodecCommon: glUtilsParamSize: unknow param 0x00008caa
04-16 21:03:02.907 7777 7792 E GeckoConsole: [JavaScript Error: "TypeError: can't access property "nodePrincipal", this.contentDocument is null" {file: "chrome://global/content/elements/browser-custom-element.js" line: 661}]
04-16 21:03:02.907 7777 7792 E GeckoConsole: get contentPrincipal@chrome://global/content/elements/browser-custom-element.js:661:1
04-16 21:03:02.907 7777 7792 E GeckoConsole: onLocationChange@resource://gre/modules/GeckoViewNavigation.sys.mjs:640:34
04-16 21:03:02.974 7777 7792 E GeckoConsole: [JavaScript Error: "TypeError: can't access property "title", this.contentDocument is null" {file: "chrome://global/content/elements/browser-custom-element.js" line: 630}]
04-16 21:03:02.974 7777 7792 E GeckoConsole: get contentTitle@chrome://global/content/elements/browser-custom-element.js:630:1
04-16 21:03:02.974 7777 7792 E GeckoConsole: handleEvent@resource://gre/modules/GeckoViewContent.sys.mjs:379:11
04-16 21:03:03.003 7849 7889 E eglCodecCommon: glUtilsParamSize: unknow param 0x00008caa
04-16 21:03:03.051 7811 7828 I Gecko : 1744837383050 Marionette WARN http://web-platform.test:8000/css/CSS2/text/text-transform-bicameral-003.xht overflows viewport (width: 800, height: 738)
04-16 21:03:03.058 7849 7889 E eglCodecCommon: glUtilsParamSize: unknow param 0x00008caa
04-16 21:03:03.069 7849 7889 E eglCodecCommon: glUtilsParamSize: unknow param 0x00008caa
04-16 21:03:03.084 7849 7889 E eglCodecCommon: glUtilsParamSize: unknow param 0x00008caa
04-16 21:03:03.095 7849 7889 E eglCodecCommon: glUtilsParamSize: unknow param 0x00000d02
04-16 21:03:03.109 7849 7889 E eglCodecCommon: glUtilsParamSize: unknow param 0x00008caa
04-16 21:03:03.124 7777 7792 I Gecko : 1744837383124 Marionette INFO No differences allowed
04-16 21:03:03.206 7777 7792 I Gecko : 1744837383206 Marionette INFO Testing http://web-platform.test:8000/css/CSS2/text/text-transform-bicameral-004.xht == http://web-platform.test:8000/css/CSS2/text/text-transform-bicameral-004-ref.xht
04-16 21:03:03.245 7777 7792 E GeckoConsole: [JavaScript Error: "TypeError: can't access property "nodePrincipal", this.contentDocument is null" {file: "chrome://global/content/elements/browser-custom-element.js" line: 661}]
04-16 21:03:03.245 7777 7792 E GeckoConsole: get contentPrincipal@chrome://global/content/elements/browser-custom-element.js:661:1
04-16 21:03:03.245 7777 7792 E GeckoConsole: onLocationChange@resource://gre/modules/GeckoViewNavigation.sys.mjs:640:34
04-16 21:03:03.292 7777 7792 E GeckoConsole: [JavaScript Error: "TypeError: can't access property "title", this.contentDocument is null" {file: "chrome://global/content/elements/browser-custom-element.js" line: 630}]
04-16 21:03:03.292 7777 7792 E GeckoConsole: get contentTitle@chrome://global/content/elements/browser-custom-element.js:630:1
04-16 21:03:03.292 7777 7792 E GeckoConsole: handleEvent@resource://gre/modules/GeckoViewContent.sys.mjs:379:11
04-16 21:03:03.322 7849 7889 E eglCodecCommon: glUtilsParamSize: unknow param 0x00008caa
04-16 21:03:03.401 7811 7828 I Gecko : 1744837383400 Marionette WARN http://web-platform.test:8000/css/CSS2/text/text-transform-bicameral-004-ref.xht overflows viewport (width: 800, height: 738)
04-16 21:03:03.408 7849 7889 E eglCodecCommon: glUtilsParamSize: unknow param 0x00008caa
04-16 21:03:03.420 7849 7889 E eglCodecCommon: glUtilsParamSize: unknow param 0x00008caa
04-16 21:03:03.434 7849 7889 E eglCodecCommon: glUtilsParamSize: unknow param 0x00008caa
04-16 21:03:03.445 7849 7889 E eglCodecCommon: glUtilsParamSize: unknow param 0x00000d02
04-16 21:03:03.460 7849 7889 E eglCodecCommon: glUtilsParamSize: unknow param 0x00008caa
04-16 21:03:03.543 7777 7792 E GeckoConsole: [JavaScript Error: "TypeError: can't access property "nodePrincipal", this.contentDocument is null" {file: "chrome://global/content/elements/browser-custom-element.js" line: 661}]
04-16 21:03:03.543 7777 7792 E GeckoConsole: get contentPrincipal@chrome://global/content/elements/browser-custom-element.js:661:1
04-16 21:03:03.543 7777 7792 E GeckoConsole: onLocationChange@resource://gre/modules/GeckoViewNavigation.sys.mjs:640:34
04-16 21:03:03.612 7777 7792 E GeckoConsole: [JavaScript Error: "TypeError: can't access property "title", this.contentDocument is null" {file: "chrome://global/content/elements/browser-custom-element.js" line: 630}]
04-16 21:03:03.612 7777 7792 E GeckoConsole: get contentTitle@chrome://global/content/elements/browser-custom-element.js:630:1
04-16 21:03:03.612 7777 7792 E GeckoConsole: handleEvent@resource://gre/modules/GeckoViewContent.sys.mjs:379:11
04-16 21:03:03.638 7849 7889 E eglCodecCommon: glUtilsParamSize: unknow param 0x00008caa
04-16 21:03:03.684 7811 7828 I Gecko : 1744837383684 Marionette WARN http://web-platform.test:8000/css/CSS2/text/text-transform-bicameral-004.xht overflows viewport (width: 800, height: 738)
04-16 21:03:03.692 7849 7889 E eglCodecCommon: glUtilsParamSize: unknow param 0x00008caa
04-16 21:03:03.703 7849 7889 E eglCodecCommon: glUtilsParamSize: unknow param 0x00008caa
04-16 21:03:03.718 7849 7889 E eglCodecCommon: glUtilsParamSize: unknow param 0x00008caa
04-16 21:03:03.730 7849 7889 E eglCodecCommon: glUtilsParamSize: unknow param 0x00000d02
04-16 21:03:03.742 7849 7889 E eglCodecCommon: glUtilsParamSize: unknow param 0x00008caa
04-16 21:03:03.766 7777 7792 I Gecko : 1744837383766 Marionette INFO No differences allowed
04-16 21:03:03.846 7777 7792 I Gecko : 1744837383846 Marionette INFO Testing http://web-platform.test:8000/css/CSS2/text/text-transform-bicameral-005.xht == http://web-platform.test:8000/css/CSS2/text/text-transform-bicameral-005-ref.xht
04-16 21:03:03.870 7777 7792 W GeckoEventDispatcher: No listener for GeckoView:StateUpdated
04-16 21:03:03.889 7777 7792 E GeckoConsole: [JavaScript Error: "TypeError: can't access property "nodePrincipal", this.contentDocument is null" {file: "chrome://global/content/elements/browser-custom-element.js" line: 661}]
04-16 21:03:03.889 7777 7792 E GeckoConsole: get contentPrincipal@chrome://global/content/elements/browser-custom-element.js:661:1
04-16 21:03:03.889 7777 7792 E GeckoConsole: onLocationChange@resource://gre/modules/GeckoViewNavigation.sys.mjs:640:34
04-16 21:03:03.908 7777 7792 E GeckoConsole: [JavaScript Error: "TypeError: can't access property "title", this.contentDocument is null" {file: "chrome://global/content/elements/browser-custom-element.js" line: 630}]
04-16 21:03:03.908 7777 7792 E GeckoConsole: get contentTitle@chrome://global/content/elements/browser-custom-element.js:630:1
04-16 21:03:03.908 7777 7792 E GeckoConsole: handleEvent@resource://gre/modules/GeckoViewContent.sys.mjs:379:11
04-16 21:03:03.936 7849 7889 E eglCodecCommon: glUtilsParamSize: unknow param 0x00008caa
04-16 21:03:03.992 7849 7889 E eglCodecCommon: glUtilsParamSize: unknow param 0x00008caa
04-16 21:03:04.003 7849 7889 E eglCodecCommon: glUtilsParamSize: unknow param 0x00008caa
04-16 21:03:04.018 7849 7889 E eglCodecCommon: glUtilsParamSize: unknow param 0x00008caa
04-16 21:03:04.027 7849 7889 E eglCodecCommon: glUtilsParamSize: unknow param 0x00000d02
04-16 21:03:04.038 7849 7889 E eglCodecCommon: glUtilsParamSize: unknow param 0x00008caa
04-16 21:03:04.096 7777 7792 E GeckoConsole: [JavaScript Error: "TypeError: can't access property "nodePrincipal", this.contentDocument is null" {file: "chrome://global/content/elements/browser-custom-element.js" line: 661}]
04-16 21:03:04.096 7777 7792 E GeckoConsole: get contentPrincipal@chrome://global/content/elements/browser-custom-element.js:661:1
04-16 21:03:04.096 7777 7792 E GeckoConsole: onLocationChange@resource://gre/modules/GeckoViewNavigation.sys.mjs:640:34
04-16 21:03:04.115 7777 7792 E GeckoConsole: [JavaScript Error: "TypeError: can't access property "title", this.contentDocument is null" {file: "chrome://global/content/elements/browser-custom-element.js" line: 630}]
04-16 21:03:04.115 7777 7792 E GeckoConsole: get contentTitle@chrome://global/content/elements/browser-custom-element.js:630:1
04-16 21:03:04.115 7777 7792 E GeckoConsole: handleEvent@resource://gre/modules/GeckoViewContent.sys.mjs:379:11
04-16 21:03:04.153 7849 7889 E eglCodecCommon: glUtilsParamSize: unknow param 0x00008caa
04-16 21:03:04.191 7849 7889 E eglCodecCommon: glUtilsParamSize: unknow param 0x00008caa
04-16 21:03:04.203 7849 7889 E eglCodecCommon: glUtilsParamSize: unknow param 0x00008caa
04-16 21:03:04.217 7849 7889 E eglCodecCommon: glUtilsParamSize: unknow param 0x00008caa
04-16 21:03:04.228 7849 7889 E eglCodecCommon: glUtilsParamSize: unknow param 0x00000d02
04-16 21:03:04.237 7849 7889 E eglCodecCommon: glUtilsParamSize: unknow param 0x00008caa
04-16 21:03:04.249 7777 7792 I Gecko : 1744837384249 Marionette INFO No differences allowed
04-16 21:03:04.335 7777 7792 I Gecko : 1744837384335 Marionette INFO Testing http://web-platform.test:8000/css/CSS2/text/text-transform-bicameral-006.xht == http://web-platform.test:8000/css/CSS2/text/text-transform-bicameral-006-ref.xht
04-16 21:03:04.374 7777 7792 E GeckoConsole: [JavaScript Error: "TypeError: can't access property "nodePrincipal", this.contentDocument is null" {file: "chrome://global/content/elements/browser-custom-element.js" line: 661}]
04-16 21:03:04.374 7777 7792 E GeckoConsole: get contentPrincipal@chrome://global/content/elements/browser-custom-element.js:661:1
04-16 21:03:04.374 7777 7792 E GeckoConsole: onLocationChange@resource://gre/modules/GeckoViewNavigation.sys.mjs:640:34
04-16 21:03:04.392 7777 7792 E GeckoConsole: [JavaScript Error: "TypeError: can't access property "title", this.contentDocument is null" {file: "chrome://global/content/elements/browser-custom-element.js" line: 630}]
04-16 21:03:04.392 7777 7792 E GeckoConsole: get contentTitle@chrome://global/content/elements/browser-custom-element.js:630:1
04-16 21:03:04.392 7777 7792 E GeckoConsole: handleEvent@resource://gre/modules/GeckoViewContent.sys.mjs:379:11
04-16 21:03:04.420 7849 7889 E eglCodecCommon: glUtilsParamSize: unknow param 0x00008caa
04-16 21:03:04.475 7849 7889 E eglCodecCommon: glUtilsParamSize: unknow param 0x00008caa
04-16 21:03:04.485 7849 7889 E eglCodecCommon: glUtilsParamSize: unknow param 0x00008caa
04-16 21:03:04.501 7849 7889 E eglCodecCommon: glUtilsParamSize: unknow param 0x00008caa
04-16 21:03:04.511 7849 7889 E eglCodecCommon: glUtilsParamSize: unknow param 0x00000d02
04-16 21:03:04.521 7849 7889 E eglCodecCommon: glUtilsParamSize: unknow param 0x00008caa
04-16 21:03:04.588 7777 7792 E GeckoConsole: [JavaScript Error: "TypeError: can't access property "nodePrincipal", this.contentDocument is null" {file: "chrome://global/content/elements/browser-custom-element.js" line: 661}]
04-16 21:03:04.588 7777 7792 E GeckoConsole: get contentPrincipal@chrome://global/content/elements/browser-custom-element.js:661:1
04-16 21:03:04.588 7777 7792 E GeckoConsole: onLocationChange@resource://gre/modules/GeckoViewNavigation.sys.mjs:640:34
04-16 21:03:04.619 7777 7792 E GeckoConsole: [JavaScript Error: "TypeError: can't access property "title", this.contentDocument is null" {file: "chrome://global/content/elements/browser-custom-element.js" line: 630}]
04-16 21:03:04.619 7777 7792 E GeckoConsole: get contentTitle@chrome://global/content/elements/browser-custom-element.js:630:1
04-16 21:03:04.619 7777 7792 E GeckoConsole: handleEvent@resource://gre/modules/GeckoViewContent.sys.mjs:379:11
04-16 21:03:04.636 7849 7889 E eglCodecCommon: glUtilsParamSize: unknow param 0x00008caa
04-16 21:03:04.675 7849 7889 E eglCodecCommon: glUtilsParamSize: unknow param 0x00008caa
04-16 21:03:04.685 7849 7889 E eglCodecCommon: glUtilsParamSize: unknow param 0x00008caa
04-16 21:03:04.701 7849 7889 E eglCodecCommon: glUtilsParamSize: unknow param 0x00008caa
04-16 21:03:04.711 7849 7889 E eglCodecCommon: glUtilsParamSize: unknow param 0x00000d02
04-16 21:03:04.720 7849 7889 E eglCodecCommon: glUtilsParamSize: unknow param 0x00008caa
04-16 21:03:04.729 7777 7792 I Gecko : 1744837384729 Marionette INFO No differences allowed
04-16 21:03:04.813 7777 7792 I Gecko : 1744837384813 Marionette INFO Testing http://web-platform.test:8000/css/CSS2/text/text-transform-bicameral-007.xht == http://web-platform.test:8000/css/CSS2/text/text-transform-bicameral-007-ref.xht
04-16 21:03:04.857 7777 7792 E GeckoConsole: [JavaScript Error: "TypeError: can't access property "nodePrincipal", this.contentDocument is null" {file: "chrome://global/content/elements/browser-custom-element.js" line: 661}]
04-16 21:03:04.857 7777 7792 E GeckoConsole: get contentPrincipal@chrome://global/content/elements/browser-custom-element.js:661:1
04-16 21:03:04.857 7777 7792 E GeckoConsole: onLocationChange@resource://gre/modules/GeckoViewNavigation.sys.mjs:640:34
04-16 21:03:04.892 7777 7792 E GeckoConsole: [JavaScript Error: "TypeError: can't access property "title", this.contentDocument is null" {file: "chrome://global/content/elements/browser-custom-element.js" line: 630}]
04-16 21:03:04.892 7777 7792 E GeckoConsole: get contentTitle@chrome://global/content/elements/browser-custom-element.js:630:1
04-16 21:03:04.892 7777 7792 E GeckoConsole: handleEvent@resource://gre/modules/GeckoViewContent.sys.mjs:379:11
04-16 21:03:04.925 7849 7889 E eglCodecCommon: glUtilsParamSize: unknow param 0x00008caa
04-16 21:03:04.927 7777 7792 W GeckoEventDispatcher: No listener for GeckoView:StateUpdated
04-16 21:03:04.979 7849 7889 E eglCodecCommon: glUtilsParamSize: unknow param 0x00008caa
04-16 21:03:04.991 7849 7889 E eglCodecCommon: glUtilsParamSize: unknow param 0x00008caa
04-16 21:03:05.001 7849 7889 E eglCodecCommon: glUtilsParamSize: unknow param 0x00008caa
04-16 21:03:05.010 7849 7889 E eglCodecCommon: glUtilsParamSize: unknow param 0x00000d02
04-16 21:03:05.026 7849 7889 E eglCodecCommon: glUtilsParamSize: unknow param 0x00008caa
04-16 21:03:05.090 7777 7792 E GeckoConsole: [JavaScript Error: "TypeError: can't access property "nodePrincipal", this.contentDocument is null" {file: "chrome://global/content/elements/browser-custom-element.js" line: 661}]
04-16 21:03:05.090 7777 7792 E GeckoConsole: get contentPrincipal@chrome://global/content/elements/browser-custom-element.js:661:1
04-16 21:03:05.090 7777 7792 E GeckoConsole: onLocationChange@resource://gre/modules/GeckoViewNavigation.sys.mjs:640:34
04-16 21:03:05.136 7777 7792 E GeckoConsole: [JavaScript Error: "TypeError: can't access property "title", this.contentDocument is null" {file: "chrome://global/content/elements/browser-custom-element.js" line: 630}]
04-16 21:03:05.136 7777 7792 E GeckoConsole: get contentTitle@chrome://global/content/elements/browser-custom-element.js:630:1
04-16 21:03:05.136 7777 7792 E GeckoConsole: handleEvent@resource://gre/modules/GeckoViewContent.sys.mjs:379:11
04-16 21:03:05.170 7849 7889 E eglCodecCommon: glUtilsParamSize: unknow param 0x00008caa
04-16 21:03:05.215 7849 7889 E eglCodecCommon: glUtilsParamSize: unknow param 0x00008caa
04-16 21:03:05.225 7849 7889 E eglCodecCommon: glUtilsParamSize: unknow param 0x00008caa
04-16 21:03:05.235 7849 7889 E eglCodecCommon: glUtilsParamSize: unknow param 0x00008caa
04-16 21:03:05.244 7849 7889 E eglCodecCommon: glUtilsParamSize: unknow param 0x00000d02
04-16 21:03:05.258 7849 7889 E eglCodecCommon: glUtilsParamSize: unknow param 0x00008caa
04-16 21:03:05.266 7777 7792 I Gecko : 1744837385266 Marionette INFO No differences allowed
04-16 21:03:05.351 7777 7792 I Gecko : 1744837385351 Marionette INFO Testing http://web-platform.test:8000/css/CSS2/text/text-transform-bicameral-008.xht == http://web-platform.test:8000/css/CSS2/text/text-transform-bicameral-008-ref.xht
04-16 21:03:05.392 7777 7792 E GeckoConsole: [JavaScript Error: "TypeError: can't access property "nodePrincipal", this.contentDocument is null" {file: "chrome://global/content/elements/browser-custom-element.js" line: 661}]
04-16 21:03:05.392 7777 7792 E GeckoConsole: get contentPrincipal@chrome://global/content/elements/browser-custom-element.js:661:1
04-16 21:03:05.392 7777 7792 E GeckoConsole: onLocationChange@resource://gre/modules/GeckoViewNavigation.sys.mjs:640:34
04-16 21:03:05.425 7777 7792 E GeckoConsole: [JavaScript Error: "TypeError: can't access property "title", this.contentDocument is null" {file: "chrome://global/content/elements/browser-custom-element.js" line: 630}]
04-16 21:03:05.425 7777 7792 E GeckoConsole: get contentTitle@chrome://global/content/elements/browser-custom-element.js:630:1
04-16 21:03:05.425 7777 7792 E GeckoConsole: handleEvent@resource://gre/modules/GeckoViewContent.sys.mjs:379:11
04-16 21:03:05.456 7849 7889 E eglCodecCommon: glUtilsParamSize: unknow param 0x00008caa
04-16 21:03:05.513 7849 7889 E eglCodecCommon: glUtilsParamSize: unknow param 0x00008caa
04-16 21:03:05.525 7849 7889 E eglCodecCommon: glUtilsParamSize: unknow param 0x00008caa
04-16 21:03:05.534 7849 7889 E eglCodecCommon: glUtilsParamSize: unknow param 0x00008caa
04-16 21:03:05.544 7849 7889 E eglCodecCommon: glUtilsParamSize: unknow param 0x00000d02
04-16 21:03:05.563 7849 7889 E eglCodecCommon: glUtilsParamSize: unknow param 0x00008caa
04-16 21:03:05.628 7777 7792 E GeckoConsole: [JavaScript Error: "TypeError: can't access property "nodePrincipal", this.contentDocument is null" {file: "chrome://global/content/elements/browser-custom-element.js" line: 661}]
04-16 21:03:05.628 7777 7792 E GeckoConsole: get contentPrincipal@chrome://global/content/elements/browser-custom-element.js:661:1
04-16 21:03:05.628 7777 7792 E GeckoConsole: onLocationChange@resource://gre/modules/GeckoViewNavigation.sys.mjs:640:34
04-16 21:03:05.675 7777 7792 E GeckoConsole: [JavaScript Error: "TypeError: can't access property "title", this.contentDocument is null" {file: "chrome://global/content/elements/browser-custom-element.js" line: 630}]
04-16 21:03:05.675 7777 7792 E GeckoConsole: get contentTitle@chrome://global/content/elements/browser-custom-element.js:630:1
04-16 21:03:05.675 7777 7792 E GeckoConsole: handleEvent@resource://gre/modules/GeckoViewContent.sys.mjs:379:11
04-16 21:03:05.703 7849 7889 E eglCodecCommon: glUtilsParamSize: unknow param 0x00008caa
04-16 21:03:05.759 7849 7889 E eglCodecCommon: glUtilsParamSize: unknow param 0x00008caa
04-16 21:03:05.769 7849 7889 E eglCodecCommon: glUtilsParamSize: unknow param 0x00008caa
04-16 21:03:05.784 7849 7889 E eglCodecCommon: glUtilsParamSize: unknow param 0x00008caa
04-16 21:03:05.794 7849 7889 E eglCodecCommon: glUtilsParamSize: unknow param 0x00000d02
04-16 21:03:05.808 7849 7889 E eglCodecCommon: glUtilsParamSize: unknow param 0x00008caa
04-16 21:03:05.818 7777 7792 I Gecko : 1744837385818 Marionette INFO No differences allowed
04-16 21:03:05.904 7777 7792 I Gecko : 1744837385904 Marionette INFO Testing http://web-platform.test:8000/css/CSS2/text/text-transform-bicameral-009.xht == http://web-platform.test:8000/css/CSS2/text/text-transform-bicameral-009-ref.xht
04-16 21:03:05.945 7777 7792 E GeckoConsole: [JavaScript Error: "TypeError: can't access property "nodePrincipal", this.contentDocument is null" {file: "chrome://global/content/elements/browser-custom-element.js" line: 661}]
04-16 21:03:05.945 7777 7792 E GeckoConsole: get contentPrincipal@chrome://global/content/elements/browser-custom-element.js:661:1
04-16 21:03:05.945 7777 7792 E GeckoConsole: onLocationChange@resource://gre/modules/GeckoViewNavigation.sys.mjs:640:34
04-16 21:03:05.969 7777 7792 E GeckoConsole: [JavaScript Error: "TypeError: can't access property "title", this.contentDocument is null" {file: "chrome://global/content/elements/browser-custom-element.js" line: 630}]
04-16 21:03:05.969 7777 7792 E GeckoConsole: get contentTitle@chrome://global/content/elements/browser-custom-element.js:630:1
04-16 21:03:05.969 7777 7792 E GeckoConsole: handleEvent@resource://gre/modules/GeckoViewContent.sys.mjs:379:11
04-16 21:03:06.003 7849 7889 E eglCodecCommon: glUtilsParamSize: unknow param 0x00008caa
04-16 21:03:06.059 7849 7889 E eglCodecCommon: glUtilsParamSize: unknow param 0x00008caa
04-16 21:03:06.069 7849 7889 E eglCodecCommon: glUtilsParamSize: unknow param 0x00008caa
04-16 21:03:06.084 7849 7889 E eglCodecCommon: glUtilsParamSize: unknow param 0x00008caa
04-16 21:03:06.095 7849 7889 E eglCodecCommon: glUtilsParamSize: unknow param 0x00000d02
04-16 21:03:06.110 7849 7889 E eglCodecCommon: glUtilsParamSize: unknow param 0x00008caa
04-16 21:03:06.134 7777 7792 W GeckoEventDispatcher: No listener for GeckoView:StateUpdated
04-16 21:03:06.181 7777 7792 E GeckoConsole: [JavaScript Error: "TypeError: can't access property "nodePrincipal", this.contentDocument is null" {file: "chrome://global/content/elements/browser-custom-element.js" line: 661}]
04-16 21:03:06.181 7777 7792 E GeckoConsole: get contentPrincipal@chrome://global/content/elements/browser-custom-element.js:661:1
04-16 21:03:06.181 7777 7792 E GeckoConsole: onLocationChange@resource://gre/modules/GeckoViewNavigation.sys.mjs:640:34
04-16 21:03:06.202 7777 7792 E GeckoConsole: [JavaScript Error: "TypeError: can't access property "title", this.contentDocument is null" {file: "chrome://global/content/elements/browser-custom-element.js" line: 630}]
04-16 21:03:06.202 7777 7792 E GeckoConsole: get contentTitle@chrome://global/content/elements/browser-custom-element.js:630:1
04-16 21:03:06.202 7777 7792 E GeckoConsole: handleEvent@resource://gre/modules/GeckoViewContent.sys.mjs:379:11
04-16 21:03:06.236 7849 7889 E eglCodecCommon: glUtilsParamSize: unknow param 0x00008caa
04-16 21:03:06.291 7849 7889 E eglCodecCommon: glUtilsParamSize: unknow param 0x00008caa
04-16 21:03:06.302 7849 7889 E eglCodecCommon: glUtilsParamSize: unknow param 0x00008caa
04-16 21:03:06.318 7849 7889 E eglCodecCommon: glUtilsParamSize: unknow param 0x00008caa
04-16 21:03:06.328 7849 7889 E eglCodecCommon: glUtilsParamSize: unknow param 0x00000d02
04-16 21:03:06.341 7849 7889 E eglCodecCommon: glUtilsParamSize: unknow param 0x00008caa
04-16 21:03:06.359 7777 7792 I Gecko : 1744837386359 Marionette INFO No differences allowed
04-16 21:03:06.448 7777 7792 I Gecko : 1744837386448 Marionette INFO Testing http://web-platform.test:8000/css/CSS2/text/text-transform-bicameral-010.xht == http://web-platform.test:8000/css/CSS2/text/text-transform-bicameral-010-ref.xht
04-16 21:03:06.485 7777 7792 E GeckoConsole: [JavaScript Error: "TypeError: can't access property "nodePrincipal", this.contentDocument is null" {file: "chrome://global/content/elements/browser-custom-element.js" line: 661}]
04-16 21:03:06.485 7777 7792 E GeckoConsole: get contentPrincipal@chrome://global/content/elements/browser-custom-element.js:661:1
04-16 21:03:06.485 7777 7792 E GeckoConsole: onLocationChange@resource://gre/modules/GeckoViewNavigation.sys.mjs:640:34
04-16 21:03:06.507 7777 7792 E GeckoConsole: [JavaScript Error: "TypeError: can't access property "title", this.contentDocument is null" {file: "chrome://global/content/elements/browser-custom-element.js" line: 630}]
04-16 21:03:06.507 7777 7792 E GeckoConsole: get contentTitle@chrome://global/content/elements/browser-custom-element.js:630:1
04-16 21:03:06.507 7777 7792 E GeckoConsole: handleEvent@resource://gre/modules/GeckoViewContent.sys.mjs:379:11
04-16 21:03:06.536 7849 7889 E eglCodecCommon: glUtilsParamSize: unknow param 0x00008caa
04-16 21:03:06.591 7849 7889 E eglCodecCommon: glUtilsParamSize: unknow param 0x00008caa
04-16 21:03:06.602 7849 7889 E eglCodecCommon: glUtilsParamSize: unknow param 0x00008caa
04-16 21:03:06.618 7849 7889 E eglCodecCommon: glUtilsParamSize: unknow param 0x00008caa
04-16 21:03:06.627 7849 7889 E eglCodecCommon: glUtilsParamSize: unknow param 0x00000d02
04-16 21:03:06.654 7849 7889 E eglCodecCommon: glUtilsParamSize: unknow param 0x00008caa
04-16 21:03:06.703 7777 7792 E GeckoConsole: [JavaScript Error: "TypeError: can't access property "nodePrincipal", this.contentDocument is null" {file: "chrome://global/content/elements/browser-custom-element.js" line: 661}]
04-16 21:03:06.703 7777 7792 E GeckoConsole: get contentPrincipal@chrome://global/content/elements/browser-custom-element.js:661:1
04-16 21:03:06.703 7777 7792 E GeckoConsole: onLocationChange@resource://gre/modules/GeckoViewNavigation.sys.mjs:640:34
04-16 21:03:06.725 7777 7792 E GeckoConsole: [JavaScript Error: "TypeError: can't access property "title", this.contentDocument is null" {file: "chrome://global/content/elements/browser-custom-element.js" line: 630}]
04-16 21:03:06.725 7777 7792 E GeckoConsole: get contentTitle@chrome://global/content/elements/browser-custom-element.js:630:1
04-16 21:03:06.725 7777 7792 E GeckoConsole: handleEvent@resource://gre/modules/GeckoViewContent.sys.mjs:379:11
04-16 21:03:06.753 7849 7889 E eglCodecCommon: glUtilsParamSize: unknow param 0x00008caa
04-16 21:03:06.808 7849 7889 E eglCodecCommon: glUtilsParamSize: unknow param 0x00008caa
04-16 21:03:06.819 7849 7889 E eglCodecCommon: glUtilsParamSize: unknow param 0x00008caa
04-16 21:03:06.834 7849 7889 E eglCodecCommon: glUtilsParamSize: unknow param 0x00008caa
04-16 21:03:06.843 7849 7889 E eglCodecCommon: glUtilsParamSize: unknow param 0x00000d02
04-16 21:03:06.855 7849 7889 E eglCodecCommon: glUtilsParamSize: unknow param 0x00008caa
04-16 21:03:06.873 7777 7792 I Gecko : 1744837386872 Marionette INFO No differences allowed
04-16 21:03:06.965 7777 7792 I Gecko : 1744837386965 Marionette INFO Testing http://web-platform.test:8000/css/CSS2/text/text-transform-bicameral-011.xht == http://web-platform.test:8000/css/CSS2/text/text-transform-bicameral-011-ref.xht
04-16 21:03:07.003 7777 7792 E GeckoConsole: [JavaScript Error: "TypeError: can't access property "nodePrincipal", this.contentDocument is null" {file: "chrome://global/content/elements/browser-custom-element.js" line: 661}]
04-16 21:03:07.003 7777 7792 E GeckoConsole: get contentPrincipal@chrome://global/content/elements/browser-custom-element.js:661:1
04-16 21:03:07.003 7777 7792 E GeckoConsole: onLocationChange@resource://gre/modules/GeckoViewNavigation.sys.mjs:640:34
04-16 21:03:07.037 7777 7792 E GeckoConsole: [JavaScript Error: "TypeError: can't access property "title", this.contentDocument is null" {file: "chrome://global/content/elements/browser-custom-element.js" line: 630}]
04-16 21:03:07.037 7777 7792 E GeckoConsole: get contentTitle@chrome://global/content/elements/browser-custom-element.js:630:1
04-16 21:03:07.037 7777 7792 E GeckoConsole: handleEvent@resource://gre/modules/GeckoViewContent.sys.mjs:379:11
04-16 21:03:07.060 7849 7889 E eglCodecCommon: glUtilsParamSize: unknow param 0x00008caa
04-16 21:03:07.125 7849 7889 E eglCodecCommon: glUtilsParamSize: unknow param 0x00008caa
04-16 21:03:07.136 7849 7889 E eglCodecCommon: glUtilsParamSize: unknow param 0x00008caa
04-16 21:03:07.151 7849 7889 E eglCodecCommon: glUtilsParamSize: unknow param 0x00008caa
04-16 21:03:07.161 7849 7889 E eglCodecCommon: glUtilsParamSize: unknow param 0x00000d02
04-16 21:03:07.171 7849 7889 E eglCodecCommon: glUtilsParamSize: unknow param 0x00008caa
04-16 21:03:07.202 7777 7792 W GeckoEventDispatcher: No listener for GeckoView:StateUpdated
04-16 21:03:07.248 7777 7792 E GeckoConsole: [JavaScript Error: "TypeError: can't access property "nodePrincipal", this.contentDocument is null" {file: "chrome://global/content/elements/browser-custom-element.js" line: 661}]
04-16 21:03:07.248 7777 7792 E GeckoConsole: get contentPrincipal@chrome://global/content/elements/browser-custom-element.js:661:1
04-16 21:03:07.248 7777 7792 E GeckoConsole: onLocationChange@resource://gre/modules/GeckoViewNavigation.sys.mjs:640:34
04-16 21:03:07.289 7777 7792 E GeckoConsole: [JavaScript Error: "TypeError: can't access property "title", this.contentDocument is null" {file: "chrome://global/content/elements/browser-custom-element.js" line: 630}]
04-16 21:03:07.289 7777 7792 E GeckoConsole: get contentTitle@chrome://global/content/elements/browser-custom-element.js:630:1
04-16 21:03:07.289 7777 7792 E GeckoConsole: handleEvent@resource://gre/modules/GeckoViewContent.sys.mjs:379:11
04-16 21:03:07.319 7849 7889 E eglCodecCommon: glUtilsParamSize: unknow param 0x00008caa
04-16 21:03:07.375 7849 7889 E eglCodecCommon: glUtilsParamSize: unknow param 0x00008caa
04-16 21:03:07.386 7849 7889 E eglCodecCommon: glUtilsParamSize: unknow param 0x00008caa
04-16 21:03:07.401 7849 7889 E eglCodecCommon: glUtilsParamSize: unknow param 0x00008caa
04-16 21:03:07.410 7849 7889 E eglCodecCommon: glUtilsParamSize: unknow param 0x00000d02
04-16 21:03:07.421 7849 7889 E eglCodecCommon: glUtilsParamSize: unknow param 0x00008caa
04-16 21:03:07.432 7777 7792 I Gecko : 1744837387432 Marionette INFO No differences allowed
