04-16 21:00:07.845 3946 3961 E GeckoConsole: get contentTitle@chrome://global/content/elements/browser-custom-element.js:630:1
04-16 21:00:07.845 3946 3961 E GeckoConsole: handleEvent@resource://gre/modules/GeckoViewContent.sys.mjs:379:11
04-16 21:00:07.870 4016 4057 E eglCodecCommon: glUtilsParamSize: unknow param 0x00008caa
04-16 21:00:07.887 4016 4057 E eglCodecCommon: glUtilsParamSize: unknow param 0x00008caa
04-16 21:00:07.903 4016 4057 E eglCodecCommon: glUtilsParamSize: unknow param 0x00008caa
04-16 21:00:07.927 4016 4057 E eglCodecCommon: glUtilsParamSize: unknow param 0x00008caa
04-16 21:00:07.941 4016 4057 E eglCodecCommon: glUtilsParamSize: unknow param 0x00008caa
04-16 21:00:07.961 4016 4057 E eglCodecCommon: glUtilsParamSize: unknow param 0x00008caa
04-16 21:00:07.977 4016 4057 E eglCodecCommon: glUtilsParamSize: unknow param 0x00000d02
04-16 21:00:07.991 4016 4057 E eglCodecCommon: glUtilsParamSize: unknow param 0x00008caa
04-16 21:00:08.001 3946 3961 I Gecko : 1744837208001 Marionette INFO No differences allowed
04-16 21:00:08.086 3946 3961 I Gecko : 1744837208086 Marionette INFO Testing http://web-platform.test:8000/css/CSS2/box-display/containing-block-022.xht == http://web-platform.test:8000/css/CSS2/box-display/containing-block-020-ref.xht
04-16 21:00:08.131 3946 3961 E GeckoConsole: [JavaScript Error: "TypeError: can't access property "nodePrincipal", this.contentDocument is null" {file: "chrome://global/content/elements/browser-custom-element.js" line: 661}]
04-16 21:00:08.131 3946 3961 E GeckoConsole: get contentPrincipal@chrome://global/content/elements/browser-custom-element.js:661:1
04-16 21:00:08.131 3946 3961 E GeckoConsole: onLocationChange@resource://gre/modules/GeckoViewNavigation.sys.mjs:640:34
04-16 21:00:08.147 3946 3961 E GeckoConsole: [JavaScript Error: "TypeError: can't access property "title", this.contentDocument is null" {file: "chrome://global/content/elements/browser-custom-element.js" line: 630}]
04-16 21:00:08.147 3946 3961 E GeckoConsole: get contentTitle@chrome://global/content/elements/browser-custom-element.js:630:1
04-16 21:00:08.147 3946 3961 E GeckoConsole: handleEvent@resource://gre/modules/GeckoViewContent.sys.mjs:379:11
04-16 21:00:08.170 4016 4057 E eglCodecCommon: glUtilsParamSize: unknow param 0x00008caa
04-16 21:00:08.187 4016 4057 E eglCodecCommon: glUtilsParamSize: unknow param 0x00008caa
04-16 21:00:08.203 4016 4057 E eglCodecCommon: glUtilsParamSize: unknow param 0x00008caa
04-16 21:00:08.228 4016 4057 E eglCodecCommon: glUtilsParamSize: unknow param 0x00008caa
04-16 21:00:08.245 4016 4057 E eglCodecCommon: glUtilsParamSize: unknow param 0x00008caa
04-16 21:00:08.270 4016 4057 E eglCodecCommon: glUtilsParamSize: unknow param 0x00008caa
04-16 21:00:08.279 4016 4057 E eglCodecCommon: glUtilsParamSize: unknow param 0x00000d02
04-16 21:00:08.287 4016 4057 E eglCodecCommon: glUtilsParamSize: unknow param 0x00008caa
04-16 21:00:08.297 3946 3961 I Gecko : 1744837208297 Marionette INFO No differences allowed
04-16 21:00:08.385 3946 3961 I Gecko : 1744837208385 Marionette INFO Testing http://web-platform.test:8000/css/CSS2/box-display/containing-block-023.xht == http://web-platform.test:8000/css/CSS2/box-display/containing-block-023-ref.xht
04-16 21:00:08.426 3946 3961 E GeckoConsole: [JavaScript Error: "TypeError: can't access property "nodePrincipal", this.contentDocument is null" {file: "chrome://global/content/elements/browser-custom-element.js" line: 661}]
04-16 21:00:08.426 3946 3961 E GeckoConsole: get contentPrincipal@chrome://global/content/elements/browser-custom-element.js:661:1
04-16 21:00:08.426 3946 3961 E GeckoConsole: onLocationChange@resource://gre/modules/GeckoViewNavigation.sys.mjs:640:34
04-16 21:00:08.443 3946 3961 E GeckoConsole: [JavaScript Error: "TypeError: can't access property "title", this.contentDocument is null" {file: "chrome://global/content/elements/browser-custom-element.js" line: 630}]
04-16 21:00:08.443 3946 3961 E GeckoConsole: get contentTitle@chrome://global/content/elements/browser-custom-element.js:630:1
04-16 21:00:08.443 3946 3961 E GeckoConsole: handleEvent@resource://gre/modules/GeckoViewContent.sys.mjs:379:11
04-16 21:00:08.469 4016 4057 E eglCodecCommon: glUtilsParamSize: unknow param 0x00008caa
04-16 21:00:08.489 4016 4057 E eglCodecCommon: glUtilsParamSize: unknow param 0x00008caa
04-16 21:00:08.499 3946 3961 W GeckoEventDispatcher: No listener for GeckoView:StateUpdated
04-16 21:00:08.506 4016 4057 E eglCodecCommon: glUtilsParamSize: unknow param 0x00008caa
04-16 21:00:08.533 4016 4057 E eglCodecCommon: glUtilsParamSize: unknow param 0x00008caa
04-16 21:00:08.552 4016 4057 E eglCodecCommon: glUtilsParamSize: unknow param 0x00008caa
04-16 21:00:08.567 4016 4057 E eglCodecCommon: glUtilsParamSize: unknow param 0x00008caa
04-16 21:00:08.585 4016 4057 E eglCodecCommon: glUtilsParamSize: unknow param 0x00008caa
04-16 21:00:08.594 4016 4057 E eglCodecCommon: glUtilsParamSize: unknow param 0x00000d02
04-16 21:00:08.605 4016 4057 E eglCodecCommon: glUtilsParamSize: unknow param 0x00008caa
04-16 21:00:08.676 3946 3961 E GeckoConsole: [JavaScript Error: "TypeError: can't access property "nodePrincipal", this.contentDocument is null" {file: "chrome://global/content/elements/browser-custom-element.js" line: 661}]
04-16 21:00:08.676 3946 3961 E GeckoConsole: get contentPrincipal@chrome://global/content/elements/browser-custom-element.js:661:1
04-16 21:00:08.676 3946 3961 E GeckoConsole: onLocationChange@resource://gre/modules/GeckoViewNavigation.sys.mjs:640:34
04-16 21:00:08.694 3946 3961 E GeckoConsole: [JavaScript Error: "TypeError: can't access property "title", this.contentDocument is null" {file: "chrome://global/content/elements/browser-custom-element.js" line: 630}]
04-16 21:00:08.694 3946 3961 E GeckoConsole: get contentTitle@chrome://global/content/elements/browser-custom-element.js:630:1
04-16 21:00:08.694 3946 3961 E GeckoConsole: handleEvent@resource://gre/modules/GeckoViewContent.sys.mjs:379:11
04-16 21:00:08.719 4016 4057 E eglCodecCommon: glUtilsParamSize: unknow param 0x00008caa
04-16 21:00:08.776 4016 4057 E eglCodecCommon: glUtilsParamSize: unknow param 0x00008caa
04-16 21:00:08.788 4016 4057 E eglCodecCommon: glUtilsParamSize: unknow param 0x00008caa
04-16 21:00:08.801 4016 4057 E eglCodecCommon: glUtilsParamSize: unknow param 0x00008caa
04-16 21:00:08.813 4016 4057 E eglCodecCommon: glUtilsParamSize: unknow param 0x00000d02
04-16 21:00:08.837 4016 4057 E eglCodecCommon: glUtilsParamSize: unknow param 0x00008caa
04-16 21:00:08.861 3946 3961 I Gecko : 1744837208861 Marionette INFO No differences allowed
04-16 21:00:08.979 3946 3961 I Gecko : 1744837208979 Marionette INFO Testing http://web-platform.test:8000/css/CSS2/box-display/containing-block-026.xht == http://web-platform.test:8000/css/CSS2/reference/ref-filled-green-100px-square.xht
04-16 21:00:09.020 3946 3961 E GeckoConsole: [JavaScript Error: "TypeError: can't access property "nodePrincipal", this.contentDocument is null" {file: "chrome://global/content/elements/browser-custom-element.js" line: 661}]
04-16 21:00:09.020 3946 3961 E GeckoConsole: get contentPrincipal@chrome://global/content/elements/browser-custom-element.js:661:1
04-16 21:00:09.020 3946 3961 E GeckoConsole: onLocationChange@resource://gre/modules/GeckoViewNavigation.sys.mjs:640:34
04-16 21:00:09.036 3946 3961 E GeckoConsole: [JavaScript Error: "TypeError: can't access property "title", this.contentDocument is null" {file: "chrome://global/content/elements/browser-custom-element.js" line: 630}]
04-16 21:00:09.036 3946 3961 E GeckoConsole: get contentTitle@chrome://global/content/elements/browser-custom-element.js:630:1
04-16 21:00:09.036 3946 3961 E GeckoConsole: handleEvent@resource://gre/modules/GeckoViewContent.sys.mjs:379:11
04-16 21:00:09.057 4016 4057 E eglCodecCommon: glUtilsParamSize: unknow param 0x00008caa
04-16 21:00:09.108 4016 4057 E eglCodecCommon: glUtilsParamSize: unknow param 0x00008caa
04-16 21:00:09.120 4016 4057 E eglCodecCommon: glUtilsParamSize: unknow param 0x00008caa
04-16 21:00:09.134 4016 4057 E eglCodecCommon: glUtilsParamSize: unknow param 0x00008caa
04-16 21:00:09.146 4016 4057 E eglCodecCommon: glUtilsParamSize: unknow param 0x00000d02
04-16 21:00:09.173 4016 4057 E eglCodecCommon: glUtilsParamSize: unknow param 0x00008caa
04-16 21:00:09.194 3946 3961 I Gecko : 1744837209194 Marionette INFO No differences allowed
04-16 21:00:09.317 3946 3961 I Gecko : 1744837209317 Marionette INFO Testing http://web-platform.test:8000/css/CSS2/box-display/containing-block-027.xht == http://web-platform.test:8000/css/CSS2/box-display/containing-block-027-ref.xht
04-16 21:00:09.369 3946 3961 E GeckoConsole: [JavaScript Error: "TypeError: can't access property "nodePrincipal", this.contentDocument is null" {file: "chrome://global/content/elements/browser-custom-element.js" line: 661}]
04-16 21:00:09.369 3946 3961 E GeckoConsole: get contentPrincipal@chrome://global/content/elements/browser-custom-element.js:661:1
04-16 21:00:09.369 3946 3961 E GeckoConsole: onLocationChange@resource://gre/modules/GeckoViewNavigation.sys.mjs:640:34
04-16 21:00:09.395 4016 4057 E eglCodecCommon: glUtilsParamSize: unknow param 0x00008caa
04-16 21:00:09.401 3946 3961 E GeckoConsole: [JavaScript Error: "TypeError: can't access property "title", this.contentDocument is null" {file: "chrome://global/content/elements/browser-custom-element.js" line: 630}]
04-16 21:00:09.401 3946 3961 E GeckoConsole: get contentTitle@chrome://global/content/elements/browser-custom-element.js:630:1
04-16 21:00:09.401 3946 3961 E GeckoConsole: handleEvent@resource://gre/modules/GeckoViewContent.sys.mjs:379:11
04-16 21:00:09.436 4016 4057 E eglCodecCommon: glUtilsParamSize: unknow param 0x00008caa
04-16 21:00:09.470 4016 4057 E eglCodecCommon: glUtilsParamSize: unknow param 0x00008caa
04-16 21:00:09.503 4016 4057 E eglCodecCommon: glUtilsParamSize: unknow param 0x00008caa
04-16 21:00:09.528 4016 4057 E eglCodecCommon: glUtilsParamSize: unknow param 0x00008caa
04-16 21:00:09.545 4016 4057 E eglCodecCommon: glUtilsParamSize: unknow param 0x00008caa
04-16 21:00:09.558 4016 4057 E eglCodecCommon: glUtilsParamSize: unknow param 0x00008caa
04-16 21:00:09.569 4016 4057 E eglCodecCommon: glUtilsParamSize: unknow param 0x00000d02
04-16 21:00:09.592 4016 4057 E eglCodecCommon: glUtilsParamSize: unknow param 0x00008caa
04-16 21:00:09.651 3946 3961 E GeckoConsole: [JavaScript Error: "TypeError: can't access property "nodePrincipal", this.contentDocument is null" {file: "chrome://global/content/elements/browser-custom-element.js" line: 661}]
04-16 21:00:09.651 3946 3961 E GeckoConsole: get contentPrincipal@chrome://global/content/elements/browser-custom-element.js:661:1
04-16 21:00:09.651 3946 3961 E GeckoConsole: onLocationChange@resource://gre/modules/GeckoViewNavigation.sys.mjs:640:34
04-16 21:00:09.667 3946 3961 E GeckoConsole: [JavaScript Error: "TypeError: can't access property "title", this.contentDocument is null" {file: "chrome://global/content/elements/browser-custom-element.js" line: 630}]
04-16 21:00:09.667 3946 3961 E GeckoConsole: get contentTitle@chrome://global/content/elements/browser-custom-element.js:630:1
04-16 21:00:09.667 3946 3961 E GeckoConsole: handleEvent@resource://gre/modules/GeckoViewContent.sys.mjs:379:11
04-16 21:00:09.703 4016 4057 E eglCodecCommon: glUtilsParamSize: unknow param 0x00008caa
04-16 21:00:09.711 3946 3961 W GeckoEventDispatcher: No listener for GeckoView:StateUpdated
04-16 21:00:09.759 4016 4057 E eglCodecCommon: glUtilsParamSize: unknow param 0x00008caa
04-16 21:00:09.769 4016 4057 E eglCodecCommon: glUtilsParamSize: unknow param 0x00008caa
04-16 21:00:09.787 4016 4057 E eglCodecCommon: glUtilsParamSize: unknow param 0x00008caa
04-16 21:00:09.798 4016 4057 E eglCodecCommon: glUtilsParamSize: unknow param 0x00000d02
04-16 21:00:09.808 4016 4057 E eglCodecCommon: glUtilsParamSize: unknow param 0x00008caa
04-16 21:00:09.818 3946 3961 I Gecko : 1744837209817 Marionette INFO No differences allowed
04-16 21:00:09.906 3946 3961 I Gecko : 1744837209906 Marionette INFO Testing http://web-platform.test:8000/css/CSS2/box-display/containing-block-028.xht == http://web-platform.test:8000/css/CSS2/box-display/containing-block-028-ref.xht
04-16 21:00:09.948 3946 3961 E GeckoConsole: [JavaScript Error: "TypeError: can't access property "nodePrincipal", this.contentDocument is null" {file: "chrome://global/content/elements/browser-custom-element.js" line: 661}]
04-16 21:00:09.948 3946 3961 E GeckoConsole: get contentPrincipal@chrome://global/content/elements/browser-custom-element.js:661:1
04-16 21:00:09.948 3946 3961 E GeckoConsole: onLocationChange@resource://gre/modules/GeckoViewNavigation.sys.mjs:640:34
04-16 21:00:09.970 3946 3961 E GeckoConsole: [JavaScript Error: "TypeError: can't access property "title", this.contentDocument is null" {file: "chrome://global/content/elements/browser-custom-element.js" line: 630}]
04-16 21:00:09.970 3946 3961 E GeckoConsole: get contentTitle@chrome://global/content/elements/browser-custom-element.js:630:1
04-16 21:00:09.970 3946 3961 E GeckoConsole: handleEvent@resource://gre/modules/GeckoViewContent.sys.mjs:379:11
04-16 21:00:10.002 4016 4057 E eglCodecCommon: glUtilsParamSize: unknow param 0x00008caa
04-16 21:00:10.037 4016 4057 E eglCodecCommon: glUtilsParamSize: unknow param 0x00008caa
04-16 21:00:10.059 4016 4057 E eglCodecCommon: glUtilsParamSize: unknow param 0x00008caa
04-16 21:00:10.071 4016 4057 E eglCodecCommon: glUtilsParamSize: unknow param 0x00008caa
04-16 21:00:10.091 4016 4057 E eglCodecCommon: glUtilsParamSize: unknow param 0x00008caa
04-16 21:00:10.101 4016 4057 E eglCodecCommon: glUtilsParamSize: unknow param 0x00000d02
04-16 21:00:10.115 4016 4057 E eglCodecCommon: glUtilsParamSize: unknow param 0x00008caa
04-16 21:00:10.185 3946 3961 E GeckoConsole: [JavaScript Error: "TypeError: can't access property "nodePrincipal", this.contentDocument is null" {file: "chrome://global/content/elements/browser-custom-element.js" line: 661}]
04-16 21:00:10.185 3946 3961 E GeckoConsole: get contentPrincipal@chrome://global/content/elements/browser-custom-element.js:661:1
04-16 21:00:10.185 3946 3961 E GeckoConsole: onLocationChange@resource://gre/modules/GeckoViewNavigation.sys.mjs:640:34
04-16 21:00:10.200 3946 3961 E GeckoConsole: [JavaScript Error: "TypeError: can't access property "title", this.contentDocument is null" {file: "chrome://global/content/elements/browser-custom-element.js" line: 630}]
04-16 21:00:10.200 3946 3961 E GeckoConsole: get contentTitle@chrome://global/content/elements/browser-custom-element.js:630:1
04-16 21:00:10.200 3946 3961 E GeckoConsole: handleEvent@resource://gre/modules/GeckoViewContent.sys.mjs:379:11
04-16 21:00:10.236 4016 4057 E eglCodecCommon: glUtilsParamSize: unknow param 0x00008caa
04-16 21:00:10.291 4016 4057 E eglCodecCommon: glUtilsParamSize: unknow param 0x00008caa
04-16 21:00:10.301 4016 4057 E eglCodecCommon: glUtilsParamSize: unknow param 0x00008caa
04-16 21:00:10.318 4016 4057 E eglCodecCommon: glUtilsParamSize: unknow param 0x00008caa
04-16 21:00:10.327 4016 4057 E eglCodecCommon: glUtilsParamSize: unknow param 0x00000d02
04-16 21:00:10.340 4016 4057 E eglCodecCommon: glUtilsParamSize: unknow param 0x00008caa
04-16 21:00:10.346 3946 3961 I Gecko : 1744837210346 Marionette INFO No differences allowed
04-16 21:00:10.433 3946 3961 I Gecko : 1744837210433 Marionette INFO Testing http://web-platform.test:8000/css/CSS2/box-display/containing-block-029.xht == http://web-platform.test:8000/css/CSS2/box-display/containing-block-029-ref.xht
04-16 21:00:10.472 3946 3961 E GeckoConsole: [JavaScript Error: "TypeError: can't access property "nodePrincipal", this.contentDocument is null" {file: "chrome://global/content/elements/browser-custom-element.js" line: 661}]
04-16 21:00:10.472 3946 3961 E GeckoConsole: get contentPrincipal@chrome://global/content/elements/browser-custom-element.js:661:1
04-16 21:00:10.472 3946 3961 E GeckoConsole: onLocationChange@resource://gre/modules/GeckoViewNavigation.sys.mjs:640:34
04-16 21:00:10.488 3946 3961 E GeckoConsole: [JavaScript Error: "TypeError: can't access property "title", this.contentDocument is null" {file: "chrome://global/content/elements/browser-custom-element.js" line: 630}]
04-16 21:00:10.488 3946 3961 E GeckoConsole: get contentTitle@chrome://global/content/elements/browser-custom-element.js:630:1
04-16 21:00:10.488 3946 3961 E GeckoConsole: handleEvent@resource://gre/modules/GeckoViewContent.sys.mjs:379:11
04-16 21:00:10.524 4016 4057 E eglCodecCommon: glUtilsParamSize: unknow param 0x00008caa
04-16 21:00:10.562 4016 4057 E eglCodecCommon: glUtilsParamSize: unknow param 0x00008caa
04-16 21:00:10.574 4016 4057 E eglCodecCommon: glUtilsParamSize: unknow param 0x00008caa
04-16 21:00:10.584 4016 4057 E eglCodecCommon: glUtilsParamSize: unknow param 0x00008caa
04-16 21:00:10.594 4016 4057 E eglCodecCommon: glUtilsParamSize: unknow param 0x00000d02
04-16 21:00:10.605 4016 4057 E eglCodecCommon: glUtilsParamSize: unknow param 0x00008caa
04-16 21:00:10.679 3946 3961 E GeckoConsole: [JavaScript Error: "TypeError: can't access property "nodePrincipal", this.contentDocument is null" {file: "chrome://global/content/elements/browser-custom-element.js" line: 661}]
04-16 21:00:10.679 3946 3961 E GeckoConsole: get contentPrincipal@chrome://global/content/elements/browser-custom-element.js:661:1
04-16 21:00:10.679 3946 3961 E GeckoConsole: onLocationChange@resource://gre/modules/GeckoViewNavigation.sys.mjs:640:34
04-16 21:00:10.694 3946 3961 E GeckoConsole: [JavaScript Error: "TypeError: can't access property "title", this.contentDocument is null" {file: "chrome://global/content/elements/browser-custom-element.js" line: 630}]
04-16 21:00:10.694 3946 3961 E GeckoConsole: get contentTitle@chrome://global/content/elements/browser-custom-element.js:630:1
04-16 21:00:10.694 3946 3961 E GeckoConsole: handleEvent@resource://gre/modules/GeckoViewContent.sys.mjs:379:11
04-16 21:00:10.719 4016 4057 E eglCodecCommon: glUtilsParamSize: unknow param 0x00008caa
04-16 21:00:10.758 4016 4057 E eglCodecCommon: glUtilsParamSize: unknow param 0x00008caa
04-16 21:00:10.767 4016 4057 E eglCodecCommon: glUtilsParamSize: unknow param 0x00008caa
04-16 21:00:10.784 4016 4057 E eglCodecCommon: glUtilsParamSize: unknow param 0x00008caa
04-16 21:00:10.794 4016 4057 E eglCodecCommon: glUtilsParamSize: unknow param 0x00000d02
04-16 21:00:10.806 4016 4057 E eglCodecCommon: glUtilsParamSize: unknow param 0x00008caa
04-16 21:00:10.814 3946 3961 I Gecko : 1744837210814 Marionette INFO No differences allowed
04-16 21:00:10.902 3946 3961 I Gecko : 1744837210902 Marionette INFO Testing http://web-platform.test:8000/css/CSS2/box-display/containing-block-030.xht == http://web-platform.test:8000/css/CSS2/box-display/containing-block-030-ref.xht
04-16 21:00:10.928 3946 3961 W GeckoEventDispatcher: No listener for GeckoView:StateUpdated
04-16 21:00:10.950 3946 3961 E GeckoConsole: [JavaScript Error: "TypeError: can't access property "nodePrincipal", this.contentDocument is null" {file: "chrome://global/content/elements/browser-custom-element.js" line: 661}]
04-16 21:00:10.950 3946 3961 E GeckoConsole: get contentPrincipal@chrome://global/content/elements/browser-custom-element.js:661:1
04-16 21:00:10.950 3946 3961 E GeckoConsole: onLocationChange@resource://gre/modules/GeckoViewNavigation.sys.mjs:640:34
04-16 21:00:10.973 3946 3961 E GeckoConsole: [JavaScript Error: "TypeError: can't access property "title", this.contentDocument is null" {file: "chrome://global/content/elements/browser-custom-element.js" line: 630}]
04-16 21:00:10.973 3946 3961 E GeckoConsole: get contentTitle@chrome://global/content/elements/browser-custom-element.js:630:1
04-16 21:00:10.973 3946 3961 E GeckoConsole: handleEvent@resource://gre/modules/GeckoViewContent.sys.mjs:379:11
04-16 21:00:11.003 4016 4057 E eglCodecCommon: glUtilsParamSize: unknow param 0x00008caa
04-16 21:00:11.021 4016 4057 E eglCodecCommon: glUtilsParamSize: unknow param 0x00008caa
04-16 21:00:11.037 4016 4057 E eglCodecCommon: glUtilsParamSize: unknow param 0x00008caa
04-16 21:00:11.057 4016 4057 E eglCodecCommon: glUtilsParamSize: unknow param 0x00008caa
04-16 21:00:11.091 4016 4057 E eglCodecCommon: glUtilsParamSize: unknow param 0x00008caa
04-16 21:00:11.111 4016 4057 E eglCodecCommon: glUtilsParamSize: unknow param 0x00008caa
04-16 21:00:11.121 4016 4057 E eglCodecCommon: glUtilsParamSize: unknow param 0x00008caa
04-16 21:00:11.131 4016 4057 E eglCodecCommon: glUtilsParamSize: unknow param 0x00000d02
04-16 21:00:11.145 4016 4057 E eglCodecCommon: glUtilsParamSize: unknow param 0x00008caa
04-16 21:00:11.214 3946 3961 E GeckoConsole: [JavaScript Error: "TypeError: can't access property "nodePrincipal", this.contentDocument is null" {file: "chrome://global/content/elements/browser-custom-element.js" line: 661}]
04-16 21:00:11.214 3946 3961 E GeckoConsole: get contentPrincipal@chrome://global/content/elements/browser-custom-element.js:661:1
04-16 21:00:11.214 3946 3961 E GeckoConsole: onLocationChange@resource://gre/modules/GeckoViewNavigation.sys.mjs:640:34
04-16 21:00:11.229 3946 3961 E GeckoConsole: [JavaScript Error: "TypeError: can't access property "title", this.contentDocument is null" {file: "chrome://global/content/elements/browser-custom-element.js" line: 630}]
04-16 21:00:11.229 3946 3961 E GeckoConsole: get contentTitle@chrome://global/content/elements/browser-custom-element.js:630:1
04-16 21:00:11.229 3946 3961 E GeckoConsole: handleEvent@resource://gre/modules/GeckoViewContent.sys.mjs:379:11
04-16 21:00:11.252 4016 4057 E eglCodecCommon: glUtilsParamSize: unknow param 0x00008caa
04-16 21:00:11.291 4016 4057 E eglCodecCommon: glUtilsParamSize: unknow param 0x00008caa
04-16 21:00:11.301 4016 4057 E eglCodecCommon: glUtilsParamSize: unknow param 0x00008caa
04-16 21:00:11.317 4016 4057 E eglCodecCommon: glUtilsParamSize: unknow param 0x00008caa
04-16 21:00:11.327 4016 4057 E eglCodecCommon: glUtilsParamSize: unknow param 0x00000d02
04-16 21:00:11.345 3946 3961 I Gecko : 1744837211345 Marionette INFO No differences allowed
04-16 21:00:11.345 4016 4057 E eglCodecCommon: glUtilsParamSize: unknow param 0x00008caa
04-16 21:00:11.439 3946 3961 I Gecko : 1744837211439 Marionette INFO Testing http://web-platform.test:8000/css/CSS2/box-display/delete-block-in-inlines-beginning-001.xht == http://web-platform.test:8000/css/CSS2/box-display/delete-block-in-inlines-beginning-001-ref.xht
04-16 21:00:11.482 3946 3961 E GeckoConsole: [JavaScript Error: "TypeError: can't access property "nodePrincipal", this.contentDocument is null" {file: "chrome://global/content/elements/browser-custom-element.js" line: 661}]
04-16 21:00:11.482 3946 3961 E GeckoConsole: get contentPrincipal@chrome://global/content/elements/browser-custom-element.js:661:1
04-16 21:00:11.482 3946 3961 E GeckoConsole: onLocationChange@resource://gre/modules/GeckoViewNavigation.sys.mjs:640:34
04-16 21:00:11.497 3946 3961 E GeckoConsole: [JavaScript Error: "TypeError: can't access property "title", this.contentDocument is null" {file: "chrome://global/content/elements/browser-custom-element.js" line: 630}]
04-16 21:00:11.497 3946 3961 E GeckoConsole: get contentTitle@chrome://global/content/elements/browser-custom-element.js:630:1
04-16 21:00:11.497 3946 3961 E GeckoConsole: handleEvent@resource://gre/modules/GeckoViewContent.sys.mjs:379:11
04-16 21:00:11.520 4016 4057 E eglCodecCommon: glUtilsParamSize: unknow param 0x00008caa
04-16 21:00:11.575 4016 4057 E eglCodecCommon: glUtilsParamSize: unknow param 0x00008caa
04-16 21:00:11.585 4016 4057 E eglCodecCommon: glUtilsParamSize: unknow param 0x00008caa
04-16 21:00:11.601 4016 4057 E eglCodecCommon: glUtilsParamSize: unknow param 0x00008caa
04-16 21:00:11.611 4016 4057 E eglCodecCommon: glUtilsParamSize: unknow param 0x00000d02
04-16 21:00:11.622 4016 4057 E eglCodecCommon: glUtilsParamSize: unknow param 0x00008caa
04-16 21:00:11.689 3946 3961 E GeckoConsole: [JavaScript Error: "TypeError: can't access property "nodePrincipal", this.contentDocument is null" {file: "chrome://global/content/elements/browser-custom-element.js" line: 661}]
04-16 21:00:11.689 3946 3961 E GeckoConsole: get contentPrincipal@chrome://global/content/elements/browser-custom-element.js:661:1
04-16 21:00:11.689 3946 3961 E GeckoConsole: onLocationChange@resource://gre/modules/GeckoViewNavigation.sys.mjs:640:34
04-16 21:00:11.707 3946 3961 E GeckoConsole: [JavaScript Error: "TypeError: can't access property "title", this.contentDocument is null" {file: "chrome://global/content/elements/browser-custom-element.js" line: 630}]
04-16 21:00:11.707 3946 3961 E GeckoConsole: get contentTitle@chrome://global/content/elements/browser-custom-element.js:630:1
04-16 21:00:11.707 3946 3961 E GeckoConsole: handleEvent@resource://gre/modules/GeckoViewContent.sys.mjs:379:11
04-16 21:00:11.736 4016 4057 E eglCodecCommon: glUtilsParamSize: unknow param 0x00008caa
04-16 21:00:11.792 4016 4057 E eglCodecCommon: glUtilsParamSize: unknow param 0x00008caa
04-16 21:00:11.803 4016 4057 E eglCodecCommon: glUtilsParamSize: unknow param 0x00008caa
04-16 21:00:11.817 4016 4057 E eglCodecCommon: glUtilsParamSize: unknow param 0x00008caa
04-16 21:00:11.827 4016 4057 E eglCodecCommon: glUtilsParamSize: unknow param 0x00000d02
04-16 21:00:11.835 4016 4057 E eglCodecCommon: glUtilsParamSize: unknow param 0x00008caa
04-16 21:00:11.843 3946 3961 I Gecko : 1744837211843 Marionette INFO No differences allowed
04-16 21:00:11.939 3946 3961 I Gecko : 1744837211939 Marionette INFO Testing http://web-platform.test:8000/css/CSS2/box-display/delete-block-in-inlines-end-001.xht == http://web-platform.test:8000/css/CSS2/box-display/delete-block-in-inlines-beginning-001-ref.xht
04-16 21:00:11.981 3946 3961 E GeckoConsole: [JavaScript Error: "TypeError: can't access property "nodePrincipal", this.contentDocument is null" {file: "chrome://global/content/elements/browser-custom-element.js" line: 661}]
04-16 21:00:11.981 3946 3961 E GeckoConsole: get contentPrincipal@chrome://global/content/elements/browser-custom-element.js:661:1
04-16 21:00:11.981 3946 3961 E GeckoConsole: onLocationChange@resource://gre/modules/GeckoViewNavigation.sys.mjs:640:34
04-16 21:00:12.000 3946 3961 E GeckoConsole: [JavaScript Error: "TypeError: can't access property "title", this.contentDocument is null" {file: "chrome://global/content/elements/browser-custom-element.js" line: 630}]
04-16 21:00:12.000 3946 3961 E GeckoConsole: get contentTitle@chrome://global/content/elements/browser-custom-element.js:630:1
04-16 21:00:12.000 3946 3961 E GeckoConsole: handleEvent@resource://gre/modules/GeckoViewContent.sys.mjs:379:11
04-16 21:00:12.036 4016 4057 E eglCodecCommon: glUtilsParamSize: unknow param 0x00008caa
04-16 21:00:12.040 3946 3961 W GeckoEventDispatcher: No listener for GeckoView:StateUpdated
04-16 21:00:12.092 4016 4057 E eglCodecCommon: glUtilsParamSize: unknow param 0x00008caa
04-16 21:00:12.103 4016 4057 E eglCodecCommon: glUtilsParamSize: unknow param 0x00008caa
04-16 21:00:12.117 4016 4057 E eglCodecCommon: glUtilsParamSize: unknow param 0x00008caa
04-16 21:00:12.128 4016 4057 E eglCodecCommon: glUtilsParamSize: unknow param 0x00000d02
04-16 21:00:12.146 4016 4057 E eglCodecCommon: glUtilsParamSize: unknow param 0x00008caa
04-16 21:00:12.147 3946 3961 I Gecko : 1744837212146 Marionette INFO No differences allowed
04-16 21:00:12.250 3946 3961 I Gecko : 1744837212249 Marionette INFO Testing http://web-platform.test:8000/css/CSS2/box-display/delete-block-in-inlines-middle-001.xht == http://web-platform.test:8000/css/CSS2/box-display/delete-block-in-inlines-beginning-001-ref.xht
04-16 21:00:12.295 3946 3961 E GeckoConsole: [JavaScript Error: "TypeError: can't access property "nodePrincipal", this.contentDocument is null" {file: "chrome://global/content/elements/browser-custom-element.js" line: 661}]
04-16 21:00:12.295 3946 3961 E GeckoConsole: get contentPrincipal@chrome://global/content/elements/browser-custom-element.js:661:1
04-16 21:00:12.295 3946 3961 E GeckoConsole: onLocationChange@resource://gre/modules/GeckoViewNavigation.sys.mjs:640:34
04-16 21:00:12.313 3946 3961 E GeckoConsole: [JavaScript Error: "TypeError: can't access property "title", this.contentDocument is null" {file: "chrome://global/content/elements/browser-custom-element.js" line: 630}]
04-16 21:00:12.313 3946 3961 E GeckoConsole: get contentTitle@chrome://global/content/elements/browser-custom-element.js:630:1
04-16 21:00:12.313 3946 3961 E GeckoConsole: handleEvent@resource://gre/modules/GeckoViewContent.sys.mjs:379:11
04-16 21:00:12.337 4016 4057 E eglCodecCommon: glUtilsParamSize: unknow param 0x00008caa
04-16 21:00:12.391 4016 4057 E eglCodecCommon: glUtilsParamSize: unknow param 0x00008caa
04-16 21:00:12.402 4016 4057 E eglCodecCommon: glUtilsParamSize: unknow param 0x00008caa
04-16 21:00:12.418 4016 4057 E eglCodecCommon: glUtilsParamSize: unknow param 0x00008caa
04-16 21:00:12.428 4016 4057 E eglCodecCommon: glUtilsParamSize: unknow param 0x00000d02
04-16 21:00:12.441 4016 4057 E eglCodecCommon: glUtilsParamSize: unknow param 0x00008caa
04-16 21:00:12.454 3946 3961 I Gecko : 1744837212454 Marionette INFO No differences allowed
04-16 21:00:12.540 3946 3961 I Gecko : 1744837212540 Marionette INFO Testing http://web-platform.test:8000/css/CSS2/box-display/delete-inline-in-blocks-beginning-001.xht == http://web-platform.test:8000/css/CSS2/box-display/delete-inline-in-blocks-beginning-001-ref.xht
04-16 21:00:12.581 3946 3961 E GeckoConsole: [JavaScript Error: "TypeError: can't access property "nodePrincipal", this.contentDocument is null" {file: "chrome://global/content/elements/browser-custom-element.js" line: 661}]
04-16 21:00:12.581 3946 3961 E GeckoConsole: get contentPrincipal@chrome://global/content/elements/browser-custom-element.js:661:1
04-16 21:00:12.581 3946 3961 E GeckoConsole: onLocationChange@resource://gre/modules/GeckoViewNavigation.sys.mjs:640:34
04-16 21:00:12.597 3946 3961 E GeckoConsole: [JavaScript Error: "TypeError: can't access property "title", this.contentDocument is null" {file: "chrome://global/content/elements/browser-custom-element.js" line: 630}]
04-16 21:00:12.597 3946 3961 E GeckoConsole: get contentTitle@chrome://global/content/elements/browser-custom-element.js:630:1
04-16 21:00:12.597 3946 3961 E GeckoConsole: handleEvent@resource://gre/modules/GeckoViewContent.sys.mjs:379:11
04-16 21:00:12.620 4016 4057 E eglCodecCommon: glUtilsParamSize: unknow param 0x00008caa
04-16 21:00:12.674 4016 4057 E eglCodecCommon: glUtilsParamSize: unknow param 0x00008caa
04-16 21:00:12.685 4016 4057 E eglCodecCommon: glUtilsParamSize: unknow param 0x00008caa
04-16 21:00:12.700 4016 4057 E eglCodecCommon: glUtilsParamSize: unknow param 0x00008caa
04-16 21:00:12.711 4016 4057 E eglCodecCommon: glUtilsParamSize: unknow param 0x00000d02
04-16 21:00:12.720 4016 4057 E eglCodecCommon: glUtilsParamSize: unknow param 0x00008caa
04-16 21:00:12.785 3946 3961 E GeckoConsole: [JavaScript Error: "TypeError: can't access property "nodePrincipal", this.contentDocument is null" {file: "chrome://global/content/elements/browser-custom-element.js" line: 661}]
04-16 21:00:12.785 3946 3961 E GeckoConsole: get contentPrincipal@chrome://global/content/elements/browser-custom-element.js:661:1
04-16 21:00:12.785 3946 3961 E GeckoConsole: onLocationChange@resource://gre/modules/GeckoViewNavigation.sys.mjs:640:34
04-16 21:00:12.804 3946 3961 E GeckoConsole: [JavaScript Error: "TypeError: can't access property "title", this.contentDocument is null" {file: "chrome://global/content/elements/browser-custom-element.js" line: 630}]
04-16 21:00:12.804 3946 3961 E GeckoConsole: get contentTitle@chrome://global/content/elements/browser-custom-element.js:630:1
04-16 21:00:12.804 3946 3961 E GeckoConsole: handleEvent@resource://gre/modules/GeckoViewContent.sys.mjs:379:11
04-16 21:00:12.836 4016 4057 E eglCodecCommon: glUtilsParamSize: unknow param 0x00008caa
04-16 21:00:12.875 4016 4057 E eglCodecCommon: glUtilsParamSize: unknow param 0x00008caa
04-16 21:00:12.886 4016 4057 E eglCodecCommon: glUtilsParamSize: unknow param 0x00008caa
04-16 21:00:12.900 4016 4057 E eglCodecCommon: glUtilsParamSize: unknow param 0x00008caa
04-16 21:00:12.910 4016 4057 E eglCodecCommon: glUtilsParamSize: unknow param 0x00000d02
04-16 21:00:12.924 4016 4057 E eglCodecCommon: glUtilsParamSize: unknow param 0x00008caa
04-16 21:00:12.930 3946 3961 I Gecko : 1744837212930 Marionette INFO No differences allowed
04-16 21:00:13.024 3946 3961 I Gecko : 1744837213024 Marionette INFO Testing http://web-platform.test:8000/css/CSS2/box-display/delete-inline-in-blocks-end-001.xht == http://web-platform.test:8000/css/CSS2/box-display/delete-inline-in-blocks-beginning-001-ref.xht
04-16 21:00:13.027 3946 3949 I art : Do partial code cache collection, code=30KB, data=28KB
04-16 21:00:13.028 3946 3949 I art : After code cache collection, code=30KB, data=28KB
04-16 21:00:13.028 3946 3949 I art : Increasing code cache capacity to 128KB
04-16 21:00:13.070 3946 3961 E GeckoConsole: [JavaScript Error: "TypeError: can't access property "nodePrincipal", this.contentDocument is null" {file: "chrome://global/content/elements/browser-custom-element.js" line: 661}]
04-16 21:00:13.070 3946 3961 E GeckoConsole: get contentPrincipal@chrome://global/content/elements/browser-custom-element.js:661:1
04-16 21:00:13.070 3946 3961 E GeckoConsole: onLocationChange@resource://gre/modules/GeckoViewNavigation.sys.mjs:640:34
04-16 21:00:13.090 3946 3961 E GeckoConsole: [JavaScript Error: "TypeError: can't access property "title", this.contentDocument is null" {file: "chrome://global/content/elements/browser-custom-element.js" line: 630}]
04-16 21:00:13.090 3946 3961 E GeckoConsole: get contentTitle@chrome://global/content/elements/browser-custom-element.js:630:1
04-16 21:00:13.090 3946 3961 E GeckoConsole: handleEvent@resource://gre/modules/GeckoViewContent.sys.mjs:379:11
04-16 21:00:13.119 4016 4057 E eglCodecCommon: glUtilsParamSize: unknow param 0x00008caa
04-16 21:00:13.174 4016 4057 E eglCodecCommon: glUtilsParamSize: unknow param 0x00008caa
04-16 21:00:13.185 4016 4057 E eglCodecCommon: glUtilsParamSize: unknow param 0x00008caa
04-16 21:00:13.200 4016 4057 E eglCodecCommon: glUtilsParamSize: unknow param 0x00008caa
04-16 21:00:13.210 4016 4057 E eglCodecCommon: glUtilsParamSize: unknow param 0x00000d02
04-16 21:00:13.221 4016 4057 E eglCodecCommon: glUtilsParamSize: unknow param 0x00008caa
04-16 21:00:13.231 3946 3961 I Gecko : 1744837213231 Marionette INFO No differences allowed
04-16 21:00:13.268 3946 3961 W GeckoEventDispatcher: No listener for GeckoView:StateUpdated
04-16 21:00:13.313 3946 3961 I Gecko : 1744837213313 Marionette INFO Testing http://web-platform.test:8000/css/CSS2/box-display/delete-inline-in-blocks-middle-001.xht == http://web-platform.test:8000/css/CSS2/box-display/delete-inline-in-blocks-beginning-001-ref.xht
04-16 21:00:13.354 3946 3961 E GeckoConsole: [JavaScript Error: "TypeError: can't access property "nodePrincipal", this.contentDocument is null" {file: "chrome://global/content/elements/browser-custom-element.js" line: 661}]
04-16 21:00:13.354 3946 3961 E GeckoConsole: get contentPrincipal@chrome://global/content/elements/browser-custom-element.js:661:1
04-16 21:00:13.354 3946 3961 E GeckoConsole: onLocationChange@resource://gre/modules/GeckoViewNavigation.sys.mjs:640:34
04-16 21:00:13.373 3946 3961 E GeckoConsole: [JavaScript Error: "TypeError: can't access property "title", this.contentDocument is null" {file: "chrome://global/content/elements/browser-custom-element.js" line: 630}]
04-16 21:00:13.373 3946 3961 E GeckoConsole: get contentTitle@chrome://global/content/elements/browser-custom-element.js:630:1
04-16 21:00:13.373 3946 3961 E GeckoConsole: handleEvent@resource://gre/modules/GeckoViewContent.sys.mjs:379:11
04-16 21:00:13.403 4016 4057 E eglCodecCommon: glUtilsParamSize: unknow param 0x00008caa
04-16 21:00:13.441 4016 4057 E eglCodecCommon: glUtilsParamSize: unknow param 0x00008caa
04-16 21:00:13.452 4016 4057 E eglCodecCommon: glUtilsParamSize: unknow param 0x00008caa
04-16 21:00:13.468 4016 4057 E eglCodecCommon: glUtilsParamSize: unknow param 0x00008caa
04-16 21:00:13.478 4016 4057 E eglCodecCommon: glUtilsParamSize: unknow param 0x00000d02
04-16 21:00:13.488 4016 4057 E eglCodecCommon: glUtilsParamSize: unknow param 0x00008caa
04-16 21:00:13.497 3946 3961 I Gecko : 1744837213496 Marionette INFO No differences allowed
04-16 21:00:13.583 3946 3961 I Gecko : 1744837213583 Marionette INFO Testing http://web-platform.test:8000/css/CSS2/box-display/delete-inline-in-blocks-middle-002.xht == http://web-platform.test:8000/css/CSS2/box-display/delete-inline-in-blocks-middle-002-ref.xht
04-16 21:00:13.627 3946 3961 E GeckoConsole: [JavaScript Error: "TypeError: can't access property "nodePrincipal", this.contentDocument is null" {file: "chrome://global/content/elements/browser-custom-element.js" line: 661}]
04-16 21:00:13.627 3946 3961 E GeckoConsole: get contentPrincipal@chrome://global/content/elements/browser-custom-element.js:661:1
04-16 21:00:13.627 3946 3961 E GeckoConsole: onLocationChange@resource://gre/modules/GeckoViewNavigation.sys.mjs:640:34
04-16 21:00:13.645 3946 3961 E GeckoConsole: [JavaScript Error: "TypeError: can't access property "title", this.contentDocument is null" {file: "chrome://global/content/elements/browser-custom-element.js" line: 630}]
04-16 21:00:13.645 3946 3961 E GeckoConsole: get contentTitle@chrome://global/content/elements/browser-custom-element.js:630:1
04-16 21:00:13.645 3946 3961 E GeckoConsole: handleEvent@resource://gre/modules/GeckoViewContent.sys.mjs:379:11
04-16 21:00:13.669 4016 4057 E eglCodecCommon: glUtilsParamSize: unknow param 0x00008caa
04-16 21:00:13.725 4016 4057 E eglCodecCommon: glUtilsParamSize: unknow param 0x00008caa
04-16 21:00:13.735 4016 4057 E eglCodecCommon: glUtilsParamSize: unknow param 0x00008caa
04-16 21:00:13.750 4016 4057 E eglCodecCommon: glUtilsParamSize: unknow param 0x00008caa
04-16 21:00:13.761 4016 4057 E eglCodecCommon: glUtilsParamSize: unknow param 0x00000d02
04-16 21:00:13.774 4016 4057 E eglCodecCommon: glUtilsParamSize: unknow param 0x00008caa
04-16 21:00:13.837 3946 3961 E GeckoConsole: [JavaScript Error: "TypeError: can't access property "nodePrincipal", this.contentDocument is null" {file: "chrome://global/content/elements/browser-custom-element.js" line: 661}]
04-16 21:00:13.837 3946 3961 E GeckoConsole: get contentPrincipal@chrome://global/content/elements/browser-custom-element.js:661:1
04-16 21:00:13.837 3946 3961 E GeckoConsole: onLocationChange@resource://gre/modules/GeckoViewNavigation.sys.mjs:640:34
04-16 21:00:13.856 3946 3961 E GeckoConsole: [JavaScript Error: "TypeError: can't access property "title", this.contentDocument is null" {file: "chrome://global/content/elements/browser-custom-element.js" line: 630}]
04-16 21:00:13.856 3946 3961 E GeckoConsole: get contentTitle@chrome://global/content/elements/browser-custom-element.js:630:1
04-16 21:00:13.856 3946 3961 E GeckoConsole: handleEvent@resource://gre/modules/GeckoViewContent.sys.mjs:379:11
04-16 21:00:13.886 4016 4057 E eglCodecCommon: glUtilsParamSize: unknow param 0x00008caa
04-16 21:00:13.927 4016 4057 E eglCodecCommon: glUtilsParamSize: unknow param 0x00008caa
04-16 21:00:13.938 4016 4057 E eglCodecCommon: glUtilsParamSize: unknow param 0x00008caa
04-16 21:00:13.950 4016 4057 E eglCodecCommon: glUtilsParamSize: unknow param 0x00008caa
04-16 21:00:13.962 4016 4057 E eglCodecCommon: glUtilsParamSize: unknow param 0x00000d02
04-16 21:00:13.971 4016 4057 E eglCodecCommon: glUtilsParamSize: unknow param 0x00008caa
04-16 21:00:13.980 3946 3961 I Gecko : 1744837213980 Marionette INFO No differences allowed
04-16 21:00:14.072 3946 3961 I Gecko : 1744837214072 Marionette INFO Testing http://web-platform.test:8000/css/CSS2/box-display/delete-inline-in-blocks-middle-003.xht == http://web-platform.test:8000/css/CSS2/box-display/delete-inline-in-blocks-middle-002-ref.xht
04-16 21:00:14.125 3946 3961 E GeckoConsole: [JavaScript Error: "TypeError: can't access property "nodePrincipal", this.contentDocument is null" {file: "chrome://global/content/elements/browser-custom-element.js" line: 661}]
04-16 21:00:14.125 3946 3961 E GeckoConsole: get contentPrincipal@chrome://global/content/elements/browser-custom-element.js:661:1
04-16 21:00:14.125 3946 3961 E GeckoConsole: onLocationChange@resource://gre/modules/GeckoViewNavigation.sys.mjs:640:34
04-16 21:00:14.144 3946 3961 E GeckoConsole: [JavaScript Error: "TypeError: can't access property "title", this.contentDocument is null" {file: "chrome://global/content/elements/browser-custom-element.js" line: 630}]
04-16 21:00:14.144 3946 3961 E GeckoConsole: get contentTitle@chrome://global/content/elements/browser-custom-element.js:630:1
04-16 21:00:14.144 3946 3961 E GeckoConsole: handleEvent@resource://gre/modules/GeckoViewContent.sys.mjs:379:11
04-16 21:00:14.169 4016 4057 E eglCodecCommon: glUtilsParamSize: unknow param 0x00008caa
04-16 21:00:14.224 4016 4057 E eglCodecCommon: glUtilsParamSize: unknow param 0x00008caa
04-16 21:00:14.234 4016 4057 E eglCodecCommon: glUtilsParamSize: unknow param 0x00008caa
04-16 21:00:14.250 4016 4057 E eglCodecCommon: glUtilsParamSize: unknow param 0x00008caa
04-16 21:00:14.262 4016 4057 E eglCodecCommon: glUtilsParamSize: unknow param 0x00000d02
04-16 21:00:14.276 4016 4057 E eglCodecCommon: glUtilsParamSize: unknow param 0x00008caa
04-16 21:00:14.288 3946 3961 I Gecko : 1744837214288 Marionette INFO No differences allowed
04-16 21:00:14.378 3946 3961 W GeckoEventDispatcher: No listener for GeckoView:StateUpdated
04-16 21:00:14.381 3946 3961 I Gecko : 1744837214381 Marionette INFO Testing http://web-platform.test:8000/css/CSS2/box-display/descendant-display-none-001.xht == http://web-platform.test:8000/css/CSS2/reference/ref-if-there-is-no-red.xht
04-16 21:00:14.427 3946 3961 E GeckoConsole: [JavaScript Error: "TypeError: can't access property "nodePrincipal", this.contentDocument is null" {file: "chrome://global/content/elements/browser-custom-element.js" line: 661}]
04-16 21:00:14.427 3946 3961 E GeckoConsole: get contentPrincipal@chrome://global/content/elements/browser-custom-element.js:661:1
04-16 21:00:14.427 3946 3961 E GeckoConsole: onLocationChange@resource://gre/modules/GeckoViewNavigation.sys.mjs:640:34
04-16 21:00:14.442 3946 3961 E GeckoConsole: [JavaScript Error: "TypeError: can't access property "title", this.contentDocument is null" {file: "chrome://global/content/elements/browser-custom-element.js" line: 630}]
04-16 21:00:14.442 3946 3961 E GeckoConsole: get contentTitle@chrome://global/content/elements/browser-custom-element.js:630:1
04-16 21:00:14.442 3946 3961 E GeckoConsole: handleEvent@resource://gre/modules/GeckoViewContent.sys.mjs:379:11
04-16 21:00:14.470 4016 4057 E eglCodecCommon: glUtilsParamSize: unknow param 0x00008caa
04-16 21:00:14.526 4016 4057 E eglCodecCommon: glUtilsParamSize: unknow param 0x00008caa
04-16 21:00:14.537 4016 4057 E eglCodecCommon: glUtilsParamSize: unknow param 0x00008caa
04-16 21:00:14.550 4016 4057 E eglCodecCommon: glUtilsParamSize: unknow param 0x00008caa
04-16 21:00:14.561 4016 4057 E eglCodecCommon: glUtilsParamSize: unknow param 0x00000d02
04-16 21:00:14.575 4016 4057 E eglCodecCommon: glUtilsParamSize: unknow param 0x00008caa
04-16 21:00:14.584 3946 3961 I Gecko : 1744837214584 Marionette INFO No differences allowed
04-16 21:00:14.678 3946 3961 I Gecko : 1744837214678 Marionette INFO Testing http://web-platform.test:8000/css/CSS2/box-display/descendant-display-override-001.xht == http://web-platform.test:8000/css/CSS2/reference/ref-if-there-is-no-red.xht
04-16 21:00:14.730 3946 3961 E GeckoConsole: [JavaScript Error: "TypeError: can't access property "nodePrincipal", this.contentDocument is null" {file: "chrome://global/content/elements/browser-custom-element.js" line: 661}]
04-16 21:00:14.730 3946 3961 E GeckoConsole: get contentPrincipal@chrome://global/content/elements/browser-custom-element.js:661:1
04-16 21:00:14.730 3946 3961 E GeckoConsole: onLocationChange@resource://gre/modules/GeckoViewNavigation.sys.mjs:640:34
04-16 21:00:14.745 3946 3961 E GeckoConsole: [JavaScript Error: "TypeError: can't access property "title", this.contentDocument is null" {file: "chrome://global/content/elements/browser-custom-element.js" line: 630}]
04-16 21:00:14.745 3946 3961 E GeckoConsole: get contentTitle@chrome://global/content/elements/browser-custom-element.js:630:1
04-16 21:00:14.745 3946 3961 E GeckoConsole: handleEvent@resource://gre/modules/GeckoViewContent.sys.mjs:379:11
04-16 21:00:14.770 4016 4057 E eglCodecCommon: glUtilsParamSize: unknow param 0x00008caa
04-16 21:00:14.825 4016 4057 E eglCodecCommon: glUtilsParamSize: unknow param 0x00008caa
04-16 21:00:14.835 4016 4057 E eglCodecCommon: glUtilsParamSize: unknow param 0x00008caa
04-16 21:00:14.851 4016 4057 E eglCodecCommon: glUtilsParamSize: unknow param 0x00008caa
04-16 21:00:14.862 4016 4057 E eglCodecCommon: glUtilsParamSize: unknow param 0x00000d02
04-16 21:00:14.870 4016 4057 E eglCodecCommon: glUtilsParamSize: unknow param 0x00008caa
04-16 21:00:14.879 3946 3961 I Gecko : 1744837214879 Marionette INFO No differences allowed
04-16 21:00:14.969 3946 3961 I Gecko : 1744837214969 Marionette INFO Testing http://web-platform.test:8000/css/CSS2/box-display/display-001.xht == http://web-platform.test:8000/css/CSS2/box-display/display-001-ref.xht
04-16 21:00:15.012 3946 3961 E GeckoConsole: [JavaScript Error: "TypeError: can't access property "nodePrincipal", this.contentDocument is null" {file: "chrome://global/content/elements/browser-custom-element.js" line: 661}]
04-16 21:00:15.012 3946 3961 E GeckoConsole: get contentPrincipal@chrome://global/content/elements/browser-custom-element.js:661:1
04-16 21:00:15.012 3946 3961 E GeckoConsole: onLocationChange@resource://gre/modules/GeckoViewNavigation.sys.mjs:640:34
04-16 21:00:15.028 3946 3961 E GeckoConsole: [JavaScript Error: "TypeError: can't access property "title", this.contentDocument is null" {file: "chrome://global/content/elements/browser-custom-element.js" line: 630}]
04-16 21:00:15.028 3946 3961 E GeckoConsole: get contentTitle@chrome://global/content/elements/browser-custom-element.js:630:1
04-16 21:00:15.028 3946 3961 E GeckoConsole: handleEvent@resource://gre/modules/GeckoViewContent.sys.mjs:379:11
04-16 21:00:15.053 4016 4057 E eglCodecCommon: glUtilsParamSize: unknow param 0x00008caa
04-16 21:00:15.108 4016 4057 E eglCodecCommon: glUtilsParamSize: unknow param 0x00008caa
04-16 21:00:15.118 4016 4057 E eglCodecCommon: glUtilsParamSize: unknow param 0x00008caa
04-16 21:00:15.134 4016 4057 E eglCodecCommon: glUtilsParamSize: unknow param 0x00008caa
04-16 21:00:15.143 4016 4057 E eglCodecCommon: glUtilsParamSize: unknow param 0x00000d02
04-16 21:00:15.156 4016 4057 E eglCodecCommon: glUtilsParamSize: unknow param 0x00008caa
04-16 21:00:15.230 3946 3961 E GeckoConsole: [JavaScript Error: "TypeError: can't access property "nodePrincipal", this.contentDocument is null" {file: "chrome://global/content/elements/browser-custom-element.js" line: 661}]
04-16 21:00:15.230 3946 3961 E GeckoConsole: get contentPrincipal@chrome://global/content/elements/browser-custom-element.js:661:1
04-16 21:00:15.230 3946 3961 E GeckoConsole: onLocationChange@resource://gre/modules/GeckoViewNavigation.sys.mjs:640:34
04-16 21:00:15.246 3946 3961 E GeckoConsole: [JavaScript Error: "TypeError: can't access property "title", this.contentDocument is null" {file: "chrome://global/content/elements/browser-custom-element.js" line: 630}]
04-16 21:00:15.246 3946 3961 E GeckoConsole: get contentTitle@chrome://global/content/elements/browser-custom-element.js:630:1
04-16 21:00:15.246 3946 3961 E GeckoConsole: handleEvent@resource://gre/modules/GeckoViewContent.sys.mjs:379:11
04-16 21:00:15.269 4016 4057 E eglCodecCommon: glUtilsParamSize: unknow param 0x00008caa
04-16 21:00:15.313 4016 4057 E eglCodecCommon: glUtilsParamSize: unknow param 0x00008caa
04-16 21:00:15.324 4016 4057 E eglCodecCommon: glUtilsParamSize: unknow param 0x00008caa
04-16 21:00:15.334 4016 4057 E eglCodecCommon: glUtilsParamSize: unknow param 0x00008caa
04-16 21:00:15.344 4016 4057 E eglCodecCommon: glUtilsParamSize: unknow param 0x00000d02
04-16 21:00:15.353 4016 4057 E eglCodecCommon: glUtilsParamSize: unknow param 0x00008caa
04-16 21:00:15.359 3946 3961 I Gecko : 1744837215359 Marionette INFO No differences allowed
04-16 21:00:15.418 3946 3961 W GeckoEventDispatcher: No listener for GeckoView:StateUpdated
04-16 21:00:15.451 3946 3961 I Gecko : 1744837215451 Marionette INFO Testing http://web-platform.test:8000/css/CSS2/box-display/display-002.xht == http://web-platform.test:8000/css/CSS2/box-display/display-002-ref.xht
04-16 21:00:15.491 3946 3961 E GeckoConsole: [JavaScript Error: "TypeError: can't access property "nodePrincipal", this.contentDocument is null" {file: "chrome://global/content/elements/browser-custom-element.js" line: 661}]
04-16 21:00:15.491 3946 3961 E GeckoConsole: get contentPrincipal@chrome://global/content/elements/browser-custom-element.js:661:1
04-16 21:00:15.491 3946 3961 E GeckoConsole: onLocationChange@resource://gre/modules/GeckoViewNavigation.sys.mjs:640:34
04-16 21:00:15.507 3946 3961 E GeckoConsole: [JavaScript Error: "TypeError: can't access property "title", this.contentDocument is null" {file: "chrome://global/content/elements/browser-custom-element.js" line: 630}]
04-16 21:00:15.507 3946 3961 E GeckoConsole: get contentTitle@chrome://global/content/elements/browser-custom-element.js:630:1
04-16 21:00:15.507 3946 3961 E GeckoConsole: handleEvent@resource://gre/modules/GeckoViewContent.sys.mjs:379:11
04-16 21:00:15.537 4016 4057 E eglCodecCommon: glUtilsParamSize: unknow param 0x00008caa
