04-16 21:00:30.134 3946 3961 E GeckoConsole: [JavaScript Error: "TypeError: can't access property "title", this.contentDocument is null" {file: "chrome://global/content/elements/browser-custom-element.js" line: 630}]
04-16 21:00:30.134 3946 3961 E GeckoConsole: get contentTitle@chrome://global/content/elements/browser-custom-element.js:630:1
04-16 21:00:30.134 3946 3961 E GeckoConsole: handleEvent@resource://gre/modules/GeckoViewContent.sys.mjs:379:11
04-16 21:00:30.170 4016 4057 E eglCodecCommon: glUtilsParamSize: unknow param 0x00008caa
04-16 21:00:30.205 4016 4057 E eglCodecCommon: glUtilsParamSize: unknow param 0x00008caa
04-16 21:00:30.228 4016 4057 E eglCodecCommon: glUtilsParamSize: unknow param 0x00008caa
04-16 21:00:30.246 4016 4057 E eglCodecCommon: glUtilsParamSize: unknow param 0x00008caa
04-16 21:00:30.266 4016 4057 E eglCodecCommon: glUtilsParamSize: unknow param 0x00008caa
04-16 21:00:30.277 4016 4057 E eglCodecCommon: glUtilsParamSize: unknow param 0x00000d02
04-16 21:00:30.287 4016 4057 E eglCodecCommon: glUtilsParamSize: unknow param 0x00008caa
04-16 21:00:30.354 3946 3961 E GeckoConsole: [JavaScript Error: "TypeError: can't access property "nodePrincipal", this.contentDocument is null" {file: "chrome://global/content/elements/browser-custom-element.js" line: 661}]
04-16 21:00:30.354 3946 3961 E GeckoConsole: get contentPrincipal@chrome://global/content/elements/browser-custom-element.js:661:1
04-16 21:00:30.354 3946 3961 E GeckoConsole: onLocationChange@resource://gre/modules/GeckoViewNavigation.sys.mjs:640:34
04-16 21:00:30.372 3946 3961 E GeckoConsole: [JavaScript Error: "TypeError: can't access property "title", this.contentDocument is null" {file: "chrome://global/content/elements/browser-custom-element.js" line: 630}]
04-16 21:00:30.372 3946 3961 E GeckoConsole: get contentTitle@chrome://global/content/elements/browser-custom-element.js:630:1
04-16 21:00:30.372 3946 3961 E GeckoConsole: handleEvent@resource://gre/modules/GeckoViewContent.sys.mjs:379:11
04-16 21:00:30.402 4016 4057 E eglCodecCommon: glUtilsParamSize: unknow param 0x00008caa
04-16 21:00:30.423 4016 4057 E eglCodecCommon: glUtilsParamSize: unknow param 0x00008caa
04-16 21:00:30.442 4016 4057 E eglCodecCommon: glUtilsParamSize: unknow param 0x00008caa
04-16 21:00:30.453 4016 4057 E eglCodecCommon: glUtilsParamSize: unknow param 0x00008caa
04-16 21:00:30.469 4016 4057 E eglCodecCommon: glUtilsParamSize: unknow param 0x00008caa
04-16 21:00:30.479 4016 4057 E eglCodecCommon: glUtilsParamSize: unknow param 0x00000d02
04-16 21:00:30.488 4016 4057 E eglCodecCommon: glUtilsParamSize: unknow param 0x00008caa
04-16 21:00:30.498 3946 3961 I Gecko : 1744837230498 Marionette INFO No differences allowed
04-16 21:00:30.590 3946 3961 I Gecko : 1744837230590 Marionette INFO Testing http://web-platform.test:8000/css/CSS2/box-display/insert-inline-in-blocks-n-inlines-begin-001.xht == http://web-platform.test:8000/css/CSS2/box-display/insert-inline-in-blocks-n-inlines-begin-001-ref.xht
04-16 21:00:30.631 3946 3961 E GeckoConsole: [JavaScript Error: "TypeError: can't access property "nodePrincipal", this.contentDocument is null" {file: "chrome://global/content/elements/browser-custom-element.js" line: 661}]
04-16 21:00:30.631 3946 3961 E GeckoConsole: get contentPrincipal@chrome://global/content/elements/browser-custom-element.js:661:1
04-16 21:00:30.631 3946 3961 E GeckoConsole: onLocationChange@resource://gre/modules/GeckoViewNavigation.sys.mjs:640:34
04-16 21:00:30.648 3946 3961 E GeckoConsole: [JavaScript Error: "TypeError: can't access property "title", this.contentDocument is null" {file: "chrome://global/content/elements/browser-custom-element.js" line: 630}]
04-16 21:00:30.648 3946 3961 E GeckoConsole: get contentTitle@chrome://global/content/elements/browser-custom-element.js:630:1
04-16 21:00:30.648 3946 3961 E GeckoConsole: handleEvent@resource://gre/modules/GeckoViewContent.sys.mjs:379:11
04-16 21:00:30.687 4016 4057 E eglCodecCommon: glUtilsParamSize: unknow param 0x00008caa
04-16 21:00:30.720 4016 4057 E eglCodecCommon: glUtilsParamSize: unknow param 0x00008caa
04-16 21:00:30.744 4016 4057 E eglCodecCommon: glUtilsParamSize: unknow param 0x00008caa
04-16 21:00:30.755 4016 4057 E eglCodecCommon: glUtilsParamSize: unknow param 0x00008caa
04-16 21:00:30.775 4016 4057 E eglCodecCommon: glUtilsParamSize: unknow param 0x00008caa
04-16 21:00:30.791 4016 4057 E eglCodecCommon: glUtilsParamSize: unknow param 0x00000d02
04-16 21:00:30.805 4016 4057 E eglCodecCommon: glUtilsParamSize: unknow param 0x00008caa
04-16 21:00:30.836 3946 3961 W GeckoEventDispatcher: No listener for GeckoView:StateUpdated
04-16 21:00:30.868 3946 3961 E GeckoConsole: [JavaScript Error: "TypeError: can't access property "nodePrincipal", this.contentDocument is null" {file: "chrome://global/content/elements/browser-custom-element.js" line: 661}]
04-16 21:00:30.868 3946 3961 E GeckoConsole: get contentPrincipal@chrome://global/content/elements/browser-custom-element.js:661:1
04-16 21:00:30.868 3946 3961 E GeckoConsole: onLocationChange@resource://gre/modules/GeckoViewNavigation.sys.mjs:640:34
04-16 21:00:30.888 3946 3961 E GeckoConsole: [JavaScript Error: "TypeError: can't access property "title", this.contentDocument is null" {file: "chrome://global/content/elements/browser-custom-element.js" line: 630}]
04-16 21:00:30.888 3946 3961 E GeckoConsole: get contentTitle@chrome://global/content/elements/browser-custom-element.js:630:1
04-16 21:00:30.888 3946 3961 E GeckoConsole: handleEvent@resource://gre/modules/GeckoViewContent.sys.mjs:379:11
04-16 21:00:30.919 4016 4057 E eglCodecCommon: glUtilsParamSize: unknow param 0x00008caa
04-16 21:00:30.955 4016 4057 E eglCodecCommon: glUtilsParamSize: unknow param 0x00008caa
04-16 21:00:30.967 4016 4057 E eglCodecCommon: glUtilsParamSize: unknow param 0x00008caa
04-16 21:00:30.987 4016 4057 E eglCodecCommon: glUtilsParamSize: unknow param 0x00008caa
04-16 21:00:31.000 4016 4057 E eglCodecCommon: glUtilsParamSize: unknow param 0x00008caa
04-16 21:00:31.011 4016 4057 E eglCodecCommon: glUtilsParamSize: unknow param 0x00000d02
04-16 21:00:31.021 4016 4057 E eglCodecCommon: glUtilsParamSize: unknow param 0x00008caa
04-16 21:00:31.029 3946 3961 I Gecko : 1744837231029 Marionette INFO No differences allowed
04-16 21:00:31.117 3946 3961 I Gecko : 1744837231116 Marionette INFO Testing http://web-platform.test:8000/css/CSS2/box-display/insert-inline-in-blocks-n-inlines-begin-002.xht == http://web-platform.test:8000/css/CSS2/box-display/insert-inline-in-blocks-n-inlines-begin-002-ref.xht
04-16 21:00:31.160 3946 3961 E GeckoConsole: [JavaScript Error: "TypeError: can't access property "nodePrincipal", this.contentDocument is null" {file: "chrome://global/content/elements/browser-custom-element.js" line: 661}]
04-16 21:00:31.160 3946 3961 E GeckoConsole: get contentPrincipal@chrome://global/content/elements/browser-custom-element.js:661:1
04-16 21:00:31.160 3946 3961 E GeckoConsole: onLocationChange@resource://gre/modules/GeckoViewNavigation.sys.mjs:640:34
04-16 21:00:31.176 3946 3961 E GeckoConsole: [JavaScript Error: "TypeError: can't access property "title", this.contentDocument is null" {file: "chrome://global/content/elements/browser-custom-element.js" line: 630}]
04-16 21:00:31.176 3946 3961 E GeckoConsole: get contentTitle@chrome://global/content/elements/browser-custom-element.js:630:1
04-16 21:00:31.176 3946 3961 E GeckoConsole: handleEvent@resource://gre/modules/GeckoViewContent.sys.mjs:379:11
04-16 21:00:31.203 4016 4057 E eglCodecCommon: glUtilsParamSize: unknow param 0x00008caa
04-16 21:00:31.236 4016 4057 E eglCodecCommon: glUtilsParamSize: unknow param 0x00008caa
04-16 21:00:31.258 4016 4057 E eglCodecCommon: glUtilsParamSize: unknow param 0x00008caa
04-16 21:00:31.268 4016 4057 E eglCodecCommon: glUtilsParamSize: unknow param 0x00008caa
04-16 21:00:31.288 4016 4057 E eglCodecCommon: glUtilsParamSize: unknow param 0x00008caa
04-16 21:00:31.296 4016 4057 E eglCodecCommon: glUtilsParamSize: unknow param 0x00000d02
04-16 21:00:31.309 4016 4057 E eglCodecCommon: glUtilsParamSize: unknow param 0x00008caa
04-16 21:00:31.369 3946 3961 E GeckoConsole: [JavaScript Error: "TypeError: can't access property "nodePrincipal", this.contentDocument is null" {file: "chrome://global/content/elements/browser-custom-element.js" line: 661}]
04-16 21:00:31.369 3946 3961 E GeckoConsole: get contentPrincipal@chrome://global/content/elements/browser-custom-element.js:661:1
04-16 21:00:31.369 3946 3961 E GeckoConsole: onLocationChange@resource://gre/modules/GeckoViewNavigation.sys.mjs:640:34
04-16 21:00:31.387 3946 3961 E GeckoConsole: [JavaScript Error: "TypeError: can't access property "title", this.contentDocument is null" {file: "chrome://global/content/elements/browser-custom-element.js" line: 630}]
04-16 21:00:31.387 3946 3961 E GeckoConsole: get contentTitle@chrome://global/content/elements/browser-custom-element.js:630:1
04-16 21:00:31.387 3946 3961 E GeckoConsole: handleEvent@resource://gre/modules/GeckoViewContent.sys.mjs:379:11
04-16 21:00:31.420 4016 4057 E eglCodecCommon: glUtilsParamSize: unknow param 0x00008caa
04-16 21:00:31.454 4016 4057 E eglCodecCommon: glUtilsParamSize: unknow param 0x00008caa
04-16 21:00:31.477 4016 4057 E eglCodecCommon: glUtilsParamSize: unknow param 0x00008caa
04-16 21:00:31.488 4016 4057 E eglCodecCommon: glUtilsParamSize: unknow param 0x00008caa
04-16 21:00:31.508 4016 4057 E eglCodecCommon: glUtilsParamSize: unknow param 0x00008caa
04-16 21:00:31.518 4016 4057 E eglCodecCommon: glUtilsParamSize: unknow param 0x00000d02
04-16 21:00:31.531 4016 4057 E eglCodecCommon: glUtilsParamSize: unknow param 0x00008caa
04-16 21:00:31.540 3946 3961 I Gecko : 1744837231540 Marionette INFO No differences allowed
04-16 21:00:31.623 3946 3961 I Gecko : 1744837231623 Marionette INFO Testing http://web-platform.test:8000/css/CSS2/box-display/insert-inline-in-blocks-n-inlines-begin-003.xht == http://web-platform.test:8000/css/CSS2/box-display/insert-inline-in-blocks-n-inlines-begin-003-ref.xht
04-16 21:00:31.669 3946 3961 E GeckoConsole: [JavaScript Error: "TypeError: can't access property "nodePrincipal", this.contentDocument is null" {file: "chrome://global/content/elements/browser-custom-element.js" line: 661}]
04-16 21:00:31.669 3946 3961 E GeckoConsole: get contentPrincipal@chrome://global/content/elements/browser-custom-element.js:661:1
04-16 21:00:31.669 3946 3961 E GeckoConsole: onLocationChange@resource://gre/modules/GeckoViewNavigation.sys.mjs:640:34
04-16 21:00:31.688 3946 3961 E GeckoConsole: [JavaScript Error: "TypeError: can't access property "title", this.contentDocument is null" {file: "chrome://global/content/elements/browser-custom-element.js" line: 630}]
04-16 21:00:31.688 3946 3961 E GeckoConsole: get contentTitle@chrome://global/content/elements/browser-custom-element.js:630:1
04-16 21:00:31.688 3946 3961 E GeckoConsole: handleEvent@resource://gre/modules/GeckoViewContent.sys.mjs:379:11
04-16 21:00:31.720 4016 4057 E eglCodecCommon: glUtilsParamSize: unknow param 0x00008caa
04-16 21:00:31.754 4016 4057 E eglCodecCommon: glUtilsParamSize: unknow param 0x00008caa
04-16 21:00:31.768 4016 4057 E eglCodecCommon: glUtilsParamSize: unknow param 0x00008caa
04-16 21:00:31.784 4016 4057 E eglCodecCommon: glUtilsParamSize: unknow param 0x00008caa
04-16 21:00:31.802 4016 4057 E eglCodecCommon: glUtilsParamSize: unknow param 0x00008caa
04-16 21:00:31.812 4016 4057 E eglCodecCommon: glUtilsParamSize: unknow param 0x00000d02
04-16 21:00:31.825 4016 4057 E eglCodecCommon: glUtilsParamSize: unknow param 0x00008caa
04-16 21:00:31.867 3946 3961 W GeckoEventDispatcher: No listener for GeckoView:StateUpdated
04-16 21:00:31.893 3946 3961 E GeckoConsole: [JavaScript Error: "TypeError: can't access property "nodePrincipal", this.contentDocument is null" {file: "chrome://global/content/elements/browser-custom-element.js" line: 661}]
04-16 21:00:31.893 3946 3961 E GeckoConsole: get contentPrincipal@chrome://global/content/elements/browser-custom-element.js:661:1
04-16 21:00:31.893 3946 3961 E GeckoConsole: onLocationChange@resource://gre/modules/GeckoViewNavigation.sys.mjs:640:34
04-16 21:00:31.914 3946 3961 E GeckoConsole: [JavaScript Error: "TypeError: can't access property "title", this.contentDocument is null" {file: "chrome://global/content/elements/browser-custom-element.js" line: 630}]
04-16 21:00:31.914 3946 3961 E GeckoConsole: get contentTitle@chrome://global/content/elements/browser-custom-element.js:630:1
04-16 21:00:31.914 3946 3961 E GeckoConsole: handleEvent@resource://gre/modules/GeckoViewContent.sys.mjs:379:11
04-16 21:00:31.936 4016 4057 E eglCodecCommon: glUtilsParamSize: unknow param 0x00008caa
04-16 21:00:31.953 4016 4057 E eglCodecCommon: glUtilsParamSize: unknow param 0x00008caa
04-16 21:00:31.970 4016 4057 E eglCodecCommon: glUtilsParamSize: unknow param 0x00008caa
04-16 21:00:31.994 4016 4057 E eglCodecCommon: glUtilsParamSize: unknow param 0x00008caa
04-16 21:00:32.009 4016 4057 E eglCodecCommon: glUtilsParamSize: unknow param 0x00008caa
04-16 21:00:32.027 4016 4057 E eglCodecCommon: glUtilsParamSize: unknow param 0x00008caa
04-16 21:00:32.036 4016 4057 E eglCodecCommon: glUtilsParamSize: unknow param 0x00000d02
04-16 21:00:32.060 3946 3961 I Gecko : 1744837232060 Marionette INFO No differences allowed
04-16 21:00:32.066 4016 4057 E eglCodecCommon: glUtilsParamSize: unknow param 0x00008caa
04-16 21:00:32.148 3946 3961 I Gecko : 1744837232148 Marionette INFO Testing http://web-platform.test:8000/css/CSS2/box-display/insert-inline-in-blocks-n-inlines-end-001.xht == http://web-platform.test:8000/css/CSS2/box-display/insert-inline-in-blocks-n-inlines-end-001-ref.xht
04-16 21:00:32.194 3946 3961 E GeckoConsole: [JavaScript Error: "TypeError: can't access property "nodePrincipal", this.contentDocument is null" {file: "chrome://global/content/elements/browser-custom-element.js" line: 661}]
04-16 21:00:32.194 3946 3961 E GeckoConsole: get contentPrincipal@chrome://global/content/elements/browser-custom-element.js:661:1
04-16 21:00:32.194 3946 3961 E GeckoConsole: onLocationChange@resource://gre/modules/GeckoViewNavigation.sys.mjs:640:34
04-16 21:00:32.212 3946 3961 E GeckoConsole: [JavaScript Error: "TypeError: can't access property "title", this.contentDocument is null" {file: "chrome://global/content/elements/browser-custom-element.js" line: 630}]
04-16 21:00:32.212 3946 3961 E GeckoConsole: get contentTitle@chrome://global/content/elements/browser-custom-element.js:630:1
04-16 21:00:32.212 3946 3961 E GeckoConsole: handleEvent@resource://gre/modules/GeckoViewContent.sys.mjs:379:11
04-16 21:00:32.237 4016 4057 E eglCodecCommon: glUtilsParamSize: unknow param 0x00008caa
04-16 21:00:32.270 4016 4057 E eglCodecCommon: glUtilsParamSize: unknow param 0x00008caa
04-16 21:00:32.293 4016 4057 E eglCodecCommon: glUtilsParamSize: unknow param 0x00008caa
04-16 21:00:32.304 4016 4057 E eglCodecCommon: glUtilsParamSize: unknow param 0x00008caa
04-16 21:00:32.322 4016 4057 E eglCodecCommon: glUtilsParamSize: unknow param 0x00008caa
04-16 21:00:32.333 4016 4057 E eglCodecCommon: glUtilsParamSize: unknow param 0x00000d02
04-16 21:00:32.344 4016 4057 E eglCodecCommon: glUtilsParamSize: unknow param 0x00008caa
04-16 21:00:32.410 3946 3961 E GeckoConsole: [JavaScript Error: "TypeError: can't access property "nodePrincipal", this.contentDocument is null" {file: "chrome://global/content/elements/browser-custom-element.js" line: 661}]
04-16 21:00:32.410 3946 3961 E GeckoConsole: get contentPrincipal@chrome://global/content/elements/browser-custom-element.js:661:1
04-16 21:00:32.410 3946 3961 E GeckoConsole: onLocationChange@resource://gre/modules/GeckoViewNavigation.sys.mjs:640:34
04-16 21:00:32.428 3946 3961 E GeckoConsole: [JavaScript Error: "TypeError: can't access property "title", this.contentDocument is null" {file: "chrome://global/content/elements/browser-custom-element.js" line: 630}]
04-16 21:00:32.428 3946 3961 E GeckoConsole: get contentTitle@chrome://global/content/elements/browser-custom-element.js:630:1
04-16 21:00:32.428 3946 3961 E GeckoConsole: handleEvent@resource://gre/modules/GeckoViewContent.sys.mjs:379:11
04-16 21:00:32.454 4016 4057 E eglCodecCommon: glUtilsParamSize: unknow param 0x00008caa
04-16 21:00:32.487 4016 4057 E eglCodecCommon: glUtilsParamSize: unknow param 0x00008caa
04-16 21:00:32.503 4016 4057 E eglCodecCommon: glUtilsParamSize: unknow param 0x00008caa
04-16 21:00:32.517 4016 4057 E eglCodecCommon: glUtilsParamSize: unknow param 0x00008caa
04-16 21:00:32.537 4016 4057 E eglCodecCommon: glUtilsParamSize: unknow param 0x00008caa
04-16 21:00:32.553 4016 4057 E eglCodecCommon: glUtilsParamSize: unknow param 0x00000d02
04-16 21:00:32.568 4016 4057 E eglCodecCommon: glUtilsParamSize: unknow param 0x00008caa
04-16 21:00:32.576 3946 3961 I Gecko : 1744837232576 Marionette INFO No differences allowed
04-16 21:00:32.658 3946 3961 I Gecko : 1744837232658 Marionette INFO Testing http://web-platform.test:8000/css/CSS2/box-display/insert-inline-in-blocks-n-inlines-end-002.xht == http://web-platform.test:8000/css/CSS2/box-display/insert-inline-in-blocks-n-inlines-end-002-ref.xht
04-16 21:00:32.701 3946 3961 E GeckoConsole: [JavaScript Error: "TypeError: can't access property "nodePrincipal", this.contentDocument is null" {file: "chrome://global/content/elements/browser-custom-element.js" line: 661}]
04-16 21:00:32.701 3946 3961 E GeckoConsole: get contentPrincipal@chrome://global/content/elements/browser-custom-element.js:661:1
04-16 21:00:32.701 3946 3961 E GeckoConsole: onLocationChange@resource://gre/modules/GeckoViewNavigation.sys.mjs:640:34
04-16 21:00:32.718 3946 3961 E GeckoConsole: [JavaScript Error: "TypeError: can't access property "title", this.contentDocument is null" {file: "chrome://global/content/elements/browser-custom-element.js" line: 630}]
04-16 21:00:32.718 3946 3961 E GeckoConsole: get contentTitle@chrome://global/content/elements/browser-custom-element.js:630:1
04-16 21:00:32.718 3946 3961 E GeckoConsole: handleEvent@resource://gre/modules/GeckoViewContent.sys.mjs:379:11
04-16 21:00:32.753 4016 4057 E eglCodecCommon: glUtilsParamSize: unknow param 0x00008caa
04-16 21:00:32.787 4016 4057 E eglCodecCommon: glUtilsParamSize: unknow param 0x00008caa
04-16 21:00:32.813 4016 4057 E eglCodecCommon: glUtilsParamSize: unknow param 0x00008caa
04-16 21:00:32.826 4016 4057 E eglCodecCommon: glUtilsParamSize: unknow param 0x00008caa
04-16 21:00:32.836 4016 4057 E eglCodecCommon: glUtilsParamSize: unknow param 0x00008caa
04-16 21:00:32.852 4016 4057 E eglCodecCommon: glUtilsParamSize: unknow param 0x00000d02
04-16 21:00:32.862 4016 4057 E eglCodecCommon: glUtilsParamSize: unknow param 0x00008caa
04-16 21:00:32.936 3946 3961 E GeckoConsole: [JavaScript Error: "TypeError: can't access property "nodePrincipal", this.contentDocument is null" {file: "chrome://global/content/elements/browser-custom-element.js" line: 661}]
04-16 21:00:32.936 3946 3961 E GeckoConsole: get contentPrincipal@chrome://global/content/elements/browser-custom-element.js:661:1
04-16 21:00:32.936 3946 3961 E GeckoConsole: onLocationChange@resource://gre/modules/GeckoViewNavigation.sys.mjs:640:34
04-16 21:00:32.956 3946 3961 E GeckoConsole: [JavaScript Error: "TypeError: can't access property "title", this.contentDocument is null" {file: "chrome://global/content/elements/browser-custom-element.js" line: 630}]
04-16 21:00:32.956 3946 3961 E GeckoConsole: get contentTitle@chrome://global/content/elements/browser-custom-element.js:630:1
04-16 21:00:32.956 3946 3961 E GeckoConsole: handleEvent@resource://gre/modules/GeckoViewContent.sys.mjs:379:11
04-16 21:00:32.986 4016 4057 E eglCodecCommon: glUtilsParamSize: unknow param 0x00008caa
04-16 21:00:32.992 3946 3961 W GeckoEventDispatcher: No listener for GeckoView:StateUpdated
04-16 21:00:33.021 4016 4057 E eglCodecCommon: glUtilsParamSize: unknow param 0x00008caa
04-16 21:00:33.042 4016 4057 E eglCodecCommon: glUtilsParamSize: unknow param 0x00008caa
04-16 21:00:33.057 4016 4057 E eglCodecCommon: glUtilsParamSize: unknow param 0x00008caa
04-16 21:00:33.067 4016 4057 E eglCodecCommon: glUtilsParamSize: unknow param 0x00008caa
04-16 21:00:33.082 4016 4057 E eglCodecCommon: glUtilsParamSize: unknow param 0x00000d02
04-16 21:00:33.094 4016 4057 E eglCodecCommon: glUtilsParamSize: unknow param 0x00008caa
04-16 21:00:33.106 3946 3961 I Gecko : 1744837233106 Marionette INFO No differences allowed
04-16 21:00:33.232 3946 3961 I Gecko : 1744837233232 Marionette INFO Testing http://web-platform.test:8000/css/CSS2/box-display/insert-inline-in-blocks-n-inlines-end-003.xht == http://web-platform.test:8000/css/CSS2/box-display/insert-inline-in-blocks-n-inlines-end-003-ref.xht
04-16 21:00:33.300 3946 3961 E GeckoConsole: [JavaScript Error: "TypeError: can't access property "nodePrincipal", this.contentDocument is null" {file: "chrome://global/content/elements/browser-custom-element.js" line: 661}]
04-16 21:00:33.300 3946 3961 E GeckoConsole: get contentPrincipal@chrome://global/content/elements/browser-custom-element.js:661:1
04-16 21:00:33.300 3946 3961 E GeckoConsole: onLocationChange@resource://gre/modules/GeckoViewNavigation.sys.mjs:640:34
04-16 21:00:33.318 3946 3961 E GeckoConsole: [JavaScript Error: "TypeError: can't access property "title", this.contentDocument is null" {file: "chrome://global/content/elements/browser-custom-element.js" line: 630}]
04-16 21:00:33.318 3946 3961 E GeckoConsole: get contentTitle@chrome://global/content/elements/browser-custom-element.js:630:1
04-16 21:00:33.318 3946 3961 E GeckoConsole: handleEvent@resource://gre/modules/GeckoViewContent.sys.mjs:379:11
04-16 21:00:33.341 4016 4057 E eglCodecCommon: glUtilsParamSize: unknow param 0x00008caa
04-16 21:00:33.357 4016 4057 E eglCodecCommon: glUtilsParamSize: unknow param 0x00008caa
04-16 21:00:33.372 4016 4057 E eglCodecCommon: glUtilsParamSize: unknow param 0x00008caa
04-16 21:00:33.405 4016 4057 E eglCodecCommon: glUtilsParamSize: unknow param 0x00008caa
04-16 21:00:33.418 4016 4057 E eglCodecCommon: glUtilsParamSize: unknow param 0x00008caa
04-16 21:00:33.441 4016 4057 E eglCodecCommon: glUtilsParamSize: unknow param 0x00008caa
04-16 21:00:33.453 4016 4057 E eglCodecCommon: glUtilsParamSize: unknow param 0x00000d02
04-16 21:00:33.466 4016 4057 E eglCodecCommon: glUtilsParamSize: unknow param 0x00008caa
04-16 21:00:33.535 3946 3961 E GeckoConsole: [JavaScript Error: "TypeError: can't access property "nodePrincipal", this.contentDocument is null" {file: "chrome://global/content/elements/browser-custom-element.js" line: 661}]
04-16 21:00:33.535 3946 3961 E GeckoConsole: get contentPrincipal@chrome://global/content/elements/browser-custom-element.js:661:1
04-16 21:00:33.535 3946 3961 E GeckoConsole: onLocationChange@resource://gre/modules/GeckoViewNavigation.sys.mjs:640:34
04-16 21:00:33.554 3946 3961 E GeckoConsole: [JavaScript Error: "TypeError: can't access property "title", this.contentDocument is null" {file: "chrome://global/content/elements/browser-custom-element.js" line: 630}]
04-16 21:00:33.554 3946 3961 E GeckoConsole: get contentTitle@chrome://global/content/elements/browser-custom-element.js:630:1
04-16 21:00:33.554 3946 3961 E GeckoConsole: handleEvent@resource://gre/modules/GeckoViewContent.sys.mjs:379:11
04-16 21:00:33.586 4016 4057 E eglCodecCommon: glUtilsParamSize: unknow param 0x00008caa
04-16 21:00:33.620 4016 4057 E eglCodecCommon: glUtilsParamSize: unknow param 0x00008caa
04-16 21:00:33.645 4016 4057 E eglCodecCommon: glUtilsParamSize: unknow param 0x00008caa
04-16 21:00:33.656 4016 4057 E eglCodecCommon: glUtilsParamSize: unknow param 0x00008caa
04-16 21:00:33.672 4016 4057 E eglCodecCommon: glUtilsParamSize: unknow param 0x00008caa
04-16 21:00:33.687 4016 4057 E eglCodecCommon: glUtilsParamSize: unknow param 0x00000d02
04-16 21:00:33.697 4016 4057 E eglCodecCommon: glUtilsParamSize: unknow param 0x00008caa
04-16 21:00:33.711 3946 3961 I Gecko : 1744837233711 Marionette INFO No differences allowed
04-16 21:00:33.802 3946 3961 I Gecko : 1744837233802 Marionette INFO Testing http://web-platform.test:8000/css/CSS2/box-display/insert-inline-in-blocks-n-inlines-middle-001.xht == http://web-platform.test:8000/css/CSS2/box-display/insert-inline-in-blocks-n-inlines-middle-001-ref.xht
04-16 21:00:33.848 3946 3961 E GeckoConsole: [JavaScript Error: "TypeError: can't access property "nodePrincipal", this.contentDocument is null" {file: "chrome://global/content/elements/browser-custom-element.js" line: 661}]
04-16 21:00:33.848 3946 3961 E GeckoConsole: get contentPrincipal@chrome://global/content/elements/browser-custom-element.js:661:1
04-16 21:00:33.848 3946 3961 E GeckoConsole: onLocationChange@resource://gre/modules/GeckoViewNavigation.sys.mjs:640:34
04-16 21:00:33.866 3946 3961 E GeckoConsole: [JavaScript Error: "TypeError: can't access property "title", this.contentDocument is null" {file: "chrome://global/content/elements/browser-custom-element.js" line: 630}]
04-16 21:00:33.866 3946 3961 E GeckoConsole: get contentTitle@chrome://global/content/elements/browser-custom-element.js:630:1
04-16 21:00:33.866 3946 3961 E GeckoConsole: handleEvent@resource://gre/modules/GeckoViewContent.sys.mjs:379:11
04-16 21:00:33.890 4016 4057 E eglCodecCommon: glUtilsParamSize: unknow param 0x00008caa
04-16 21:00:33.906 4016 4057 E eglCodecCommon: glUtilsParamSize: unknow param 0x00008caa
04-16 21:00:33.922 4016 4057 E eglCodecCommon: glUtilsParamSize: unknow param 0x00008caa
04-16 21:00:33.948 4016 4057 E eglCodecCommon: glUtilsParamSize: unknow param 0x00008caa
04-16 21:00:33.968 4016 4057 E eglCodecCommon: glUtilsParamSize: unknow param 0x00008caa
04-16 21:00:33.984 4016 4057 E eglCodecCommon: glUtilsParamSize: unknow param 0x00008caa
04-16 21:00:33.993 4016 4057 E eglCodecCommon: glUtilsParamSize: unknow param 0x00000d02
04-16 21:00:34.003 4016 4057 E eglCodecCommon: glUtilsParamSize: unknow param 0x00008caa
04-16 21:00:34.075 3946 3961 E GeckoConsole: [JavaScript Error: "TypeError: can't access property "nodePrincipal", this.contentDocument is null" {file: "chrome://global/content/elements/browser-custom-element.js" line: 661}]
04-16 21:00:34.075 3946 3961 E GeckoConsole: get contentPrincipal@chrome://global/content/elements/browser-custom-element.js:661:1
04-16 21:00:34.075 3946 3961 E GeckoConsole: onLocationChange@resource://gre/modules/GeckoViewNavigation.sys.mjs:640:34
04-16 21:00:34.094 3946 3961 E GeckoConsole: [JavaScript Error: "TypeError: can't access property "title", this.contentDocument is null" {file: "chrome://global/content/elements/browser-custom-element.js" line: 630}]
04-16 21:00:34.094 3946 3961 E GeckoConsole: get contentTitle@chrome://global/content/elements/browser-custom-element.js:630:1
04-16 21:00:34.094 3946 3961 E GeckoConsole: handleEvent@resource://gre/modules/GeckoViewContent.sys.mjs:379:11
04-16 21:00:34.121 4016 4057 E eglCodecCommon: glUtilsParamSize: unknow param 0x00008caa
04-16 21:00:34.153 4016 4057 E eglCodecCommon: glUtilsParamSize: unknow param 0x00008caa
04-16 21:00:34.176 4016 4057 E eglCodecCommon: glUtilsParamSize: unknow param 0x00008caa
04-16 21:00:34.186 4016 4057 E eglCodecCommon: glUtilsParamSize: unknow param 0x00008caa
04-16 21:00:34.204 4016 4057 E eglCodecCommon: glUtilsParamSize: unknow param 0x00008caa
04-16 21:00:34.214 4016 4057 E eglCodecCommon: glUtilsParamSize: unknow param 0x00000d02
04-16 21:00:34.225 4016 4057 E eglCodecCommon: glUtilsParamSize: unknow param 0x00008caa
04-16 21:00:34.237 3946 3961 I Gecko : 1744837234237 Marionette INFO No differences allowed
04-16 21:00:34.265 3946 3961 W GeckoEventDispatcher: No listener for GeckoView:StateUpdated
04-16 21:00:34.324 3946 3961 I Gecko : 1744837234324 Marionette INFO Testing http://web-platform.test:8000/css/CSS2/box-display/insert-inline-in-blocks-n-inlines-middle-002.xht == http://web-platform.test:8000/css/CSS2/box-display/insert-inline-in-blocks-n-inlines-middle-002-ref.xht
04-16 21:00:34.367 3946 3961 E GeckoConsole: [JavaScript Error: "TypeError: can't access property "nodePrincipal", this.contentDocument is null" {file: "chrome://global/content/elements/browser-custom-element.js" line: 661}]
04-16 21:00:34.367 3946 3961 E GeckoConsole: get contentPrincipal@chrome://global/content/elements/browser-custom-element.js:661:1
04-16 21:00:34.367 3946 3961 E GeckoConsole: onLocationChange@resource://gre/modules/GeckoViewNavigation.sys.mjs:640:34
04-16 21:00:34.383 3946 3961 E GeckoConsole: [JavaScript Error: "TypeError: can't access property "title", this.contentDocument is null" {file: "chrome://global/content/elements/browser-custom-element.js" line: 630}]
04-16 21:00:34.383 3946 3961 E GeckoConsole: get contentTitle@chrome://global/content/elements/browser-custom-element.js:630:1
04-16 21:00:34.383 3946 3961 E GeckoConsole: handleEvent@resource://gre/modules/GeckoViewContent.sys.mjs:379:11
04-16 21:00:34.419 4016 4057 E eglCodecCommon: glUtilsParamSize: unknow param 0x00008caa
04-16 21:00:34.455 4016 4057 E eglCodecCommon: glUtilsParamSize: unknow param 0x00008caa
04-16 21:00:34.475 4016 4057 E eglCodecCommon: glUtilsParamSize: unknow param 0x00008caa
04-16 21:00:34.487 4016 4057 E eglCodecCommon: glUtilsParamSize: unknow param 0x00008caa
04-16 21:00:34.504 4016 4057 E eglCodecCommon: glUtilsParamSize: unknow param 0x00008caa
04-16 21:00:34.517 4016 4057 E eglCodecCommon: glUtilsParamSize: unknow param 0x00000d02
04-16 21:00:34.536 4016 4057 E eglCodecCommon: glUtilsParamSize: unknow param 0x00008caa
04-16 21:00:34.598 3946 3961 E GeckoConsole: [JavaScript Error: "TypeError: can't access property "nodePrincipal", this.contentDocument is null" {file: "chrome://global/content/elements/browser-custom-element.js" line: 661}]
04-16 21:00:34.598 3946 3961 E GeckoConsole: get contentPrincipal@chrome://global/content/elements/browser-custom-element.js:661:1
04-16 21:00:34.598 3946 3961 E GeckoConsole: onLocationChange@resource://gre/modules/GeckoViewNavigation.sys.mjs:640:34
04-16 21:00:34.618 3946 3961 E GeckoConsole: [JavaScript Error: "TypeError: can't access property "title", this.contentDocument is null" {file: "chrome://global/content/elements/browser-custom-element.js" line: 630}]
04-16 21:00:34.618 3946 3961 E GeckoConsole: get contentTitle@chrome://global/content/elements/browser-custom-element.js:630:1
04-16 21:00:34.618 3946 3961 E GeckoConsole: handleEvent@resource://gre/modules/GeckoViewContent.sys.mjs:379:11
04-16 21:00:34.653 4016 4057 E eglCodecCommon: glUtilsParamSize: unknow param 0x00008caa
04-16 21:00:34.686 4016 4057 E eglCodecCommon: glUtilsParamSize: unknow param 0x00008caa
04-16 21:00:34.710 4016 4057 E eglCodecCommon: glUtilsParamSize: unknow param 0x00008caa
04-16 21:00:34.721 4016 4057 E eglCodecCommon: glUtilsParamSize: unknow param 0x00008caa
04-16 21:00:34.741 4016 4057 E eglCodecCommon: glUtilsParamSize: unknow param 0x00008caa
04-16 21:00:34.753 4016 4057 E eglCodecCommon: glUtilsParamSize: unknow param 0x00000d02
04-16 21:00:34.764 4016 4057 E eglCodecCommon: glUtilsParamSize: unknow param 0x00008caa
04-16 21:00:34.777 3946 3961 I Gecko : 1744837234777 Marionette INFO No differences allowed
04-16 21:00:34.861 3946 3961 I Gecko : 1744837234861 Marionette INFO Testing http://web-platform.test:8000/css/CSS2/box-display/insert-inline-in-blocks-n-inlines-middle-003.xht == http://web-platform.test:8000/css/CSS2/box-display/insert-inline-in-blocks-n-inlines-middle-003-ref.xht
04-16 21:00:34.904 3946 3961 E GeckoConsole: [JavaScript Error: "TypeError: can't access property "nodePrincipal", this.contentDocument is null" {file: "chrome://global/content/elements/browser-custom-element.js" line: 661}]
04-16 21:00:34.904 3946 3961 E GeckoConsole: get contentPrincipal@chrome://global/content/elements/browser-custom-element.js:661:1
04-16 21:00:34.904 3946 3961 E GeckoConsole: onLocationChange@resource://gre/modules/GeckoViewNavigation.sys.mjs:640:34
04-16 21:00:34.922 3946 3961 E GeckoConsole: [JavaScript Error: "TypeError: can't access property "title", this.contentDocument is null" {file: "chrome://global/content/elements/browser-custom-element.js" line: 630}]
04-16 21:00:34.922 3946 3961 E GeckoConsole: get contentTitle@chrome://global/content/elements/browser-custom-element.js:630:1
04-16 21:00:34.922 3946 3961 E GeckoConsole: handleEvent@resource://gre/modules/GeckoViewContent.sys.mjs:379:11
04-16 21:00:34.953 4016 4057 E eglCodecCommon: glUtilsParamSize: unknow param 0x00008caa
04-16 21:00:34.987 4016 4057 E eglCodecCommon: glUtilsParamSize: unknow param 0x00008caa
04-16 21:00:35.009 4016 4057 E eglCodecCommon: glUtilsParamSize: unknow param 0x00008caa
04-16 21:00:35.019 4016 4057 E eglCodecCommon: glUtilsParamSize: unknow param 0x00008caa
04-16 21:00:35.038 4016 4057 E eglCodecCommon: glUtilsParamSize: unknow param 0x00008caa
04-16 21:00:35.052 4016 4057 E eglCodecCommon: glUtilsParamSize: unknow param 0x00000d02
04-16 21:00:35.066 4016 4057 E eglCodecCommon: glUtilsParamSize: unknow param 0x00008caa
04-16 21:00:35.131 3946 3961 E GeckoConsole: [JavaScript Error: "TypeError: can't access property "nodePrincipal", this.contentDocument is null" {file: "chrome://global/content/elements/browser-custom-element.js" line: 661}]
04-16 21:00:35.131 3946 3961 E GeckoConsole: get contentPrincipal@chrome://global/content/elements/browser-custom-element.js:661:1
04-16 21:00:35.131 3946 3961 E GeckoConsole: onLocationChange@resource://gre/modules/GeckoViewNavigation.sys.mjs:640:34
04-16 21:00:35.150 3946 3961 E GeckoConsole: [JavaScript Error: "TypeError: can't access property "title", this.contentDocument is null" {file: "chrome://global/content/elements/browser-custom-element.js" line: 630}]
04-16 21:00:35.150 3946 3961 E GeckoConsole: get contentTitle@chrome://global/content/elements/browser-custom-element.js:630:1
04-16 21:00:35.150 3946 3961 E GeckoConsole: handleEvent@resource://gre/modules/GeckoViewContent.sys.mjs:379:11
04-16 21:00:35.186 4016 4057 E eglCodecCommon: glUtilsParamSize: unknow param 0x00008caa
04-16 21:00:35.220 4016 4057 E eglCodecCommon: glUtilsParamSize: unknow param 0x00008caa
04-16 21:00:35.234 4016 4057 E eglCodecCommon: glUtilsParamSize: unknow param 0x00008caa
04-16 21:00:35.255 4016 4057 E eglCodecCommon: glUtilsParamSize: unknow param 0x00008caa
04-16 21:00:35.267 4016 4057 E eglCodecCommon: glUtilsParamSize: unknow param 0x00008caa
04-16 21:00:35.278 4016 4057 E eglCodecCommon: glUtilsParamSize: unknow param 0x00000d02
04-16 21:00:35.292 4016 4057 E eglCodecCommon: glUtilsParamSize: unknow param 0x00008caa
04-16 21:00:35.298 3946 3961 I Gecko : 1744837235297 Marionette INFO No differences allowed
04-16 21:00:35.343 3946 3961 W GeckoEventDispatcher: No listener for GeckoView:StateUpdated
04-16 21:00:35.379 3946 3961 I Gecko : 1744837235379 Marionette INFO Testing http://web-platform.test:8000/css/CSS2/box-display/root-box-002.xht == http://web-platform.test:8000/css/CSS2/box-display/root-box-002-ref.xht
04-16 21:00:35.424 3946 3961 E GeckoConsole: [JavaScript Error: "TypeError: can't access property "nodePrincipal", this.contentDocument is null" {file: "chrome://global/content/elements/browser-custom-element.js" line: 661}]
04-16 21:00:35.424 3946 3961 E GeckoConsole: get contentPrincipal@chrome://global/content/elements/browser-custom-element.js:661:1
04-16 21:00:35.424 3946 3961 E GeckoConsole: onLocationChange@resource://gre/modules/GeckoViewNavigation.sys.mjs:640:34
04-16 21:00:35.453 4016 4057 E eglCodecCommon: glUtilsParamSize: unknow param 0x00008caa
04-16 21:00:35.458 3946 3961 E GeckoConsole: [JavaScript Error: "TypeError: can't access property "title", this.contentDocument is null" {file: "chrome://global/content/elements/browser-custom-element.js" line: 630}]
04-16 21:00:35.458 3946 3961 E GeckoConsole: get contentTitle@chrome://global/content/elements/browser-custom-element.js:630:1
04-16 21:00:35.458 3946 3961 E GeckoConsole: handleEvent@resource://gre/modules/GeckoViewContent.sys.mjs:379:11
04-16 21:00:35.536 4016 4057 E eglCodecCommon: glUtilsParamSize: unknow param 0x00008caa
04-16 21:00:35.652 4016 4057 E eglCodecCommon: glUtilsParamSize: unknow param 0x00008caa
04-16 21:00:35.670 4016 4057 E eglCodecCommon: glUtilsParamSize: unknow param 0x00008caa
04-16 21:00:35.684 4016 4057 E eglCodecCommon: glUtilsParamSize: unknow param 0x00008caa
04-16 21:00:35.705 4016 4057 E eglCodecCommon: glUtilsParamSize: unknow param 0x00008caa
04-16 21:00:35.719 4016 4057 E eglCodecCommon: glUtilsParamSize: unknow param 0x00000d02
04-16 21:00:35.729 4016 4057 E eglCodecCommon: glUtilsParamSize: unknow param 0x00008caa
04-16 21:00:35.796 3946 3961 E GeckoConsole: [JavaScript Error: "TypeError: can't access property "nodePrincipal", this.contentDocument is null" {file: "chrome://global/content/elements/browser-custom-element.js" line: 661}]
04-16 21:00:35.796 3946 3961 E GeckoConsole: get contentPrincipal@chrome://global/content/elements/browser-custom-element.js:661:1
04-16 21:00:35.796 3946 3961 E GeckoConsole: onLocationChange@resource://gre/modules/GeckoViewNavigation.sys.mjs:640:34
04-16 21:00:35.826 3946 3961 E GeckoConsole: [JavaScript Error: "TypeError: can't access property "title", this.contentDocument is null" {file: "chrome://global/content/elements/browser-custom-element.js" line: 630}]
04-16 21:00:35.826 3946 3961 E GeckoConsole: get contentTitle@chrome://global/content/elements/browser-custom-element.js:630:1
04-16 21:00:35.826 3946 3961 E GeckoConsole: handleEvent@resource://gre/modules/GeckoViewContent.sys.mjs:379:11
04-16 21:00:35.853 4016 4057 E eglCodecCommon: glUtilsParamSize: unknow param 0x00008caa
04-16 21:00:35.869 4016 4057 E eglCodecCommon: glUtilsParamSize: unknow param 0x00008caa
04-16 21:00:35.904 4016 4057 E eglCodecCommon: glUtilsParamSize: unknow param 0x00008caa
04-16 21:00:35.936 4016 4057 E eglCodecCommon: glUtilsParamSize: unknow param 0x00008caa
04-16 21:00:35.961 4016 4057 E eglCodecCommon: glUtilsParamSize: unknow param 0x00008caa
04-16 21:00:35.975 4016 4057 E eglCodecCommon: glUtilsParamSize: unknow param 0x00008caa
04-16 21:00:35.986 4016 4057 E eglCodecCommon: glUtilsParamSize: unknow param 0x00008caa
04-16 21:00:35.995 4016 4057 E eglCodecCommon: glUtilsParamSize: unknow param 0x00000d02
04-16 21:00:36.006 4016 4057 E eglCodecCommon: glUtilsParamSize: unknow param 0x00008caa
04-16 21:00:36.017 3946 3961 I Gecko : 1744837236017 Marionette INFO No differences allowed
04-16 21:00:36.099 3946 3961 I Gecko : 1744837236099 Marionette INFO Testing http://web-platform.test:8000/css/CSS2/box-display/root-box-003.xht == http://web-platform.test:8000/css/CSS2/box-display/root-box-003-ref.xht
04-16 21:00:36.143 3946 3961 E GeckoConsole: [JavaScript Error: "TypeError: can't access property "nodePrincipal", this.contentDocument is null" {file: "chrome://global/content/elements/browser-custom-element.js" line: 661}]
04-16 21:00:36.143 3946 3961 E GeckoConsole: get contentPrincipal@chrome://global/content/elements/browser-custom-element.js:661:1
04-16 21:00:36.143 3946 3961 E GeckoConsole: onLocationChange@resource://gre/modules/GeckoViewNavigation.sys.mjs:640:34
04-16 21:00:36.158 3946 3961 E GeckoConsole: [JavaScript Error: "TypeError: can't access property "title", this.contentDocument is null" {file: "chrome://global/content/elements/browser-custom-element.js" line: 630}]
04-16 21:00:36.158 3946 3961 E GeckoConsole: get contentTitle@chrome://global/content/elements/browser-custom-element.js:630:1
04-16 21:00:36.158 3946 3961 E GeckoConsole: handleEvent@resource://gre/modules/GeckoViewContent.sys.mjs:379:11
04-16 21:00:36.186 4016 4057 E eglCodecCommon: glUtilsParamSize: unknow param 0x00008caa
04-16 21:00:36.225 4016 4057 E eglCodecCommon: glUtilsParamSize: unknow param 0x00008caa
04-16 21:00:36.236 4016 4057 E eglCodecCommon: glUtilsParamSize: unknow param 0x00008caa
04-16 21:00:36.251 4016 4057 E eglCodecCommon: glUtilsParamSize: unknow param 0x00008caa
04-16 21:00:36.260 4016 4057 E eglCodecCommon: glUtilsParamSize: unknow param 0x00000d02
04-16 21:00:36.272 4016 4057 E eglCodecCommon: glUtilsParamSize: unknow param 0x00008caa
04-16 21:00:36.341 3946 3961 E GeckoConsole: [JavaScript Error: "TypeError: can't access property "nodePrincipal", this.contentDocument is null" {file: "chrome://global/content/elements/browser-custom-element.js" line: 661}]
04-16 21:00:36.341 3946 3961 E GeckoConsole: get contentPrincipal@chrome://global/content/elements/browser-custom-element.js:661:1
04-16 21:00:36.341 3946 3961 E GeckoConsole: onLocationChange@resource://gre/modules/GeckoViewNavigation.sys.mjs:640:34
04-16 21:00:36.357 3946 3961 E GeckoConsole: [JavaScript Error: "TypeError: can't access property "title", this.contentDocument is null" {file: "chrome://global/content/elements/browser-custom-element.js" line: 630}]
04-16 21:00:36.357 3946 3961 E GeckoConsole: get contentTitle@chrome://global/content/elements/browser-custom-element.js:630:1
04-16 21:00:36.357 3946 3961 E GeckoConsole: handleEvent@resource://gre/modules/GeckoViewContent.sys.mjs:379:11
04-16 21:00:36.386 4016 4057 E eglCodecCommon: glUtilsParamSize: unknow param 0x00008caa
04-16 21:00:36.424 4016 4057 E eglCodecCommon: glUtilsParamSize: unknow param 0x00008caa
04-16 21:00:36.434 4016 4057 E eglCodecCommon: glUtilsParamSize: unknow param 0x00008caa
04-16 21:00:36.451 4016 4057 E eglCodecCommon: glUtilsParamSize: unknow param 0x00008caa
04-16 21:00:36.459 4016 4057 E eglCodecCommon: glUtilsParamSize: unknow param 0x00000d02
04-16 21:00:36.475 3946 3961 I Gecko : 1744837236474 Marionette INFO No differences allowed
04-16 21:00:36.476 4016 4057 E eglCodecCommon: glUtilsParamSize: unknow param 0x00008caa
04-16 21:00:36.515 3946 3961 W GeckoEventDispatcher: No listener for GeckoView:StateUpdated
04-16 21:00:36.562 3946 3961 I Gecko : 1744837236562 Marionette INFO Testing http://web-platform.test:8000/css/CSS2/box-display/root-canvas-001.xht == http://web-platform.test:8000/css/CSS2/box-display/root-canvas-001-ref.xht
04-16 21:00:36.604 3946 3961 E GeckoConsole: [JavaScript Error: "TypeError: can't access property "nodePrincipal", this.contentDocument is null" {file: "chrome://global/content/elements/browser-custom-element.js" line: 661}]
04-16 21:00:36.604 3946 3961 E GeckoConsole: get contentPrincipal@chrome://global/content/elements/browser-custom-element.js:661:1
04-16 21:00:36.604 3946 3961 E GeckoConsole: onLocationChange@resource://gre/modules/GeckoViewNavigation.sys.mjs:640:34
04-16 21:00:36.620 3946 3961 E GeckoConsole: [JavaScript Error: "TypeError: can't access property "title", this.contentDocument is null" {file: "chrome://global/content/elements/browser-custom-element.js" line: 630}]
04-16 21:00:36.620 3946 3961 E GeckoConsole: get contentTitle@chrome://global/content/elements/browser-custom-element.js:630:1
04-16 21:00:36.620 3946 3961 E GeckoConsole: handleEvent@resource://gre/modules/GeckoViewContent.sys.mjs:379:11
04-16 21:00:36.653 4016 4057 E eglCodecCommon: glUtilsParamSize: unknow param 0x00008caa
04-16 21:00:36.686 4016 4057 E eglCodecCommon: glUtilsParamSize: unknow param 0x00008caa
04-16 21:00:36.710 4016 4057 E eglCodecCommon: glUtilsParamSize: unknow param 0x00008caa
04-16 21:00:36.720 4016 4057 E eglCodecCommon: glUtilsParamSize: unknow param 0x00008caa
04-16 21:00:36.739 4016 4057 E eglCodecCommon: glUtilsParamSize: unknow param 0x00008caa
04-16 21:00:36.747 4016 4057 E eglCodecCommon: glUtilsParamSize: unknow param 0x00000d02
04-16 21:00:36.758 4016 4057 E eglCodecCommon: glUtilsParamSize: unknow param 0x00008caa
04-16 21:00:36.816 3946 3961 E GeckoConsole: [JavaScript Error: "TypeError: can't access property "nodePrincipal", this.contentDocument is null" {file: "chrome://global/content/elements/browser-custom-element.js" line: 661}]
04-16 21:00:36.816 3946 3961 E GeckoConsole: get contentPrincipal@chrome://global/content/elements/browser-custom-element.js:661:1
04-16 21:00:36.816 3946 3961 E GeckoConsole: onLocationChange@resource://gre/modules/GeckoViewNavigation.sys.mjs:640:34
04-16 21:00:36.834 3946 3961 E GeckoConsole: [JavaScript Error: "TypeError: can't access property "title", this.contentDocument is null" {file: "chrome://global/content/elements/browser-custom-element.js" line: 630}]
04-16 21:00:36.834 3946 3961 E GeckoConsole: get contentTitle@chrome://global/content/elements/browser-custom-element.js:630:1
04-16 21:00:36.834 3946 3961 E GeckoConsole: handleEvent@resource://gre/modules/GeckoViewContent.sys.mjs:379:11
04-16 21:00:36.869 4016 4057 E eglCodecCommon: glUtilsParamSize: unknow param 0x00008caa
04-16 21:00:36.875 3946 3961 E GeckoConsole: [JavaScript Error: "TypeError: can't access property "nodePrincipal", this.contentDocument is null" {file: "chrome://global/content/elements/browser-custom-element.js" line: 661}]
04-16 21:00:36.875 3946 3961 E GeckoConsole: get contentPrincipal@chrome://global/content/elements/browser-custom-element.js:661:1
04-16 21:00:36.875 3946 3961 E GeckoConsole: onLocationChange@resource://gre/modules/GeckoViewNavigation.sys.mjs:640:34
04-16 21:00:36.887 4016 4057 E eglCodecCommon: glUtilsParamSize: unknow param 0x00008caa
04-16 21:00:36.905 4016 4057 E eglCodecCommon: glUtilsParamSize: unknow param 0x00008caa
04-16 21:00:36.928 4016 4057 E eglCodecCommon: glUtilsParamSize: unknow param 0x00008caa
04-16 21:00:36.943 4016 4057 E eglCodecCommon: glUtilsParamSize: unknow param 0x00008caa
04-16 21:00:36.964 4016 4057 E eglCodecCommon: glUtilsParamSize: unknow param 0x00008caa
04-16 21:00:36.983 4016 4057 E eglCodecCommon: glUtilsParamSize: unknow param 0x00008caa
04-16 21:00:37.002 4016 4057 E eglCodecCommon: glUtilsParamSize: unknow param 0x00008caa
04-16 21:00:37.015 4016 4057 E eglCodecCommon: glUtilsParamSize: unknow param 0x00000d02
04-16 21:00:37.028 4016 4057 E eglCodecCommon: glUtilsParamSize: unknow param 0x00008caa
04-16 21:00:37.037 3946 3961 I Gecko : 1744837237037 Marionette INFO No differences allowed
04-16 21:00:37.167 3946 3961 I Gecko : 1744837237167 Marionette INFO Stopped listening on port 39588
04-16 21:00:37.277 4016 4057 D EGL_emulation: eglMakeCurrent: 0x757ab483b500: ver 3 0 (tinfo 0x757ab480c500)
04-16 21:00:37.288 4016 4057 D EGL_emulation: eglMakeCurrent: 0x757ab483b500: ver 3 0 (tinfo 0x757ab480c500)
04-16 21:00:37.288 4016 4057 E eglCodecCommon: glUtilsParamSize: unknow param 0x00008caa
04-16 21:00:37.297 3946 3961 D GeckoThread: State changed to EXITING
04-16 21:00:37.329 3980 3980 I ServiceChildProcess: Destroying GeckoServiceChildProcess
04-16 21:00:37.331 3980 3980 I art : System.exit called, status: 0
04-16 21:00:37.331 3980 3980 I AndroidRuntime: VM exiting with result code 0, cleanup skipped.
04-16 21:00:37.338 1657 1836 I ActivityManager: Process org.mozilla.geckoview.test_runner:tab25 (pid 3980) has died
04-16 21:00:37.338 1657 1836 D ActivityManager: cleanUpApplicationRecord -- 3980
04-16 21:00:37.502 5023 5023 D AndroidRuntime: >>>>>> START com.android.internal.os.RuntimeInit uid 0 <<<<<<
04-16 21:00:37.504 5023 5023 D AndroidRuntime: CheckJNI is OFF
04-16 21:00:37.520 3946 3961 D GeckoIdleService: Remove observer 0x757a8aa5f808 (5 seconds), 0 remain idle
04-16 21:00:37.528 5023 5023 W art : Unexpected CPU variant for X86 using defaults: x86_64
04-16 21:00:37.531 5023 5023 D ICU : No timezone override file found: /data/misc/zoneinfo/current/icu/icu_tzdata.dat
04-16 21:00:37.550 5023 5023 E memtrack: Couldn't load memtrack module (No such file or directory)
04-16 21:00:37.550 5023 5023 E android.os.Debug: failed to load memtrack module: -2
04-16 21:00:37.550 5023 5023 I Radio-JNI: register_android_hardware_Radio DONE
04-16 21:00:37.557 5023 5023 D AndroidRuntime: Calling main entry com.android.commands.am.Am
04-16 21:00:37.563 1657 2092 I ActivityManager: Force stopping org.mozilla.geckoview.test_runner appid=10062 user=0: from pid 5023
04-16 21:00:37.564 1657 2092 I ActivityManager: Killing 4016:org.mozilla.geckoview.test_runner:gpu/u0a62 (adj 0): stop org.mozilla.geckoview.test_runner
04-16 21:00:37.564 1657 2092 D ActivityManager: cleanUpApplicationRecord -- 4016
04-16 21:00:37.564 1657 2092 W ActivityManager: Scheduling restart of crashed service org.mozilla.geckoview.test_runner/org.mozilla.gecko.process.GeckoChildProcessServices$gpu in 1000ms
04-16 21:00:37.565 1657 2092 I ActivityManager: Killing 3946:org.mozilla.geckoview.test_runner/u0a62 (adj 0): stop org.mozilla.geckoview.test_runner
04-16 21:00:37.565 1657 2092 D ActivityManager: cleanUpApplicationRecord -- 3946
04-16 21:00:37.566 1657 2092 W ActivityManager: Force removing ActivityRecord{670fb09 u0 org.mozilla.geckoview.test_runner/.TestRunnerActivity t3}: app died, no saved state
04-16 21:00:37.568 1657 2092 I WindowManager: Destroying surface Surface(name=SurfaceView - org.mozilla.geckoview.test_runner/org.mozilla.geckoview.test_runner.TestRunnerActivity) called by com.android.server.wm.WindowStateAnimator.destroySurface:2014 com.android.server.wm.WindowStateAnimator.destroySurfaceLocked:881 com.android.server.wm.WindowState.removeLocked:1449 com.android.server.wm.WindowManagerService.removeWindowInnerLocked:2478 com.android.server.wm.WindowManagerService.removeWindowLocked:2436 com.android.server.wm.WindowManagerService.removeWindowLocked:2305 com.android.server.wm.AppWindowToken.removeAllWindows:530 com.android.server.wm.AppWindowToken.removeAppFromTaskLocked:326
