04-16 20:58:44.288 1344 1344 E Hyphenator: at libcore.io.IoBridge.open(IoBridge.java:441)
04-16 20:58:44.288 1344 1344 E Hyphenator: ... 6 more
04-16 20:58:44.288 1344 1344 E Hyphenator: error loading hyphenation /system/usr/hyphen-data/hyph-en-us.hyb
04-16 20:58:44.288 1344 1344 E Hyphenator: java.io.FileNotFoundException: /system/usr/hyphen-data/hyph-en-us.hyb: open failed: ENOENT (No such file or directory)
04-16 20:58:44.288 1344 1344 E Hyphenator: at libcore.io.IoBridge.open(IoBridge.java:455)
04-16 20:58:44.288 1344 1344 E Hyphenator: at java.io.RandomAccessFile.(RandomAccessFile.java:247)
04-16 20:58:44.288 1344 1344 E Hyphenator: at android.text.Hyphenator.loadHyphenator(Hyphenator.java:118)
04-16 20:58:44.288 1344 1344 E Hyphenator: at android.text.Hyphenator.init(Hyphenator.java:224)
04-16 20:58:44.288 1344 1344 E Hyphenator: at com.android.internal.os.ZygoteInit.preloadTextResources(ZygoteInit.java:252)
04-16 20:58:44.288 1344 1344 E Hyphenator: at com.android.internal.os.ZygoteInit.preload(ZygoteInit.java:206)
04-16 20:58:44.288 1344 1344 E Hyphenator: at com.android.internal.os.ZygoteInit.main(ZygoteInit.java:723)
04-16 20:58:44.288 1344 1344 E Hyphenator: Caused by: android.system.ErrnoException: open failed: ENOENT (No such file or directory)
04-16 20:58:44.288 1344 1344 E Hyphenator: at libcore.io.Posix.open(Native Method)
04-16 20:58:44.288 1344 1344 E Hyphenator: at libcore.io.BlockGuardOs.open(BlockGuardOs.java:187)
04-16 20:58:44.288 1344 1344 E Hyphenator: at libcore.io.IoBridge.open(IoBridge.java:441)
04-16 20:58:44.288 1344 1344 E Hyphenator: ... 6 more
04-16 20:58:44.288 1344 1344 E Hyphenator: error loading hyphenation /system/usr/hyphen-data/hyph-es.hyb
04-16 20:58:44.288 1344 1344 E Hyphenator: java.io.FileNotFoundException: /system/usr/hyphen-data/hyph-es.hyb: open failed: ENOENT (No such file or directory)
04-16 20:58:44.288 1344 1344 E Hyphenator: at libcore.io.IoBridge.open(IoBridge.java:455)
04-16 20:58:44.288 1344 1344 E Hyphenator: at java.io.RandomAccessFile.(RandomAccessFile.java:247)
04-16 20:58:44.288 1344 1344 E Hyphenator: at android.text.Hyphenator.loadHyphenator(Hyphenator.java:118)
04-16 20:58:44.288 1344 1344 E Hyphenator: at android.text.Hyphenator.init(Hyphenator.java:224)
04-16 20:58:44.288 1344 1344 E Hyphenator: at com.android.internal.os.ZygoteInit.preloadTextResources(ZygoteInit.java:252)
04-16 20:58:44.288 1344 1344 E Hyphenator: at com.android.internal.os.ZygoteInit.preload(ZygoteInit.java:206)
04-16 20:58:44.288 1344 1344 E Hyphenator: at com.android.internal.os.ZygoteInit.main(ZygoteInit.java:723)
04-16 20:58:44.288 1344 1344 E Hyphenator: Caused by: android.system.ErrnoException: open failed: ENOENT (No such file or directory)
04-16 20:58:44.288 1344 1344 E Hyphenator: at libcore.io.Posix.open(Native Method)
04-16 20:58:44.288 1344 1344 E Hyphenator: at libcore.io.BlockGuardOs.open(BlockGuardOs.java:187)
04-16 20:58:44.288 1344 1344 E Hyphenator: at libcore.io.IoBridge.open(IoBridge.java:441)
04-16 20:58:44.288 1344 1344 E Hyphenator: ... 6 more
04-16 20:58:44.288 1344 1344 E Hyphenator: error loading hyphenation /system/usr/hyphen-data/hyph-et.hyb
04-16 20:58:44.288 1344 1344 E Hyphenator: java.io.FileNotFoundException: /system/usr/hyphen-data/hyph-et.hyb: open failed: ENOENT (No such file or directory)
04-16 20:58:44.288 1344 1344 E Hyphenator: at libcore.io.IoBridge.open(IoBridge.java:455)
04-16 20:58:44.288 1344 1344 E Hyphenator: at java.io.RandomAccessFile.(RandomAccessFile.java:247)
04-16 20:58:44.288 1344 1344 E Hyphenator: at android.text.Hyphenator.loadHyphenator(Hyphenator.java:118)
04-16 20:58:44.288 1344 1344 E Hyphenator: at android.text.Hyphenator.init(Hyphenator.java:224)
04-16 20:58:44.288 1344 1344 E Hyphenator: at com.android.internal.os.ZygoteInit.preloadTextResources(ZygoteInit.java:252)
04-16 20:58:44.288 1344 1344 E Hyphenator: at com.android.internal.os.ZygoteInit.preload(ZygoteInit.java:206)
04-16 20:58:44.288 1344 1344 E Hyphenator: at com.android.internal.os.ZygoteInit.main(ZygoteInit.java:723)
04-16 20:58:44.288 1344 1344 E Hyphenator: Caused by: android.system.ErrnoException: open failed: ENOENT (No such file or directory)
04-16 20:58:44.288 1344 1344 E Hyphenator: at libcore.io.Posix.open(Native Method)
04-16 20:58:44.288 1344 1344 E Hyphenator: at libcore.io.BlockGuardOs.open(BlockGuardOs.java:187)
04-16 20:58:44.288 1344 1344 E Hyphenator: at libcore.io.IoBridge.open(IoBridge.java:441)
04-16 20:58:44.288 1344 1344 E Hyphenator: ... 6 more
04-16 20:58:44.288 1344 1344 E Hyphenator: error loading hyphenation /system/usr/hyphen-data/hyph-eu.hyb
04-16 20:58:44.288 1344 1344 E Hyphenator: java.io.FileNotFoundException: /system/usr/hyphen-data/hyph-eu.hyb: open failed: ENOENT (No such file or directory)
04-16 20:58:44.288 1344 1344 E Hyphenator: at libcore.io.IoBridge.open(IoBridge.java:455)
04-16 20:58:44.288 1344 1344 E Hyphenator: at java.io.RandomAccessFile.(RandomAccessFile.java:247)
04-16 20:58:44.288 1344 1344 E Hyphenator: at android.text.Hyphenator.loadHyphenator(Hyphenator.java:118)
04-16 20:58:44.288 1344 1344 E Hyphenator: at android.text.Hyphenator.init(Hyphenator.java:224)
04-16 20:58:44.288 1344 1344 E Hyphenator: at com.android.internal.os.ZygoteInit.preloadTextResources(ZygoteInit.java:252)
04-16 20:58:44.288 1344 1344 E Hyphenator: at com.android.internal.os.ZygoteInit.preload(ZygoteInit.java:206)
04-16 20:58:44.288 1344 1344 E Hyphenator: at com.android.internal.os.ZygoteInit.main(ZygoteInit.java:723)
04-16 20:58:44.288 1344 1344 E Hyphenator: Caused by: android.system.ErrnoException: open failed: ENOENT (No such file or directory)
04-16 20:58:44.288 1344 1344 E Hyphenator: at libcore.io.Posix.open(Native Method)
04-16 20:58:44.288 1344 1344 E Hyphenator: at libcore.io.BlockGuardOs.open(BlockGuardOs.java:187)
04-16 20:58:44.288 1344 1344 E Hyphenator: at libcore.io.IoBridge.open(IoBridge.java:441)
04-16 20:58:44.288 1344 1344 E Hyphenator: ... 6 more
04-16 20:58:44.288 1344 1344 E Hyphenator: error loading hyphenation /system/usr/hyphen-data/hyph-fr.hyb
04-16 20:58:44.288 1344 1344 E Hyphenator: java.io.FileNotFoundException: /system/usr/hyphen-data/hyph-fr.hyb: open failed: ENOENT (No such file or directory)
04-16 20:58:44.288 1344 1344 E Hyphenator: at libcore.io.IoBridge.open(IoBridge.java:455)
04-16 20:58:44.288 1344 1344 E Hyphenator: at java.io.RandomAccessFile.(RandomAccessFile.java:247)
04-16 20:58:44.288 1344 1344 E Hyphenator: at android.text.Hyphenator.loadHyphenator(Hyphenator.java:118)
04-16 20:58:44.288 1344 1344 E Hyphenator: at android.text.Hyphenator.init(Hyphenator.java:224)
04-16 20:58:44.288 1344 1344 E Hyphenator: at com.android.internal.os.ZygoteInit.preloadTextResources(ZygoteInit.java:252)
04-16 20:58:44.288 1344 1344 E Hyphenator: at com.android.internal.os.ZygoteInit.preload(ZygoteInit.java:206)
04-16 20:58:44.288 1344 1344 E Hyphenator: at com.android.internal.os.ZygoteInit.main(ZygoteInit.java:723)
04-16 20:58:44.288 1344 1344 E Hyphenator: Caused by: android.system.ErrnoException: open failed: ENOENT (No such file or directory)
04-16 20:58:44.288 1344 1344 E Hyphenator: at libcore.io.Posix.open(Native Method)
04-16 20:58:44.288 1344 1344 E Hyphenator: at libcore.io.BlockGuardOs.open(BlockGuardOs.java:187)
04-16 20:58:44.288 1344 1344 E Hyphenator: at libcore.io.IoBridge.open(IoBridge.java:441)
04-16 20:58:44.288 1344 1344 E Hyphenator: ... 6 more
04-16 20:58:44.289 1344 1344 E Hyphenator: error loading hyphenation /system/usr/hyphen-data/hyph-ga.hyb
04-16 20:58:44.289 1344 1344 E Hyphenator: java.io.FileNotFoundException: /system/usr/hyphen-data/hyph-ga.hyb: open failed: ENOENT (No such file or directory)
04-16 20:58:44.289 1344 1344 E Hyphenator: at libcore.io.IoBridge.open(IoBridge.java:455)
04-16 20:58:44.289 1344 1344 E Hyphenator: at java.io.RandomAccessFile.(RandomAccessFile.java:247)
04-16 20:58:44.289 1344 1344 E Hyphenator: at android.text.Hyphenator.loadHyphenator(Hyphenator.java:118)
04-16 20:58:44.289 1344 1344 E Hyphenator: at android.text.Hyphenator.init(Hyphenator.java:224)
04-16 20:58:44.289 1344 1344 E Hyphenator: at com.android.internal.os.ZygoteInit.preloadTextResources(ZygoteInit.java:252)
04-16 20:58:44.289 1344 1344 E Hyphenator: at com.android.internal.os.ZygoteInit.preload(ZygoteInit.java:206)
04-16 20:58:44.289 1344 1344 E Hyphenator: at com.android.internal.os.ZygoteInit.main(ZygoteInit.java:723)
04-16 20:58:44.289 1344 1344 E Hyphenator: Caused by: android.system.ErrnoException: open failed: ENOENT (No such file or directory)
04-16 20:58:44.289 1344 1344 E Hyphenator: at libcore.io.Posix.open(Native Method)
04-16 20:58:44.289 1344 1344 E Hyphenator: at libcore.io.BlockGuardOs.open(BlockGuardOs.java:187)
04-16 20:58:44.289 1344 1344 E Hyphenator: at libcore.io.IoBridge.open(IoBridge.java:441)
04-16 20:58:44.289 1344 1344 E Hyphenator: ... 6 more
04-16 20:58:44.289 1341 1341 I art : Explicit concurrent mark sweep GC freed 15881(1201KB) AllocSpace objects, 1(16KB) LOS objects, 50% free, 3MB/7MB, paused 1.545ms total 11.310ms
04-16 20:58:44.289 1344 1344 E Hyphenator: error loading hyphenation /system/usr/hyphen-data/hyph-gu.hyb
04-16 20:58:44.289 1344 1344 E Hyphenator: java.io.FileNotFoundException: /system/usr/hyphen-data/hyph-gu.hyb: open failed: ENOENT (No such file or directory)
04-16 20:58:44.289 1344 1344 E Hyphenator: at libcore.io.IoBridge.open(IoBridge.java:455)
04-16 20:58:44.289 1344 1344 E Hyphenator: at java.io.RandomAccessFile.(RandomAccessFile.java:247)
04-16 20:58:44.289 1344 1344 E Hyphenator: at android.text.Hyphenator.loadHyphenator(Hyphenator.java:118)
04-16 20:58:44.289 1344 1344 E Hyphenator: at android.text.Hyphenator.init(Hyphenator.java:224)
04-16 20:58:44.289 1344 1344 E Hyphenator: at com.android.internal.os.ZygoteInit.preloadTextResources(ZygoteInit.java:252)
04-16 20:58:44.289 1344 1344 E Hyphenator: at com.android.internal.os.ZygoteInit.preload(ZygoteInit.java:206)
04-16 20:58:44.289 1344 1344 E Hyphenator: at com.android.internal.os.ZygoteInit.main(ZygoteInit.java:723)
04-16 20:58:44.289 1344 1344 E Hyphenator: Caused by: android.system.ErrnoException: open failed: ENOENT (No such file or directory)
04-16 20:58:44.289 1344 1344 E Hyphenator: at libcore.io.Posix.open(Native Method)
04-16 20:58:44.289 1344 1344 E Hyphenator: at libcore.io.BlockGuardOs.open(BlockGuardOs.java:187)
04-16 20:58:44.289 1344 1344 E Hyphenator: at libcore.io.IoBridge.open(IoBridge.java:441)
04-16 20:58:44.289 1344 1344 E Hyphenator: ... 6 more
04-16 20:58:44.289 1344 1344 E Hyphenator: error loading hyphenation /system/usr/hyphen-data/hyph-hi.hyb
04-16 20:58:44.289 1344 1344 E Hyphenator: java.io.FileNotFoundException: /system/usr/hyphen-data/hyph-hi.hyb: open failed: ENOENT (No such file or directory)
04-16 20:58:44.289 1344 1344 E Hyphenator: at libcore.io.IoBridge.open(IoBridge.java:455)
04-16 20:58:44.289 1344 1344 E Hyphenator: at java.io.RandomAccessFile.(RandomAccessFile.java:247)
04-16 20:58:44.289 1344 1344 E Hyphenator: at android.text.Hyphenator.loadHyphenator(Hyphenator.java:118)
04-16 20:58:44.289 1344 1344 E Hyphenator: at android.text.Hyphenator.init(Hyphenator.java:224)
04-16 20:58:44.289 1344 1344 E Hyphenator: at com.android.internal.os.ZygoteInit.preloadTextResources(ZygoteInit.java:252)
04-16 20:58:44.289 1344 1344 E Hyphenator: at com.android.internal.os.ZygoteInit.preload(ZygoteInit.java:206)
04-16 20:58:44.289 1344 1344 E Hyphenator: at com.android.internal.os.ZygoteInit.main(ZygoteInit.java:723)
04-16 20:58:44.289 1344 1344 E Hyphenator: Caused by: android.system.ErrnoException: open failed: ENOENT (No such file or directory)
04-16 20:58:44.289 1344 1344 E Hyphenator: at libcore.io.Posix.open(Native Method)
04-16 20:58:44.289 1344 1344 E Hyphenator: at libcore.io.BlockGuardOs.open(BlockGuardOs.java:187)
04-16 20:58:44.289 1344 1344 E Hyphenator: at libcore.io.IoBridge.open(IoBridge.java:441)
04-16 20:58:44.289 1344 1344 E Hyphenator: ... 6 more
04-16 20:58:44.289 1344 1344 E Hyphenator: error loading hyphenation /system/usr/hyphen-data/hyph-hr.hyb
04-16 20:58:44.289 1344 1344 E Hyphenator: java.io.FileNotFoundException: /system/usr/hyphen-data/hyph-hr.hyb: open failed: ENOENT (No such file or directory)
04-16 20:58:44.289 1344 1344 E Hyphenator: at libcore.io.IoBridge.open(IoBridge.java:455)
04-16 20:58:44.289 1344 1344 E Hyphenator: at java.io.RandomAccessFile.(RandomAccessFile.java:247)
04-16 20:58:44.289 1344 1344 E Hyphenator: at android.text.Hyphenator.loadHyphenator(Hyphenator.java:118)
04-16 20:58:44.289 1344 1344 E Hyphenator: at android.text.Hyphenator.init(Hyphenator.java:224)
04-16 20:58:44.289 1344 1344 E Hyphenator: at com.android.internal.os.ZygoteInit.preloadTextResources(ZygoteInit.java:252)
04-16 20:58:44.289 1344 1344 E Hyphenator: at com.android.internal.os.ZygoteInit.preload(ZygoteInit.java:206)
04-16 20:58:44.289 1344 1344 E Hyphenator: at com.android.internal.os.ZygoteInit.main(ZygoteInit.java:723)
04-16 20:58:44.289 1344 1344 E Hyphenator: Caused by: android.system.ErrnoException: open failed: ENOENT (No such file or directory)
04-16 20:58:44.289 1344 1344 E Hyphenator: at libcore.io.Posix.open(Native Method)
04-16 20:58:44.289 1344 1344 E Hyphenator: at libcore.io.BlockGuardOs.open(BlockGuardOs.java:187)
04-16 20:58:44.289 1344 1344 E Hyphenator: at libcore.io.IoBridge.open(IoBridge.java:441)
04-16 20:58:44.289 1344 1344 E Hyphenator: ... 6 more
04-16 20:58:44.289 1344 1344 E Hyphenator: error loading hyphenation /system/usr/hyphen-data/hyph-hu.hyb
04-16 20:58:44.289 1344 1344 E Hyphenator: java.io.FileNotFoundException: /system/usr/hyphen-data/hyph-hu.hyb: open failed: ENOENT (No such file or directory)
04-16 20:58:44.289 1344 1344 E Hyphenator: at libcore.io.IoBridge.open(IoBridge.java:455)
04-16 20:58:44.289 1344 1344 E Hyphenator: at java.io.RandomAccessFile.(RandomAccessFile.java:247)
04-16 20:58:44.289 1344 1344 E Hyphenator: at android.text.Hyphenator.loadHyphenator(Hyphenator.java:118)
04-16 20:58:44.289 1344 1344 E Hyphenator: at android.text.Hyphenator.init(Hyphenator.java:224)
04-16 20:58:44.289 1344 1344 E Hyphenator: at com.android.internal.os.ZygoteInit.preloadTextResources(ZygoteInit.java:252)
04-16 20:58:44.289 1344 1344 E Hyphenator: at com.android.internal.os.ZygoteInit.preload(ZygoteInit.java:206)
04-16 20:58:44.289 1344 1344 E Hyphenator: at com.android.internal.os.ZygoteInit.main(ZygoteInit.java:723)
04-16 20:58:44.289 1344 1344 E Hyphenator: Caused by: android.system.ErrnoException: open failed: ENOENT (No such file or directory)
04-16 20:58:44.289 1344 1344 E Hyphenator: at libcore.io.Posix.open(Native Method)
04-16 20:58:44.289 1344 1344 E Hyphenator: at libcore.io.BlockGuardOs.open(BlockGuardOs.java:187)
04-16 20:58:44.289 1344 1344 E Hyphenator: at libcore.io.IoBridge.open(IoBridge.java:441)
04-16 20:58:44.289 1344 1344 E Hyphenator: ... 6 more
04-16 20:58:44.289 1344 1344 E Hyphenator: error loading hyphenation /system/usr/hyphen-data/hyph-hy.hyb
04-16 20:58:44.289 1344 1344 E Hyphenator: java.io.FileNotFoundException: /system/usr/hyphen-data/hyph-hy.hyb: open failed: ENOENT (No such file or directory)
04-16 20:58:44.289 1344 1344 E Hyphenator: at libcore.io.IoBridge.open(IoBridge.java:455)
04-16 20:58:44.289 1344 1344 E Hyphenator: at java.io.RandomAccessFile.(RandomAccessFile.java:247)
04-16 20:58:44.289 1344 1344 E Hyphenator: at android.text.Hyphenator.loadHyphenator(Hyphenator.java:118)
04-16 20:58:44.289 1344 1344 E Hyphenator: at android.text.Hyphenator.init(Hyphenator.java:224)
04-16 20:58:44.289 1344 1344 E Hyphenator: at com.android.internal.os.ZygoteInit.preloadTextResources(ZygoteInit.java:252)
04-16 20:58:44.289 1344 1344 E Hyphenator: at com.android.internal.os.ZygoteInit.preload(ZygoteInit.java:206)
04-16 20:58:44.289 1344 1344 E Hyphenator: at com.android.internal.os.ZygoteInit.main(ZygoteInit.java:723)
04-16 20:58:44.289 1344 1344 E Hyphenator: Caused by: android.system.ErrnoException: open failed: ENOENT (No such file or directory)
04-16 20:58:44.289 1344 1344 E Hyphenator: at libcore.io.Posix.open(Native Method)
04-16 20:58:44.289 1344 1344 E Hyphenator: at libcore.io.BlockGuardOs.open(BlockGuardOs.java:187)
04-16 20:58:44.289 1344 1344 E Hyphenator: at libcore.io.IoBridge.open(IoBridge.java:441)
04-16 20:58:44.289 1344 1344 E Hyphenator: ... 6 more
04-16 20:58:44.289 1341 1341 I art : Starting a blocking GC Explicit
04-16 20:58:44.289 1344 1344 E Hyphenator: error loading hyphenation /system/usr/hyphen-data/hyph-kn.hyb
04-16 20:58:44.289 1344 1344 E Hyphenator: java.io.FileNotFoundException: /system/usr/hyphen-data/hyph-kn.hyb: open failed: ENOENT (No such file or directory)
04-16 20:58:44.289 1344 1344 E Hyphenator: at libcore.io.IoBridge.open(IoBridge.java:455)
04-16 20:58:44.289 1344 1344 E Hyphenator: at java.io.RandomAccessFile.(RandomAccessFile.java:247)
04-16 20:58:44.289 1344 1344 E Hyphenator: at android.text.Hyphenator.loadHyphenator(Hyphenator.java:118)
04-16 20:58:44.289 1344 1344 E Hyphenator: at android.text.Hyphenator.init(Hyphenator.java:224)
04-16 20:58:44.289 1344 1344 E Hyphenator: at com.android.internal.os.ZygoteInit.preloadTextResources(ZygoteInit.java:252)
04-16 20:58:44.289 1344 1344 E Hyphenator: at com.android.internal.os.ZygoteInit.preload(ZygoteInit.java:206)
04-16 20:58:44.289 1344 1344 E Hyphenator: at com.android.internal.os.ZygoteInit.main(ZygoteInit.java:723)
04-16 20:58:44.289 1344 1344 E Hyphenator: Caused by: android.system.ErrnoException: open failed: ENOENT (No such file or directory)
04-16 20:58:44.289 1344 1344 E Hyphenator: at libcore.io.Posix.open(Native Method)
04-16 20:58:44.289 1344 1344 E Hyphenator: at libcore.io.BlockGuardOs.open(BlockGuardOs.java:187)
04-16 20:58:44.289 1344 1344 E Hyphenator: at libcore.io.IoBridge.open(IoBridge.java:441)
04-16 20:58:44.289 1344 1344 E Hyphenator: ... 6 more
04-16 20:58:44.290 1344 1344 E Hyphenator: error loading hyphenation /system/usr/hyphen-data/hyph-ml.hyb
04-16 20:58:44.290 1344 1344 E Hyphenator: java.io.FileNotFoundException: /system/usr/hyphen-data/hyph-ml.hyb: open failed: ENOENT (No such file or directory)
04-16 20:58:44.290 1344 1344 E Hyphenator: at libcore.io.IoBridge.open(IoBridge.java:455)
04-16 20:58:44.290 1344 1344 E Hyphenator: at java.io.RandomAccessFile.(RandomAccessFile.java:247)
04-16 20:58:44.290 1344 1344 E Hyphenator: at android.text.Hyphenator.loadHyphenator(Hyphenator.java:118)
04-16 20:58:44.290 1344 1344 E Hyphenator: at android.text.Hyphenator.init(Hyphenator.java:224)
04-16 20:58:44.290 1344 1344 E Hyphenator: at com.android.internal.os.ZygoteInit.preloadTextResources(ZygoteInit.java:252)
04-16 20:58:44.290 1344 1344 E Hyphenator: at com.android.internal.os.ZygoteInit.preload(ZygoteInit.java:206)
04-16 20:58:44.290 1344 1344 E Hyphenator: at com.android.internal.os.ZygoteInit.main(ZygoteInit.java:723)
04-16 20:58:44.290 1344 1344 E Hyphenator: Caused by: android.system.ErrnoException: open failed: ENOENT (No such file or directory)
04-16 20:58:44.290 1344 1344 E Hyphenator: at libcore.io.Posix.open(Native Method)
04-16 20:58:44.290 1344 1344 E Hyphenator: at libcore.io.BlockGuardOs.open(BlockGuardOs.java:187)
04-16 20:58:44.290 1344 1344 E Hyphenator: at libcore.io.IoBridge.open(IoBridge.java:441)
04-16 20:58:44.290 1344 1344 E Hyphenator: ... 6 more
04-16 20:58:44.290 1344 1344 E Hyphenator: error loading hyphenation /system/usr/hyphen-data/hyph-mn-cyrl.hyb
04-16 20:58:44.290 1344 1344 E Hyphenator: java.io.FileNotFoundException: /system/usr/hyphen-data/hyph-mn-cyrl.hyb: open failed: ENOENT (No such file or directory)
04-16 20:58:44.290 1344 1344 E Hyphenator: at libcore.io.IoBridge.open(IoBridge.java:455)
04-16 20:58:44.290 1344 1344 E Hyphenator: at java.io.RandomAccessFile.(RandomAccessFile.java:247)
04-16 20:58:44.290 1344 1344 E Hyphenator: at android.text.Hyphenator.loadHyphenator(Hyphenator.java:118)
04-16 20:58:44.290 1344 1344 E Hyphenator: at android.text.Hyphenator.init(Hyphenator.java:224)
04-16 20:58:44.290 1344 1344 E Hyphenator: at com.android.internal.os.ZygoteInit.preloadTextResources(ZygoteInit.java:252)
04-16 20:58:44.290 1344 1344 E Hyphenator: at com.android.internal.os.ZygoteInit.preload(ZygoteInit.java:206)
04-16 20:58:44.290 1344 1344 E Hyphenator: at com.android.internal.os.ZygoteInit.main(ZygoteInit.java:723)
04-16 20:58:44.290 1344 1344 E Hyphenator: Caused by: android.system.ErrnoException: open failed: ENOENT (No such file or directory)
04-16 20:58:44.290 1344 1344 E Hyphenator: at libcore.io.Posix.open(Native Method)
04-16 20:58:44.290 1344 1344 E Hyphenator: at libcore.io.BlockGuardOs.open(BlockGuardOs.java:187)
04-16 20:58:44.290 1344 1344 E Hyphenator: at libcore.io.IoBridge.open(IoBridge.java:441)
04-16 20:58:44.290 1344 1344 E Hyphenator: ... 6 more
04-16 20:58:44.290 1344 1344 E Hyphenator: error loading hyphenation /system/usr/hyphen-data/hyph-mr.hyb
04-16 20:58:44.290 1344 1344 E Hyphenator: java.io.FileNotFoundException: /system/usr/hyphen-data/hyph-mr.hyb: open failed: ENOENT (No such file or directory)
04-16 20:58:44.290 1344 1344 E Hyphenator: at libcore.io.IoBridge.open(IoBridge.java:455)
04-16 20:58:44.290 1344 1344 E Hyphenator: at java.io.RandomAccessFile.(RandomAccessFile.java:247)
04-16 20:58:44.290 1344 1344 E Hyphenator: at android.text.Hyphenator.loadHyphenator(Hyphenator.java:118)
04-16 20:58:44.290 1344 1344 E Hyphenator: at android.text.Hyphenator.init(Hyphenator.java:224)
04-16 20:58:44.290 1344 1344 E Hyphenator: at com.android.internal.os.ZygoteInit.preloadTextResources(ZygoteInit.java:252)
04-16 20:58:44.290 1344 1344 E Hyphenator: at com.android.internal.os.ZygoteInit.preload(ZygoteInit.java:206)
04-16 20:58:44.290 1344 1344 E Hyphenator: at com.android.internal.os.ZygoteInit.main(ZygoteInit.java:723)
04-16 20:58:44.290 1344 1344 E Hyphenator: Caused by: android.system.ErrnoException: open failed: ENOENT (No such file or directory)
04-16 20:58:44.290 1344 1344 E Hyphenator: at libcore.io.Posix.open(Native Method)
04-16 20:58:44.290 1344 1344 E Hyphenator: at libcore.io.BlockGuardOs.open(BlockGuardOs.java:187)
04-16 20:58:44.290 1344 1344 E Hyphenator: at libcore.io.IoBridge.open(IoBridge.java:441)
04-16 20:58:44.290 1344 1344 E Hyphenator: ... 6 more
04-16 20:58:44.290 1344 1344 E Hyphenator: error loading hyphenation /system/usr/hyphen-data/hyph-nb.hyb
04-16 20:58:44.290 1344 1344 E Hyphenator: java.io.FileNotFoundException: /system/usr/hyphen-data/hyph-nb.hyb: open failed: ENOENT (No such file or directory)
04-16 20:58:44.290 1344 1344 E Hyphenator: at libcore.io.IoBridge.open(IoBridge.java:455)
04-16 20:58:44.290 1344 1344 E Hyphenator: at java.io.RandomAccessFile.(RandomAccessFile.java:247)
04-16 20:58:44.290 1344 1344 E Hyphenator: at android.text.Hyphenator.loadHyphenator(Hyphenator.java:118)
04-16 20:58:44.290 1344 1344 E Hyphenator: at android.text.Hyphenator.init(Hyphenator.java:224)
04-16 20:58:44.290 1344 1344 E Hyphenator: at com.android.internal.os.ZygoteInit.preloadTextResources(ZygoteInit.java:252)
04-16 20:58:44.290 1344 1344 E Hyphenator: at com.android.internal.os.ZygoteInit.preload(ZygoteInit.java:206)
04-16 20:58:44.290 1344 1344 E Hyphenator: at com.android.internal.os.ZygoteInit.main(ZygoteInit.java:723)
04-16 20:58:44.290 1344 1344 E Hyphenator: Caused by: android.system.ErrnoException: open failed: ENOENT (No such file or directory)
04-16 20:58:44.290 1344 1344 E Hyphenator: at libcore.io.Posix.open(Native Method)
04-16 20:58:44.290 1344 1344 E Hyphenator: at libcore.io.BlockGuardOs.open(BlockGuardOs.java:187)
04-16 20:58:44.290 1344 1344 E Hyphenator: at libcore.io.IoBridge.open(IoBridge.java:441)
04-16 20:58:44.290 1344 1344 E Hyphenator: ... 6 more
04-16 20:58:44.291 1344 1344 E Hyphenator: error loading hyphenation /system/usr/hyphen-data/hyph-nn.hyb
04-16 20:58:44.291 1344 1344 E Hyphenator: java.io.FileNotFoundException: /system/usr/hyphen-data/hyph-nn.hyb: open failed: ENOENT (No such file or directory)
04-16 20:58:44.291 1344 1344 E Hyphenator: at libcore.io.IoBridge.open(IoBridge.java:455)
04-16 20:58:44.291 1344 1344 E Hyphenator: at java.io.RandomAccessFile.(RandomAccessFile.java:247)
04-16 20:58:44.291 1344 1344 E Hyphenator: at android.text.Hyphenator.loadHyphenator(Hyphenator.java:118)
04-16 20:58:44.291 1344 1344 E Hyphenator: at android.text.Hyphenator.init(Hyphenator.java:224)
04-16 20:58:44.291 1344 1344 E Hyphenator: at com.android.internal.os.ZygoteInit.preloadTextResources(ZygoteInit.java:252)
04-16 20:58:44.291 1344 1344 E Hyphenator: at com.android.internal.os.ZygoteInit.preload(ZygoteInit.java:206)
04-16 20:58:44.291 1344 1344 E Hyphenator: at com.android.internal.os.ZygoteInit.main(ZygoteInit.java:723)
04-16 20:58:44.291 1344 1344 E Hyphenator: Caused by: android.system.ErrnoException: open failed: ENOENT (No such file or directory)
04-16 20:58:44.291 1344 1344 E Hyphenator: at libcore.io.Posix.open(Native Method)
04-16 20:58:44.291 1344 1344 E Hyphenator: at libcore.io.BlockGuardOs.open(BlockGuardOs.java:187)
04-16 20:58:44.291 1344 1344 E Hyphenator: at libcore.io.IoBridge.open(IoBridge.java:441)
04-16 20:58:44.291 1344 1344 E Hyphenator: ... 6 more
04-16 20:58:44.291 1344 1344 E Hyphenator: error loading hyphenation /system/usr/hyphen-data/hyph-or.hyb
04-16 20:58:44.291 1344 1344 E Hyphenator: java.io.FileNotFoundException: /system/usr/hyphen-data/hyph-or.hyb: open failed: ENOENT (No such file or directory)
04-16 20:58:44.291 1344 1344 E Hyphenator: at libcore.io.IoBridge.open(IoBridge.java:455)
04-16 20:58:44.291 1344 1344 E Hyphenator: at java.io.RandomAccessFile.(RandomAccessFile.java:247)
04-16 20:58:44.291 1344 1344 E Hyphenator: at android.text.Hyphenator.loadHyphenator(Hyphenator.java:118)
04-16 20:58:44.291 1344 1344 E Hyphenator: at android.text.Hyphenator.init(Hyphenator.java:224)
04-16 20:58:44.291 1344 1344 E Hyphenator: at com.android.internal.os.ZygoteInit.preloadTextResources(ZygoteInit.java:252)
04-16 20:58:44.291 1344 1344 E Hyphenator: at com.android.internal.os.ZygoteInit.preload(ZygoteInit.java:206)
04-16 20:58:44.291 1344 1344 E Hyphenator: at com.android.internal.os.ZygoteInit.main(ZygoteInit.java:723)
04-16 20:58:44.291 1344 1344 E Hyphenator: Caused by: android.system.ErrnoException: open failed: ENOENT (No such file or directory)
04-16 20:58:44.291 1344 1344 E Hyphenator: at libcore.io.Posix.open(Native Method)
04-16 20:58:44.291 1344 1344 E Hyphenator: at libcore.io.BlockGuardOs.open(BlockGuardOs.java:187)
04-16 20:58:44.291 1344 1344 E Hyphenator: at libcore.io.IoBridge.open(IoBridge.java:441)
04-16 20:58:44.291 1344 1344 E Hyphenator: ... 6 more
04-16 20:58:44.291 1344 1344 E Hyphenator: error loading hyphenation /system/usr/hyphen-data/hyph-pa.hyb
04-16 20:58:44.291 1344 1344 E Hyphenator: java.io.FileNotFoundException: /system/usr/hyphen-data/hyph-pa.hyb: open failed: ENOENT (No such file or directory)
04-16 20:58:44.291 1344 1344 E Hyphenator: at libcore.io.IoBridge.open(IoBridge.java:455)
04-16 20:58:44.291 1344 1344 E Hyphenator: at java.io.RandomAccessFile.(RandomAccessFile.java:247)
04-16 20:58:44.291 1344 1344 E Hyphenator: at android.text.Hyphenator.loadHyphenator(Hyphenator.java:118)
04-16 20:58:44.291 1344 1344 E Hyphenator: at android.text.Hyphenator.init(Hyphenator.java:224)
04-16 20:58:44.291 1344 1344 E Hyphenator: at com.android.internal.os.ZygoteInit.preloadTextResources(ZygoteInit.java:252)
04-16 20:58:44.291 1344 1344 E Hyphenator: at com.android.internal.os.ZygoteInit.preload(ZygoteInit.java:206)
04-16 20:58:44.291 1344 1344 E Hyphenator: at com.android.internal.os.ZygoteInit.main(ZygoteInit.java:723)
04-16 20:58:44.291 1344 1344 E Hyphenator: Caused by: android.system.ErrnoException: open failed: ENOENT (No such file or directory)
04-16 20:58:44.291 1344 1344 E Hyphenator: at libcore.io.Posix.open(Native Method)
04-16 20:58:44.291 1344 1344 E Hyphenator: at libcore.io.BlockGuardOs.open(BlockGuardOs.java:187)
04-16 20:58:44.291 1344 1344 E Hyphenator: at libcore.io.IoBridge.open(IoBridge.java:441)
04-16 20:58:44.291 1344 1344 E Hyphenator: ... 6 more
04-16 20:58:44.291 1344 1344 E Hyphenator: error loading hyphenation /system/usr/hyphen-data/hyph-pt.hyb
04-16 20:58:44.291 1344 1344 E Hyphenator: java.io.FileNotFoundException: /system/usr/hyphen-data/hyph-pt.hyb: open failed: ENOENT (No such file or directory)
04-16 20:58:44.291 1344 1344 E Hyphenator: at libcore.io.IoBridge.open(IoBridge.java:455)
04-16 20:58:44.291 1344 1344 E Hyphenator: at java.io.RandomAccessFile.(RandomAccessFile.java:247)
04-16 20:58:44.291 1344 1344 E Hyphenator: at android.text.Hyphenator.loadHyphenator(Hyphenator.java:118)
04-16 20:58:44.291 1344 1344 E Hyphenator: at android.text.Hyphenator.init(Hyphenator.java:224)
04-16 20:58:44.291 1344 1344 E Hyphenator: at com.android.internal.os.ZygoteInit.preloadTextResources(ZygoteInit.java:252)
04-16 20:58:44.291 1344 1344 E Hyphenator: at com.android.internal.os.ZygoteInit.preload(ZygoteInit.java:206)
04-16 20:58:44.291 1344 1344 E Hyphenator: at com.android.internal.os.ZygoteInit.main(ZygoteInit.java:723)
04-16 20:58:44.291 1344 1344 E Hyphenator: Caused by: android.system.ErrnoException: open failed: ENOENT (No such file or directory)
04-16 20:58:44.291 1344 1344 E Hyphenator: at libcore.io.Posix.open(Native Method)
04-16 20:58:44.291 1344 1344 E Hyphenator: at libcore.io.BlockGuardOs.open(BlockGuardOs.java:187)
04-16 20:58:44.291 1344 1344 E Hyphenator: at libcore.io.IoBridge.open(IoBridge.java:441)
04-16 20:58:44.291 1344 1344 E Hyphenator: ... 6 more
04-16 20:58:44.291 1344 1344 E Hyphenator: error loading hyphenation /system/usr/hyphen-data/hyph-sl.hyb
04-16 20:58:44.291 1344 1344 E Hyphenator: java.io.FileNotFoundException: /system/usr/hyphen-data/hyph-sl.hyb: open failed: ENOENT (No such file or directory)
04-16 20:58:44.291 1344 1344 E Hyphenator: at libcore.io.IoBridge.open(IoBridge.java:455)
04-16 20:58:44.291 1344 1344 E Hyphenator: at java.io.RandomAccessFile.(RandomAccessFile.java:247)
04-16 20:58:44.291 1344 1344 E Hyphenator: at android.text.Hyphenator.loadHyphenator(Hyphenator.java:118)
04-16 20:58:44.291 1344 1344 E Hyphenator: at android.text.Hyphenator.init(Hyphenator.java:224)
04-16 20:58:44.291 1344 1344 E Hyphenator: at com.android.internal.os.ZygoteInit.preloadTextResources(ZygoteInit.java:252)
04-16 20:58:44.291 1344 1344 E Hyphenator: at com.android.internal.os.ZygoteInit.preload(ZygoteInit.java:206)
04-16 20:58:44.291 1344 1344 E Hyphenator: at com.android.internal.os.ZygoteInit.main(ZygoteInit.java:723)
04-16 20:58:44.291 1344 1344 E Hyphenator: Caused by: android.system.ErrnoException: open failed: ENOENT (No such file or directory)
04-16 20:58:44.291 1344 1344 E Hyphenator: at libcore.io.Posix.open(Native Method)
04-16 20:58:44.291 1344 1344 E Hyphenator: at libcore.io.BlockGuardOs.open(BlockGuardOs.java:187)
04-16 20:58:44.291 1344 1344 E Hyphenator: at libcore.io.IoBridge.open(IoBridge.java:441)
04-16 20:58:44.291 1344 1344 E Hyphenator: ... 6 more
04-16 20:58:44.291 1344 1344 E Hyphenator: error loading hyphenation /system/usr/hyphen-data/hyph-ta.hyb
04-16 20:58:44.291 1344 1344 E Hyphenator: java.io.FileNotFoundException: /system/usr/hyphen-data/hyph-ta.hyb: open failed: ENOENT (No such file or directory)
04-16 20:58:44.291 1344 1344 E Hyphenator: at libcore.io.IoBridge.open(IoBridge.java:455)
04-16 20:58:44.291 1344 1344 E Hyphenator: at java.io.RandomAccessFile.(RandomAccessFile.java:247)
04-16 20:58:44.291 1344 1344 E Hyphenator: at android.text.Hyphenator.loadHyphenator(Hyphenator.java:118)
04-16 20:58:44.291 1344 1344 E Hyphenator: at android.text.Hyphenator.init(Hyphenator.java:224)
04-16 20:58:44.291 1344 1344 E Hyphenator: at com.android.internal.os.ZygoteInit.preloadTextResources(ZygoteInit.java:252)
04-16 20:58:44.291 1344 1344 E Hyphenator: at com.android.internal.os.ZygoteInit.preload(ZygoteInit.java:206)
04-16 20:58:44.291 1344 1344 E Hyphenator: at com.android.internal.os.ZygoteInit.main(ZygoteInit.java:723)
04-16 20:58:44.291 1344 1344 E Hyphenator: Caused by: android.system.ErrnoException: open failed: ENOENT (No such file or directory)
04-16 20:58:44.291 1344 1344 E Hyphenator: at libcore.io.Posix.open(Native Method)
04-16 20:58:44.291 1344 1344 E Hyphenator: at libcore.io.BlockGuardOs.open(BlockGuardOs.java:187)
04-16 20:58:44.291 1344 1344 E Hyphenator: at libcore.io.IoBridge.open(IoBridge.java:441)
04-16 20:58:44.291 1344 1344 E Hyphenator: ... 6 more
04-16 20:58:44.291 1344 1344 E Hyphenator: error loading hyphenation /system/usr/hyphen-data/hyph-te.hyb
04-16 20:58:44.291 1344 1344 E Hyphenator: java.io.FileNotFoundException: /system/usr/hyphen-data/hyph-te.hyb: open failed: ENOENT (No such file or directory)
04-16 20:58:44.291 1344 1344 E Hyphenator: at libcore.io.IoBridge.open(IoBridge.java:455)
04-16 20:58:44.291 1344 1344 E Hyphenator: at java.io.RandomAccessFile.(RandomAccessFile.java:247)
04-16 20:58:44.291 1344 1344 E Hyphenator: at android.text.Hyphenator.loadHyphenator(Hyphenator.java:118)
04-16 20:58:44.291 1344 1344 E Hyphenator: at android.text.Hyphenator.init(Hyphenator.java:224)
04-16 20:58:44.291 1344 1344 E Hyphenator: at com.android.internal.os.ZygoteInit.preloadTextResources(ZygoteInit.java:252)
04-16 20:58:44.291 1344 1344 E Hyphenator: at com.android.internal.os.ZygoteInit.preload(ZygoteInit.java:206)
04-16 20:58:44.291 1344 1344 E Hyphenator: at com.android.internal.os.ZygoteInit.main(ZygoteInit.java:723)
04-16 20:58:44.291 1344 1344 E Hyphenator: Caused by: android.system.ErrnoException: open failed: ENOENT (No such file or directory)
04-16 20:58:44.291 1344 1344 E Hyphenator: at libcore.io.Posix.open(Native Method)
04-16 20:58:44.291 1344 1344 E Hyphenator: at libcore.io.BlockGuardOs.open(BlockGuardOs.java:187)
04-16 20:58:44.291 1344 1344 E Hyphenator: at libcore.io.IoBridge.open(IoBridge.java:441)
04-16 20:58:44.291 1344 1344 E Hyphenator: ... 6 more
04-16 20:58:44.292 1344 1344 E Hyphenator: error loading hyphenation /system/usr/hyphen-data/hyph-tk.hyb
04-16 20:58:44.292 1344 1344 E Hyphenator: java.io.FileNotFoundException: /system/usr/hyphen-data/hyph-tk.hyb: open failed: ENOENT (No such file or directory)
04-16 20:58:44.292 1344 1344 E Hyphenator: at libcore.io.IoBridge.open(IoBridge.java:455)
04-16 20:58:44.292 1344 1344 E Hyphenator: at java.io.RandomAccessFile.(RandomAccessFile.java:247)
04-16 20:58:44.292 1344 1344 E Hyphenator: at android.text.Hyphenator.loadHyphenator(Hyphenator.java:118)
04-16 20:58:44.292 1344 1344 E Hyphenator: at android.text.Hyphenator.init(Hyphenator.java:224)
04-16 20:58:44.292 1344 1344 E Hyphenator: at com.android.internal.os.ZygoteInit.preloadTextResources(ZygoteInit.java:252)
04-16 20:58:44.292 1344 1344 E Hyphenator: at com.android.internal.os.ZygoteInit.preload(ZygoteInit.java:206)
04-16 20:58:44.292 1344 1344 E Hyphenator: at com.android.internal.os.ZygoteInit.main(ZygoteInit.java:723)
04-16 20:58:44.292 1344 1344 E Hyphenator: Caused by: android.system.ErrnoException: open failed: ENOENT (No such file or directory)
04-16 20:58:44.292 1344 1344 E Hyphenator: at libcore.io.Posix.open(Native Method)
04-16 20:58:44.292 1344 1344 E Hyphenator: at libcore.io.BlockGuardOs.open(BlockGuardOs.java:187)
04-16 20:58:44.292 1344 1344 E Hyphenator: at libcore.io.IoBridge.open(IoBridge.java:441)
04-16 20:58:44.292 1344 1344 E Hyphenator: ... 6 more
04-16 20:58:44.292 1344 1344 E Hyphenator: error loading hyphenation /system/usr/hyphen-data/hyph-und-ethi.hyb
04-16 20:58:44.292 1344 1344 E Hyphenator: java.io.FileNotFoundException: /system/usr/hyphen-data/hyph-und-ethi.hyb: open failed: ENOENT (No such file or directory)
04-16 20:58:44.292 1344 1344 E Hyphenator: at libcore.io.IoBridge.open(IoBridge.java:455)
04-16 20:58:44.292 1344 1344 E Hyphenator: at java.io.RandomAccessFile.(RandomAccessFile.java:247)
04-16 20:58:44.292 1344 1344 E Hyphenator: at android.text.Hyphenator.loadHyphenator(Hyphenator.java:118)
04-16 20:58:44.292 1344 1344 E Hyphenator: at android.text.Hyphenator.init(Hyphenator.java:224)
04-16 20:58:44.292 1344 1344 E Hyphenator: at com.android.internal.os.ZygoteInit.preloadTextResources(ZygoteInit.java:252)
04-16 20:58:44.292 1344 1344 E Hyphenator: at com.android.internal.os.ZygoteInit.preload(ZygoteInit.java:206)
04-16 20:58:44.292 1344 1344 E Hyphenator: at com.android.internal.os.ZygoteInit.main(ZygoteInit.java:723)
04-16 20:58:44.292 1344 1344 E Hyphenator: Caused by: android.system.ErrnoException: open failed: ENOENT (No such file or directory)
04-16 20:58:44.292 1344 1344 E Hyphenator: at libcore.io.Posix.open(Native Method)
04-16 20:58:44.292 1344 1344 E Hyphenator: at libcore.io.BlockGuardOs.open(BlockGuardOs.java:187)
04-16 20:58:44.292 1344 1344 E Hyphenator: at libcore.io.IoBridge.open(IoBridge.java:441)
04-16 20:58:44.292 1344 1344 E Hyphenator: ... 6 more
04-16 20:58:44.296 1344 1344 I Zygote : Uninstalled ICU cache reference pinning...
04-16 20:58:44.298 1344 1344 I Zygote : Installed AndroidKeyStoreProvider in 2ms.
04-16 20:58:44.300 1341 1341 I art : Explicit concurrent mark sweep GC freed 1362(59KB) AllocSpace objects, 2(52KB) LOS objects, 51% free, 3MB/7MB, paused 1.592ms total 10.443ms
04-16 20:58:44.301 1341 1609 I art : Starting a blocking GC HeapTrim
04-16 20:58:44.302 1344 1344 I Zygote : Warmed up JCA providers in 4ms.
04-16 20:58:44.302 1344 1344 D Zygote : end preload
04-16 20:58:44.302 1344 1344 I art : Starting a blocking GC Explicit
04-16 20:58:44.303 1341 1341 I art : Starting a blocking GC Background
04-16 20:58:44.314 1344 1344 I art : Explicit concurrent mark sweep GC freed 15209(1167KB) AllocSpace objects, 1(20KB) LOS objects, 51% free, 3MB/7MB, paused 1.563ms total 11.462ms
04-16 20:58:44.315 1344 1344 I art : Starting a blocking GC Explicit
04-16 20:58:44.319 1348 1348 I ServiceManager: Waiting for service media.camera.proxy...
04-16 20:58:44.324 1341 1341 I Zygote : System server process 1657 has been created
04-16 20:58:44.324 1341 1341 I Zygote : Accepting command socket connections
04-16 20:58:44.326 1344 1344 I art : Explicit concurrent mark sweep GC freed 1261(47KB) AllocSpace objects, 2(52KB) LOS objects, 51% free, 3MB/7MB, paused 1.690ms total 11.092ms
04-16 20:58:44.326 1344 1344 I Zygote : Accepting command socket connections
04-16 20:58:44.346 1657 1657 I Zygote : Process: zygote socket opened, supported ABIS: x86
04-16 20:58:44.346 1657 1657 I InstallerConnection: connecting...
04-16 20:58:44.347 1350 1350 I : new connection
04-16 20:58:44.353 1657 1657 I InstallerConnection: disconnecting...
04-16 20:58:44.354 1350 1350 E : eof
04-16 20:58:44.354 1350 1350 E : failed to read size
04-16 20:58:44.354 1350 1350 I : closing connection
04-16 20:58:44.376 1657 1657 I SystemServer: Entered the Android system server!
04-16 20:58:44.451 1582 1582 E ipv6proxy: Failed to forward Router Advertisement from eth0 to wlan1: Network is unreachable
04-16 20:58:44.451 1582 1582 E ipv6proxy: Failed to forward Router Advertisement from eth0 to radio0-peer: Cannot assign requested address
04-16 20:58:44.451 1657 1657 I SystemServiceManager: Starting com.android.server.pm.Installer
04-16 20:58:44.454 1657 1657 I Installer: Waiting for installd to be ready.
04-16 20:58:44.454 1657 1657 I InstallerConnection: connecting...
04-16 20:58:44.454 1350 1350 I : new connection
04-16 20:58:44.455 1657 1657 I SystemServiceManager: Starting com.android.server.am.ActivityManagerService$Lifecycle
04-16 20:58:44.472 1657 1657 I ActivityManager: Memory class: 576
04-16 20:58:44.482 1657 1671 I ServiceThread: Enabled StrictMode logging for ActivityManager looper.
04-16 20:58:44.493 1657 1672 I ServiceThread: Enabled StrictMode logging for android.ui looper.
04-16 20:58:44.520 1657 1657 D BatteryStatsImpl: Reading daily items from /data/system/batterystats-daily.xml
04-16 20:58:44.565 1657 1657 I IntentFirewall: Read new rules (A:0 B:0 S:0)
04-16 20:58:44.577 1657 1678 I ServiceThread: Enabled StrictMode logging for android.display looper.
04-16 20:58:44.583 1657 1657 D AppOps : AppOpsService published
04-16 20:58:44.583 1657 1657 I SystemServiceManager: Starting com.android.server.power.PowerManagerService
04-16 20:58:44.587 1657 1680 I ServiceThread: Enabled StrictMode logging for PowerManagerService looper.
04-16 20:58:44.588 1657 1657 E PowerManagerService-JNI: Couldn't load power module (No such file or directory)
04-16 20:58:44.589 1657 1657 W libsuspend: Error writing 'on' to /sys/power/state: Invalid argument
04-16 20:58:44.589 1657 1657 I libsuspend: Selected wakeup count
04-16 20:58:44.593 1657 1657 I SystemServiceManager: Starting com.android.server.lights.LightsService
04-16 20:58:44.597 1657 1657 I SystemServiceManager: Starting com.android.server.display.DisplayManagerService
04-16 20:58:44.601 1657 1657 I SystemServiceManager: Starting phase 100
04-16 20:58:44.603 1337 1340 E SurfaceFlinger: ro.sf.lcd_density must be defined as a build property
04-16 20:58:44.607 1657 1678 I DisplayManagerService: Display device added: DisplayDeviceInfo{"Built-in Screen": uniqueId="local:0", 800 x 1280, modeId 1, defaultModeId 1, supportedModes [{id=1, width=800, height=1280, fps=60.000004}], colorTransformId 1, defaultColorTransformId 1, supportedColorTransforms [{id=1, colorTransform=0}], HdrCapabilities android.view.Display$HdrCapabilities@64c92ba, density 320, 320.0 x 320.0 dpi, appVsyncOff 0, presDeadline 17666666, touch INTERNAL, rotation 0, type BUILT_IN, state UNKNOWN, FLAG_DEFAULT_DISPLAY, FLAG_ROTATES_WITH_CONTENT, FLAG_SECURE, FLAG_SUPPORTS_PROTECTED_BUFFERS}
04-16 20:58:44.608 1337 1337 D SurfaceFlinger: Set power mode=2, type=0 flinger=0x7a7e230479c0
04-16 20:58:44.608 1337 1337 D SurfaceFlinger: Screen type=0 is already mode=2
04-16 20:58:44.609 1657 1657 I SystemServer: StartPackageManagerService
04-16 20:58:44.609 1657 1678 I DisplayManagerService: Display device changed state: "Built-in Screen", ON
04-16 20:58:44.642 1657 1657 W SystemConfig: No directory /system/etc/sysconfig, skipping
04-16 20:58:44.666 1657 1657 D SELinuxMMAC: Using policy file /system/etc/security/mac_permissions.xml
04-16 20:58:44.713 1657 1657 E art : DexFile_getDexOptNeeded file '/system/framework/org.apache.http.legacy.jar' does not exist
04-16 20:58:44.713 1657 1657 W PackageManager: Library not found: /system/framework/org.apache.http.legacy.jar
04-16 20:58:44.721 1657 1657 E art : DexFile_getDexOptNeeded file '/system/framework/org.apache.http.legacy.jar' does not exist
04-16 20:58:44.721 1657 1657 W PackageManager: Library not found: /system/framework/org.apache.http.legacy.jar
04-16 20:58:44.724 1657 1657 D PackageManager: No files in app dir /vendor/overlay
04-16 20:58:44.741 1657 1657 W PackageManager: Failed to parse /system/framework/oat: Missing base APK in /system/framework/oat
04-16 20:58:44.741 1657 1657 W PackageManager: Failed to parse /system/framework/x86: Missing base APK in /system/framework/x86
04-16 20:58:44.741 1657 1657 W PackageManager: Failed to parse /system/framework/x86_64: Missing base APK in /system/framework/x86_64
04-16 20:58:44.776 1657 1657 W PackageParser: No actions in intent filter at /system/priv-app/Contacts/Contacts.apk Binary XML file line #403
04-16 20:58:44.800 1657 1657 W PackageParser: No actions in intent filter at /system/priv-app/Dialer/Dialer.apk Binary XML file line #185
04-16 20:58:44.815 1657 1657 W PackageManager: Permission android.permission.DOWNLOAD_WITHOUT_NOTIFICATION from package com.android.providers.downloads in an unknown group android.permission-group.NETWORK
04-16 20:58:44.849 1657 1657 W PackageManager: Permission com.android.launcher.permission.INSTALL_SHORTCUT from package com.android.launcher3 in an unknown group android.permission-group.SYSTEM_TOOLS
04-16 20:58:44.849 1657 1657 W PackageManager: Permission com.android.launcher3.permission.READ_SETTINGS from package com.android.launcher3 in an unknown group android.permission-group.SYSTEM_TOOLS
04-16 20:58:44.849 1657 1657 W PackageManager: Permission com.android.launcher3.permission.WRITE_SETTINGS from package com.android.launcher3 in an unknown group android.permission-group.SYSTEM_TOOLS
04-16 20:58:44.917 1657 1657 W PackageParser: Ignoring duplicate uses-permissions/uses-permissions-sdk-m: android.permission.USE_CREDENTIALS in package: com.android.settings at: Binary XML file line #53
04-16 20:58:44.917 1657 1657 W PackageParser: Ignoring duplicate uses-permissions/uses-permissions-sdk-m: android.permission.READ_SYNC_SETTINGS in package: com.android.settings at: Binary XML file line #58
04-16 20:58:44.917 1657 1657 W PackageParser: Ignoring duplicate uses-permissions/uses-permissions-sdk-m: android.permission.WRITE_SYNC_SETTINGS in package: com.android.settings at: Binary XML file line #59
04-16 20:58:44.936 1657 1657 W PackageParser: Ignoring duplicate uses-permissions/uses-permissions-sdk-m: android.permission.INSTALL_GRANT_RUNTIME_PERMISSIONS in package: com.android.shell at: Binary XML file line #102
04-16 20:58:44.970 1657 1657 W PackageParser: Ignoring duplicate uses-permissions/uses-permissions-sdk-m: android.permission.CONFIGURE_WIFI_DISPLAY in package: com.android.systemui at: Binary XML file line #123
04-16 20:58:45.023 1657 1657 W PackageManager: Non-privileged app; cap priority to 0; package: com.android.calendar activity: com.android.calendar.GoogleCalendarUriIntentFilter origPrio: 50
04-16 20:58:45.040 1657 1657 W PackageManager: Non-privileged app; cap priority to 0; package: com.android.cts.ctsshim activity: com.android.cts.ctsshim.InstallPriority origPrio: 100
04-16 20:58:45.041 1657 1657 W PackageManager: Non-privileged app; cap priority to 0; package: com.android.cts.ctsshim activity: com.android.cts.ctsshim.InstallPriority origPrio: 100
04-16 20:58:45.041 1657 1657 W PackageManager: Non-privileged app; cap priority to 0; package: com.android.cts.ctsshim activity: com.android.cts.ctsshim.InstallPriority origPrio: 100
04-16 20:58:45.041 1657 1657 W PackageManager: Non-privileged app; cap priority to 0; package: com.android.cts.ctsshim activity: com.android.cts.ctsshim.InstallPriority origPrio: 100
04-16 20:58:45.041 1657 1657 W PackageManager: Non-privileged app; cap priority to 0; package: com.android.cts.ctsshim activity: com.android.cts.ctsshim.InstallPriority origPrio: 100
04-16 20:58:45.074 1657 1657 W PackageParser: Ignoring duplicate uses-permissions/uses-permissions-sdk-m: android.permission.WRITE_CONTACTS in package: com.android.email at: Binary XML file line #40
04-16 20:58:45.103 1657 1657 W PackageParser: Unknown element under : permission at /system/app/Gallery2/Gallery2.apk Binary XML file line #238
04-16 20:58:45.103 1657 1657 W PackageParser: Unknown element under : permission at /system/app/Gallery2/Gallery2.apk Binary XML file line #241
04-16 20:58:45.196 1657 1657 D PackageManager: No files in app dir /system/vendor/app
04-16 20:58:45.196 1657 1657 D PackageManager: No files in app dir /oem/app
04-16 20:58:45.209 1657 1657 W PackageParser: No actions in intent filter at /data/app/ApiDemos/ApiDemos.apk Binary XML file line #3144
04-16 20:58:45.209 1657 1657 W PackageParser: No actions in intent filter at /data/app/ApiDemos/ApiDemos.apk Binary XML file line #3150
04-16 20:58:45.209 1657 1657 I PackageManager: /data/app/ApiDemos changed; collecting certs
04-16 20:58:45.267 1657 1657 W PackageManager: Package com.example.android.apis desires unavailable shared library com.example.will.never.exist; ignoring!
04-16 20:58:45.268 1657 1657 I SELinux : SELinux: Loaded file_contexts contexts from /file_contexts.bin.
04-16 20:58:45.271 1657 1657 I PackageManager: /data/app/CubeLiveWallpapers changed; collecting certs
04-16 20:58:45.274 1657 1657 I PackageManager: /data/app/GestureBuilder changed; collecting certs
04-16 20:58:45.277 1657 1657 I PackageManager: /data/app/SmokeTest changed; collecting certs
04-16 20:58:45.279 1657 1657 I PackageManager: /data/app/SmokeTestApp changed; collecting certs
04-16 20:58:45.282 1657 1657 I PackageManager: /data/app/SoftKeyboard changed; collecting certs
04-16 20:58:45.285 1657 1657 I PackageManager: /data/app/WidgetPreview changed; collecting certs
04-16 20:58:45.286 1657 1657 D PackageManager: No files in app dir /data/app-private
04-16 20:58:45.286 1657 1657 D PackageManager: No files in app dir /data/app-ephemeral
04-16 20:58:45.287 1657 1657 E PackageManager: There should probably be exactly one setup wizard; found 0: matches=[]
04-16 20:58:45.287 1657 1657 W PackageManager: Protected action; cap priority to 0; package: com.android.cts.priv.ctsshim activity: com.android.cts.priv.ctsshim.InstallPriority origPrio: 100
04-16 20:58:45.287 1657 1657 W PackageManager: Protected action; cap priority to 0; package: com.android.cts.priv.ctsshim activity: com.android.cts.priv.ctsshim.InstallPriority origPrio: 100
04-16 20:58:45.287 1657 1657 W PackageManager: Protected action; cap priority to 0; package: com.android.cts.priv.ctsshim activity: com.android.cts.priv.ctsshim.InstallPriority origPrio: 100
04-16 20:58:45.287 1657 1657 W PackageManager: Protected action; cap priority to 0; package: com.android.cts.priv.ctsshim activity: com.android.cts.priv.ctsshim.InstallPriority origPrio: 100
04-16 20:58:45.287 1657 1657 W PackageManager: Protected action; cap priority to 0; package: com.android.packageinstaller activity: com.android.packageinstaller.PackageInstallerActivity origPrio: 1
04-16 20:58:45.287 1657 1657 W PackageManager: Package com.android.gallery3d desires unavailable shared library com.google.android.media.effects; ignoring!
04-16 20:58:45.287 1657 1657 W PackageManager: Package com.android.gallery3d desires unavailable shared library com.google.android.media.effects; ignoring!
04-16 20:58:45.287 1657 1657 W PackageManager: Package com.example.android.apis desires unavailable shared library com.example.will.never.exist; ignoring!
04-16 20:58:45.287 1657 1657 I PackageManager: Adjusting ABI for com.android.providers.downloads.ui to x86_64 (requirer=com.android.mtp, scannedPackage=null)
