04-16 21:00:37.570 1657 2092 I WindowManager: Destroying surface Surface(name=org.mozilla.geckoview.test_runner/org.mozilla.geckoview.test_runner.TestRunnerActivity) called by com.android.server.wm.WindowStateAnimator.destroySurface:2014 com.android.server.wm.WindowStateAnimator.destroySurfaceLocked:881 com.android.server.wm.WindowState.removeLocked:1449 com.android.server.wm.WindowManagerService.removeWindowInnerLocked:2478 com.android.server.wm.WindowManagerService.removeWindowLocked:2436 com.android.server.wm.WindowManagerService.removeWindowLocked:2305 com.android.server.wm.AppWindowToken.removeAllWindows:530 com.android.server.wm.AppWindowToken.removeAppFromTaskLocked:326
04-16 21:00:37.543 3946 3946 I glean.dispatche: type=1400 audit(0.0:30): avc: denied { append } for path="/data/local/tmp/test_root/profile/datareporting/glean/events/pageload" dev="vdc" ino=56376 scontext=u:r:untrusted_app:s0:c512,c768 tcontext=u:object_r:shell_data_file:s0:c512,c768 tclass=file permissive=1
04-16 21:00:37.582 1657 2052 D GraphicsStats: Buffer count: 3
04-16 21:00:37.583 1337 1337 W SurfaceFlinger: couldn't log to binary event log: overflow.
04-16 21:00:37.583 1337 1337 W SurfaceFlinger: couldn't log to binary event log: overflow.
04-16 21:00:37.585 5023 5023 D AndroidRuntime: Shutting down VM
04-16 21:00:37.593 1871 1871 D CarrierSvcBindHelper: No carrier app for: 0
04-16 21:00:37.640 2144 2196 D EGL_emulation: eglMakeCurrent: 0x757aa4071da0: ver 3 0 (tinfo 0x757aa408fc00)
04-16 21:00:38.150 2144 2196 W OpenGLRenderer: Incorrectly called buildLayer on View: ShortcutAndWidgetContainer, destroying layer...
04-16 21:00:38.740 5126 5126 D AndroidRuntime: >>>>>> START com.android.internal.os.RuntimeInit uid 0 <<<<<<
04-16 21:00:38.741 5126 5126 D AndroidRuntime: CheckJNI is OFF
04-16 21:00:38.764 5126 5126 W art : Unexpected CPU variant for X86 using defaults: x86_64
04-16 21:00:38.767 5126 5126 D ICU : No timezone override file found: /data/misc/zoneinfo/current/icu/icu_tzdata.dat
04-16 21:00:38.784 5126 5126 E memtrack: Couldn't load memtrack module (No such file or directory)
04-16 21:00:38.784 5126 5126 E android.os.Debug: failed to load memtrack module: -2
04-16 21:00:38.784 5126 5126 I Radio-JNI: register_android_hardware_Radio DONE
04-16 21:00:38.790 5126 5126 D AndroidRuntime: Calling main entry com.android.commands.pm.Pm
04-16 21:00:38.796 5126 5126 I art : System.exit called, status: 0
04-16 21:00:38.796 5126 5126 I AndroidRuntime: VM exiting with result code 0.
04-16 21:00:38.921 5138 5138 D AndroidRuntime: >>>>>> START com.android.internal.os.RuntimeInit uid 0 <<<<<<
04-16 21:00:38.922 5138 5138 D AndroidRuntime: CheckJNI is OFF
04-16 21:00:38.945 5138 5138 W art : Unexpected CPU variant for X86 using defaults: x86_64
04-16 21:00:38.948 5138 5138 D ICU : No timezone override file found: /data/misc/zoneinfo/current/icu/icu_tzdata.dat
04-16 21:00:38.965 5138 5138 E memtrack: Couldn't load memtrack module (No such file or directory)
04-16 21:00:38.965 5138 5138 E android.os.Debug: failed to load memtrack module: -2
04-16 21:00:38.966 5138 5138 I Radio-JNI: register_android_hardware_Radio DONE
04-16 21:00:38.971 5138 5138 D AndroidRuntime: Calling main entry com.android.commands.pm.Pm
04-16 21:00:38.978 5138 5138 I art : System.exit called, status: 0
04-16 21:00:38.978 5138 5138 I AndroidRuntime: VM exiting with result code 0.
04-16 21:00:39.102 5150 5150 D AndroidRuntime: >>>>>> START com.android.internal.os.RuntimeInit uid 0 <<<<<<
04-16 21:00:39.103 5150 5150 D AndroidRuntime: CheckJNI is OFF
04-16 21:00:39.125 5150 5150 W art : Unexpected CPU variant for X86 using defaults: x86_64
04-16 21:00:39.128 5150 5150 D ICU : No timezone override file found: /data/misc/zoneinfo/current/icu/icu_tzdata.dat
04-16 21:00:39.144 5150 5150 E memtrack: Couldn't load memtrack module (No such file or directory)
04-16 21:00:39.144 5150 5150 E android.os.Debug: failed to load memtrack module: -2
04-16 21:00:39.144 5150 5150 I Radio-JNI: register_android_hardware_Radio DONE
04-16 21:00:39.150 5150 5150 D AndroidRuntime: Calling main entry com.android.commands.pm.Pm
04-16 21:00:39.156 5150 5150 I art : System.exit called, status: 0
04-16 21:00:39.157 5150 5150 I AndroidRuntime: VM exiting with result code 0.
04-16 21:00:39.276 5162 5162 D AndroidRuntime: >>>>>> START com.android.internal.os.RuntimeInit uid 0 <<<<<<
04-16 21:00:39.278 5162 5162 D AndroidRuntime: CheckJNI is OFF
04-16 21:00:39.301 5162 5162 W art : Unexpected CPU variant for X86 using defaults: x86_64
04-16 21:00:39.304 5162 5162 D ICU : No timezone override file found: /data/misc/zoneinfo/current/icu/icu_tzdata.dat
04-16 21:00:39.321 5162 5162 E memtrack: Couldn't load memtrack module (No such file or directory)
04-16 21:00:39.321 5162 5162 E android.os.Debug: failed to load memtrack module: -2
04-16 21:00:39.322 5162 5162 I Radio-JNI: register_android_hardware_Radio DONE
04-16 21:00:39.327 5162 5162 D AndroidRuntime: Calling main entry com.android.commands.pm.Pm
04-16 21:00:39.333 5162 5162 I art : System.exit called, status: 0
04-16 21:00:39.333 5162 5162 I AndroidRuntime: VM exiting with result code 0.
04-16 21:00:39.458 5174 5174 D AndroidRuntime: >>>>>> START com.android.internal.os.RuntimeInit uid 0 <<<<<<
04-16 21:00:39.459 5174 5174 D AndroidRuntime: CheckJNI is OFF
04-16 21:00:39.481 5174 5174 W art : Unexpected CPU variant for X86 using defaults: x86_64
04-16 21:00:39.484 5174 5174 D ICU : No timezone override file found: /data/misc/zoneinfo/current/icu/icu_tzdata.dat
04-16 21:00:39.500 5174 5174 E memtrack: Couldn't load memtrack module (No such file or directory)
04-16 21:00:39.501 5174 5174 E android.os.Debug: failed to load memtrack module: -2
04-16 21:00:39.501 5174 5174 I Radio-JNI: register_android_hardware_Radio DONE
04-16 21:00:39.506 5174 5174 D AndroidRuntime: Calling main entry com.android.commands.pm.Pm
04-16 21:00:39.512 5174 5174 I art : System.exit called, status: 0
04-16 21:00:39.512 5174 5174 I AndroidRuntime: VM exiting with result code 0.
04-16 21:00:39.635 5186 5186 D AndroidRuntime: >>>>>> START com.android.internal.os.RuntimeInit uid 0 <<<<<<
04-16 21:00:39.636 5186 5186 D AndroidRuntime: CheckJNI is OFF
04-16 21:00:39.659 5186 5186 W art : Unexpected CPU variant for X86 using defaults: x86_64
04-16 21:00:39.661 5186 5186 D ICU : No timezone override file found: /data/misc/zoneinfo/current/icu/icu_tzdata.dat
04-16 21:00:39.679 5186 5186 E memtrack: Couldn't load memtrack module (No such file or directory)
04-16 21:00:39.679 5186 5186 E android.os.Debug: failed to load memtrack module: -2
04-16 21:00:39.679 5186 5186 I Radio-JNI: register_android_hardware_Radio DONE
04-16 21:00:39.684 5186 5186 D AndroidRuntime: Calling main entry com.android.commands.pm.Pm
04-16 21:00:39.691 5186 5186 I art : System.exit called, status: 0
04-16 21:00:39.691 5186 5186 I AndroidRuntime: VM exiting with result code 0.
04-16 21:00:39.811 5198 5198 D AndroidRuntime: >>>>>> START com.android.internal.os.RuntimeInit uid 0 <<<<<<
04-16 21:00:39.812 5198 5198 D AndroidRuntime: CheckJNI is OFF
04-16 21:00:39.834 5198 5198 W art : Unexpected CPU variant for X86 using defaults: x86_64
04-16 21:00:39.837 5198 5198 D ICU : No timezone override file found: /data/misc/zoneinfo/current/icu/icu_tzdata.dat
04-16 21:00:39.853 5198 5198 E memtrack: Couldn't load memtrack module (No such file or directory)
04-16 21:00:39.853 5198 5198 E android.os.Debug: failed to load memtrack module: -2
04-16 21:00:39.854 5198 5198 I Radio-JNI: register_android_hardware_Radio DONE
04-16 21:00:39.859 5198 5198 D AndroidRuntime: Calling main entry com.android.commands.am.Am
04-16 21:00:39.866 1657 2052 I ActivityManager: START u0 {act=android.intent.action.MAIN flg=0x10000000 cmp=org.mozilla.geckoview.test_runner/.TestRunnerActivity (has extras)} from uid 0 on display 0
04-16 21:00:39.880 5207 5207 I art : Late-enabling -Xcheck:jni
04-16 21:00:39.881 5207 5207 W art : Unexpected CPU variant for X86 using defaults: x86_64
04-16 21:00:39.886 1657 2094 I ActivityManager: Start proc 5207:org.mozilla.geckoview.test_runner/u0a62 for activity org.mozilla.geckoview.test_runner/.TestRunnerActivity
04-16 21:00:39.934 1337 2200 D gralloc_ranchu: gralloc_alloc: Creating ashmem region of size 4096000
04-16 21:00:39.984 2144 2196 D EGL_emulation: eglMakeCurrent: 0x757aa4071da0: ver 3 0 (tinfo 0x757aa408fc00)
04-16 21:00:40.010 5207 5207 D GeckoThread: State changed to LAUNCHED
04-16 21:00:40.012 5207 5222 I GeckoThread: preparing to run Gecko
04-16 21:00:40.033 5207 5222 W linker : /data/app/org.mozilla.geckoview.test_runner-1/lib/x86_64/libmozglue.so: unused DT entry: type 0x24 arg 0x3dbe8
04-16 21:00:40.033 5207 5222 W linker : /data/app/org.mozilla.geckoview.test_runner-1/lib/x86_64/libmozglue.so: unused DT entry: type 0x23 arg 0x200
04-16 21:00:40.033 5207 5222 W linker : /data/app/org.mozilla.geckoview.test_runner-1/lib/x86_64/libmozglue.so: unused DT entry: type 0x25 arg 0x8
04-16 21:00:40.047 5207 5207 D GeckoRuntime: Lifecycle: onCreate
04-16 21:00:40.060 5207 5222 D GeckoThread: State changed to MOZGLUE_READY
04-16 21:00:40.070 5207 5222 D GeckoLoader: Library base=/data/app/org.mozilla.geckoview.test_runner-1/lib/x86_64
04-16 21:00:40.072 5207 5222 I art : Rejecting re-init on previously-failed class java.lang.Class: java.lang.NoClassDefFoundError: Failed resolution of: Landroid/app/UiModeManager$ContrastChangeListener;
04-16 21:00:40.072 5207 5222 I art : at org.mozilla.gecko.GeckoSystemStateListener org.mozilla.gecko.GeckoSystemStateListener.getInstance() (GeckoSystemStateListener.java:49)
04-16 21:00:40.072 5207 5222 I art : at void org.mozilla.gecko.GeckoThread.initGeckoEnvironment() (GeckoThread.java:328)
04-16 21:00:40.072 5207 5222 I art : at void org.mozilla.gecko.GeckoThread.run() (GeckoThread.java:475)
04-16 21:00:40.072 5207 5222 I art : Caused by: java.lang.ClassNotFoundException: Didn't find class "android.app.UiModeManager$ContrastChangeListener" on path: DexPathList[[zip file "/system/framework/android.test.runner.jar", zip file "/data/app/org.mozilla.geckoview.test_runner-1/base.apk"],nativeLibraryDirectories=[/data/app/org.mozilla.geckoview.test_runner-1/lib/x86_64, /data/app/org.mozilla.geckoview.test_runner-1/base.apk!/lib/x86_64, /system/lib64, /vendor/lib64]]
04-16 21:00:40.072 5207 5222 I art : at java.lang.Class dalvik.system.BaseDexClassLoader.findClass(java.lang.String) (BaseDexClassLoader.java:56)
04-16 21:00:40.072 5207 5222 I art : at java.lang.Class java.lang.ClassLoader.loadClass(java.lang.String, boolean) (ClassLoader.java:380)
04-16 21:00:40.072 5207 5222 I art : at java.lang.Class java.lang.ClassLoader.loadClass(java.lang.String) (ClassLoader.java:312)
04-16 21:00:40.072 5207 5222 I art : at org.mozilla.gecko.GeckoSystemStateListener org.mozilla.gecko.GeckoSystemStateListener.getInstance() (GeckoSystemStateListener.java:49)
04-16 21:00:40.072 5207 5222 I art : at void org.mozilla.gecko.GeckoThread.initGeckoEnvironment() (GeckoThread.java:328)
04-16 21:00:40.073 5207 5222 I art : at void org.mozilla.gecko.GeckoThread.run() (GeckoThread.java:475)
04-16 21:00:40.073 5207 5222 I art :
04-16 21:00:40.077 5207 5222 W Settings: Setting animator_duration_scale has moved from android.provider.Settings.System to android.provider.Settings.Global, returning read-only global URI.
04-16 21:00:40.080 5207 5222 D GeckoLoader: Library base=/data/app/org.mozilla.geckoview.test_runner-1/lib/x86_64
04-16 21:00:40.081 5207 5222 E GeckoLibLoad: Load sqlite start
04-16 21:00:40.098 5207 5222 W linker : /data/app/org.mozilla.geckoview.test_runner-1/lib/x86_64/libnss3.so: unused DT entry: type 0x24 arg 0x16248
04-16 21:00:40.098 5207 5222 W linker : /data/app/org.mozilla.geckoview.test_runner-1/lib/x86_64/libnss3.so: unused DT entry: type 0x23 arg 0x600
04-16 21:00:40.098 5207 5222 W linker : /data/app/org.mozilla.geckoview.test_runner-1/lib/x86_64/libnss3.so: unused DT entry: type 0x25 arg 0x8
04-16 21:00:40.117 5207 5222 E GeckoLibLoad: Load sqlite done
04-16 21:00:40.117 5207 5222 D GeckoLoader: Library base=/data/app/org.mozilla.geckoview.test_runner-1/lib/x86_64
04-16 21:00:40.117 5207 5222 E GeckoLibLoad: Load nss start
04-16 21:00:40.117 5207 5222 E GeckoLibLoad: Load nss done
04-16 21:00:40.117 5207 5222 D GeckoLoader: Library base=/data/app/org.mozilla.geckoview.test_runner-1/lib/x86_64
04-16 21:00:40.118 5207 5222 W linker : /data/app/org.mozilla.geckoview.test_runner-1/lib/x86_64/libxul.so: unused DT entry: type 0x24 arg 0x224d8
04-16 21:00:40.118 5207 5222 W linker : /data/app/org.mozilla.geckoview.test_runner-1/lib/x86_64/libxul.so: unused DT entry: type 0x23 arg 0x17fb0
04-16 21:00:40.118 5207 5222 W linker : /data/app/org.mozilla.geckoview.test_runner-1/lib/x86_64/libxul.so: unused DT entry: type 0x25 arg 0x8
04-16 21:00:40.118 5207 5222 W linker : /data/app/org.mozilla.geckoview.test_runner-1/lib/x86_64/libgkcodecs.so: unused DT entry: type 0x24 arg 0x34a0
04-16 21:00:40.118 5207 5222 W linker : /data/app/org.mozilla.geckoview.test_runner-1/lib/x86_64/libgkcodecs.so: unused DT entry: type 0x23 arg 0xa60
04-16 21:00:40.118 5207 5222 W linker : /data/app/org.mozilla.geckoview.test_runner-1/lib/x86_64/libgkcodecs.so: unused DT entry: type 0x25 arg 0x8
04-16 21:00:40.214 5207 5222 E GeckoLibLoad: Loaded libs in 96.484970ms total, 0ms(10ms) user, 60ms(90ms) system, 0(0) faults
04-16 21:00:40.214 5207 5222 D GeckoThread: State changed to LIBS_READY
04-16 21:00:40.219 5207 5222 W GeckoThread: zerdatime 120802 - runGecko
04-16 21:00:40.241 5207 5222 I Gecko:DumpUtils: Fifo watcher disabled via pref.
04-16 21:00:40.213 5207 5207 I Gecko : type=1400 audit(0.0:31): avc: denied { write } for name="profile" dev="vdc" ino=56324 scontext=u:r:untrusted_app:s0:c512,c768 tcontext=u:object_r:shell_data_file:s0 tclass=dir permissive=1
04-16 21:00:40.254 5207 5222 W ResourceType: Too many attribute references, stopped at: 0x01010099
04-16 21:00:40.213 5207 5207 I Gecko : type=1400 audit(0.0:32): avc: denied { add_name } for name=".parentlock" scontext=u:r:untrusted_app:s0:c512,c768 tcontext=u:object_r:shell_data_file:s0 tclass=dir permissive=1
04-16 21:00:40.264 5207 5207 D GeckoRuntime: Lifecycle: onStart
04-16 21:00:40.213 5207 5207 I Gecko : type=1400 audit(0.0:33): avc: denied { create } for name="lock" scontext=u:r:untrusted_app:s0:c512,c768 tcontext=u:object_r:shell_data_file:s0:c512,c768 tclass=lnk_file permissive=1
04-16 21:00:40.282 5207 5207 D GeckoRuntime: Lifecycle: onResume
04-16 21:00:40.289 5207 5207 D GeckoNetworkManager: Incoming event start for state OffNoListeners -> OnNoListeners
04-16 21:00:40.294 5207 5207 D GeckoNetworkManager: New network state: UP, WIFI, WIFI
04-16 21:00:40.306 5207 5222 D GeckoAppShell: System memory: 3006MB.
04-16 21:00:40.309 1337 2200 E SurfaceFlinger: ro.sf.lcd_density must be defined as a build property
04-16 21:00:40.310 5207 5222 D GeckoThread: State changed to JNI_READY
04-16 21:00:40.344 5241 5241 I art : Late-enabling -Xcheck:jni
04-16 21:00:40.344 5241 5241 W art : Unexpected CPU variant for X86 using defaults: x86_64
04-16 21:00:40.347 1657 1836 I ActivityManager: Start proc 5241:org.mozilla.geckoview.test_runner:tab35/u0a62 for service org.mozilla.geckoview.test_runner/org.mozilla.gecko.process.GeckoChildProcessServices$tab35
04-16 21:00:40.349 5207 5239 D ServiceAllocator: org.mozilla.gecko.process.GeckoChildProcessServices$tab35 updateBindings: BACKGROUND priority, 0 importance, 2 successful binds, 0 failed binds, 0 successful unbinds
04-16 21:00:40.377 5241 5241 I ServiceChildProcess: onCreate
04-16 21:00:40.386 5207 5207 D : HostConnection::get() New Host Connection established 0x757aa2a1c280, tid 5207
04-16 21:00:40.394 5241 5241 D GeckoThread: State changed to LAUNCHED
04-16 21:00:40.395 5241 5257 I GeckoThread: preparing to run Gecko
04-16 21:00:40.453 5207 5207 I Cookie : type=1400 audit(0.0:34): avc: denied { remove_name } for name="cookies.sqlite-journal" dev="vdc" ino=56342 scontext=u:r:untrusted_app:s0:c512,c768 tcontext=u:object_r:shell_data_file:s0 tclass=dir permissive=1
04-16 21:00:40.517 5207 5207 D GeckoNetworkManager: Incoming event receivedUpdate for state OnNoListeners -> OnNoListeners
04-16 21:00:40.520 5207 5207 D GeckoNetworkManager: New network state: UP, WIFI, WIFI
04-16 21:00:40.585 5207 5238 D : HostConnection::get() New Host Connection established 0x757aa2a1c400, tid 5238
04-16 21:00:40.593 5207 5238 I OpenGLRenderer: Initialized EGL, version 1.4
04-16 21:00:40.593 5207 5238 D OpenGLRenderer: Swap behavior 1
04-16 21:00:40.593 5207 5238 W OpenGLRenderer: Failed to choose config with EGL_SWAP_BEHAVIOR_PRESERVED, retrying without...
04-16 21:00:40.593 5207 5238 D OpenGLRenderer: Swap behavior 0
04-16 21:00:40.598 5207 5238 D EGL_emulation: eglCreateContext: 0x757abc7f7060: maj 3 min 0 rcv 3
04-16 21:00:40.600 5207 5222 I GeckoConsole: No chrome package registered for chrome://browser/content/built_in_addons.json
04-16 21:00:40.600 5207 5238 D EGL_emulation: eglMakeCurrent: 0x757abc7f7060: ver 3 0 (tinfo 0x757aa2a495e0)
04-16 21:00:40.601 5207 5238 E eglCodecCommon: glUtilsParamSize: unknow param 0x00008cdf
04-16 21:00:40.603 5207 5238 E eglCodecCommon: glUtilsParamSize: unknow param 0x00008824
04-16 21:00:40.662 5207 5222 D GeckoThread: State changed to PROFILE_READY
04-16 21:00:40.672 5207 5238 D EGL_emulation: eglMakeCurrent: 0x757abc7f7060: ver 3 0 (tinfo 0x757aa2a495e0)
04-16 21:00:40.792 5207 5222 W linker : /data/app/org.mozilla.geckoview.test_runner-1/lib/x86_64/libsoftokn3.so: unused DT entry: type 0x24 arg 0x2640
04-16 21:00:40.792 5207 5222 W linker : /data/app/org.mozilla.geckoview.test_runner-1/lib/x86_64/libsoftokn3.so: unused DT entry: type 0x23 arg 0x68
04-16 21:00:40.792 5207 5222 W linker : /data/app/org.mozilla.geckoview.test_runner-1/lib/x86_64/libsoftokn3.so: unused DT entry: type 0x25 arg 0x8
04-16 21:00:40.796 5207 5222 W linker : /data/app/org.mozilla.geckoview.test_runner-1/lib/x86_64/libfreebl3.so: unused DT entry: type 0x24 arg 0xe70
04-16 21:00:40.796 5207 5222 W linker : /data/app/org.mozilla.geckoview.test_runner-1/lib/x86_64/libfreebl3.so: unused DT entry: type 0x23 arg 0x68
04-16 21:00:40.796 5207 5222 W linker : /data/app/org.mozilla.geckoview.test_runner-1/lib/x86_64/libfreebl3.so: unused DT entry: type 0x25 arg 0x8
04-16 21:00:40.811 5207 5222 D GeckoThread: State changed to RUNNING
04-16 21:00:40.836 5207 5222 I Gecko : 1744837240835 Marionette INFO Marionette enabled
04-16 21:00:40.846 5207 5222 I Gecko : 1744837240846 Marionette INFO Listening on port 39588
04-16 21:00:40.859 5207 5222 D : HostConnection::get() New Host Connection established 0x757ab497a360, tid 5222
04-16 21:00:40.888 5207 5222 D EGL_emulation: eglCreateContext: 0x757ab48b7600: maj 3 min 0 rcv 3
04-16 21:00:40.920 5207 5222 D EGL_emulation: eglMakeCurrent: 0x757ab48b7600: ver 3 0 (tinfo 0x757ab496d000)
04-16 21:00:40.920 5207 5222 E eglCodecCommon: glUtilsParamSize: unknow param 0x00008cdf
04-16 21:00:40.920 5207 5222 E eglCodecCommon: glUtilsParamSize: unknow param 0x00008824
04-16 21:00:40.925 1657 1678 I ActivityManager: Displayed org.mozilla.geckoview.test_runner/.TestRunnerActivity: +1s52ms
04-16 21:00:40.926 5207 5207 D GeckoSession: handleMessage: GeckoView:DismissClipboardPermissionRequest
04-16 21:00:40.927 5198 5198 D AndroidRuntime: Shutting down VM
04-16 21:00:40.960 1657 1668 I ActivityManager: Start proc 5282:org.mozilla.geckoview.test_runner:gpu/u0a62 for service org.mozilla.geckoview.test_runner/org.mozilla.gecko.process.GeckoChildProcessServices$gpu
04-16 21:00:40.961 5207 5207 D GeckoSession: handleMessage: GeckoView:DismissClipboardPermissionRequest
04-16 21:00:40.961 5207 5239 D ServiceAllocator: org.mozilla.gecko.process.GeckoChildProcessServices$gpu updateBindings: FOREGROUND priority, 0 importance, 3 successful binds, 0 failed binds, 0 successful unbinds
04-16 21:00:40.962 5282 5282 I art : Late-enabling -Xcheck:jni
04-16 21:00:40.962 5282 5282 W art : Unexpected CPU variant for X86 using defaults: x86_64
04-16 21:00:40.984 1657 1669 I WindowManager: Destroying surface Surface(name=com.android.launcher3/com.android.launcher3.Launcher) called by com.android.server.wm.WindowStateAnimator.destroySurface:2014 com.android.server.wm.WindowStateAnimator.destroySurfaceLocked:881 com.android.server.wm.WindowState.destroyOrSaveSurface:2073 com.android.server.wm.AppWindowToken.destroySurfaces:363 com.android.server.wm.AppWindowToken.notifyAppStopped:389 com.android.server.wm.WindowManagerService.notifyAppStopped:4456 com.android.server.am.ActivityStack.activityStoppedLocked:1252 com.android.server.am.ActivityManagerService.activityStopped:6903
04-16 21:00:40.989 5207 5222 W ResourceType: Too many attribute references, stopped at: 0x01010099
04-16 21:00:40.993 5207 5207 D GeckoNetworkManager: Incoming event enableNotifications for state OnNoListeners -> OnWithListeners
04-16 21:00:40.994 5207 5207 D GeckoNetworkManager: New network state: UP, WIFI, WIFI
04-16 21:00:40.995 5207 5207 D GeckoNetworkManager: Incoming event receivedUpdate for state OnWithListeners -> OnWithListeners
04-16 21:00:40.996 5207 5207 D GeckoNetworkManager: New network state: UP, WIFI, WIFI
04-16 21:00:40.998 5282 5282 I ServiceChildProcess: onCreate
04-16 21:00:41.012 5282 5282 D GeckoThread: State changed to LAUNCHED
04-16 21:00:41.013 5282 5303 I GeckoThread: preparing to run Gecko
04-16 21:00:41.023 5282 5303 W linker : /data/app/org.mozilla.geckoview.test_runner-1/lib/x86_64/libmozglue.so: unused DT entry: type 0x24 arg 0x3dbe8
04-16 21:00:41.023 5282 5303 W linker : /data/app/org.mozilla.geckoview.test_runner-1/lib/x86_64/libmozglue.so: unused DT entry: type 0x23 arg 0x200
04-16 21:00:41.023 5282 5303 W linker : /data/app/org.mozilla.geckoview.test_runner-1/lib/x86_64/libmozglue.so: unused DT entry: type 0x25 arg 0x8
04-16 21:00:41.027 5282 5303 D GeckoThread: State changed to MOZGLUE_READY
04-16 21:00:41.028 5282 5303 D GeckoLoader: Library base=/data/app/org.mozilla.geckoview.test_runner-1/lib/x86_64
04-16 21:00:41.028 5282 5303 D GeckoLoader: Library base=/data/app/org.mozilla.geckoview.test_runner-1/lib/x86_64
04-16 21:00:41.028 5282 5303 E GeckoLibLoad: Load sqlite start
04-16 21:00:41.028 5282 5303 W linker : /data/app/org.mozilla.geckoview.test_runner-1/lib/x86_64/libnss3.so: unused DT entry: type 0x24 arg 0x16248
04-16 21:00:41.029 5282 5303 W linker : /data/app/org.mozilla.geckoview.test_runner-1/lib/x86_64/libnss3.so: unused DT entry: type 0x23 arg 0x600
04-16 21:00:41.029 5282 5303 W linker : /data/app/org.mozilla.geckoview.test_runner-1/lib/x86_64/libnss3.so: unused DT entry: type 0x25 arg 0x8
04-16 21:00:41.029 5282 5303 E GeckoLibLoad: Load sqlite done
04-16 21:00:41.029 5282 5303 D GeckoLoader: Library base=/data/app/org.mozilla.geckoview.test_runner-1/lib/x86_64
04-16 21:00:41.029 5282 5303 E GeckoLibLoad: Load nss start
04-16 21:00:41.029 5282 5303 E GeckoLibLoad: Load nss done
04-16 21:00:41.030 5282 5303 D GeckoLoader: Library base=/data/app/org.mozilla.geckoview.test_runner-1/lib/x86_64
04-16 21:00:41.030 5282 5303 W linker : /data/app/org.mozilla.geckoview.test_runner-1/lib/x86_64/libxul.so: unused DT entry: type 0x24 arg 0x224d8
04-16 21:00:41.030 5282 5303 W linker : /data/app/org.mozilla.geckoview.test_runner-1/lib/x86_64/libxul.so: unused DT entry: type 0x23 arg 0x17fb0
04-16 21:00:41.030 5282 5303 W linker : /data/app/org.mozilla.geckoview.test_runner-1/lib/x86_64/libxul.so: unused DT entry: type 0x25 arg 0x8
04-16 21:00:41.030 5282 5303 W linker : /data/app/org.mozilla.geckoview.test_runner-1/lib/x86_64/libgkcodecs.so: unused DT entry: type 0x24 arg 0x34a0
04-16 21:00:41.030 5282 5303 W linker : /data/app/org.mozilla.geckoview.test_runner-1/lib/x86_64/libgkcodecs.so: unused DT entry: type 0x23 arg 0xa60
04-16 21:00:41.030 5282 5303 W linker : /data/app/org.mozilla.geckoview.test_runner-1/lib/x86_64/libgkcodecs.so: unused DT entry: type 0x25 arg 0x8
04-16 21:00:41.037 5282 5303 E GeckoLibLoad: Loaded libs in 6.734630ms total, 0ms(10ms) user, 0ms(0ms) system, 0(0) faults
04-16 21:00:41.038 5282 5303 D GeckoThread: State changed to LIBS_READY
04-16 21:00:41.038 5282 5303 W GeckoThread: zerdatime 121622 - runGecko
04-16 21:00:41.066 5282 5303 D GeckoThread: State changed to RUNNING
04-16 21:00:41.116 1657 1678 I WindowManager: Destroying surface Surface(name=Starting org.mozilla.geckoview.test_runner) called by com.android.server.wm.WindowStateAnimator.destroySurface:2014 com.android.server.wm.WindowStateAnimator.destroySurfaceLocked:881 com.android.server.wm.WindowState.destroyOrSaveSurface:2073 com.android.server.wm.AppWindowToken.destroySurfaces:363 com.android.server.wm.WindowStateAnimator.finishExit:565 com.android.server.wm.WindowStateAnimator.stepAnimationLocked:491 com.android.server.wm.WindowAnimator.updateWindowsLocked:303 com.android.server.wm.WindowAnimator.animateLocked:704
04-16 21:00:41.189 5207 5222 I VideoCapabilities: Unsupported profile 4 for video/mp4v-es
04-16 21:00:41.191 5207 5222 D HardwareCodecCapability: Found candidate encoder OMX.google.h264.encoder
04-16 21:00:41.191 5207 5222 D HardwareCodecCapability: Found candidate encoder OMX.google.vp8.encoder
04-16 21:00:41.191 5207 5222 D HardwareCodecCapability: Found candidate decoder OMX.google.vp8.decoder
04-16 21:00:41.193 5207 5207 I org.mozilla.geckoview.test_runner: type=1400 audit(0.0:35): avc: denied { unlink } for comm=53747265616D5472616E73202331 name="prefs.js" dev="vdc" ino=56330 scontext=u:r:untrusted_app:s0:c512,c768 tcontext=u:object_r:shell_data_file:s0 tclass=file permissive=1
04-16 21:00:41.255 5282 5319 D : HostConnection::get() New Host Connection established 0x757ab481d600, tid 5319
04-16 21:00:41.259 5282 5319 D EGL_emulation: eglCreateContext: 0x757ab4854280: maj 3 min 0 rcv 3
04-16 21:00:41.261 5282 5319 D EGL_emulation: eglMakeCurrent: 0x757ab4854280: ver 3 0 (tinfo 0x757ab480c480)
04-16 21:00:41.262 5282 5319 E eglCodecCommon: glUtilsParamSize: unknow param 0x00008cdf
04-16 21:00:41.262 5282 5319 E eglCodecCommon: glUtilsParamSize: unknow param 0x00008824
04-16 21:00:41.269 5282 5319 E eglCodecCommon: glUtilsParamSize: unknow param 0x00008caa
04-16 21:00:41.269 5282 5319 E eglCodecCommon: glUtilsParamSize: unknow param 0x00008caa
04-16 21:00:41.270 5282 5319 E eglCodecCommon: glUtilsParamSize: unknow param 0x00008caa
04-16 21:00:41.271 5282 5319 E eglCodecCommon: glUtilsParamSize: unknow param 0x00008caa
04-16 21:00:41.272 5282 5319 E eglCodecCommon: glUtilsParamSize: unknow param 0x00008caa
04-16 21:00:41.272 5282 5319 E eglCodecCommon: glUtilsParamSize: unknow param 0x00008caa
04-16 21:00:41.273 5282 5319 E eglCodecCommon: glUtilsParamSize: unknow param 0x00008caa
04-16 21:00:41.274 5282 5319 E eglCodecCommon: glUtilsParamSize: unknow param 0x00008caa
04-16 21:00:41.274 5282 5319 E eglCodecCommon: glUtilsParamSize: unknow param 0x00008caa
04-16 21:00:41.275 5282 5319 E eglCodecCommon: glUtilsParamSize: unknow param 0x00008caa
04-16 21:00:41.276 5282 5319 E eglCodecCommon: glUtilsParamSize: unknow param 0x00008caa
04-16 21:00:41.277 5282 5319 E eglCodecCommon: glUtilsParamSize: unknow param 0x00008caa
04-16 21:00:41.277 5282 5319 E eglCodecCommon: glUtilsParamSize: unknow param 0x00008caa
04-16 21:00:41.278 5282 5319 E eglCodecCommon: glUtilsParamSize: unknow param 0x00008caa
04-16 21:00:41.279 5282 5319 E eglCodecCommon: glUtilsParamSize: unknow param 0x00008caa
04-16 21:00:41.279 5282 5319 E eglCodecCommon: glUtilsParamSize: unknow param 0x00008caa
04-16 21:00:41.280 5282 5319 E eglCodecCommon: glUtilsParamSize: unknow param 0x00008caa
04-16 21:00:41.281 5282 5319 E eglCodecCommon: glUtilsParamSize: unknow param 0x00008caa
04-16 21:00:41.282 5282 5319 E eglCodecCommon: glUtilsParamSize: unknow param 0x00008caa
04-16 21:00:41.282 5282 5319 E eglCodecCommon: glUtilsParamSize: unknow param 0x00008caa
04-16 21:00:41.283 5282 5319 E eglCodecCommon: glUtilsParamSize: unknow param 0x00008caa
04-16 21:00:41.284 5282 5319 E eglCodecCommon: glUtilsParamSize: unknow param 0x00008caa
04-16 21:00:41.284 5282 5331 I VideoCapabilities: Unsupported profile 4 for video/mp4v-es
04-16 21:00:41.284 5282 5319 E eglCodecCommon: glUtilsParamSize: unknow param 0x00008caa
04-16 21:00:41.285 5282 5319 E eglCodecCommon: glUtilsParamSize: unknow param 0x00008caa
04-16 21:00:41.286 5282 5319 E eglCodecCommon: glUtilsParamSize: unknow param 0x00008caa
04-16 21:00:41.287 5282 5319 E eglCodecCommon: glUtilsParamSize: unknow param 0x00008caa
04-16 21:00:41.287 5282 5331 D HardwareCodecCapability: MIME support: SW audio/mp4a-latm
04-16 21:00:41.287 5282 5331 D HardwareCodecCapability: MIME support: SW video/3gpp
04-16 21:00:41.287 5282 5331 D HardwareCodecCapability: MIME support: SW audio/raw
04-16 21:00:41.287 5282 5331 D HardwareCodecCapability: MIME support: SW video/avc
04-16 21:00:41.287 5282 5331 D HardwareCodecCapability: MIME support: SW audio/vorbis
04-16 21:00:41.287 5282 5331 D HardwareCodecCapability: MIME support: SW audio/mpeg
04-16 21:00:41.287 5282 5331 D HardwareCodecCapability: MIME support: SW video/x-vnd.on2.vp9
04-16 21:00:41.287 5282 5331 D HardwareCodecCapability: MIME support: SW video/mp4v-es
04-16 21:00:41.287 5282 5331 D HardwareCodecCapability: MIME support: SW audio/gsm
04-16 21:00:41.287 5282 5319 E eglCodecCommon: glUtilsParamSize: unknow param 0x00008caa
04-16 21:00:41.287 5282 5331 D HardwareCodecCapability: MIME support: SW audio/g711-mlaw
04-16 21:00:41.287 5282 5331 D HardwareCodecCapability: MIME support: SW audio/3gpp
04-16 21:00:41.288 5282 5331 D HardwareCodecCapability: MIME support: SW audio/amr-wb
04-16 21:00:41.288 5282 5331 D HardwareCodecCapability: MIME support: SW video/x-vnd.on2.vp8
04-16 21:00:41.288 5282 5331 D HardwareCodecCapability: MIME support: SW video/hevc
04-16 21:00:41.288 5282 5331 D HardwareCodecCapability: MIME support: SW audio/g711-alaw
04-16 21:00:41.288 5282 5331 D HardwareCodecCapability: MIME support: SW audio/opus
04-16 21:00:41.288 5282 5319 E eglCodecCommon: glUtilsParamSize: unknow param 0x00008caa
04-16 21:00:41.289 5282 5319 E eglCodecCommon: glUtilsParamSize: unknow param 0x00008caa
04-16 21:00:41.290 5282 5319 E eglCodecCommon: glUtilsParamSize: unknow param 0x00008caa
04-16 21:00:41.291 5282 5319 E eglCodecCommon: glUtilsParamSize: unknow param 0x00008caa
04-16 21:00:41.292 5282 5319 E eglCodecCommon: glUtilsParamSize: unknow param 0x00008caa
04-16 21:00:41.292 5282 5319 E eglCodecCommon: glUtilsParamSize: unknow param 0x00008caa
04-16 21:00:41.293 5282 5319 E eglCodecCommon: glUtilsParamSize: unknow param 0x00008caa
04-16 21:00:41.294 5282 5319 E eglCodecCommon: glUtilsParamSize: unknow param 0x00008caa
04-16 21:00:41.295 5282 5319 E eglCodecCommon: glUtilsParamSize: unknow param 0x00008caa
04-16 21:00:41.296 5282 5319 E eglCodecCommon: glUtilsParamSize: unknow param 0x00008caa
04-16 21:00:41.297 5282 5319 E eglCodecCommon: glUtilsParamSize: unknow param 0x00008caa
04-16 21:00:41.297 5282 5319 E eglCodecCommon: glUtilsParamSize: unknow param 0x00008caa
04-16 21:00:41.298 5282 5319 E eglCodecCommon: glUtilsParamSize: unknow param 0x00008caa
04-16 21:00:41.299 5282 5319 E eglCodecCommon: glUtilsParamSize: unknow param 0x00008caa
04-16 21:00:41.300 5282 5319 E eglCodecCommon: glUtilsParamSize: unknow param 0x00008caa
04-16 21:00:41.300 5282 5319 E eglCodecCommon: glUtilsParamSize: unknow param 0x00008caa
04-16 21:00:41.301 5282 5319 E eglCodecCommon: glUtilsParamSize: unknow param 0x00008caa
04-16 21:00:41.302 5282 5319 E eglCodecCommon: glUtilsParamSize: unknow param 0x00008caa
04-16 21:00:41.303 5282 5319 E eglCodecCommon: glUtilsParamSize: unknow param 0x00008caa
04-16 21:00:41.304 5282 5319 E eglCodecCommon: glUtilsParamSize: unknow param 0x00008caa
04-16 21:00:41.304 5282 5319 E eglCodecCommon: glUtilsParamSize: unknow param 0x00008caa
04-16 21:00:41.305 5282 5319 E eglCodecCommon: glUtilsParamSize: unknow param 0x00008caa
04-16 21:00:41.305 5207 5239 D ServiceAllocator: org.mozilla.gecko.process.GeckoChildProcessServices$tab35 updateBindings: FOREGROUND priority, 0 importance, 1 successful binds, 0 failed binds, 0 successful unbinds
04-16 21:00:41.306 5282 5319 E eglCodecCommon: glUtilsParamSize: unknow param 0x00008caa
04-16 21:00:41.308 5241 5257 W linker : /data/app/org.mozilla.geckoview.test_runner-1/lib/x86_64/libmozglue.so: unused DT entry: type 0x24 arg 0x3dbe8
04-16 21:00:41.308 5241 5257 W linker : /data/app/org.mozilla.geckoview.test_runner-1/lib/x86_64/libmozglue.so: unused DT entry: type 0x23 arg 0x200
04-16 21:00:41.309 5241 5257 W linker : /data/app/org.mozilla.geckoview.test_runner-1/lib/x86_64/libmozglue.so: unused DT entry: type 0x25 arg 0x8
04-16 21:00:41.309 5282 5319 E eglCodecCommon: glUtilsParamSize: unknow param 0x00008caa
04-16 21:00:41.310 5282 5319 E eglCodecCommon: glUtilsParamSize: unknow param 0x00008caa
04-16 21:00:41.311 5282 5319 E eglCodecCommon: glUtilsParamSize: unknow param 0x00008caa
04-16 21:00:41.311 5241 5257 D GeckoThread: State changed to MOZGLUE_READY
04-16 21:00:41.311 5282 5319 E eglCodecCommon: glUtilsParamSize: unknow param 0x00008caa
04-16 21:00:41.312 5241 5257 D GeckoLoader: Library base=/data/app/org.mozilla.geckoview.test_runner-1/lib/x86_64
04-16 21:00:41.312 5241 5257 D GeckoLoader: Library base=/data/app/org.mozilla.geckoview.test_runner-1/lib/x86_64
04-16 21:00:41.312 5282 5319 E eglCodecCommon: glUtilsParamSize: unknow param 0x00008caa
04-16 21:00:41.312 5241 5257 E GeckoLibLoad: Load sqlite start
04-16 21:00:41.313 5241 5257 W linker : /data/app/org.mozilla.geckoview.test_runner-1/lib/x86_64/libnss3.so: unused DT entry: type 0x24 arg 0x16248
04-16 21:00:41.313 5241 5257 W linker : /data/app/org.mozilla.geckoview.test_runner-1/lib/x86_64/libnss3.so: unused DT entry: type 0x23 arg 0x600
04-16 21:00:41.313 5241 5257 W linker : /data/app/org.mozilla.geckoview.test_runner-1/lib/x86_64/libnss3.so: unused DT entry: type 0x25 arg 0x8
04-16 21:00:41.313 5241 5257 E GeckoLibLoad: Load sqlite done
04-16 21:00:41.313 5241 5257 D GeckoLoader: Library base=/data/app/org.mozilla.geckoview.test_runner-1/lib/x86_64
04-16 21:00:41.313 5241 5257 E GeckoLibLoad: Load nss start
04-16 21:00:41.313 5207 5239 D ServiceAllocator: org.mozilla.gecko.process.GeckoChildProcessServices$tab35 updateBindings: FOREGROUND priority, 2 importance, 0 successful binds, 0 failed binds, 0 successful unbinds
04-16 21:00:41.313 5241 5257 E GeckoLibLoad: Load nss done
04-16 21:00:41.313 5241 5257 D GeckoLoader: Library base=/data/app/org.mozilla.geckoview.test_runner-1/lib/x86_64
04-16 21:00:41.314 5282 5319 E eglCodecCommon: glUtilsParamSize: unknow param 0x00008caa
04-16 21:00:41.314 5241 5257 W linker : /data/app/org.mozilla.geckoview.test_runner-1/lib/x86_64/libxul.so: unused DT entry: type 0x24 arg 0x224d8
04-16 21:00:41.314 5241 5257 W linker : /data/app/org.mozilla.geckoview.test_runner-1/lib/x86_64/libxul.so: unused DT entry: type 0x23 arg 0x17fb0
04-16 21:00:41.314 5241 5257 W linker : /data/app/org.mozilla.geckoview.test_runner-1/lib/x86_64/libxul.so: unused DT entry: type 0x25 arg 0x8
04-16 21:00:41.314 5241 5257 W linker : /data/app/org.mozilla.geckoview.test_runner-1/lib/x86_64/libgkcodecs.so: unused DT entry: type 0x24 arg 0x34a0
04-16 21:00:41.314 5241 5257 W linker : /data/app/org.mozilla.geckoview.test_runner-1/lib/x86_64/libgkcodecs.so: unused DT entry: type 0x23 arg 0xa60
04-16 21:00:41.314 5241 5257 W linker : /data/app/org.mozilla.geckoview.test_runner-1/lib/x86_64/libgkcodecs.so: unused DT entry: type 0x25 arg 0x8
04-16 21:00:41.321 5241 5257 E GeckoLibLoad: Loaded libs in 6.988260ms total, 0ms(0ms) user, 10ms(10ms) system, 0(0) faults
04-16 21:00:41.321 5241 5257 D GeckoThread: State changed to LIBS_READY
04-16 21:00:41.321 5241 5257 W GeckoThread: zerdatime 121905 - runGecko
04-16 21:00:41.326 5282 5319 E eglCodecCommon: glUtilsParamSize: unknow param 0x00008caa
04-16 21:00:41.327 5282 5319 E eglCodecCommon: glUtilsParamSize: unknow param 0x00008caa
04-16 21:00:41.328 5282 5319 E eglCodecCommon: glUtilsParamSize: unknow param 0x00008caa
04-16 21:00:41.329 5282 5319 E eglCodecCommon: glUtilsParamSize: unknow param 0x00008caa
04-16 21:00:41.332 5282 5319 E eglCodecCommon: glUtilsParamSize: unknow param 0x00008caa
04-16 21:00:41.344 5282 5319 E eglCodecCommon: glUtilsParamSize: unknow param 0x00008741
04-16 21:00:41.347 5282 5319 E eglCodecCommon: glUtilsParamSize: unknow param 0x00008caa
04-16 21:00:41.349 5282 5319 E eglCodecCommon: glUtilsParamSize: unknow param 0x00008caa
04-16 21:00:41.360 5241 5257 D GeckoThread: State changed to RUNNING
04-16 21:00:41.363 5207 5222 I GeckoSession: zerdatime 121946 - chrome startup finished
04-16 21:00:41.363 5282 5319 D EGL_emulation: eglMakeCurrent: 0x757ab4854280: ver 3 0 (tinfo 0x757ab480c480)
04-16 21:00:41.364 5282 5319 E eglCodecCommon: glUtilsParamSize: unknow param 0x00008caa
04-16 21:00:41.365 5282 5319 E eglCodecCommon: glUtilsParamSize: unknow param 0x00008caa
04-16 21:00:41.366 5282 5319 E eglCodecCommon: glUtilsParamSize: unknow param 0x00008caa
04-16 21:00:41.367 5282 5319 E eglCodecCommon: glUtilsParamSize: unknow param 0x00008caa
04-16 21:00:41.368 5282 5319 E eglCodecCommon: glUtilsParamSize: unknow param 0x00008caa
04-16 21:00:41.369 5282 5319 E eglCodecCommon: glUtilsParamSize: unknow param 0x00008caa
04-16 21:00:41.375 5282 5319 E eglCodecCommon: glUtilsParamSize: unknow param 0x00008caa
04-16 21:00:41.379 5282 5319 E eglCodecCommon: glUtilsParamSize: unknow param 0x00008caa
04-16 21:00:41.381 5282 5319 E eglCodecCommon: glUtilsParamSize: unknow param 0x00008caa
04-16 21:00:41.382 5282 5319 E eglCodecCommon: glUtilsParamSize: unknow param 0x00008caa
04-16 21:00:41.383 5282 5319 E eglCodecCommon: glUtilsParamSize: unknow param 0x00008caa
04-16 21:00:41.453 5282 5319 E eglCodecCommon: glUtilsParamSize: unknow param 0x00008caa
04-16 21:00:41.503 5282 5319 E eglCodecCommon: glUtilsParamSize: unknow param 0x00008741
04-16 21:00:41.583 1657 1726 E TaskPersister: File error accessing recents directory (directory doesn't exist?).
04-16 21:00:41.665 5207 5207 D WebExtension: handleMessage GeckoView:WebExtension:OnInstalling
04-16 21:00:41.698 5207 5207 D WebExtension: handleMessage GeckoView:WebExtension:OnInstalled
04-16 21:00:41.699 5207 5207 D WebExtension: handleMessage GeckoView:WebExtension:OnReady
04-16 21:00:41.699 5207 5207 D WebExtension: handleMessage GeckoView:WebExtension:OnOptionalPermissionsChanged
04-16 21:00:41.702 5207 5207 I WebExtension: releasePendingMessages: extension=test-runner-support@tests.mozilla.org nativeApp=test-runner-support session=null
04-16 21:00:41.703 5207 5207 D WebExtension: handleMessage GeckoView:WebExtension:OnOptionalPermissionsChanged
04-16 21:00:41.784 5207 5222 D GeckoIdleService: Register idle observer 0x757a8a936808 for 5 seconds
04-16 21:00:41.784 5207 5222 D GeckoIdleService: Register: adjusting next switch from -1 to 5 seconds
04-16 21:00:41.784 5207 5222 D GeckoIdleService: next timeout 4998 msec from now
04-16 21:00:41.784 5207 5222 D GeckoIdleService: SetTimerExpiryIfBefore: next timeout 4998 msec from now
04-16 21:00:41.784 5207 5222 D GeckoIdleService: reset timer expiry to 5008 msec from now
04-16 21:00:42.391 5207 5222 I Gecko : 1744837242391 Marionette INFO Testing http://web-platform.test:8000/css/CSS2/csswg-issues/submitted/css2.1/abspos-non-replaced-width-margin-000.xht == http://web-platform.test:8000/css/CSS2/csswg-issues/submitted/css2.1/abspos-non-replaced-width-margin-000-ref.xht
04-16 21:00:42.395 5282 5319 E eglCodecCommon: glUtilsParamSize: unknow param 0x00008caa
04-16 21:00:42.406 5282 5319 E eglCodecCommon: glUtilsParamSize: unknow param 0x00008741
04-16 21:00:42.460 5282 5319 E eglCodecCommon: glUtilsParamSize: unknow param 0x00008caa
04-16 21:00:42.473 5282 5319 E eglCodecCommon: glUtilsParamSize: unknow param 0x00008caa
04-16 21:00:42.481 5207 5222 E GeckoConsole: [JavaScript Error: "TypeError: can't access property "nodePrincipal", this.contentDocument is null" {file: "chrome://global/content/elements/browser-custom-element.js" line: 661}]
04-16 21:00:42.481 5207 5222 E GeckoConsole: get contentPrincipal@chrome://global/content/elements/browser-custom-element.js:661:1
04-16 21:00:42.481 5207 5222 E GeckoConsole: onLocationChange@resource://gre/modules/GeckoViewNavigation.sys.mjs:640:34
04-16 21:00:42.545 5207 5222 E GeckoConsole: [JavaScript Error: "TypeError: can't access property "title", this.contentDocument is null" {file: "chrome://global/content/elements/browser-custom-element.js" line: 630}]
04-16 21:00:42.545 5207 5222 E GeckoConsole: get contentTitle@chrome://global/content/elements/browser-custom-element.js:630:1
04-16 21:00:42.545 5207 5222 E GeckoConsole: handleEvent@resource://gre/modules/GeckoViewContent.sys.mjs:379:11
04-16 21:00:42.570 5282 5319 E eglCodecCommon: glUtilsParamSize: unknow param 0x00008caa
04-16 21:00:42.618 5282 5319 E eglCodecCommon: glUtilsParamSize: unknow param 0x00008741
04-16 21:00:42.687 5282 5319 E eglCodecCommon: glUtilsParamSize: unknow param 0x00008741
04-16 21:00:42.781 5282 5319 E eglCodecCommon: glUtilsParamSize: unknow param 0x00008741
04-16 21:00:42.918 5241 5257 I Gecko : 1744837242918 Marionette WARN http://web-platform.test:8000/css/CSS2/csswg-issues/submitted/css2.1/abspos-non-replaced-width-margin-000-ref.xht overflows viewport (width: 851, height: 638)
04-16 21:00:42.929 5282 5319 E eglCodecCommon: glUtilsParamSize: unknow param 0x00008caa
04-16 21:00:42.940 5282 5319 E eglCodecCommon: glUtilsParamSize: unknow param 0x00008caa
04-16 21:00:42.951 5282 5319 E eglCodecCommon: glUtilsParamSize: unknow param 0x00008caa
04-16 21:00:42.960 5282 5319 E eglCodecCommon: glUtilsParamSize: unknow param 0x00000d02
04-16 21:00:42.972 5282 5319 E eglCodecCommon: glUtilsParamSize: unknow param 0x00008caa
04-16 21:00:43.044 5207 5222 E GeckoConsole: [JavaScript Error: "TypeError: can't access property "nodePrincipal", this.contentDocument is null" {file: "chrome://global/content/elements/browser-custom-element.js" line: 661}]
04-16 21:00:43.044 5207 5222 E GeckoConsole: get contentPrincipal@chrome://global/content/elements/browser-custom-element.js:661:1
04-16 21:00:43.044 5207 5222 E GeckoConsole: onLocationChange@resource://gre/modules/GeckoViewNavigation.sys.mjs:640:34
04-16 21:00:43.122 5207 5222 E GeckoConsole: [JavaScript Error: "TypeError: can't access property "title", this.contentDocument is null" {file: "chrome://global/content/elements/browser-custom-element.js" line: 630}]
04-16 21:00:43.122 5207 5222 E GeckoConsole: get contentTitle@chrome://global/content/elements/browser-custom-element.js:630:1
04-16 21:00:43.122 5207 5222 E GeckoConsole: handleEvent@resource://gre/modules/GeckoViewContent.sys.mjs:379:11
04-16 21:00:43.187 5282 5319 E eglCodecCommon: glUtilsParamSize: unknow param 0x00008caa
04-16 21:00:43.223 5282 5319 E eglCodecCommon: glUtilsParamSize: unknow param 0x00008caa
04-16 21:00:43.257 5282 5319 E eglCodecCommon: glUtilsParamSize: unknow param 0x00008caa
04-16 21:00:43.270 5241 5257 I Gecko : 1744837243270 Marionette WARN http://web-platform.test:8000/css/CSS2/csswg-issues/submitted/css2.1/abspos-non-replaced-width-margin-000.xht overflows viewport (width: 851, height: 638)
04-16 21:00:43.274 5282 5319 E eglCodecCommon: glUtilsParamSize: unknow param 0x00008caa
04-16 21:00:43.286 5282 5319 E eglCodecCommon: glUtilsParamSize: unknow param 0x00008caa
04-16 21:00:43.306 5282 5319 E eglCodecCommon: glUtilsParamSize: unknow param 0x00008caa
04-16 21:00:43.323 5282 5319 E eglCodecCommon: glUtilsParamSize: unknow param 0x00008caa
04-16 21:00:43.332 5282 5319 E eglCodecCommon: glUtilsParamSize: unknow param 0x00000d02
04-16 21:00:43.346 5282 5319 E eglCodecCommon: glUtilsParamSize: unknow param 0x00008caa
04-16 21:00:43.352 5207 5222 I Gecko : 1744837243352 Marionette INFO No differences allowed
04-16 21:00:43.369 5207 5222 W GeckoEventDispatcher: No listener for GeckoView:StateUpdated
04-16 21:00:43.440 5207 5222 I Gecko : 1744837243440 Marionette INFO Testing http://web-platform.test:8000/css/CSS2/csswg-issues/submitted/css2.1/abspos-replaced-width-margin-000.xht == http://web-platform.test:8000/css/CSS2/csswg-issues/submitted/css2.1/abspos-replaced-width-margin-000-ref.xht
04-16 21:00:43.480 5207 5222 E GeckoConsole: [JavaScript Error: "TypeError: can't access property "nodePrincipal", this.contentDocument is null" {file: "chrome://global/content/elements/browser-custom-element.js" line: 661}]
04-16 21:00:43.480 5207 5222 E GeckoConsole: get contentPrincipal@chrome://global/content/elements/browser-custom-element.js:661:1
04-16 21:00:43.480 5207 5222 E GeckoConsole: onLocationChange@resource://gre/modules/GeckoViewNavigation.sys.mjs:640:34
04-16 21:00:43.544 5207 5222 E GeckoConsole: [JavaScript Error: "TypeError: can't access property "title", this.contentDocument is null" {file: "chrome://global/content/elements/browser-custom-element.js" line: 630}]
04-16 21:00:43.544 5207 5222 E GeckoConsole: get contentTitle@chrome://global/content/elements/browser-custom-element.js:630:1
04-16 21:00:43.544 5207 5222 E GeckoConsole: handleEvent@resource://gre/modules/GeckoViewContent.sys.mjs:379:11
04-16 21:00:43.565 5282 5319 E eglCodecCommon: glUtilsParamSize: unknow param 0x00008caa
04-16 21:00:43.660 5282 5319 E eglCodecCommon: glUtilsParamSize: unknow param 0x00008caa
04-16 21:00:43.670 5241 5257 I Gecko : 1744837243670 Marionette WARN http://web-platform.test:8000/css/CSS2/csswg-issues/submitted/css2.1/abspos-replaced-width-margin-000-ref.xht overflows viewport (width: 851, height: 638)
04-16 21:00:43.683 5282 5319 E eglCodecCommon: glUtilsParamSize: unknow param 0x00008caa
04-16 21:00:43.707 5282 5319 E eglCodecCommon: glUtilsParamSize: unknow param 0x00008caa
04-16 21:00:43.718 5282 5319 E eglCodecCommon: glUtilsParamSize: unknow param 0x00008caa
04-16 21:00:43.729 5282 5319 E eglCodecCommon: glUtilsParamSize: unknow param 0x00000d02
04-16 21:00:43.742 5282 5319 E eglCodecCommon: glUtilsParamSize: unknow param 0x00008caa
04-16 21:00:43.810 5207 5222 E GeckoConsole: [JavaScript Error: "TypeError: can't access property "nodePrincipal", this.contentDocument is null" {file: "chrome://global/content/elements/browser-custom-element.js" line: 661}]
04-16 21:00:43.810 5207 5222 E GeckoConsole: get contentPrincipal@chrome://global/content/elements/browser-custom-element.js:661:1
04-16 21:00:43.810 5207 5222 E GeckoConsole: onLocationChange@resource://gre/modules/GeckoViewNavigation.sys.mjs:640:34
04-16 21:00:43.907 5207 5222 E GeckoConsole: [JavaScript Error: "TypeError: can't access property "title", this.contentDocument is null" {file: "chrome://global/content/elements/browser-custom-element.js" line: 630}]
04-16 21:00:43.907 5207 5222 E GeckoConsole: get contentTitle@chrome://global/content/elements/browser-custom-element.js:630:1
04-16 21:00:43.907 5207 5222 E GeckoConsole: handleEvent@resource://gre/modules/GeckoViewContent.sys.mjs:379:11
04-16 21:00:43.920 5282 5319 E eglCodecCommon: glUtilsParamSize: unknow param 0x00008caa
04-16 21:00:43.988 5282 5319 E eglCodecCommon: glUtilsParamSize: unknow param 0x00008caa
04-16 21:00:44.011 5282 5319 E eglCodecCommon: glUtilsParamSize: unknow param 0x00008741
04-16 21:00:44.050 5241 5257 W linker : /data/app/org.mozilla.geckoview.test_runner-1/lib/x86_64/libsoftokn3.so: unused DT entry: type 0x24 arg 0x2640
04-16 21:00:44.050 5241 5257 W linker : /data/app/org.mozilla.geckoview.test_runner-1/lib/x86_64/libsoftokn3.so: unused DT entry: type 0x23 arg 0x68
04-16 21:00:44.050 5241 5257 W linker : /data/app/org.mozilla.geckoview.test_runner-1/lib/x86_64/libsoftokn3.so: unused DT entry: type 0x25 arg 0x8
04-16 21:00:44.051 5241 5257 W linker : /data/app/org.mozilla.geckoview.test_runner-1/lib/x86_64/libfreebl3.so: unused DT entry: type 0x24 arg 0xe70
04-16 21:00:44.051 5241 5257 W linker : /data/app/org.mozilla.geckoview.test_runner-1/lib/x86_64/libfreebl3.so: unused DT entry: type 0x23 arg 0x68
04-16 21:00:44.051 5241 5257 W linker : /data/app/org.mozilla.geckoview.test_runner-1/lib/x86_64/libfreebl3.so: unused DT entry: type 0x25 arg 0x8
04-16 21:00:44.233 5282 5319 E eglCodecCommon: glUtilsParamSize: unknow param 0x00008caa
04-16 21:00:44.290 5282 5319 E eglCodecCommon: glUtilsParamSize: unknow param 0x00008caa
04-16 21:00:44.361 5282 5319 E eglCodecCommon: glUtilsParamSize: unknow param 0x00008caa
04-16 21:00:44.384 5241 5257 I Gecko : 1744837244384 Marionette WARN http://web-platform.test:8000/css/CSS2/csswg-issues/submitted/css2.1/abspos-replaced-width-margin-000.xht overflows viewport (width: 851, height: 638)
04-16 21:00:44.389 5282 5319 E eglCodecCommon: glUtilsParamSize: unknow param 0x00008caa
04-16 21:00:44.409 5282 5319 E eglCodecCommon: glUtilsParamSize: unknow param 0x00008caa
04-16 21:00:44.420 5282 5319 E eglCodecCommon: glUtilsParamSize: unknow param 0x00008caa
04-16 21:00:44.438 5282 5319 E eglCodecCommon: glUtilsParamSize: unknow param 0x00008caa
04-16 21:00:44.453 5282 5319 E eglCodecCommon: glUtilsParamSize: unknow param 0x00000d02
04-16 21:00:44.466 5282 5319 E eglCodecCommon: glUtilsParamSize: unknow param 0x00008caa
04-16 21:00:44.478 5207 5222 I Gecko : 1744837244478 Marionette INFO No differences allowed
04-16 21:00:44.481 5207 5222 W GeckoEventDispatcher: No listener for GeckoView:StateUpdated
04-16 21:00:44.564 5207 5222 I Gecko : 1744837244564 Marionette INFO Testing http://web-platform.test:8000/css/CSS2/csswg-issues/submitted/css2.1/anonymous-boxes-001.xht == http://web-platform.test:8000/css/CSS2/csswg-issues/submitted/css2.1/reference/ref-green-box-100x100.xht
04-16 21:00:44.608 5207 5222 E GeckoConsole: [JavaScript Error: "TypeError: can't access property "nodePrincipal", this.contentDocument is null" {file: "chrome://global/content/elements/browser-custom-element.js" line: 661}]
04-16 21:00:44.608 5207 5222 E GeckoConsole: get contentPrincipal@chrome://global/content/elements/browser-custom-element.js:661:1
